-- phpMyAdmin SQL Dump
-- version 4.8.3
-- https://www.phpmyadmin.net/
--
-- Servidor: 127.0.0.1
-- Tiempo de generación: 18-10-2024 a las 21:29:01
-- Versión del servidor: 10.1.36-MariaDB
-- Versión de PHP: 5.6.38

create database contenedores2022;
use contenedores2022;

SET SQL_MODE = "NO_AUTO_VALUE_ON_ZERO";
SET AUTOCOMMIT = 0;
START TRANSACTION;
SET time_zone = "+00:00";


/*!40101 SET @OLD_CHARACTER_SET_CLIENT=@@CHARACTER_SET_CLIENT */;
/*!40101 SET @OLD_CHARACTER_SET_RESULTS=@@CHARACTER_SET_RESULTS */;
/*!40101 SET @OLD_COLLATION_CONNECTION=@@COLLATION_CONNECTION */;
/*!40101 SET NAMES utf8 */;

--
-- Base de datos: `contenedores2022`
--

-- --------------------------------------------------------

--
-- Estructura de tabla para la tabla `cal_especies`
--

CREATE TABLE `cal_especies` (
  `especie_id` int(11) NOT NULL,
  `especie_cod` varchar(50) DEFAULT NULL,
  `especie_nombre` varchar(100) DEFAULT NULL,
  `tipo_medicion` varchar(15) NOT NULL,
  `especie_estado` varchar(20) DEFAULT NULL,
  `cliente_id` varchar(100) DEFAULT NULL
) ENGINE=InnoDB DEFAULT CHARSET=latin1;

--
-- Volcado de datos para la tabla `cal_especies`
--

INSERT INTO `cal_especies` (`especie_id`, `especie_cod`, `especie_nombre`, `tipo_medicion`, `especie_estado`, `cliente_id`) VALUES
(1, 'UVAS', 'UVAS', 'PALLET', 'ACTIVO', 'ASJ'),
(2, 'UVAS', 'UVAS', 'PALLET', 'ACTIVO', 'GF'),
(3, 'UVAS', 'UVAS', 'PALLET', 'ACTIVO', 'LZ'),
(4, 'CEREZAS', 'CEREZAS', 'PALLET', 'ACTIVO', 'GF'),
(5, 'CIRUELAS', 'CIRUELAS', 'PALLET', 'ACTIVO', 'GF'),
(6, 'DURAZNOS', 'DURAZNOS', 'PALLET', 'ACTIVO', 'GF'),
(7, 'KIWIS', 'KIWIS', 'PALLET', 'ACTIVO', 'GF'),
(8, 'MANZANAS', 'MANZANAS', 'PALLET', 'ACTIVO', 'GF'),
(9, 'NECTARINES', 'NECTARINES', 'PALLET', 'ACTIVO', 'GF'),
(10, 'PERAS', 'PERAS', 'PALLET', 'ACTIVO', 'GF'),
(11, 'UVAS', 'UVAS', 'PALLET', 'ACTIVO', 'RB'),
(12, 'MANZANAS PINK LADY', 'MANZANAS PINK LADY', 'PALLET', 'ACTIVO', 'GF'),
(21, 'CEREZAS', 'CEREZAS', 'LOTE', 'ACTIVO', 'RB'),
(22, 'EXU', 'UVAS', 'PALLET', 'ACTIVO', 'EX'),
(27, 'NARANJAS', 'NARANJAS', 'PALLET', 'ACTIVO', 'RB'),
(36, 'MANDARINAS', 'MANDARINAS', 'PALLET', 'ACTIVO', 'RB'),
(41, 'KIWIS', 'KIWIS', 'PALLET', 'ACTIVO', 'RB'),
(82, 'GRANADAS', 'GRANADAS', 'PALLET', 'ACTIVO', 'RB'),
(83, 'CEREZAS', 'CEREZAS', 'LOTE', 'ACTIVO', 'TR'),
(84, 'MANZANAS', 'MANZANAS', 'LOTE', 'ACTIVO', 'CT'),
(85, 'MANZANAS PINK LADY', 'MANZANAS PINK LADY', 'LOTE', 'ACTIVO', 'CT'),
(86, 'CEREZAS', 'CEREZAS', 'LOTE', 'ACTIVO', 'CT'),
(88, 'MA01', 'CEREZAS', 'LOTE', 'ACTIVO', 'MA'),
(89, 'DU', 'DURAZNOS', 'PALLET', 'ACTIVO', 'LZ'),
(90, 'DURAZNOS', 'DURAZNOS', 'LOTE', 'ACTIVO', 'CT'),
(91, 'CIRUELAS', 'CIRUELAS', 'LOTE', 'ACTIVO', 'CT'),
(92, 'NECTARINES', 'NECTARINES', 'LOTE', 'ACTIVO', 'CT'),
(93, 'MA02', 'CIRUELAS', 'LOTE', 'ACTIVO', 'MA'),
(94, 'MA03', 'NECTARINES', 'LOTE', 'ACTIVO', 'MA'),
(95, 'PR_01', 'CIRUELAS', 'LOTE', 'ACTIVO', 'PR'),
(96, 'MA04', 'CIRUELAS D AGEN', 'LOTE', 'ACTIVO', 'MA'),
(97, 'MA05', 'PERAS', 'LOTE', 'ACTIVO', 'MA'),
(98, 'CIRUELAS D AGEN', 'CIRUELAS D AGEN', 'LOTE', 'ACTIVO', 'CT'),
(99, 'PERAS', 'PERAS', 'LOTE', 'ACTIVO', 'CT'),
(100, 'MA06', 'UVA', 'LOTE', 'ACTIVO', 'MA'),
(101, 'MA07', 'KIWIS', 'LOTE', 'ACTIVO', 'MA'),
(102, 'SF_KIWI', 'KIWIS', 'PALLET', 'ACTIVO', 'SF'),
(103, 'SF_MANDARINA', 'MANDARINA CAT 1', 'PALLET', 'ACTIVO', 'SF'),
(104, 'SF_NARANJAS', 'NARANJA', 'PALLET', 'ACTIVO', 'SF'),
(105, 'SF_POMELO', 'POMELO', 'PALLET', 'ACTIVO', 'SF'),
(106, 'SF_TANGELO', 'TANGELO', 'PALLET', 'ACTIVO', 'SF'),
(107, 'SF_PALTAS_CAT2', 'PALTAS CAT 2', 'PALLET', 'ACTIVO', 'SF'),
(108, 'SF_PALTAS_CAT1', 'PALTAS CAT 1', 'PALLET', 'ACTIVO', 'SF'),
(109, 'SF_MANDARINA_CAT 2', 'MANDARINA CAT 2', 'PALLET', 'ACTIVO', 'SF'),
(110, 'SF_LIMON', 'LIMON', 'PALLET', 'ACTIVO', 'SF'),
(111, 'UVAS', 'UVAS', 'PALLET', 'ACTIVO', 'PG'),
(112, '123', 'ESPECIE 1', 'PALLET', 'INACTIVO', ''),
(113, 'SF_DAMASCO', 'DAMASCO', 'PALLET', 'ACTIVO', 'SF'),
(114, 'CEREZAS', 'CEREZAS', 'LOTE', 'ACTIVO', 'LL'),
(115, 'CEREZAS MACS', 'CEREZAS MACS', 'LOTE', 'ACTIVO', 'CT'),
(116, 'SF_PERA_EXPORTACION', 'PERA EXPORTACION', 'PALLET', 'ACTIVO', 'SF'),
(117, 'PERAS', 'PERAS', 'LOTE', 'ACTIVO', 'LL'),
(118, 'MANZANAS', 'MANZANAS', 'LOTE', 'ACTIVO', 'LL'),
(119, 'NECTARIN', 'NECTARIN', 'LOTE', 'ACTIVO', 'LL'),
(120, 'DURAZNO', 'DURAZNO', 'LOTE', 'ACTIVO', 'LL'),
(121, 'CIRUELA', 'CIRUELA', 'LOTE', 'ACTIVO', 'LL'),
(122, 'CIRUELA LEMON', 'CIRUELA LEMON', 'LOTE', 'INACTIVO', 'CT'),
(123, 'AS_01', 'NECTARIN', 'LOTE', 'ACTIVO', 'AS'),
(124, 'UVAS', 'UVAS', 'PALLET', 'ACTIVO', 'LL'),
(125, 'KIWI', 'KIWI', 'LOTE', 'ACTIVO', 'LL'),
(126, 'MANZANAS PINK LADY', 'MANZANAS PINK LADY', 'LOTE', 'ACTIVO', 'LL'),
(127, 'PL', 'PALTAS', 'PALLET', 'ACTIVO', 'LZ'),
(128, 'CT', 'MANDARINAS', 'PALLET', 'ACTIVO', 'LZ'),
(129, 'SF_PALTAS_MERCADOINTERNO', 'PALTAS MERCADO INTERNO', 'PALLET', 'ACTIVO', 'SF'),
(130, 'AS_02', 'CEREZAS', 'PALLET', 'ACTIVO', 'AS'),
(131, 'AS_03', 'DAMASCO', 'LOTE', 'ACTIVO', 'AS'),
(132, 'AS_04', 'UVAS', 'PALLET', 'ACTIVO', 'AS'),
(133, 'AS_05', 'KIWI', 'LOTE', 'ACTIVO', 'AS'),
(134, 'AS_06', 'MANDARINA', 'LOTE', 'ACTIVO', 'AS'),
(135, 'AS_07', 'DURAZNO', 'LOTE', 'ACTIVO', 'AS'),
(136, 'AS_08', 'CIRUELA', 'LOTE', 'ACTIVO', 'AS'),
(137, 'AS_09', 'PERA', 'PALLET', 'ACTIVO', 'AS'),
(138, 'CEREZAS', 'CEREZAS', '', 'ACTIVO', 'SL'),
(139, 'CEREZAS BRIX', 'CEREZAS BRIX', 'LOTE', 'ACTIVO', 'CT'),
(140, 'QL_01', 'CEREZAS QUELEN', 'LOTE', 'ACTIVO', 'QE'),
(141, 'RC_01', 'CEREZAS RANCO', 'LOTE', 'ACTIVO', 'QE'),
(142, 'LO_01', 'CEREZAS LOS OLMOS', 'LOTE', 'ACTIVO', 'QE'),
(143, 'CF_01', 'CEREZAS CALAFATE', 'LOTE', 'ACTIVO', 'QE'),
(144, 'PX_01', 'CEREZAS PROVEX', 'LOTE', 'ACTIVO', 'QE'),
(145, 'A5_01', 'CEREZAS A5', 'LOTE', 'ACTIVO', 'QE'),
(146, 'RBM_01', 'UVAS', 'PALLET', 'ACTIVO', 'RBM'),
(148, 'ARANDANO', 'ARANDANO', 'LOTE', 'ACTIVO', 'SL'),
(149, 'CIRUELAS AGRICOM', 'CIRUELAS AGRICOM', 'LOTE', 'ACTIVO', 'CT'),
(150, 'PX_02', 'NECTARINES PROVEX', 'LOTE', 'ACTIVO', 'QE'),
(151, 'LO_02', 'CIRUELA DAGEN LOS OLMOS', 'LOTE', 'ACTIVO', 'QE'),
(152, 'PR_01', 'CIRUELA DAGEN PRUNESCO', 'LOTE', 'ACTIVO', 'QE'),
(153, 'QL_02', 'CIRUELA DAGEN QUELEN', 'LOTE', 'ACTIVO', 'QE'),
(154, 'A5_02', 'CIRUELA DAGEN A5', 'LOTE', 'ACTIVO', 'QE'),
(155, 'PX_03', 'CIRUELA DAGEN PROVEX', 'LOTE', 'ACTIVO', 'QE'),
(157, 'AR_01', 'ARANDANOS', 'PALLET', 'ACTIVO', 'AGRSUR'),
(158, 'AS_10', 'CIRUELAS D AGEN', 'LOTE', 'ACTIVO', 'AS'),
(159, 'ST_01', 'MANZANAS SAN TITO', 'LOTE', 'ACTIVO', 'QE'),
(160, 'QL_03', 'MANZANAS QUELEN', 'LOTE', 'ACTIVO', 'QE'),
(161, 'LO_03', 'PERAS LOS OLMOS', 'LOTE', 'ACTIVO', 'QE'),
(162, 'QL_04', 'PERAS QUELEN', 'LOTE', 'ACTIVO', 'QE'),
(164, 'CDMA', 'CIRUELAS D AGEN MONTE ALTO', 'LOTE', 'ACTIVO', 'CT'),
(166, 'LO_04', 'MANZANAS LOS OLMOS', 'LOTE', 'ACTIVO', 'QE'),
(167, 'UVAS', 'UVAS', 'PALLET', 'ACTIVO', 'GW'),
(168, 'CMA', 'CIRUELAS MONTE ALTO', 'LOTE', 'ACTIVO', 'CT'),
(169, 'UVAS PROVEX', 'UVAS PROVEX', 'LOTE', 'ACTIVO', 'QE'),
(170, 'UVAS QUELEN', 'UVAS QUELEN', 'LOTE', 'ACTIVO', 'QE'),
(171, 'QL_05', 'NARANJAS QUELEN', 'LOTE', 'ACTIVO', 'QE'),
(172, 'QL_06', 'MANDARINAS QUELEN', 'LOTE', 'ACTIVO', 'QE'),
(173, 'QL_07', 'CLEMENTINAS QUELEN', 'LOTE', 'ACTIVO', 'QE'),
(174, 'PX_04', 'CLEMENTINAS PROVEX', 'LOTE', 'ACTIVO', 'QE'),
(175, 'PX_05', 'MANDARINAS PROVEX', 'LOTE', 'ACTIVO', 'QE'),
(176, 'PX_06', 'NARANJAS PROVEX ', 'LOTE', 'ACTIVO', 'QE'),
(177, 'PX_07', 'LIMONES PROVEX', 'LOTE', 'ACTIVO', 'QE'),
(178, 'MZ', 'MANZANAS', 'PALLET', 'ACTIVO', 'FA'),
(179, '01', 'KIWI', 'LOTE', 'ACTIVO', 'AF'),
(180, 'MA08', 'NARANJAS', 'LOTE', 'ACTIVO', 'MA'),
(181, '01', 'RECEPCION PERAS PACKHAMS Y SUMMER B', 'PALLET', 'ACTIVO', 'SF'),
(182, '02', 'RECEPCION PERAS WINTER NELLIS Y BEURRE BOSC', 'PALLET', 'ACTIVO', 'SF'),
(183, 'QL_08', 'LIMONES QUELEN', 'LOTE', 'ACTIVO', 'QE'),
(184, 'UV_01', 'UVAS', 'LOTE', 'ACTIVO', 'SUN'),
(185, 'MA_01', 'MANDARINAS', 'LOTE', 'ACTIVO', 'SUN'),
(187, 'CB', 'CEBOLLA', 'LOTE', 'ACTIVO', 'LZ'),
(188, 'AJ', 'AJO', 'LOTE', 'ACTIVO', 'LZ'),
(189, '03', 'RECEPCION MANDARINAS', 'PALLET', 'ACTIVO', 'SF'),
(190, '04', 'RECEPCION NARANJAS', 'PALLET', 'ACTIVO', 'SF'),
(191, '05', 'RECEPCION POMELOS', 'PALLET', 'ACTIVO', 'SF'),
(192, '06', 'RECEPCION LIMONES', 'PALLET', 'ACTIVO', 'SF'),
(193, '07', 'RECEPCION TANGELO', 'PALLET', 'ACTIVO', 'SF'),
(194, 'PVX_01', 'TABLE GRAPES', 'PALLET', 'ACTIVO', 'PV'),
(195, 'PVX_02', 'CEREZAS', 'LOTE', 'ACTIVO', 'PV'),
(196, 'RECEPCION CAROZOS', 'RECEPCION CAROZOS', 'LOTE', 'ACTIVO', 'CT'),
(197, 'AS_11', 'PF CIRUELA', 'PALLET', 'ACTIVO', 'AS'),
(198, 'QED_01', 'CEREZAS', 'PALLET', 'ACTIVO', 'QED'),
(199, 'CEREZAS HACIENDA', 'CEREZAS HACIENDA', 'LOTE', 'ACTIVO', 'LL'),
(200, 'FR_01', 'CEREZAS FRUTBER', 'LOTE', 'ACTIVO', 'QE'),
(201, 'SF_POMELO_CAT2', 'POMELO FANCY-CAT1/2', 'PALLET', 'ACTIVO', 'SF'),
(202, 'CIRUELA STA MARTA', 'CIRUELA STA MARTA', 'LOTE', 'ACTIVO', 'CT'),
(203, 'NECTARIN STA MARTA', 'NECTARIN STA MARTA', 'LOTE', 'ACTIVO', 'CT'),
(204, 'DURAZNOS STA MARTA', 'DURAZNOS STA MARTA', 'LOTE', 'ACTIVO', 'CT'),
(205, 'PLUMCOT STA MARTA', 'PLUMCOT STA MARTA', 'LOTE', 'ACTIVO', 'CT'),
(206, '02', 'CEREZAS', 'LOTE', 'ACTIVO', 'AF'),
(207, '03', 'UVA', 'PALLET', 'ACTIVO', 'AF'),
(208, 'CH', 'CEREZAS', 'LOTE', 'ACTIVO', 'TF'),
(209, 'DU', 'DURAZNO', 'LOTE', 'ACTIVO', 'TF'),
(210, 'NEC', 'NECTARIN', 'LOTE', 'ACTIVO', 'TF'),
(211, 'CI', 'CIRUELA', 'LOTE', 'ACTIVO', 'TF'),
(212, 'DW_01', 'CEREZAS DW INTERNACIONAL', 'LOTE', 'ACTIVO', 'QE'),
(213, 'AS_01', 'CIRUELAS AGUA SANTA', 'LOTE', 'ACTIVO', 'QE'),
(214, 'AS_02', 'DURAZNOS AGUA SANTA', 'LOTE', 'ACTIVO', 'QE'),
(215, 'AS_03', 'NECTARINES AGUA SANTA', 'LOTE', 'ACTIVO', 'QE'),
(216, 'AS_12', 'ARANDANO', 'LOTE', 'ACTIVO', 'AS'),
(217, 'CIRUELAS', 'CIRUELAS', 'LOTE', 'ACTIVO', 'RB'),
(218, 'FRT_01', 'PERAS FRUTTITA', 'LOTE', 'ACTIVO', 'QE'),
(219, 'LO_05', 'UVAS LOS OLMOS', 'LOTE', 'ACTIVO', 'QE'),
(220, '04', 'PERAS', 'LOTE', 'ACTIVO', 'AF'),
(221, '05', 'MANZANAS', 'LOTE', 'ACTIVO', 'AF'),
(222, '212', 'KIWI', 'LOTE', 'ACTIVO', 'TF'),
(223, '222', 'GRANADA', 'PALLET', 'ACTIVO', 'LZ'),
(224, 'PVX_03', 'LIMONES', 'LOTE', 'ACTIVO', 'PV'),
(225, 'PVX_04', 'NARANJAS', 'LOTE', 'ACTIVO', 'PV'),
(226, 'PVX_05', 'MANDARINAS', 'LOTE', 'ACTIVO', 'PV'),
(227, 'PVX_06', 'CLEMENTINAS', 'LOTE', 'ACTIVO', 'PV'),
(228, 'A5_03', 'CLEMENTINAS A5', 'LOTE', 'ACTIVO', 'QE'),
(229, 'A5_04', 'MANDARINAS A5', 'LOTE', 'ACTIVO', 'QE'),
(230, 'A5_05', 'NARANJAS A5', 'LOTE', 'ACTIVO', 'QE'),
(231, 'A5_06', 'LIMONES A5', 'LOTE', 'ACTIVO', 'QE'),
(232, 'EXMA', 'MANDARINAS', 'PALLET', 'ACTIVO', 'EX'),
(233, 'CG_01', 'NARANJA CRISPAGOLD', 'LOTE', 'ACTIVO', 'QE'),
(234, 'MANDARINAS', 'MANDARINAS', 'PALLET', 'ACTIVO', 'GF');

-- --------------------------------------------------------

--
-- Estructura de tabla para la tabla `cal_exportadoras`
--

CREATE TABLE `cal_exportadoras` (
  `exportador_cod` varchar(50) NOT NULL,
  `exportador_nombre` varchar(100) DEFAULT NULL,
  `cliente_id` varchar(100) DEFAULT NULL
) ENGINE=InnoDB DEFAULT CHARSET=latin1;

--
-- Volcado de datos para la tabla `cal_exportadoras`
--

INSERT INTO `cal_exportadoras` (`exportador_cod`, `exportador_nombre`, `cliente_id`) VALUES
('009', 'EXP BRIX', 'RB'),
('02', 'FRESHLAND', 'RB'),
('10', 'COMPAÑIA FRUTERA SANTA MARIA S.A.', 'RB'),
('124', 'EXPORTADORA RECORD CHERRIES Spa', 'RB'),
('125', 'EXPORTADORA AGRICOLA Y COMERCIAL SANTA MAGDALENA Spa', 'RB'),
('126', 'CARAHUE SPA', 'RB'),
('17', 'PANGEA', 'RB'),
('28', 'POLCURA', 'RB'),
('29', 'EXP. LOS LIRIOS', 'RB'),
('55', 'S Y S', 'RB'),
('A5', 'A5', 'QE'),
('AC', 'AGRICOLA EL CALVARIO', 'RB'),
('AD', 'AL DANA EXPORT', 'LL'),
('AE', 'ARAUCARIA EXPORTACIONES', 'CT'),
('AF', 'AGROFRUTA', 'AF'),
('AG', 'AGRICOM', 'CT'),
('AGM', 'AGRICOM', 'SF'),
('AGRS', 'AGRICOLA DEL SUR', 'AGRSUR'),
('ALM', 'ALMAHUE', 'CT'),
('AS', 'AGUA SANTA', 'AS'),
('AS.', 'AGUA SANTA', 'QE'),
('ASJ', 'AGR. SAN JOSE', 'ASJ'),
('BX', 'EXPORTADORA BRIX', 'CT'),
('CF', 'CALAFATE', 'QE'),
('CG', 'CRISPAGOLD', 'QE'),
('COPE', 'COPEFRUT', 'CT'),
('DCO', 'DAVID DEL CURTO SA', 'CT'),
('DL', 'DOLE', 'ASJ'),
('DSP', 'DUOFRUT SPA', 'CT'),
('DW', 'DW INTERNACIONAL SPA', 'QE'),
('EC', 'EXPORTADORA CUPAL', 'CT'),
('ECFR', 'ECOFRUTA', 'CT'),
('EF', 'ECOFRESH SPA', 'CT'),
('EH', 'EXP. EL HUERTO SPA', 'RB'),
('EN', 'EXPORTADORA NORFRUT LTDA', 'LL'),
('ER', 'ENTRE RIOS SPA', 'CT'),
('ESM', 'EXPORTADORA SM', 'CT'),
('EX', 'EXSER', 'EX'),
('FA', 'FRUTA DE AUTOR', 'FA'),
('FB', 'FRUTBER', 'QE'),
('FRT', 'FRUTTITA', 'QE'),
('FRTC', 'FRUTICOLA CEXPORT LIMITADA', 'CT'),
('FTM', 'FRUTAM LTDA', 'QE'),
('GF', 'GEOFRUT', 'GF'),
('GSX', 'GESEX', 'ASJ'),
('GW', 'GROWER FRUITS', 'GW'),
('HA', 'HACIENDA ANGOSTURA', 'LL'),
('HVG', 'HILLVILLA GROUP', 'CT'),
('LL', 'LOS LIRIOS', 'LL'),
('LO', 'LOS OLMOS', 'QE'),
('LT', 'EXPORTADORA LA TORRE', 'LL'),
('LZ', 'EXPORTADOR INGLOBO', 'LZ'),
('MA', 'MONTE ALTO', 'MA'),
('MALF', 'MONTE ALTO FRUIT SA', 'CT'),
('MCS', 'INMOBILIARIA E INVERSIONES MACS SPA', 'CT'),
('MF', 'MONFRUT', 'CT'),
('MR', 'MEREX', 'RB'),
('OE', 'OLIVAR EXPORT', 'LL'),
('PE', 'POLCURA EXPORT', 'CT'),
('PG', 'Pura Gesex', 'PG'),
('PN', 'PRUNESCO', 'QE'),
('PR', 'PRUNESCO', 'PR'),
('PV', 'PROVEX', 'QE'),
('PVX', 'PROVEX', 'PV'),
('QED', 'QUELEN DESTINO', 'QED'),
('QL', 'QUELEN EXPORT', 'QE'),
('RB', 'RIO BLANCO SPA.', 'RB'),
('RBM', 'RIO BLANCO MEXICO', 'RBM'),
('RC', 'RANCO CHERRIES', 'QE'),
('RK', 'RIO KING', 'RB'),
('RLL', 'RUCARAY', 'CT'),
('SA', 'EXPORTADORA SAN ALBERTO S.A.', 'CT'),
('SF', 'SOFRUCO', 'SF'),
('SL', 'SUBSOLE', 'SL'),
('SM', 'EXPORTADORA SANTA MARTA LTDA', 'CT'),
('ST', 'SAN TITO', 'QE'),
('SUN', 'SUNFRUITS', 'SUN'),
('TF', 'TRIOFRUT', 'TF'),
('TR', 'TRUMAO', 'TR'),
('VG', 'VIÑA GARCES SILVA LTDA.', 'RB'),
('WFT', 'WINFRUT', 'CT');

-- --------------------------------------------------------

--
-- Estructura de tabla para la tabla `cal_fotos`
--

CREATE TABLE `cal_fotos` (
  `id_fotos` int(11) NOT NULL,
  `pi_folio` varchar(100) DEFAULT NULL,
  `caja_id` varchar(100) DEFAULT NULL,
  `foto_num_caja` int(11) DEFAULT NULL,
  `foto_fecha` date DEFAULT NULL,
  `name` varchar(100) DEFAULT NULL,
  `content` longblob,
  `usuario` varchar(12) DEFAULT NULL,
  `calidad_baja` varchar(12) DEFAULT NULL,
  `hora_llegada` datetime DEFAULT NULL,
  `cliente_id` varchar(100) DEFAULT NULL,
  `sincro` varchar(10) DEFAULT NULL
) ENGINE=MyISAM DEFAULT CHARSET=latin1;

-- --------------------------------------------------------

--
-- Estructura de tabla para la tabla `contenedor_estiba`
--

CREATE TABLE `contenedor_estiba` (
  `id_estiba` int(11) NOT NULL,
  `folio_planilla` varchar(100) DEFAULT NULL,
  `num_pallet` int(11) DEFAULT NULL,
  `orden_pallet` int(11) NOT NULL,
  `folio_pallet` varchar(20) NOT NULL,
  `temp_min` varchar(10) DEFAULT NULL,
  `temp_max` varchar(10) DEFAULT NULL,
  `num_termo` varchar(11) NOT NULL,
  `termografo` varchar(10) DEFAULT NULL,
  `sentido_pallet` varchar(20) NOT NULL,
  `cumple_norma` varchar(10) NOT NULL,
  `sincro` varchar(5) NOT NULL
) ENGINE=InnoDB DEFAULT CHARSET=latin1;

-- --------------------------------------------------------

--
-- Estructura de tabla para la tabla `contenedor_fotos`
--

CREATE TABLE `contenedor_fotos` (
  `id_fotos` int(11) NOT NULL,
  `folio_planilla` varchar(100) DEFAULT NULL,
  `nombre_foto_archivo` varchar(200) DEFAULT NULL,
  `nombre_foto_titulo` varchar(200) DEFAULT NULL,
  `orden` int(11) NOT NULL,
  `calidad_baja` varchar(10) DEFAULT NULL,
  `sincro` varchar(10) DEFAULT NULL
) ENGINE=InnoDB DEFAULT CHARSET=latin1;

-- --------------------------------------------------------

--
-- Estructura de tabla para la tabla `contenedor_mercado`
--

CREATE TABLE `contenedor_mercado` (
  `cod_mer` int(11) NOT NULL,
  `nom_mer` varchar(100) DEFAULT NULL,
  `est_mer` varchar(15) DEFAULT NULL,
  `cliente_id` varchar(10) NOT NULL
) ENGINE=InnoDB DEFAULT CHARSET=latin1;

--
-- Volcado de datos para la tabla `contenedor_mercado`
--

INSERT INTO `contenedor_mercado` (`cod_mer`, `nom_mer`, `est_mer`, `cliente_id`) VALUES
(1, 'IRLANDA', 'ACTIVO', 'ING'),
(2, 'ARGENTINA', 'ACTIVO', 'ING'),
(3, 'ASIA', 'ACTIVO', 'ING'),
(4, 'BRASIL', 'ACTIVO', 'ING'),
(5, 'CANADA', 'ACTIVO', 'ING'),
(6, 'CHILE', 'ACTIVO', 'ING'),
(7, 'CHINA', 'ACTIVO', 'ING'),
(8, 'COLOMBIA', 'ACTIVO', 'ING'),
(9, 'COREA DEL SUR', 'ACTIVO', 'ING'),
(10, 'ECUADOR', 'ACTIVO', 'ING'),
(11, 'ESPAÑA', 'ACTIVO', 'ING'),
(12, 'EUROPA', 'ACTIVO', 'ING'),
(13, 'FILIPINAS', 'ACTIVO', 'ING'),
(14, 'EL SALVADOR', 'ACTIVO', 'ING'),
(15, 'GUATEMALA', 'ACTIVO', 'ING'),
(16, 'HONG KONG', 'ACTIVO', 'ING'),
(17, 'HOLANDA', 'ACTIVO', 'ING'),
(18, 'INDONESIA', 'ACTIVO', 'ING'),
(19, 'INGLATERRA', 'ACTIVO', 'ING'),
(20, 'ITALIA', 'ACTIVO', 'ING'),
(21, 'JAPON', 'ACTIVO', 'ING'),
(22, 'KOREA', 'ACTIVO', 'ING'),
(23, 'LATINOAMERICA', 'ACTIVO', 'ING'),
(24, 'LEJANO ORIENTE', 'ACTIVO', 'ING'),
(25, 'REPUBLICA DOMINICANA', 'ACTIVO', 'ING'),
(26, 'MERCADO INTERNO ', 'ACTIVO', 'ING'),
(27, 'PERU', 'ACTIVO', 'ING'),
(28, 'QATAR', 'ACTIVO', 'ING'),
(29, 'RUSIA', 'ACTIVO', 'ING'),
(30, 'SINGAPUR', 'ACTIVO', 'ING'),
(31, 'THAILANDIA', 'ACTIVO', 'ING'),
(32, 'TAIWAN', 'ACTIVO', 'ING'),
(33, 'USA', 'ACTIVO', 'ING'),
(34, 'SOA BORJA', 'ACTIVO', 'QE'),
(35, 'ESTADOS UNIDOS', 'ACTIVO', 'CT'),
(36, 'COSTA RICA', 'ACTIVO', 'AS'),
(37, 'VIETNAM', 'ACTIVO', 'QE'),
(38, 'VIETNAM', 'ACTIVO', 'SL'),
(39, 'MEXICO', 'ACTIVO', 'AS'),
(40, 'ISLAS GUADALUPE', 'ACTIVO', 'AS'),
(41, 'BELGICA', 'ACTIVO', 'AS'),
(42, 'PANAMA', 'ACTIVO', 'AS'),
(43, 'GUAYAQUIL', 'ACTIVO', 'AS'),
(44, 'MEXICO', 'ACTIVO', 'GF'),
(45, 'LIBIA', 'ACTIVO', 'AS'),
(46, 'ALEMANIA', 'ACTIVO', 'QE'),
(47, 'PUERTO RICO', 'ACTIVO', 'QE'),
(48, 'NETHERLANDS', 'ACTIVO', 'QE'),
(49, 'INDIA', 'ACTIVO', 'QE'),
(50, 'NICARAGUA', 'ACTIVO', 'GF'),
(51, 'CUBA', 'ACTIVO', 'AS'),
(52, 'ARABIA SAUDITA', 'ACTIVO', 'FA'),
(53, 'ARABIA SAUDITA', 'ACTIVO', 'GF'),
(54, 'PANAMÁ ', 'ACTIVO', 'GF');

-- --------------------------------------------------------

--
-- Estructura de tabla para la tabla `contenedor_nave`
--

CREATE TABLE `contenedor_nave` (
  `nave_cod` int(11) NOT NULL,
  `nave_nombre` varchar(50) DEFAULT NULL,
  `cod_nav` varchar(20) DEFAULT NULL,
  `nave_estado` varchar(20) DEFAULT NULL,
  `cliente_id` varchar(10) NOT NULL
) ENGINE=InnoDB DEFAULT CHARSET=latin1;

--
-- Volcado de datos para la tabla `contenedor_nave`
--

INSERT INTO `contenedor_nave` (`nave_cod`, `nave_nombre`, `cod_nav`, `nave_estado`, `cliente_id`) VALUES
(1, 'CAUQUENES', '00', 'ACTIVO', 'ING'),
(2, 'COPIAPO', '00', 'ACTIVO', 'ING'),
(3, 'SEASPAN BRIGHTNESS', '00', 'ACTIVO', 'ING'),
(4, 'MOL BENEFACTOR', '00', 'ACTIVO', 'ING'),
(5, 'MSC', '0012', 'ACTIVO', 'ING'),
(6, 'JACK LONDON', '02', 'ACTIVO', 'ING'),
(7, 'CMA CGM TIGRIS', '06', 'ACTIVO', 'ING'),
(8, 'EVER LEARNED', '06', 'ACTIVO', 'ING'),
(9, 'COSCO PRINCE RUPERT', '06', 'ACTIVO', 'ING'),
(10, 'GUAYAQUIL EXPRESS', '06', 'ACTIVO', 'ING'),
(11, 'CMA CGM AMERICA', '06', 'ACTIVO', 'ING'),
(12, 'CMA CGM MISSISSIPI', '06', 'ACTIVO', 'ING'),
(13, 'SEASPAN OCEANIA', '06', 'ACTIVO', 'ING'),
(14, 'EVER LEGEND', '06', 'ACTIVO', 'ING'),
(15, 'HENG HUI', '06', 'ACTIVO', 'ING'),
(16, 'CSCL ZEEBRUGGE', '06', 'ACTIVO', 'ING'),
(17, 'CSCL AFRICA', '06', 'ACTIVO', 'ING'),
(18, 'XIN FEI ZHOU', '06', 'ACTIVO', 'ING'),
(19, 'XIN OU ZHOU', '06', 'ACTIVO', 'ING'),
(20, 'COSCO YANTIAN', '06', 'ACTIVO', 'ING'),
(21, 'GLASGOW EXPRESS', '06', 'ACTIVO', 'ING'),
(22, 'XIN MEI ZHOU', '06', 'ACTIVO', 'ING'),
(23, 'KURE', '06', 'ACTIVO', 'ING'),
(24, 'EVER LOTUS', '06', 'ACTIVO', 'ING'),
(25, 'EVER URBAN', '06', 'ACTIVO', 'ING'),
(26, 'EVER SUPER B', '06', 'ACTIVO', 'ING'),
(27, 'EVER URBAN', '06', 'ACTIVO', 'ING'),
(28, 'BRIGHTON', '06', 'ACTIVO', 'ING'),
(29, 'CSCL ASIA', '06', 'ACTIVO', 'ING'),
(30, 'SEASPAN OCEANIA', '06', 'ACTIVO', 'ING'),
(31, 'CSCL EAST CHINA SEA', '06', 'ACTIVO', 'ING'),
(32, 'XIN FEI ZHOU', '06', 'ACTIVO', 'ING'),
(33, 'XIN FEI ZHOU', '06', 'ACTIVO', 'ING'),
(34, 'CCNI ANGOL', '10', 'ACTIVO', 'ING'),
(35, 'HAPAG LLOYD', '100', 'ACTIVO', 'ING'),
(36, 'EVER URANOS', '13', 'ACTIVO', 'ING'),
(37, 'YM UTILIY', '13', 'ACTIVO', 'ING'),
(38, 'EVER SIGMA', '13', 'ACTIVO', 'ING'),
(39, 'EVER URANUS', '13', 'ACTIVO', 'ING'),
(40, 'XIN YA ZHOU', '13', 'ACTIVO', 'ING'),
(41, 'EVER LISSOME', '13', 'ACTIVO', 'ING'),
(42, 'EVER LIVEN', '13', 'ACTIVO', 'ING'),
(43, 'EVER EXCEL', '13', 'ACTIVO', 'ING'),
(44, 'LLOYD DON GEOVANNI', '13', 'ACTIVO', 'ING'),
(45, 'SM SAVANAH', '13', 'ACTIVO', 'ING'),
(46, 'CSCL ASIA', '13', 'ACTIVO', 'ING'),
(47, 'EVER SUPER B', '13', 'ACTIVO', 'ING'),
(48, 'SANTA ROSA', '14', 'ACTIVO', 'ING'),
(49, 'CHARLOTTE MAERSK', '14', 'ACTIVO', 'ING'),
(50, 'POLAR CHILE', '14', 'ACTIVO', 'ING'),
(51, 'SANTA CLARA', '14', 'ACTIVO', 'ING'),
(52, 'SANTA ISABEL', '14', 'ACTIVO', 'ING'),
(53, 'SANTA TERESA', '14', 'ACTIVO', 'ING'),
(54, 'CARSTEN MAERSK', '14', 'ACTIVO', 'ING'),
(55, 'CAROLINE MAERSK', '14', 'ACTIVO', 'ING'),
(56, 'SUSAN MAERSK', '14', 'ACTIVO', 'ING'),
(57, 'AOTEA MAERSK', '14', 'ACTIVO', 'ING'),
(58, 'SAFMARINE MAKUTU', '14', 'ACTIVO', 'ING'),
(59, 'CMA CGM NIAGARA', '14', 'ACTIVO', 'ING'),
(60, 'RIO BARROW', '14', 'ACTIVO', 'ING'),
(61, 'SAFMARINE BAYETE', '14', 'ACTIVO', 'ING'),
(62, 'POLAR BRASIL', '14', 'ACTIVO', 'ING'),
(63, 'SAN CLEMENTE', '14', 'ACTIVO', 'ING'),
(64, 'VALPARAISO EXPRESS', '14', 'ACTIVO', 'ING'),
(65, 'LEDA MAERSK', '14', 'ACTIVO', 'ING'),
(66, 'SANTA INES', '14', 'ACTIVO', 'ING'),
(67, 'SANTA CATARINA', '14', 'ACTIVO', 'ING'),
(68, 'SANTA RITA', '14', 'ACTIVO', 'ING'),
(69, 'SANTA BARBARA', '14', 'ACTIVO', 'ING'),
(70, 'SANTA URSULA', '14', 'ACTIVO', 'ING'),
(71, 'SOFIE MAERSK', '14', 'ACTIVO', 'ING'),
(72, 'A.P. MOLLER', '14', 'ACTIVO', 'ING'),
(73, 'SALLY MAERSK', '14', 'ACTIVO', 'ING'),
(74, 'CORNELIUS MAERSK', '14', 'ACTIVO', 'ING'),
(75, 'SOROE MAERSK', '14', 'ACTIVO', 'ING'),
(76, 'CHASTINE MAERSK', '14', 'ACTIVO', 'ING'),
(77, 'CCNI ANDES', '14', 'ACTIVO', 'ING'),
(78, 'CMA CGM MEKONG', '14', 'ACTIVO', 'ING'),
(79, 'MAERSK BULAN', '14', 'ACTIVO', 'ING'),
(80, 'SALLY MAERSK', '14', 'ACTIVO', 'ING'),
(81, 'MAERSK STEPNICA', '14', 'ACTIVO', 'ING'),
(82, 'MAERSK BATAN', '14', 'ACTIVO', 'ING'),
(83, 'SALLY MAERSK', '14', 'ACTIVO', 'ING'),
(84, 'SAN FELIX', '14', 'ACTIVO', 'ING'),
(85, 'CMA CGM THALASSA', '14', 'ACTIVO', 'ING'),
(86, '153 POLAR ARGENTINA', '14', 'ACTIVO', 'ING'),
(87, 'HYUNDAI EARTH', '15', 'ACTIVO', 'ING'),
(88, 'MARIA KATARINA S', '20', 'ACTIVO', 'ING'),
(89, 'SVENDBORG MAERSK', '20', 'ACTIVO', 'ING'),
(90, 'SOVEREING MAERSK', '20', 'ACTIVO', 'ING'),
(91, 'CAROLINE MAERSK', '20', 'ACTIVO', 'ING'),
(92, 'CORNELIUS', '20', 'ACTIVO', 'ING'),
(93, 'COYHAIQUE', '20', 'ACTIVO', 'ING'),
(94, 'SOROE MAERSK', '20', 'ACTIVO', 'ING'),
(95, 'CHARLOTTE MAERSK', '20', 'ACTIVO', 'ING'),
(96, 'RHINE MAERSK', '20', 'ACTIVO', 'ING'),
(97, 'STEPNICA', '20', 'ACTIVO', 'ING'),
(98, 'POLAR COSTA RICA', '20', 'ACTIVO', 'ING'),
(99, 'MAERSK SAVANNAH', '20', 'ACTIVO', 'ING'),
(100, 'SINE MAERSK', '20', 'ACTIVO', 'ING'),
(101, 'POLAR ARGENTINA', '20', 'ACTIVO', 'ING'),
(102, 'CHASTINE MAERSK', '20', 'ACTIVO', 'ING'),
(103, 'CHASTINE MAERSK', '20', 'ACTIVO', 'ING'),
(104, 'SUSAN MAERSK', '20', 'ACTIVO', 'ING'),
(105, 'ALM DALLAS', '20', 'ACTIVO', 'ING'),
(106, 'AP MOLLER', '20', 'ACTIVO', 'ING'),
(107, 'CARSTEN MAERSK', '20', 'ACTIVO', 'ING'),
(108, 'CHOAPA TRADER', '20', 'ACTIVO', 'ING'),
(109, 'MOL PROSPERITY', '20', 'ACTIVO', 'ING'),
(110, 'SALLY MAERSK', '20', 'ACTIVO', 'ING'),
(111, 'SOFIE MAERSK', '20', 'ACTIVO', 'ING'),
(112, 'CORNELIUS MAERSK', '20', 'ACTIVO', 'ING'),
(113, 'LUNA MAERSK', '20', 'ACTIVO', 'ING'),
(114, 'STOCKHOLM', '20', 'ACTIVO', 'ING'),
(115, 'MAERKS SALINA', '20', 'ACTIVO', 'ING'),
(116, 'CAROLINE MAERSK', '20', 'ACTIVO', 'ING'),
(117, 'MAERSK SALALAH', '20', 'ACTIVO', 'ING'),
(118, 'POLAR BRASIL', '20', 'ACTIVO', 'ING'),
(119, 'POLAR PERU', '20', 'ACTIVO', 'ING'),
(120, 'MAERSK SHAMS', '20', 'ACTIVO', 'ING'),
(121, 'MAERSK BALI', '20', 'ACTIVO', 'ING'),
(122, 'MAERSK BATUR', '20', 'ACTIVO', 'ING'),
(123, 'MAERSK CAIRO', '20', 'ACTIVO', 'ING'),
(124, 'SKAGEN MAERSK', '20', 'ACTIVO', 'ING'),
(125, 'SEASPAN BRAVO', '208', 'ACTIVO', 'ING'),
(126, 'COPIAPO', '208', 'ACTIVO', 'ING'),
(127, 'MOL BEYOND', '208', 'ACTIVO', 'ING'),
(128, 'MSC PERLE', '208', 'ACTIVO', 'ING'),
(129, 'MOL BEYOND', '208', 'ACTIVO', 'ING'),
(130, 'COCHRANE', '208', 'ACTIVO', 'ING'),
(131, 'MSC SHREYA B', '21', 'ACTIVO', 'ING'),
(132, 'MSC DOMITILLE', '21', 'ACTIVO', 'ING'),
(133, 'MSC CHLOE', '21', 'ACTIVO', 'ING'),
(134, 'MSC PERLE', '21', 'ACTIVO', 'ING'),
(135, 'MSC AVNI', '21', 'ACTIVO', 'ING'),
(136, 'APL DETROIT ', '21', 'ACTIVO', 'ING'),
(137, 'MSC BRANKA', '21', 'ACTIVO', 'ING'),
(138, 'MEHUIN', '21', 'ACTIVO', 'ING'),
(139, 'COCHRANE', '21', 'ACTIVO', 'ING'),
(140, 'MSC VAISHNAVI', '21', 'ACTIVO', 'ING'),
(141, 'MSC FAUSTINA', '21', 'ACTIVO', 'ING'),
(142, 'CZECH', '21', 'ACTIVO', 'ING'),
(143, 'MSC YASHI B', '21', 'ACTIVO', 'ING'),
(144, 'TIANJIN', '21', 'ACTIVO', 'ING'),
(145, 'MSC AGRIGENTO', '21', 'ACTIVO', 'ING'),
(146, 'MSC SASHA', '21', 'ACTIVO', 'ING'),
(147, 'MSC MARGRIT', '21', 'ACTIVO', 'ING'),
(148, 'MSC CARLOTTA ', '21', 'ACTIVO', 'ING'),
(149, 'MSC GAYANE', '21', 'ACTIVO', 'ING'),
(150, 'MSC NITYA B', '21', 'ACTIVO', 'ING'),
(151, 'MSC BIANCA', '21', 'ACTIVO', 'ING'),
(152, 'MSC ALESSIA', '21', 'ACTIVO', 'ING'),
(153, 'MSC KANOKO', '21', 'ACTIVO', 'ING'),
(154, 'MSC ALGECIRAS', '21', 'ACTIVO', 'ING'),
(155, 'MSC ATLANTA', '21', 'ACTIVO', 'ING'),
(156, 'MSC CHICAGO', '21', 'ACTIVO', 'ING'),
(157, 'MSC DONATA', '21', 'ACTIVO', 'ING'),
(158, 'MSC FEDERICA', '21', 'ACTIVO', 'ING'),
(159, 'MSC FLAVIA', '21', 'ACTIVO', 'ING'),
(160, 'MSC SASHA', '21', 'ACTIVO', 'ING'),
(161, 'MSC BRUNELLA', '21', 'ACTIVO', 'ING'),
(162, 'MSC AGRIGENTO', '21', 'ACTIVO', 'ING'),
(163, 'MSC NURIA', '21', 'ACTIVO', 'ING'),
(164, 'MSC PILAR', '21', 'ACTIVO', 'ING'),
(165, 'MSC ROSARIA', '21', 'ACTIVO', 'ING'),
(166, 'MSC SILVIA', '21', 'ACTIVO', 'ING'),
(167, 'MSC TAMARA', '21', 'ACTIVO', 'ING'),
(168, 'CSCL WINTER', '21', 'ACTIVO', 'ING'),
(169, 'MSC SASHA', '21', 'ACTIVO', 'ING'),
(170, 'MSC VAISHNAVI', '21', 'ACTIVO', 'ING'),
(171, 'HYUNDAY SPLENDOR', '21', 'ACTIVO', 'ING'),
(172, 'SOFIA CELESTE', '21', 'ACTIVO', 'ING'),
(173, 'LILLY SCHULTE', '21', 'ACTIVO', 'ING'),
(174, 'SEASPAN BRIGHTNESS', '21', 'ACTIVO', 'ING'),
(175, 'CAUQUENES', '21', 'ACTIVO', 'ING'),
(176, 'MOL BENEFACTOR', '21', 'ACTIVO', 'ING'),
(177, 'CISNES', '21', 'ACTIVO', 'ING'),
(178, 'COPIAPO', '21', 'ACTIVO', 'ING'),
(179, 'MOL BELIEF', '21', 'ACTIVO', 'ING'),
(180, 'MSC ANGELA', '21', 'ACTIVO', 'ING'),
(181, 'CZECH', '21', 'ACTIVO', 'ING'),
(182, 'MSC KATIE', '21', 'ACTIVO', 'ING'),
(183, 'MSC SHREYA B', '21', 'ACTIVO', 'ING'),
(184, 'MSC MADHU B', '21', 'ACTIVO', 'ING'),
(185, 'MSC CAPELLA', '21', 'ACTIVO', 'ING'),
(186, 'MSC SATURN', '21', 'ACTIVO', 'ING'),
(187, 'SEASPAN BELIEF', '21', 'ACTIVO', 'ING'),
(188, 'MSC SHUBA B', '21', 'ACTIVO', 'ING'),
(189, 'CAUTIN', '21', 'ACTIVO', 'ING'),
(190, 'MSC ASYA', '21', 'ACTIVO', 'ING'),
(191, 'MSC BRUNELLA', '21', 'ACTIVO', 'ING'),
(192, 'MSC CAROLE', '21', 'ACTIVO', 'ING'),
(193, 'MSC CLAUDIA', '21', 'ACTIVO', 'ING'),
(194, 'MSC LEIGH', '21', 'ACTIVO', 'ING'),
(195, 'MSC LORENA', '21', 'ACTIVO', 'ING'),
(196, 'MSC MANU', '21', 'ACTIVO', 'ING'),
(197, 'MSC MARIA ELENA', '21', 'ACTIVO', 'ING'),
(198, 'CORCOVADO', '21', 'ACTIVO', 'ING'),
(199, 'NYK LIBRA', '23', 'ACTIVO', 'ING'),
(200, 'NYK LYRA', '23', 'ACTIVO', 'ING'),
(201, 'TIANJIN', '28', 'ACTIVO', 'ING'),
(202, 'HMM BLESSING', '28', 'ACTIVO', 'ING'),
(203, 'CMA CGM MISSISSIPPI', '28', 'ACTIVO', 'ING'),
(204, 'ANTON SHULTE', '28', 'ACTIVO', 'ING'),
(205, 'LUCIE SCHULTE', '28', 'ACTIVO', 'ING'),
(206, 'SANTA INES', '28', 'ACTIVO', 'ING'),
(207, 'CAP SAN SOUNIO', '28', 'ACTIVO', 'ING'),
(208, 'DUBLIN EXPRESS', '28', 'ACTIVO', 'ING'),
(209, 'MEHUIN', '28', 'ACTIVO', 'ING'),
(210, 'CAP SAN TAINARO', '28', 'ACTIVO', 'ING'),
(211, 'CMA CGM NIAGARA', '28', 'ACTIVO', 'ING'),
(212, 'COCHRANE', '28', 'ACTIVO', 'ING'),
(213, 'CAUQUENES', '28', 'ACTIVO', 'ING'),
(214, 'CAUTIN', '28', 'ACTIVO', 'ING'),
(215, 'CORCOVADO', '28', 'ACTIVO', 'ING'),
(216, 'CISNES', '28', 'ACTIVO', 'ING'),
(217, 'COYHAIQUE', '28', 'ACTIVO', 'ING'),
(218, 'MOL BEYOND', '28', 'ACTIVO', 'ING'),
(219, 'MOL BRIGHTNESS', '28', 'ACTIVO', 'ING'),
(220, 'MOL BELIEF', '28', 'ACTIVO', 'ING'),
(221, 'LIVERPOOL EXPRESS', '28', 'ACTIVO', 'ING'),
(222, 'COPIAPO', '28', 'ACTIVO', 'ING'),
(223, 'CRISTINA STAR', '28', 'ACTIVO', 'ING'),
(224, 'MSC CAPELLA', '28', 'ACTIVO', 'ING'),
(225, 'CAP SAN TAINARO', '28', 'ACTIVO', 'ING'),
(226, 'MSC RUBY', '28', 'ACTIVO', 'ING'),
(227, 'CALLAO EXPRESS', '28', 'ACTIVO', 'ING'),
(228, 'FLEUR', '28', 'ACTIVO', 'ING'),
(229, 'LIMARI ', '28', 'ACTIVO', 'ING'),
(230, 'SEASPAN HAMBURG', '28', 'ACTIVO', 'ING'),
(231, 'MOL BEACON', '28', 'ACTIVO', 'ING'),
(232, 'EVER SIGMA', '28', 'ACTIVO', 'ING'),
(233, 'MSC VITA', '28', 'ACTIVO', 'ING'),
(234, 'CHARLOTTE MAERSK', '28', 'ACTIVO', 'ING'),
(235, 'MAULLIN', '28', 'ACTIVO', 'ING'),
(236, 'CISNES', '28', 'ACTIVO', 'ING'),
(237, 'SKYROS', '28', 'ACTIVO', 'ING'),
(238, 'DIMITRIS C.', '28', 'ACTIVO', 'ING'),
(239, 'CELINA STAR', '28', 'ACTIVO', 'ING'),
(240, 'VALPARAISO EXPRESS', '28', 'ACTIVO', 'ING'),
(241, 'NAVIGARE COLLECTOR', '28', 'ACTIVO', 'ING'),
(242, 'SEASPAN BRIGHTNESS', '28', 'ACTIVO', 'ING'),
(243, 'SPIRIT OF MELBURNE', '28', 'ACTIVO', 'ING'),
(244, 'CALLAO EXPRESS', '28', 'ACTIVO', 'ING'),
(245, 'RIO GRANDE EXPRESS', '28', 'ACTIVO', 'ING'),
(246, 'SEASPAN BEAUTY', '28', 'ACTIVO', 'ING'),
(247, 'SEASPAN BRIGHTNESS', '28', 'ACTIVO', 'ING'),
(248, 'CSCL ASIA', '28', 'ACTIVO', 'ING'),
(249, 'MOL BENEFACTOR', '28', 'ACTIVO', 'ING'),
(250, 'FSDFSDF', '29', 'ACTIVO', 'ING'),
(251, 'IVORY GIRL', '29', 'ACTIVO', 'ING'),
(252, 'KIEL TRADER', '30', 'ACTIVO', 'ING'),
(253, 'MAERSK WESTPORT', '30', 'ACTIVO', 'ING'),
(254, 'MARIA KATHARINA S', '30', 'ACTIVO', 'ING'),
(255, 'LAURA MAERSK', '30', 'ACTIVO', 'ING'),
(256, 'MARGARETE SCHULTE', '30', 'ACTIVO', 'ING'),
(257, 'LICA MAERSK', '30', 'ACTIVO', 'ING'),
(258, 'MERIDIAN', '30', 'ACTIVO', 'ING'),
(259, 'MERIDIAN', '30', 'ACTIVO', 'ING'),
(260, 'MARINER', '30', 'ACTIVO', 'ING'),
(261, 'CHASTINE MAERKS', '30', 'ACTIVO', 'ING'),
(262, 'LARS MAERSK', '30', 'ACTIVO', 'ING'),
(263, 'LLOYD DON GIOVANNI', '30', 'ACTIVO', 'ING'),
(264, 'MERIDIAN', '30', 'ACTIVO', 'ING'),
(265, 'MSC KATIE', '30', 'ACTIVO', 'ING'),
(266, 'ANTON SCHULTE', '43', 'ACTIVO', 'ING'),
(267, 'MOL PARADISE', '43', 'ACTIVO', 'ING'),
(268, 'NYK LIBRA', '43', 'ACTIVO', 'ING'),
(269, 'MOL PACE', '43', 'ACTIVO', 'ING'),
(270, 'MOL PREMIUM', '43', 'ACTIVO', 'ING'),
(271, 'KURE', '44', 'ACTIVO', 'ING'),
(272, 'EVER LEGEND', '44', 'ACTIVO', 'ING'),
(273, 'CSCL AFRICA', '44', 'ACTIVO', 'ING'),
(274, 'XIN OU ZHOU', '44', 'ACTIVO', 'ING'),
(275, 'LLOYD DON GIOVANNI', '44', 'ACTIVO', 'ING'),
(276, 'COSCO YANTIAN', '44', 'ACTIVO', 'ING'),
(277, 'CARTAGENA EXPRESS', '44', 'ACTIVO', 'ING'),
(278, 'LLOYD DON PASCUALE', '44', 'ACTIVO', 'ING'),
(279, 'E.R. TEXAS', '44', 'ACTIVO', 'ING'),
(280, 'GUAYAQUIL EXPRESS', '44', 'ACTIVO', 'ING'),
(281, 'CSCL ASIA', '44', 'ACTIVO', 'ING'),
(282, 'COSCO PRINCE RUPERT', '44', 'ACTIVO', 'ING'),
(283, 'MOL BRIGHTNESS', '45', 'ACTIVO', 'ING'),
(284, 'CAUTIN', '45', 'ACTIVO', 'ING'),
(285, 'HMM BLESSING', '45', 'ACTIVO', 'ING'),
(286, 'MEDITERRANEAN SHIPPI', '45', 'ACTIVO', 'ING'),
(287, 'CAUQUENES', '45', 'ACTIVO', 'ING'),
(288, 'CISNES', '45', 'ACTIVO', 'ING'),
(289, 'MOL BEYOND', '45', 'ACTIVO', 'ING'),
(290, 'COPIAPO', '45', 'ACTIVO', 'ING'),
(291, 'ALESSIA', '45', 'ACTIVO', 'ING'),
(292, 'MOL BENEFACTOR', '45', 'ACTIVO', 'ING'),
(293, 'MSC FIAMETTA', '45', 'ACTIVO', 'ING'),
(294, 'COSCO YANTIAN', '45', 'ACTIVO', 'ING'),
(295, 'CARLOTTA', '45', 'ACTIVO', 'ING'),
(296, 'MSC MADHU B', '45', 'ACTIVO', 'ING'),
(297, 'MOL BEACON', '45', 'ACTIVO', 'ING'),
(298, 'MSC BIANCA', '45', 'ACTIVO', 'ING'),
(299, 'MSC MARS', '45', 'ACTIVO', 'ING'),
(300, 'COYHAIQUE', '45', 'ACTIVO', 'ING'),
(301, 'COCHRANE', '45', 'ACTIVO', 'ING'),
(302, 'MAULLIN', '45', 'ACTIVO', 'ING'),
(303, 'CISNES', '45', 'ACTIVO', 'ING'),
(304, 'SKYROS', '45', 'ACTIVO', 'ING'),
(305, 'COPIAPO', '45', 'ACTIVO', 'ING'),
(306, 'HMM BLESSING', '45', 'ACTIVO', 'ING'),
(307, 'KUALA LUMPUR EXPRESS', '45', 'ACTIVO', 'ING'),
(308, 'MEHUIN', '45', 'ACTIVO', 'ING'),
(309, 'ELISA', '45', 'ACTIVO', 'ING'),
(310, 'MSCEARTH', '45', 'ACTIVO', 'ING'),
(311, 'COYHAIQUE', '46', 'ACTIVO', 'ING'),
(312, 'CHARLOTTE', '47', 'ACTIVO', 'ING'),
(313, 'EVER LOADING ', '50', 'ACTIVO', 'ING'),
(314, 'EVER LAWFUL', '50', 'ACTIVO', 'ING'),
(315, 'OOCL HO CHI MINH CITY', '50', 'ACTIVO', 'ING'),
(316, 'LLOYD DON GIOVANNI', '504', 'ACTIVO', 'ING'),
(317, 'SM SAVANNAH', '504', 'ACTIVO', 'ING'),
(318, 'TIAN CHANG HAI', '504', 'ACTIVO', 'ING'),
(319, 'EVER EXCEL', '504', 'ACTIVO', 'ING'),
(320, 'VALUE', '504', 'ACTIVO', 'ING'),
(321, 'CSCL ASIA', '955', 'ACTIVO', 'ING'),
(322, 'SM SAVANNAH', '955', 'ACTIVO', 'ING'),
(323, 'COSCO NEW YORK', '955', 'ACTIVO', 'ING'),
(324, 'HENG HUI 6', '955', 'ACTIVO', 'ING'),
(325, 'COSCO YANTIAN', '955', 'ACTIVO', 'ING'),
(326, 'COSCO PRINCE RUPERT ', '955', 'ACTIVO', 'ING'),
(327, 'SEASPAN OCEANIA', '955', 'ACTIVO', 'ING'),
(328, 'XIN OU ZHOU', '955', 'ACTIVO', 'ING'),
(329, 'COSCO PRINCE RUPERT', '955', 'ACTIVO', 'ING'),
(330, 'EVER SUPERB ', '955', 'ACTIVO', 'ING'),
(331, 'LLOYD DON PASCUALE', '955', 'ACTIVO', 'ING'),
(332, 'EVER URANUS', '955', 'ACTIVO', 'ING'),
(333, 'SEASPAN HAMBURG', '955', 'ACTIVO', 'ING'),
(334, 'LLOYD DON GIOVANNI', '955', 'ACTIVO', 'ING'),
(335, 'XIN FEI ZHOU', '955', 'ACTIVO', 'ING'),
(336, 'AOTEA MAERSK', 'CT_135', 'ACTIVO', 'ING'),
(337, 'CHARLOTTE MAERSK', 'CT_135', 'ACTIVO', 'ING'),
(338, 'SALLY MAERSK', 'CT_135', 'ACTIVO', 'ING'),
(339, 'COPIAPO', 'CT_21', 'ACTIVO', 'ING'),
(340, 'COSCO PRINCE RUPERT', 'CT_211', 'ACTIVO', 'ING'),
(341, 'EVER LOADING', 'CT_29', 'ACTIVO', 'ING'),
(342, 'YM UTILITY', 'CT_29', 'ACTIVO', 'ING'),
(343, 'CSCL ASIA', 'CT_29', 'ACTIVO', 'ING'),
(344, 'COSCO NEW YORK', 'CT_29', 'ACTIVO', 'ING'),
(345, 'COSCO PRINCE RUPERT', 'CT_29', 'ACTIVO', 'ING'),
(346, 'LLOYD DON GIOVANNI', 'CT_29', 'ACTIVO', 'ING'),
(347, 'BELLA SCHULTE', 'NAV1', 'ACTIVO', 'ING'),
(348, 'CSCL LONG BEACH', 'NAV1', 'ACTIVO', 'ING'),
(349, 'PAXI', 'NAV1', 'ACTIVO', 'ING'),
(350, 'SAN CHRISTOBAL', 'NAV1', 'ACTIVO', 'ING'),
(351, 'SAN DIEGO BRIDGE', 'NAV1', 'ACTIVO', 'ING'),
(352, 'SANTA BARBARA', 'NAV1', 'ACTIVO', 'ING'),
(353, 'SANTA CLARA', 'NAV1', 'ACTIVO', 'ING'),
(354, 'SANTA CRUZ', 'NAV1', 'ACTIVO', 'ING'),
(355, 'SANTA ISABEL', 'NAV1', 'ACTIVO', 'ING'),
(356, 'SANTA ROSA', 'NAV1', 'ACTIVO', 'ING'),
(357, 'SANTA TERESA', 'NAV1', 'ACTIVO', 'ING'),
(358, 'SONCHE TRADER', 'NAV1', 'ACTIVO', 'ING'),
(359, 'SPIRIT OF HAMBURG', 'NAV1', 'ACTIVO', 'ING'),
(360, 'STA URSULA', 'NAV1', 'ACTIVO', 'ING'),
(361, 'YM PLUM', 'NAV1', 'ACTIVO', 'ING'),
(362, 'CISNES', 'PCF_01', 'ACTIVO', 'ING'),
(363, 'POLAR COSTA RICA', 'PCR', 'ACTIVO', 'ING'),
(364, 'EVER LEARNED', 'YM', 'ACTIVO', 'ING'),
(365, 'OOCL HO CHI MINH CITY ', 'YM', 'ACTIVO', 'ING'),
(366, 'EVER LEGEND', 'YM', 'ACTIVO', 'ING'),
(367, 'EVER LOGIC', 'YM', 'ACTIVO', 'ING'),
(368, 'EVER LIBRA', 'YM', 'ACTIVO', 'ING'),
(369, 'KALLITA', '505', 'ACTIVO', 'QE'),
(370, 'KOTA LESTARI', '504', 'ACTIVO', 'SL'),
(371, 'KOTA LESTARI', '504', 'ACTIVO', 'GF'),
(372, 'KOTA LESTARI', 'YM', 'ACTIVO', 'GF'),
(373, 'KOTA LESTARI', '504', 'ACTIVO', 'QE'),
(374, 'HHM BLESSING', '28', 'ACTIVO', 'SL'),
(375, 'WAN HAI 322', '504', 'ACTIVO', 'GF'),
(376, 'WAN HAI 322', 'YM', 'ACTIVO', 'GF'),
(377, 'LUFTHANSA', 'AFF', 'ACTIVO', 'QE'),
(378, 'NAVIGARE COLLECTOR', '012', 'ACTIVO', 'CT'),
(379, 'LADY ROSEBUND', '123', 'ACTIVO', 'CT'),
(380, 'MAERSK LABERINTO', '20', 'ACTIVO', 'GF'),
(381, 'MAERSK LABERINTO', '14', 'ACTIVO', 'SL'),
(382, 'KOTA LOCENG', 'PL', 'ACTIVO', 'QE'),
(383, 'NAVIGARE COLLECTOR', '123,', 'ACTIVO', 'SL'),
(384, 'KOTA LOCENG', '1234.', 'ACTIVO', 'SL'),
(385, 'CM GUARESCHI TRANSPORTES LTDA', 'TT', 'ACTIVO', 'QE'),
(386, 'CM GUARESCHI TRANSPORTES LTDA', 'TT01', 'ACTIVO', 'QE'),
(387, 'MANZANILLO EXPRESS', '28', 'ACTIVO', 'QE'),
(388, 'LADY ROSEBUND', 'GR', 'ACTIVO', 'SL'),
(389, 'MANZANILLO EXPRESS', '012', 'ACTIVO', 'CT'),
(390, 'DUNEDIN STAR', 'UCC', 'ACTIVO', 'QE'),
(391, 'EVER LOYAL', '13', 'ACTIVO', 'QE'),
(392, 'KOTA LOCENG', 'PIL', 'ACTIVO', 'CT'),
(393, 'XIN YA ZHOU', 'OL', 'ACTIVO', 'CT'),
(394, 'LADY ROSEBAY', '00', 'ACTIVO', 'QE'),
(395, 'MANZANILLO EXPRESS', '28', 'ACTIVO', 'GF'),
(396, 'KAKARIKI', '123', 'ACTIVO', 'CT'),
(397, 'EVER LOYAL', '13', 'ACTIVO', 'GF'),
(398, 'EVER LOYAL', 'CT_29', 'ACTIVO', 'GF'),
(399, 'DUNEDIN STAR DS2206', '012', 'ACTIVO', 'CT'),
(400, 'MANZANILLO EXPRESS', '28', 'ACTIVO', 'SL'),
(401, 'MAERSK BRANI', '20', 'ACTIVO', 'AS'),
(402, 'COSCO ASIA', 'CT_29', 'ACTIVO', 'QE'),
(403, 'CMA CGM PERTH ', '955', 'ACTIVO', 'QE'),
(404, 'COSCO ASIA', '012', 'ACTIVO', 'CT'),
(405, 'COSCO ASIA', 'OL', 'ACTIVO', 'CT'),
(406, 'EVER LOYAL', '504', 'ACTIVO', 'SL'),
(407, 'COSCO ASIA', 'CT_29', 'ACTIVO', 'AS'),
(408, 'COSCO ASIA', '955', 'ACTIVO', 'SL'),
(409, 'CMA CGM PERTH', '955', 'ACTIVO', 'SL'),
(410, 'AMALTHEA', '012', 'ACTIVO', 'CT'),
(411, 'KOYA LAYANG', 'PIL', 'ACTIVO', 'CT'),
(412, 'CSCL AUTUMN', '012', 'ACTIVO', 'CT'),
(413, 'CS TRUST ', '123', 'ACTIVO', 'CT'),
(414, 'WHERO', 'GR', 'ACTIVO', 'SL'),
(415, 'KOTA LAYANG', '504', 'ACTIVO', 'GF'),
(416, 'KOTA LAYANG', 'YM', 'ACTIVO', 'GF'),
(417, 'ELVIRA', '123', 'ACTIVO', 'CT'),
(418, 'AMALTHEA', '28', 'ACTIVO', 'AS'),
(419, 'KOTA LAYANG', 'CT_29', 'ACTIVO', 'QE'),
(420, 'KOTA LAYANG', '504', 'ACTIVO', 'SL'),
(421, 'AMALTHEA', '28', 'ACTIVO', 'QE'),
(422, 'AMALTHEA', '28', 'ACTIVO', 'GF'),
(423, 'AMALTHEA', '28', 'ACTIVO', 'QE'),
(424, 'AMALTHEA', '28', 'ACTIVO', 'SL'),
(425, 'CSCL AUTUMN', '955', 'ACTIVO', 'QE'),
(426, 'MSC ROMANE', '45', 'ACTIVO', 'QE'),
(427, 'CSTRUST', '51', 'ACTIVO', 'AS'),
(428, 'ETE N', '28', 'ACTIVO', 'AS'),
(429, 'CSCL AUTUMN', '955', 'ACTIVO', 'SL'),
(430, 'MSC ROMANE', '45', 'ACTIVO', 'GF'),
(431, 'GLS TYNOS', '20', 'ACTIVO', 'GF'),
(432, 'BALTIC PURPLE', 'UCC', 'ACTIVO', 'QE'),
(433, 'ANTHEA Y ', '955', 'ACTIVO', 'QE'),
(434, 'GSL TINOS', '45', 'ACTIVO', 'QE'),
(435, '247 GSL TINOS', '20', 'ACTIVO', 'QE'),
(436, 'COOL MAGNUS', '012', 'ACTIVO', 'CT'),
(437, 'WAN HAI 523', '012', 'ACTIVO', 'CT'),
(438, 'COOL MAGNUS', 'UCC', 'ACTIVO', 'QE'),
(439, 'DITLEV REEFER', '29', 'ACTIVO', 'AS'),
(440, 'COCHRANE', '012', 'ACTIVO', 'CT'),
(441, 'DITLEV REEFER', '29', 'ACTIVO', 'AS'),
(442, 'MAERSK BUTON 251N', '20', 'ACTIVO', 'LZ'),
(443, 'MAERSK BUTON 251N', '14', 'ACTIVO', 'SL'),
(444, 'KOTA LESTARI', 'YM', 'ACTIVO', 'AS'),
(445, 'HENG HUI 6', '06', 'ACTIVO', 'CT'),
(446, 'EMERALD', '319', 'ACTIVO', 'QE'),
(447, 'IVAR REEFER', 'UCC', 'ACTIVO', 'QE'),
(448, 'WAN HAI 329', '504', 'ACTIVO', 'CT'),
(449, 'CAN QR8859SCL-DOH', '001', 'ACTIVO', 'CT'),
(450, 'MAERSK BRATAN 252N', '14', 'ACTIVO', 'SL'),
(451, 'WAN HAI 329', 'YM', 'ACTIVO', 'SL'),
(452, 'KOTA LOCENG', '101', 'ACTIVO', 'GF'),
(453, 'MAERSK BALI 301N', '14', 'ACTIVO', 'SL'),
(454, 'CAPE PIONEER', '46', 'ACTIVO', 'GF'),
(455, 'CSCL AUTUMN', 'CT_29', 'ACTIVO', 'GF'),
(456, 'EVER ROYAL', '13', 'ACTIVO', 'GF'),
(457, 'HONG KONG', '105', 'ACTIVO', 'GF'),
(458, 'ANTOFAGASTA EXPRESS', '28', 'ACTIVO', 'AS'),
(459, 'ICE RIVER', '29', 'ACTIVO', 'AS'),
(460, 'LATAM AIR', '18', 'ACTIVO', 'AS'),
(461, 'BALTIC LADY', '29', 'ACTIVO', 'AS'),
(462, 'CAPE KORTIA', '21', 'ACTIVO', 'AS'),
(463, 'TTRANSAMERICA', '00', 'ACTIVO', 'AS'),
(464, 'SAFMARINE BENGUELA', '00S', 'ACTIVO', 'AS'),
(465, 'AKADIMOS', '0102', 'ACTIVO', 'AS'),
(466, 'AKADIMOS', '103', 'ACTIVO', 'GF'),
(467, 'SANTOS EXPRESS', '06', 'ACTIVO', 'AS'),
(468, 'GSL TINOS', '00', 'ACTIVO', 'AS'),
(469, 'LATAM AIRLINES', '18', 'ACTIVO', 'AS'),
(470, 'MSC ROMANE ', '21', 'ACTIVO', 'AS'),
(471, 'MSC RAYSHMI', '21', 'ACTIVO', 'AS'),
(472, 'MSC RAYSHMI', '45', 'ACTIVO', 'GF'),
(473, 'COSCO SHIPPING VOLGA', '06', 'ACTIVO', 'AS'),
(474, 'FRIO STAR', 'NAV1', 'ACTIVO', 'AS'),
(475, 'WAN HAI 521', 'YM', 'ACTIVO', 'AS'),
(476, 'DIMITRIS C', '06', 'ACTIVO', 'AS'),
(477, 'MAERSK BRANI', '14', 'ACTIVO', 'GF'),
(478, 'SAN ANTONIO EXPRESS', '00', 'ACTIVO', 'AS'),
(479, 'CMA CGM DOLPHIN', 'CT_29', 'ACTIVO', 'AS'),
(480, 'CMA CGM DOLPHIN', '955', 'ACTIVO', 'QE'),
(481, 'DOLPHIN', '06', 'ACTIVO', 'CT'),
(482, 'CS TRATOS', '29', 'ACTIVO', 'AS'),
(483, 'CAPE AKRITAS', '21', 'ACTIVO', 'AS'),
(484, 'KNUD REEFER', '29', 'ACTIVO', 'AS'),
(485, 'CGM ARKANSAS', '06', 'ACTIVO', 'AS'),
(486, 'CS STRATOS', '29', 'ACTIVO', 'AS'),
(487, 'WAN HAI 521', '101', 'ACTIVO', 'GF'),
(488, 'SILVESTRIN', '00', 'ACTIVO', 'AS'),
(489, 'CS STANDAR', '29', 'ACTIVO', 'AS'),
(490, 'XIN FANG CHENG', '955', 'ACTIVO', 'QE'),
(491, 'BOMAR PRAIA', '06', 'ACTIVO', 'AS'),
(492, 'LADY ROSEBAY', '29', 'ACTIVO', 'AS'),
(493, 'MSC AINO', '21', 'ACTIVO', 'AS'),
(494, 'DEL RIO TRANSPORTES ', 'TT', 'ACTIVO', 'QE'),
(495, 'MONTE ALEGRE ', 'NAV1', 'ACTIVO', 'AS'),
(496, 'MSC ALIYA', '00', 'ACTIVO', 'GF'),
(497, 'JORGEN REEFER', '29', 'ACTIVO', 'AS'),
(498, 'MSCROMANE', '21', 'ACTIVO', 'QE'),
(499, 'SEASPAN SANTOS', '00', 'ACTIVO', 'AS'),
(500, 'COOL MAGNUS', '29', 'ACTIVO', 'AS'),
(501, 'ITALIA STREAM', '60', 'ACTIVO', 'QE'),
(502, 'MAERSK BUTON', '30', 'ACTIVO', 'QE'),
(503, 'CAPE TAINARO', '45', 'ACTIVO', 'QE'),
(504, 'ICE GRACE', '29', 'ACTIVO', 'AS'),
(505, 'TRANSPORTE MONDEL', '00', 'ACTIVO', 'AS'),
(506, 'TRANSPORTES ZANINI', '00', 'ACTIVO', 'AS'),
(507, 'COOL ROYAL', '29', 'ACTIVO', 'AS'),
(508, 'ITAJAI EXPRESS', '0102', 'ACTIVO', 'AS'),
(509, 'MAERSK BRATAN', '14', 'ACTIVO', 'QE'),
(510, 'HELLAS STREAM', '29', 'ACTIVO', 'AS'),
(511, 'SCHWEIZ STREAM', '29', 'ACTIVO', 'AS'),
(512, 'MONTEVIDEO EXPRESS', '06', 'ACTIVO', 'AS'),
(513, 'ITAJAI EXPRESS', '103', 'ACTIVO', 'GF'),
(514, 'MAERSK BRATAN', '', 'ACTIVO', 'GF'),
(515, 'ITAJAI EXPRESS', '21', 'ACTIVO', 'QE'),
(516, 'BALTIC HOLLYHOCK', '29', 'ACTIVO', 'AS'),
(517, 'ROCKENBACH', 'NAV1', 'ACTIVO', 'AS'),
(518, 'SCHWEIZ STREAM', '29', 'ACTIVO', 'AS'),
(519, 'WAN HAI 523', '504', 'ACTIVO', 'GF'),
(520, 'CARL ANTOINE', '06', 'ACTIVO', 'AS'),
(521, 'CARL ANTOINE', '06', 'ACTIVO', 'QE'),
(522, 'DALLOG', '00', 'ACTIVO', 'AS'),
(523, 'IVAR REEFER', '29', 'ACTIVO', 'AS'),
(524, 'CMA CGM CARL ANTOINE', '955', 'ACTIVO', 'QE'),
(525, 'CAPE SOUNIO', '45', 'ACTIVO', 'QE'),
(526, 'YM ESSENCE', '504', 'ACTIVO', 'GF'),
(527, 'ROCKENBACH', '00', 'ACTIVO', 'AS'),
(528, 'SKAGEN MAERSK', '14', 'ACTIVO', 'GF'),
(529, 'SANTOS EXPRESS', '28', 'ACTIVO', 'GF'),
(530, 'YM ENLIGHTENMENT', 'YM', 'ACTIVO', 'AS'),
(531, 'MSC RAYSHMI', '21', 'ACTIVO', 'AS'),
(532, 'CAPE AKRITAS', '45', 'ACTIVO', 'QE'),
(533, 'COSCO SHIPPING VOLGA', '28', 'ACTIVO', 'GF'),
(534, 'KOTA SALAM', 'YM', 'ACTIVO', 'AS'),
(535, 'ITALIAM STREAM ', '29', 'ACTIVO', 'AS'),
(536, 'ANTIOQUIA', '06', 'ACTIVO', 'AS'),
(537, 'SAFMARINE BENGUELA', 'SD', 'ACTIVO', 'QE'),
(538, 'CAPE TAINARO', '21', 'ACTIVO', 'AS'),
(539, 'SEASPAN RAPTOR', '0102', 'ACTIVO', 'AS'),
(540, 'SAN ANTONIO EXPRESS', '28', 'ACTIVO', 'QE'),
(541, 'CAPE SOUNIO', '21', 'ACTIVO', 'AS'),
(542, 'BALTIC PURPLE', '00', 'ACTIVO', 'AS'),
(543, 'CMA CGM PREGOLIA', '06', 'ACTIVO', 'QE'),
(544, 'TRANSPORTES ZENI', '00', 'ACTIVO', 'AS'),
(545, 'MAERSK BISCAYNE', '28', 'ACTIVO', 'QE'),
(546, 'PUERTO ANTIOQUIA', '44', 'ACTIVO', 'QE'),
(547, 'TENO', '06', 'ACTIVO', 'AS'),
(548, 'CMA CGM OHIO', '06', 'ACTIVO', 'AS'),
(549, 'CASSANDRE', '45', 'ACTIVO', 'AS'),
(550, 'MSC ALINA', '21', 'ACTIVO', 'AS'),
(551, 'MAERSK BUTON', '00S', 'ACTIVO', 'AS'),
(552, 'MAERSK LAUNCESTON', '20', 'ACTIVO', 'QE'),
(553, 'CMA CGM ESTELLE', '28', 'ACTIVO', 'QE'),
(554, 'TZINI', '00', 'ACTIVO', 'QE'),
(555, 'MSC BRITTANY', '21', 'ACTIVO', 'QE'),
(556, 'BUENOS AIRES EXPRESS', '28', 'ACTIVO', 'QE'),
(557, 'SANTOS EXPRESS', '28', 'ACTIVO', 'QE'),
(558, 'H CYGNUS', 'ZI', 'ACTIVO', 'QE'),
(559, 'MONTEVIDEO EXPRESS', '28', 'ACTIVO', 'QE'),
(560, ' CMA CGM PUERTO ANTIOQUIA', '06', 'ACTIVO', 'AS'),
(561, 'MAERSK BINTAN', 'SD', 'ACTIVO', 'QE'),
(562, 'POLAR COLOMBIA', '20', 'ACTIVO', 'QE'),
(563, ' MSC BARI', '0102', 'ACTIVO', 'AS'),
(564, 'WAN HAI', 'YM', 'ACTIVO', 'QE'),
(565, 'CMA CGM BEIRA', '06', 'ACTIVO', 'QE'),
(566, ' MSC ATHENS', '21', 'ACTIVO', 'AS'),
(567, 'MSC ATHENS', '45', 'ACTIVO', 'QE'),
(568, 'JPO LIBRA', '20', 'ACTIVO', 'QE'),
(569, 'AS ANNE', '06', 'ACTIVO', 'AS'),
(570, 'AS ANNE', '06', 'ACTIVO', 'QE'),
(571, 'JACQUES', '06', 'ACTIVO', 'QE'),
(572, 'CMA CGM MALTA', '06', 'ACTIVO', 'AS'),
(573, 'JPO PISCES', 'SD', 'ACTIVO', 'QE'),
(574, ' JPO PISCES', '00S', 'ACTIVO', 'AS'),
(575, ' MSC PASSION III', '21', 'ACTIVO', 'AS'),
(576, ' MSC BALTIC III', '21', 'ACTIVO', 'AS'),
(577, 'MAERSK BRATAM', '20', 'ACTIVO', 'AS'),
(578, ' MSC BRITTANY', '21', 'ACTIVO', 'AS'),
(579, 'CMA CGM NEVA', '06', 'ACTIVO', 'QE'),
(580, 'TRANSPORTES MARVEL ', '7808', 'ACTIVO', 'QE'),
(581, ' MAERSK BINTAN', '00S', 'ACTIVO', 'AS'),
(582, 'MAERSK BRANI', '20', 'ACTIVO', 'QE'),
(583, 'CMA CGM MALTA ', '00', 'ACTIVO', 'QE'),
(584, 'VOLGA', '00', 'ACTIVO', 'QE'),
(585, 'KOREA', 'AFF', 'ACTIVO', 'QE'),
(586, 'QATAR AIR', 'CCL', 'ACTIVO', 'QE'),
(587, '5Y-8028/12', '05', 'ACTIVO', 'QE'),
(588, 'ET 3562', 'EA', 'ACTIVO', 'QE'),
(589, 'AEREO KAL', 'KAL', 'ACTIVO', 'QE'),
(590, 'ET3509', 'EA', 'ACTIVO', 'QE'),
(591, 'QANTAS', 'AL', 'ACTIVO', 'QE'),
(592, 'CAUTIN', '00', 'ACTIVO', 'QE'),
(593, 'DELTA', 'AL', 'ACTIVO', 'QE'),
(594, 'AEREO', 'NX', 'ACTIVO', 'QE'),
(595, 'JETSMART', 'AL', 'ACTIVO', 'QE'),
(596, 'ET3652', 'EA', 'ACTIVO', 'QE'),
(597, 'COPA', 'AL', 'ACTIVO', 'QE'),
(598, 'TURKISH AIRLINES TK', '20', 'ACTIVO', 'QE'),
(599, 'BUENOS AIRES EXPRESS', '21', 'ACTIVO', 'AS'),
(600, 'KOTA SEJARAH', 'YM', 'ACTIVO', 'QE'),
(601, 'KOTA SEJARAH', '53', 'ACTIVO', 'AS'),
(602, 'SC MONTREUX', '00S', 'ACTIVO', 'AS'),
(603, 'LA801', 'LTAL', 'ACTIVO', 'QE'),
(604, 'KALITTA AIR', 'NL', 'ACTIVO', 'QE'),
(605, 'ETHIOPIAN AIRLINES', 'CCLTS', 'ACTIVO', 'QE'),
(606, 'MSC ATHENS', '21', 'ACTIVO', 'SL'),
(607, 'TRANSPORTES SILVIO', 'TT', 'ACTIVO', 'QE'),
(608, 'MAS AIR', 'NL', 'ACTIVO', 'QE'),
(609, 'CATHAY PACIFIC AIRWAY', 'NL', 'ACTIVO', 'QE'),
(610, 'LATAM', 'FAP', 'ACTIVO', 'QE'),
(611, 'AIR CANADA', 'ALCH', 'ACTIVO', 'QE'),
(612, 'AIR CHINA', 'NL', 'ACTIVO', 'QE'),
(613, 'K 4932', 'KAIR', 'ACTIVO', 'QE'),
(614, 'LUFTHANSA', 'AFF', 'ACTIVO', 'QE'),
(615, 'CATHAY', 'ALCH', 'ACTIVO', 'QE'),
(616, 'QATAR AIRWAYS', 'NL', 'ACTIVO', 'QE'),
(617, 'SEALAND', 'JPPC', 'ACTIVO', 'QE'),
(618, 'ATLAS', 'AL', 'ACTIVO', 'QE'),
(619, 'WAN HAI', 'PL', 'ACTIVO', 'QE'),
(620, 'WAN HAI 511', 'WHLL', 'ACTIVO', 'QE'),
(621, 'WAN HAI 511', 'YM', 'ACTIVO', 'AS'),
(622, 'ATLAS', 'ALCH', 'ACTIVO', 'QE'),
(623, 'HAN HAI 511', 'YM', 'ACTIVO', 'SL'),
(624, 'OOCL ATLANTA', 'CCSL', 'ACTIVO', 'QE'),
(625, 'CARGOLUX AIRLINES', 'NL', 'ACTIVO', 'QE'),
(626, 'OOCL ATLANTA', '06', 'ACTIVO', 'AS'),
(627, 'CATHAY CHARTER', 'CCH', 'ACTIVO', 'QE'),
(628, 'OOCL ATLANTA', '955', 'ACTIVO', 'SL'),
(629, 'N 8807', 'CHE', 'ACTIVO', 'QE'),
(630, 'WAN HAI 516', 'WHLL', 'ACTIVO', 'QE'),
(631, 'CAPE QUEST', '06', 'ACTIVO', 'QE'),
(632, 'OOCL MEMPHIS', '06', 'ACTIVO', 'QE'),
(633, 'WAN HAI 516', 'YM', 'ACTIVO', 'SL'),
(634, 'WAN HAI 516', 'YM', 'ACTIVO', 'AS'),
(635, 'MSC CHANNE ', '21', 'ACTIVO', 'AS'),
(636, ' OOCL MEMPHIS', '06', 'ACTIVO', 'AS'),
(637, 'MERQUEN II', 'SN', 'ACTIVO', 'QE'),
(638, 'MILTEX', 'TT', 'ACTIVO', 'QE'),
(639, 'OOCL MEMPHIS', '955', 'ACTIVO', 'SL'),
(640, 'MAERSK EINDHOVEN', '20', 'ACTIVO', 'QE'),
(641, 'MAERSK EINDHOVEN', '30', 'ACTIVO', 'SL'),
(642, ' MAERSK EINDHOVEN', '20', 'ACTIVO', 'AS'),
(643, 'MONTEVIDEO EXPRESS', '28', 'ACTIVO', 'SL'),
(644, 'ALLIKON TRANSPORTES', 'TT01', 'ACTIVO', 'QE'),
(645, 'SWISS', 'ALCH', 'ACTIVO', 'QE'),
(646, 'SEASPAN HUDSON', '955', 'ACTIVO', 'QE'),
(647, 'MONTEVIDEO EXPRESS', '103', 'ACTIVO', 'GF'),
(648, 'MAERSK LABERINTO', 'CT_135', 'ACTIVO', 'QE'),
(649, 'SEASPAN HUDSON', '955', 'ACTIVO', 'SL'),
(650, 'SEASPAN HUDSON', 'CC', 'ACTIVO', 'AS'),
(651, 'ET3806', 'EA', 'ACTIVO', 'QE'),
(652, 'BACH', 'UCC', 'ACTIVO', 'QE'),
(653, 'SEASPAN RAPTOR', '00', 'ACTIVO', 'QE'),
(654, 'XH DOLPHIN', 'YDHU', 'ACTIVO', 'QE'),
(655, 'YM ESSENCE', 'YM', 'ACTIVO', 'QE'),
(656, 'CAPE SCOTT', '06', 'ACTIVO', 'QE'),
(657, 'XH DOLPHIN 23001', 'YDHU', 'ACTIVO', 'QE'),
(658, 'COMARSA', 'SN', 'ACTIVO', 'QE'),
(659, 'TINA I', '20', 'ACTIVO', 'AS'),
(660, 'YM ESSENCE', '504', 'ACTIVO', 'SL'),
(661, 'SEASPAN RAPTOR', '103', 'ACTIVO', 'GF'),
(662, 'VALIANT', '28', 'ACTIVO', 'QE'),
(663, 'COSCO PACIFIC', '955', 'ACTIVO', 'QE'),
(664, 'COSCO PACIFIC', '955', 'ACTIVO', 'QE'),
(665, 'COSCO PACIFIC', '955', 'ACTIVO', 'SL'),
(666, 'EVER LADEN', '13', 'ACTIVO', 'SL'),
(667, 'MAERSK ESSEN', '20', 'ACTIVO', 'QE'),
(668, 'ZIM BALTIMORE', 'ZM', 'ACTIVO', 'QE'),
(669, 'TINA', '20', 'ACTIVO', 'QE'),
(670, 'MAERKS ESSEN', '20', 'ACTIVO', 'GF'),
(671, 'TINA I', '20', 'ACTIVO', 'GF'),
(672, 'MAERSK ESSEN', '30', 'ACTIVO', 'SL'),
(673, 'QANTAS AIRLINES', 'QA', 'ACTIVO', 'QE'),
(674, 'IBERIA', 'AL', 'ACTIVO', 'QE'),
(675, 'KOTA SELAMAT', 'WHLL', 'ACTIVO', 'QE'),
(676, 'COSCO SHIPPING SEICE', '955', 'ACTIVO', 'QE'),
(677, 'KOTA SELAMAT', '1234.', 'ACTIVO', 'SL'),
(678, 'COSCO SHIPPING SEINE', '955', 'ACTIVO', 'QE'),
(679, 'CSCL STAR', 'NAV1', 'ACTIVO', 'QE'),
(680, 'COSCO SHIPPING SEINE', 'CT_29', 'ACTIVO', 'GF'),
(681, 'TONGALA', '20', 'ACTIVO', 'QE'),
(682, 'COSCO SHIPPING', '955', 'ACTIVO', 'SL'),
(683, 'MN KNUD REEFER', 'CCS', 'ACTIVO', 'QE'),
(684, 'ITAJAI EXPRESS', '21', 'ACTIVO', 'AS'),
(685, ' CMA CGM NEVA', '06', 'ACTIVO', 'AS'),
(686, 'MSC ELMA', '45', 'ACTIVO', 'QE'),
(687, 'MSC ELMA', '45', 'ACTIVO', 'QE'),
(688, 'COSCO SHIPPING BRAZIL', '955', 'ACTIVO', 'QE'),
(689, ' COSCO SHIPPING BRAZIL', '06', 'ACTIVO', 'AS'),
(690, 'ITAJAI EXPRESS', '00', 'ACTIVO', 'SL'),
(691, 'COSCO SHIPPING BRAZIL', '955', 'ACTIVO', 'SL'),
(692, 'ICE RUNNER', '29', 'ACTIVO', 'AS'),
(693, 'ICE GLACIER', '29', 'ACTIVO', 'AS'),
(694, 'RIO DE JANEIRO EXPRESS', '28', 'ACTIVO', 'QE'),
(695, 'KOTA SURIA', '022', 'ACTIVO', 'QE'),
(696, 'KOTA SURIA', '1234.', 'ACTIVO', 'SL'),
(697, 'CCTRUST', '002', 'ACTIVO', 'QE'),
(698, 'INTERPLANTA', 'SN', 'ACTIVO', 'QE'),
(699, 'MSC CASSANDRE', '45', 'ACTIVO', 'GF'),
(700, 'MSC CASSANDRE ', '21', 'ACTIVO', 'SL'),
(701, 'RIO DE JANEIRO EXPRESS', '45', 'ACTIVO', 'AS'),
(702, 'MSC CASSANDRE ', '45', 'ACTIVO', 'AS'),
(703, 'MSC ELMA', '45', 'ACTIVO', 'AS'),
(704, 'KOTA SURIA', '504', 'ACTIVO', 'AS'),
(705, 'RIO DE JANEIRO EXPRESS', '28', 'ACTIVO', 'SL'),
(706, 'CAPE QUEST', '06', 'ACTIVO', 'AS'),
(707, 'GSL TRIPOLI', '20', 'ACTIVO', 'GF'),
(708, 'MSC RAYSHMI', '21', 'ACTIVO', 'SL'),
(709, 'LONG BEACH EXPRESS', '28', 'ACTIVO', 'QE'),
(710, 'GSL TRIPOLI', '20', 'ACTIVO', 'AS'),
(711, 'BÁLTIC SUMMER', '29', 'ACTIVO', 'AS'),
(712, 'WAN HAI 517', 'YM', 'ACTIVO', 'AS'),
(713, 'BALTIC SUMMER', '29', 'ACTIVO', 'AS'),
(714, 'MSCRAYSHMI', '21', 'ACTIVO', 'QE'),
(715, 'BUENAVENTURA EXPRESS', '21', 'ACTIVO', 'AS'),
(716, 'MAPOCHO', '955', 'ACTIVO', 'QE'),
(717, 'BUENAVENTURA EXPRESS', '103', 'ACTIVO', 'GF'),
(718, ' CMA CGM PREGOLIA', 'CC', 'ACTIVO', 'AS'),
(719, 'LIMA EXPRESS ', '45', 'ACTIVO', 'QE'),
(720, ' LIMA EXPRESS', '21', 'ACTIVO', 'AS'),
(721, 'LIMA EXPRESS', '45', 'ACTIVO', 'GF'),
(722, 'ISTAMBULEXPRESS', 'IST', 'ACTIVO', 'QE'),
(723, 'CAPE SCOTT', 'CC', 'ACTIVO', 'AS'),
(724, 'MAERSK LIMA', '20', 'ACTIVO', 'QE'),
(725, 'COOL ROYAL', 'COOL', 'ACTIVO', 'QE'),
(726, 'KOTA SAJERAH', '28', 'ACTIVO', 'QE'),
(727, 'KOTA SEJARAH', '110', 'ACTIVO', 'GF'),
(728, 'EVER LYRIC', '955', 'ACTIVO', 'QE'),
(729, 'CMA CGM ANTOINE', '06', 'ACTIVO', 'AS'),
(730, 'GERDA MAERSK', '20', 'ACTIVO', 'GF'),
(731, 'KNUD REEFER', '29', 'ACTIVO', 'GF'),
(732, ' JPO AQUILA', '00032', 'ACTIVO', 'AS'),
(733, 'BOX ENDURANCE', '00032', 'ACTIVO', 'AS'),
(734, 'MSC EUGENIA', '45', 'ACTIVO', 'AS'),
(735, 'MSC EUGENIA', '45', 'ACTIVO', 'QE'),
(736, 'TRIPOL', '20', 'ACTIVO', 'QE'),
(737, 'RODOCAUP', 'NAV1', 'ACTIVO', 'QE'),
(738, 'EM SPETSES', '00032', 'ACTIVO', 'AS'),
(739, 'MSC CASSANDRE', '45', 'ACTIVO', 'QE'),
(740, 'MSC CASSANDRE', 'GRF', 'ACTIVO', 'GF'),
(741, 'MSC RAYSHMI', '45', 'ACTIVO', 'QE'),
(742, 'MSC GENOVA', '45', 'ACTIVO', 'GF'),
(743, 'OPHELIA', '00032', 'ACTIVO', 'AS'),
(744, 'ITAJAI EXPRESS', '00', 'ACTIVO', 'FA'),
(745, 'MSC VALENTINA', '45', 'ACTIVO', 'GF'),
(746, 'MONDEL LOGISTIC', '12', 'ACTIVO', 'QE'),
(747, 'RIO DE JANEIRO EXPRESS', '28', 'ACTIVO', 'GF'),
(748, ' ISTANBUL EXPRESS', '28', 'ACTIVO', 'AS'),
(749, 'WARNOW MASTER', '00032', 'ACTIVO', 'AS'),
(750, 'MAERSK BENGUELA', '20', 'ACTIVO', 'GF'),
(751, 'MSC AINO', '45', 'ACTIVO', 'QE'),
(752, 'BALTIC SPRING', '29', 'ACTIVO', 'AS'),
(753, 'AMSTERDAM EXPRESS', '00', 'ACTIVO', 'QE'),
(754, 'ZANINI', '00', 'ACTIVO', 'QE'),
(755, 'COOPERSEARA', '00', 'ACTIVO', 'QE'),
(756, 'MSC DAKAR X', '21', 'ACTIVO', 'QE'),
(757, 'MSC ALICANTE', '45', 'ACTIVO', 'QE'),
(758, 'GSL TRIPOLI', '20', 'ACTIVO', 'QE'),
(759, 'MAERSK BOGOR', '20', 'ACTIVO', 'QE'),
(760, 'ANTHEA Y', '21', 'ACTIVO', 'AS'),
(761, 'MSC PALAK', '21', 'ACTIVO', 'AS'),
(762, 'MAERSK BENGUELA', '20', 'ACTIVO', 'AS'),
(763, 'CMA CGM BEIRA', '06', 'ACTIVO', 'AS'),
(764, 'MSC MAPUTO', '21', 'ACTIVO', 'AS'),
(765, 'MAERSK BENGUELA', 'MCH', 'ACTIVO', 'QE'),
(766, 'MSC DAKAR X', '21', 'ACTIVO', 'AS'),
(767, 'MARTINIQUE', '0102', 'ACTIVO', ''),
(768, 'MARTINIQUE', '0102', 'ACTIVO', ''),
(769, 'MARTINIQUE', '0102', 'ACTIVO', ''),
(770, 'MARTINIQUE', '0102', 'ACTIVO', 'AS'),
(771, 'MSC ALICANTE', '21', 'ACTIVO', 'AS'),
(772, 'MSC LAGOS X', '21', 'ACTIVO', 'AS'),
(773, 'MSC LAGOS X', '45', 'ACTIVO', 'QE'),
(774, 'MSC ANTONELLA', '45', 'ACTIVO', 'QE'),
(775, 'CAPE SCOTT', '06', 'ACTIVO', 'GF'),
(776, 'DALLAS EXPRESS', '28', 'ACTIVO', 'GF'),
(777, 'MAERSK BATAM', '20', 'ACTIVO', 'GF'),
(778, 'CMA CGM ESTELLE', '28', 'ACTIVO', 'GF'),
(779, 'CMA CGM NEVA', '06', 'ACTIVO', 'GF');

-- --------------------------------------------------------

--
-- Estructura de tabla para la tabla `contenedor_naviera`
--

CREATE TABLE `contenedor_naviera` (
  `cod_nav` varchar(20) NOT NULL,
  `nom_nav` varchar(100) DEFAULT NULL,
  `est_nav` varchar(15) DEFAULT NULL,
  `cliente_id` varchar(10) NOT NULL
) ENGINE=InnoDB DEFAULT CHARSET=latin1;

--
-- Volcado de datos para la tabla `contenedor_naviera`
--

INSERT INTO `contenedor_naviera` (`cod_nav`, `nom_nav`, `est_nav`, `cliente_id`) VALUES
('', 'SEALAND', 'ACTIVO', 'GF'),
('00', 'ONE', 'ACTIVO', 'ING'),
('00032', 'ZIM', 'ACTIVO', 'AS'),
('001', 'QATAR', 'ACTIVO', 'CT'),
('0012', 'CORCOVADO', 'ACTIVO', 'ING'),
('002', 'CCTRUST', 'ACTIVO', 'QE'),
('00S', 'SEALAND', 'ACTIVO', 'AS'),
('01', 'AJ BROOM', 'ACTIVO', 'ING'),
('0102', 'OCEAN NETWORK EXPRESS', 'ACTIVO', 'AS'),
('012', 'UCC', 'ACTIVO', 'CT'),
('02', 'APL LIMITED', 'ACTIVO', 'ING'),
('022', 'YOUNG MING MARINE', 'ACTIVO', 'QE'),
('03', 'AIR FRANCE', 'ACTIVO', 'ING'),
('04', 'AMERICAN AIRLINES', 'ACTIVO', 'ING'),
('05', 'ATLAS AIR', 'ACTIVO', 'ING'),
('06', 'CMA CGM', 'ACTIVO', 'ING'),
('07', 'CSAV SUDAMERICANA', 'ACTIVO', 'ING'),
('08', 'CARGO LUX', 'ACTIVO', 'ING'),
('09', 'CENTURION', 'ACTIVO', 'ING'),
('10', 'CIA CHILENA NAVEGACION INTEROCEANICA', 'ACTIVO', 'ING'),
('100', 'CAUTIN', 'ACTIVO', 'ING'),
('101', 'SEACO', 'ACTIVO', 'GF'),
('102', 'SEA CUBE', 'ACTIVO', 'GF'),
('103', 'HYUNDAI', 'ACTIVO', 'GF'),
('104', 'TRITON', 'ACTIVO', 'GF'),
('105', 'HMM', 'ACTIVO', 'GF'),
('11', 'CIELOS DE PERU', 'ACTIVO', 'ING'),
('110', 'PIL', 'ACTIVO', 'GF'),
('12', 'DELTA', 'ACTIVO', 'ING'),
('123', 'GLOBAL REEFERS ', 'ACTIVO', 'CT'),
('123,', 'UCC', 'ACTIVO', 'SL'),
('1234.', 'PIL', 'ACTIVO', 'SL'),
('13', 'EVERGREEN', 'ACTIVO', 'ING'),
('14', 'HAMBURG SUD', 'ACTIVO', 'ING'),
('15', 'HYUNDAI', 'ACTIVO', 'ING'),
('16', 'IBERIA', 'ACTIVO', 'ING'),
('17', 'J LAURITZEN AS', 'ACTIVO', 'ING'),
('18', 'LAN CHILE', 'ACTIVO', 'ING'),
('19', 'LUFTHANSA', 'ACTIVO', 'ING'),
('20', 'MAERSK', 'ACTIVO', 'ING'),
('208', 'ONE', 'ACTIVO', 'ING'),
('21', 'MEDITERRANEAN SHIPPING COMPANY', 'ACTIVO', 'ING'),
('22', 'MITSUI OSK LINE', 'ACTIVO', 'ING'),
('23', 'NIPPON YUSEN KAISHA', 'ACTIVO', 'ING'),
('24', 'PACIFIC SEAWAYS', 'ACTIVO', 'ING'),
('25', 'QUANTAS', 'ACTIVO', 'ING'),
('26', 'SKY CARGO', 'ACTIVO', 'ING'),
('27', 'ULTRAMAR', 'ACTIVO', 'ING'),
('28', 'HAPAG LLOYD', 'ACTIVO', 'ING'),
('29', 'COOL CARRIER', 'ACTIVO', 'ING'),
('30', 'MAERSK SEALAND', 'ACTIVO', 'ING'),
('319', 'GLOBAL REEFER', 'ACTIVO', 'QE'),
('43', 'K-LINE', 'ACTIVO', 'ING'),
('44', 'CMA CGM', 'ACTIVO', 'ING'),
('45', 'MSC', 'ACTIVO', 'ING'),
('46', 'TEX', 'ACTIVO', 'ING'),
('47', 'MCC', 'ACTIVO', 'ING'),
('50', 'EVERGREEN', 'ACTIVO', 'ING'),
('504', 'WAN HAI', 'ACTIVO', 'ING'),
('505', 'DSV AIR & SEA SA', 'ACTIVO', 'QE'),
('51', 'GLOBAL REEFER', 'ACTIVO', 'AS'),
('52', 'MAERSK CHILE S.A', 'ACTIVO', 'AS'),
('53', 'PIL', 'ACTIVO', 'AS'),
('60', 'TRANSGLOBAL', 'ACTIVO', 'QE'),
('7808', '7808', 'ACTIVO', 'QE'),
('955', 'COSCO SHIPPING', 'ACTIVO', 'ING'),
('AA', 'A&A', 'ACTIVO', 'QE'),
('AFF', 'AIRBRIDGE FREIGHT FORWARDER', 'ACTIVO', 'QE'),
('AL', 'ANDES LOGISTICS', 'ACTIVO', 'QE'),
('ALCH', 'ANDES LOGISTIC DE CHILE S.A', 'ACTIVO', 'QE'),
('AMX', 'AEROMEXICO', 'ACTIVO', 'QE'),
('AV', 'AVIANCA', 'ACTIVO', 'QE'),
('CC', 'CMA-CGM', 'ACTIVO', 'AS'),
('CCH', 'CATHAY CHARTER', 'ACTIVO', 'QE'),
('CCL', 'I - CHECK CARGO LOGISTICS', 'ACTIVO', 'QE'),
('CCLTS', 'CONTROL CARGO LOGISTICS', 'ACTIVO', 'QE'),
('CCP', 'COSCO PACIFIC', 'ACTIVO', 'QE'),
('CCS', 'COOL CARRIERS', 'ACTIVO', 'QE'),
('CCSL', 'COSCO SHIPPING LINES', 'ACTIVO', 'QE'),
('CHE', 'CHINA EASTERN', 'ACTIVO', 'QE'),
('COOL', 'COOL ROYAL', 'ACTIVO', 'QE'),
('CTH', 'CATHAY ', 'ACTIVO', 'QE'),
('CT_135', 'MAERSK LINE', 'ACTIVO', 'ING'),
('CT_21', 'ONE', 'ACTIVO', 'ING'),
('CT_211', 'MTVE', 'ACTIVO', 'ING'),
('CT_29', 'COSCO', 'ACTIVO', 'ING'),
('EA', 'ETHIOPIAN AIRLINES', 'ACTIVO', 'QE'),
('EM', 'EMIRATES', 'ACTIVO', 'QE'),
('FAP', 'FLETE AÉREO PROVEEDOR ', 'ACTIVO', 'QE'),
('GR', 'GLOBAL REEFERS ', 'ACTIVO', 'SL'),
('GRF', 'GLOBAL REEFERS', 'ACTIVO', 'GF'),
('HLC', 'HAPAG - LLOYD CHILE SPA', 'ACTIVO', 'QE'),
('IST', 'ISTAMBULEXPRESS', 'ACTIVO', 'QE'),
('JPPC', 'JPO PISCES', 'ACTIVO', 'QE'),
('KAIR', 'KALITTA AIR', 'ACTIVO', 'QE'),
('KAL', 'KOREAN AIR LINE', 'ACTIVO', 'QE'),
('LTAL', 'LATAM AIRLINES', 'ACTIVO', 'QE'),
('LVL', 'LEVEL', 'ACTIVO', 'QE'),
('MCH', 'MAERSK CHILE SA', 'ACTIVO', 'QE'),
('MMN', 'MSC MEDITERRANEAN', 'ACTIVO', 'QE'),
('MSCRAY', 'MSC RAYSHMI', 'ACTIVO', 'QE'),
('NAV1', 'NAVIERA1', 'ACTIVO', 'ING'),
('NAV2', 'NAVIERA2', 'ACTIVO', 'ING'),
('NL', 'NEXUS LOGISTICS S.A.', 'ACTIVO', 'QE'),
('NX', 'NEXUS', 'ACTIVO', 'QE'),
('OCEAN', 'OCEAN NETWORK EXPRESS', 'ACTIVO', 'QE'),
('OL', 'OOCL', 'ACTIVO', 'CT'),
('OLS', 'ONE LINES', 'ACTIVO', 'QE'),
('ORIENT', 'ORIENT OVERSEAS CONTAINER LINE LTD.', 'ACTIVO', 'QE'),
('PCF_01', 'HYUNDAI', 'ACTIVO', 'ING'),
('PCR', 'POLAR COSTA RICA', 'ACTIVO', 'ING'),
('PIL', 'PIL', 'ACTIVO', 'CT'),
('PL', 'PIL', 'ACTIVO', 'QE'),
('QA', 'QANTAS AIRLINES', 'ACTIVO', 'QE'),
('SD', 'SEALAND', 'ACTIVO', 'QE'),
('SF', 'SAN FRANCISCA ', 'ACTIVO', 'ING'),
('SN', 'SIN NAVIERA', 'ACTIVO', 'QE'),
('TNCL', 'TRANSCOLD', 'ACTIVO', 'QE'),
('TT', 'TRANSPORTE TERRESTRE', 'ACTIVO', 'QE'),
('TT01', 'TRANSPORTE TERRESTRE', 'ACTIVO', 'QE'),
('UCC', 'UCC', 'ACTIVO', 'QE'),
('WHLL', 'WAN HAI LINE LTD', 'ACTIVO', 'QE'),
('YDHU', 'YDH UNIFIER', 'ACTIVO', 'QE'),
('YM', 'YANG MING', 'ACTIVO', 'ING'),
('YMM', 'YANG MING MARINE', 'ACTIVO', 'QE'),
('ZI', 'ZIM INTEGRATED SHIPPING SERVICES', 'ACTIVO', 'QE'),
('ZM', 'ZIM', 'ACTIVO', 'QE');

-- --------------------------------------------------------

--
-- Estructura de tabla para la tabla `contenedor_norma_detalle`
--

CREATE TABLE `contenedor_norma_detalle` (
  `id_detalle` int(11) NOT NULL,
  `norma_id` int(11) DEFAULT NULL,
  `id_detalle_validar` int(11) NOT NULL,
  `tipo_detalle` varchar(100) DEFAULT NULL,
  `valor1` varchar(10) DEFAULT NULL,
  `valor2` varchar(10) DEFAULT NULL,
  `valor3` varchar(10) DEFAULT NULL
) ENGINE=InnoDB DEFAULT CHARSET=latin1;

--
-- Volcado de datos para la tabla `contenedor_norma_detalle`
--

INSERT INTO `contenedor_norma_detalle` (`id_detalle`, `norma_id`, `id_detalle_validar`, `tipo_detalle`, `valor1`, `valor2`, `valor3`) VALUES
(1, 18, 6, 'TEMP PULPA', '-0.5', '0.5', '0.5'),
(2, 19, 6, 'TEMP PULPA', '-1.0', '0.0', '0.0'),
(3, 19, 7, 'TEMP SETEO', '-1.0', '-1.0', '-1.0'),
(4, 19, 8, 'APERTURA LAMPA', '10', '10', '10'),
(5, 19, 10, 'TEMP INTERNA', '-0.5', '-0.5', '-0.5'),
(6, 20, 6, 'TEMP PULPA', '-1.0', '0', '0'),
(7, 20, 7, 'TEMP SETEO', '-0.5', '-0.5', '-0.5'),
(8, 20, 8, 'APERTURA LAMPA', '10', '10', '10'),
(9, 20, 10, 'TEMP INTERNA', '-0.5', '-0.5', '-0.5'),
(10, 21, 6, 'TEMP PULPA', '-0.5', '0.5', '0.5'),
(11, 21, 7, 'TEMP SETEO', '-0.5', '-0.5', '-0.5'),
(12, 21, 8, 'APERTURA LAMPA', '8', '8', '8'),
(13, 22, 8, 'APERTURA LAMPA', '15', '15', '15'),
(14, 22, 10, 'TEMP INTERNA', '0.0', '6.0', '6.0'),
(15, 22, 6, 'TEMP PULPA', '-0.5', '1.0', '1.0'),
(16, 22, 7, 'TEMP SETEO', '-1.0', '-1.0', '-1.0'),
(17, 18, 8, 'APERTURA LAMPA', '10', '10', '10'),
(18, 18, 10, 'TEMP INTERNA', '-0.5', '2.0', '2.0'),
(19, 18, 7, 'TEMP SETEO', '-0.5', '-0.5', '-0.5'),
(20, 24, 6, 'TEMP PULPA', '-1.0', '0.0', '0.0'),
(21, 24, 7, 'TEMP SETEO', '-1.0', '-1.0', '-1.0'),
(22, 24, 8, 'APERTURA LAMPA', '15', '15', '15'),
(23, 24, 10, 'TEMP INTERNA', '-0.5', '-0.5', '-0.5'),
(24, 25, 6, 'TEMP PULPA', '-1.0', '0.0', '0.0'),
(25, 25, 7, 'TEMP SETEO', '-1.0', '-1.0', '-1.0'),
(26, 25, 8, 'APERTURA LAMPA', '15', '15', '15'),
(27, 25, 10, 'TEMP INTERNA', '-0.5', '-0.5', '-0.5'),
(28, 26, 6, 'TEMP PULPA', '-1.0', '0.5', '0.5'),
(29, 26, 7, 'TEMP SETEO', '-0.5', '-0.5', '-0.5'),
(30, 26, 8, 'APERTURA LAMPA', '8', '8', '8'),
(31, 27, 6, 'TEMP PULPA', '-1.0', '0.5', '0.5'),
(32, 27, 7, 'TEMP SETEO', '-0.5', '-0.5', '-0.5'),
(33, 27, 8, 'APERTURA LAMPA', '8', '8', '8'),
(34, 27, 10, 'TEMP INTERNA', '', '', ''),
(35, 28, 6, 'TEMP PULPA', '-0.5', '0.5', '0.5'),
(36, 28, 7, 'TEMP SETEO', '-1.0', '-1.0', '-1.0'),
(37, 28, 8, 'APERTURA LAMPA', '10', '10', '10'),
(38, 29, 8, 'APERTURA LAMPA', '10', '10', '10'),
(39, 29, 7, 'TEMP SETEO', '-1.0', '-1.0', '-1.0'),
(40, 29, 6, 'TEMP PULPA', '-0.5', '1.0', '1.0'),
(41, 30, 6, 'TEMP PULPA', '-1.0', '1', '1'),
(42, 31, 7, 'TEMP SETEO', '-0.5', '-0.5', '-0.5'),
(43, 32, 6, 'TEMP PULPA', '-0.5', '0.5', '0.5'),
(44, 32, 7, 'TEMP SETEO', '-0.5', '-0.5', '-0.5'),
(45, 32, 8, 'APERTURA LAMPA', '10', '10', '10'),
(46, 33, 7, 'TEMP SETEO', '-1.0', '-1.0', '-1.0'),
(47, 33, 8, 'APERTURA LAMPA', '10', '10', '10'),
(48, 23, 6, 'TEMP PULPA', '-0.8', '0.5', '0.5'),
(49, 34, 6, 'TEMP PULPA', '-0.5', '0.5', '0.5'),
(50, 34, 7, 'TEMP SETEO', '-1', '-1.0', '-1.0'),
(51, 34, 8, 'APERTURA LAMPA', '10', '10', '10'),
(52, 35, 6, 'TEMP PULPA', '-0.5', '0.5', '0.5'),
(53, 35, 7, 'TEMP SETEO', '-0.5', '-0.5', '-0.5'),
(54, 35, 8, 'APERTURA LAMPA', '10', '10', '10'),
(55, 36, 10, 'TEMP INTERNA', '-1.0', '-1.0', '-1.0'),
(56, 36, 6, 'TEMP PULPA', '-0.5', '0.5', '0.5'),
(57, 36, 7, 'TEMP SETEO', '-1.0', '-1.0', '-1.0'),
(58, 37, 7, 'TEMP SETEO', '-0.5', '-0.5', '-0.5'),
(59, 37, 8, 'APERTURA LAMPA', '10', '10', '10'),
(60, 37, 10, 'TEMP INTERNA', '-1.0', '0', '0'),
(61, 37, 10, 'TEMP INTERNA', '-1.0', '0', '0'),
(62, 37, 10, 'TEMP INTERNA', '-1.0', '0', '0'),
(63, 37, 6, 'TEMP PULPA', '-0.8', '0.5', '0.5'),
(64, 38, 6, 'TEMP PULPA', '-0.5', '1.5', '1.5'),
(65, 38, 7, 'TEMP SETEO', '0', '0', '0'),
(66, 38, 8, 'APERTURA LAMPA', '20', '20', '20'),
(67, 39, 6, 'TEMP PULPA', '-0.5', '0', '0'),
(68, 39, 10, 'TEMP INTERNA', '-0.5', '1.0', '1.0'),
(69, 40, 6, 'TEMP PULPA', '0', '1.0', '1.0'),
(70, 41, 6, 'TEMP PULPA', '-0.5', '0.5', '0.5'),
(71, 41, 10, 'TEMP INTERNA', '-1.0', '-1.0', '-1.0'),
(72, 41, 7, 'TEMP SETEO', '-1.0', '-1.0', '-1.0'),
(73, 42, 6, 'TEMP PULPA', '-0.5', '0', '0'),
(74, 42, 10, 'TEMP INTERNA', '-0.5', '1.0', '1.0'),
(75, 43, 7, 'TEMP SETEO', '-0.5', '-0.5', '-0.5'),
(76, 43, 8, 'APERTURA LAMPA', '15', '15', '15'),
(77, 43, 6, 'TEMP PULPA', '-1.0', '0.5', '0.5'),
(78, 44, 7, 'TEMP SETEO', '-0.5', '-0.5', '-0.5'),
(79, 44, 8, 'APERTURA LAMPA', '20', '20', '20'),
(80, 44, 6, 'TEMP PULPA', '-1.0', '0.5', '0.5'),
(81, 45, 7, 'TEMP SETEO', '-0.5', '-0.5', '-0.5'),
(82, 45, 8, 'APERTURA LAMPA', '15', '15', '15'),
(83, 45, 6, 'TEMP PULPA', '-1.0', '0.5', '0.5'),
(84, 46, 6, 'TEMP PULPA', '-1.0', '0.5', '0.5'),
(85, 46, 7, 'TEMP SETEO', '-1.0', '-1.0', '-1.0'),
(86, 46, 8, 'APERTURA LAMPA', '15', '15', '15'),
(87, 47, 6, 'TEMP PULPA', '-1.0', '0.5', '0.5'),
(88, 47, 7, 'TEMP SETEO', '-1.0', '-1.0', '-1.0'),
(89, 47, 8, 'APERTURA LAMPA', '25', '25', '25'),
(90, 48, 6, 'TEMP PULPA', '-1.0', '0.5', '0.5'),
(91, 48, 7, 'TEMP SETEO', '-1.0', '-1.0', '-1.0'),
(92, 48, 8, 'APERTURA LAMPA', '25', '25', '25'),
(93, 49, 7, 'TEMP SETEO', '-0.5', '-0.5', '-0.5'),
(94, 50, 6, 'TEMP PULPA', '-0.5', '1', '1'),
(95, 51, 7, 'TEMP SETEO', '-0.5', '-0.5', '-0.5'),
(96, 51, 8, 'APERTURA LAMPA', '15', '15', '15'),
(97, 51, 6, 'TEMP PULPA', '-0.8', '0.7', '0.7'),
(98, 52, 7, 'TEMP SETEO', '-0.5', '-0.5', '-0.5'),
(99, 52, 8, 'APERTURA LAMPA', '15', '15', '15'),
(100, 52, 6, 'TEMP PULPA', '-0.8', '0.8', '0.8'),
(101, 53, 7, 'TEMP SETEO', '-0.5', '-0.5', '-0.5'),
(102, 53, 6, 'TEMP PULPA', '-0.5', '0.5', '0.5'),
(103, 53, 8, 'APERTURA LAMPA', '0', '0', '0'),
(104, 54, 6, 'TEMP PULPA', '-1,0', '-0,5', '-0,5'),
(105, 54, 7, 'TEMP SETEO', '-1.0', '-1.0', '-1.0'),
(106, 54, 10, 'TEMP INTERNA', '-1.5', '0.5', '0.5'),
(107, 54, 8, 'APERTURA LAMPA', '0', '0', '0'),
(108, 55, 7, 'TEMP SETEO', '-0.5', '-0.5', '-0.5'),
(109, 55, 6, 'TEMP PULPA', '-0.5', '1.0', '1.0'),
(110, 56, 6, 'TEMP PULPA', '-1.0', '0.5', '0.5'),
(111, 56, 8, 'APERTURA LAMPA', '0', '0', '0'),
(112, 56, 7, 'TEMP SETEO', '-0.5', '-0.5', '-0.5'),
(113, 57, 6, 'TEMP PULPA', '-1.0', '0.5', '0.5'),
(114, 57, 7, 'TEMP SETEO', '-0.5', '-0.5', '-0.5'),
(115, 57, 8, 'APERTURA LAMPA', '3', '3', '3'),
(116, 58, 6, 'TEMP PULPA', '-0.5', '0.5', '0.5'),
(117, 58, 7, 'TEMP SETEO', '-1.0', '-1.0', '-1.0'),
(118, 58, 8, 'APERTURA LAMPA', '0', '0', '0'),
(119, 59, 6, 'TEMP PULPA', '-0.5', '0.5', '0.5'),
(120, 59, 7, 'TEMP SETEO', '-1', '-1', '-1'),
(121, 59, 8, 'APERTURA LAMPA', '0', '0', '0'),
(122, 59, 10, 'TEMP INTERNA', '-100', '100', '100'),
(123, 60, 6, 'TEMP PULPA', '4.5', '6.0', '6.0'),
(124, 60, 7, 'TEMP SETEO', '4.5', '4.5', '4.5'),
(125, 61, 6, 'TEMP PULPA', '3.5', '5.0', '5.0'),
(126, 61, 7, 'TEMP SETEO', '3.9', '3.9', '3.9'),
(127, 61, 8, 'APERTURA LAMPA', '10', '10', '10'),
(128, 60, 8, 'APERTURA LAMPA', '10', '10', '10'),
(129, 63, 6, 'TEMP PULPA', '-0.5', '1', '1'),
(130, 63, 6, 'TEMP SETEO', '-1', '-1', '-1'),
(131, 63, 6, 'APERTURA LAMPA', '10', '10', '10'),
(132, 63, 6, 'TEMP INTERNA', '2', '2', '2'),
(133, 64, 7, 'TEMP SETEO', '5', '5', '5'),
(134, 64, 8, 'APERTURA LAMPA', '20', '20', '20'),
(135, 64, 6, 'TEMP PULPA', '4', '5', '5'),
(136, 65, 7, 'TEMP SETEO', '7,2', '7,2', '7,2'),
(137, 65, 8, 'APERTURA LAMPA', '10', '10', '10'),
(138, 65, 6, 'TEMP PULPA', '6,5', '9', '9'),
(139, 66, 6, 'TEMP PULPA', '4.5', '6.0', '6.0'),
(140, 66, 7, 'TEMP SETEO', '4.5', '4.5', '4.5'),
(141, 66, 8, 'APERTURA LAMPA', '10', '10', '10'),
(142, 67, 6, 'TEMP PULPA', '3.5', '5.0', '5.0'),
(143, 67, 7, 'TEMP SETEO', '3.9', '3.9', '3.9'),
(144, 67, 8, 'APERTURA LAMPA', '10', '10', '10'),
(145, 68, 6, 'TEMP PULPA', '3.5', '5.0', '5.0'),
(146, 68, 7, 'TEMP SETEO', '3.9', '3.9', '3.9'),
(147, 68, 8, 'APERTURA LAMPA', '10', '10', '10'),
(148, 69, 6, 'TEMP PULPA', '3.5', '5.0', '5.0'),
(149, 69, 7, 'TEMP SETEO', '3.9', '3.9', '3.9'),
(150, 69, 8, 'APERTURA LAMPA', '10', '10', '10'),
(151, 70, 6, 'TEMP PULPA', '-0.5', '2', '2'),
(152, 70, 7, 'TEMP SETEO', '-1.0', '0', '0'),
(153, 71, 6, 'TEMP PULPA', '-0.5', '5', '5'),
(154, 71, 7, 'TEMP SETEO', '-1.0', '0', '0'),
(155, 72, 6, 'TEMP PULPA', '-1.0', '2', '2'),
(156, 73, 6, 'TEMP PULPA', '-1.0', '2', '2'),
(157, 74, 6, 'TEMP PULPA', '-1.0', '2', '2'),
(158, 75, 6, 'TEMP PULPA', '-1.0', '2', '2'),
(159, 33, 6, 'TEMP PULPA', '-0.5', '0.5', '0.5'),
(160, 76, 6, 'TEMP PULPA', '-0.5', '0.5', '0.5'),
(161, 72, 7, 'TEMP SETEO', '-1.0', '0', '0'),
(162, 73, 7, 'TEMP SETEO', '-1.0', '0', '0'),
(163, 74, 7, 'TEMP SETEO', '-1.0', '0', '0'),
(164, 75, 7, 'TEMP PULPA', '-1.0', '0', '0'),
(165, 77, 7, 'TEMP PULPA', '-1', '-1', '-1'),
(166, 77, 6, 'TEMP PULPA', '-0.5', '0.5', '0.5'),
(167, 78, 6, 'TEMP PULPA', '-0.5', '0.5', '0.5'),
(168, 78, 7, 'TEMP SETEO', '-1.0', '-1.0', '-1.0'),
(169, 78, 8, 'APERTURA LAMPA', '10', '10', '10'),
(170, 79, 6, 'TEMP PULPA', '-0.5', '2', '2'),
(171, 79, 7, 'TEMP SETEO', '-1.0', '0', '0'),
(172, 80, 6, 'TEMP PULPA', '-0.5', '0.5', '0.5'),
(173, 80, 6, 'TEMP PULPA', '-1.0', '0', '0'),
(174, 81, 6, 'TEMP PULPA', '-0.5', '0.5', '0.5'),
(175, 81, 7, 'TEMP SETEO', '-0.7', '-0.7', '-0.7'),
(176, 81, 8, 'APERTURA LAMPA', '0', '0', '0'),
(177, 82, 7, 'TEMP SETEO', '-0.5', '-0.5', '-0.5'),
(178, 82, 8, 'APERTURA LAMPA', '15', '15', '15'),
(179, 82, 6, 'TEMP PULPA', '-1.0', '0.5', '0.5'),
(180, 83, 6, 'TEMP PULPA', '-0.5', '0.5', '0.5'),
(181, 83, 7, 'TEMP SETEO', '-1.0', '-1.0', '-1.0'),
(182, 83, 8, 'APERTURA LAMPA', '20', '20', '20'),
(183, 85, 6, 'TEMP PULPA', '-1.0', '0.5', '0.5'),
(184, 85, 7, 'TEMP SETEO', '-0.5', '-0.5', '-0.5'),
(185, 85, 8, 'APERTURA LAMPA', '8', '8', '8'),
(186, 84, 6, 'TEMP PULPA', '-1.0', '0.5', '0.5'),
(187, 84, 7, 'TEMP SETEO', '-0.5', '-0.5', '-0.5'),
(188, 84, 8, 'APERTURA LAMPA', '8', '8', '8'),
(189, 86, 6, 'TEMP PULPA', '-1', '0.5', '0.5'),
(190, 86, 7, 'TEMP SETEO', '-1.0', '-1.0', '-1.0'),
(191, 86, 8, 'APERTURA LAMPA', '0', '0', '0'),
(192, 87, 6, 'TEMP PULPA', '-0.5', '2', '2'),
(193, 87, 6, 'TEMP SETEO', '-1.0', '-1.0', '-1.0'),
(194, 87, 8, 'APERTURA LAMPA', '0', '0', '0'),
(195, 88, 7, 'TEMP SETEO', '4', '4', '4'),
(196, 88, 8, 'APERTURA LAMPA', '20', '20', '20'),
(197, 88, 6, 'TEMP PULPA', '4,5', '5,5', '5,5'),
(198, 89, 7, 'TEMP SETEO', '-0.5', '-0.5', '-0.5'),
(199, 89, 6, 'TEMP PULPA', '-0.5', '0.5', '0.5'),
(200, 89, 8, 'APERTURA LAMPA', '10', '10', '10');

-- --------------------------------------------------------

--
-- Estructura de tabla para la tabla `contenedor_norma_planilla`
--

CREATE TABLE `contenedor_norma_planilla` (
  `norma_id` int(11) NOT NULL,
  `norma_descripcion` varchar(200) NOT NULL,
  `exportador_cod` varchar(12) DEFAULT NULL,
  `especie_cod` varchar(50) DEFAULT NULL,
  `tipo_viaje` varchar(20) DEFAULT NULL,
  `mercado` varchar(20) DEFAULT NULL,
  `cliente_id` varchar(10) NOT NULL
) ENGINE=InnoDB DEFAULT CHARSET=latin1;

--
-- Volcado de datos para la tabla `contenedor_norma_planilla`
--

INSERT INTO `contenedor_norma_planilla` (`norma_id`, `norma_descripcion`, `exportador_cod`, `especie_cod`, `tipo_viaje`, `mercado`, `cliente_id`) VALUES
(18, 'NORMA CEREZAS GF 2022', 'GF', '4', 'MARITIMO', '', 'GF'),
(19, 'NORMA CEREZAS CONTENEDORES', 'AS', '130', 'MARITIMO', '', 'AS'),
(20, 'NORMA CEREZAS TERRESTRES', 'AS', '130', 'TERRESTRE', '', 'AS'),
(21, 'NORMA DAMASCO CONTENEDORES', 'AS', '131', 'MARITIMO', '', 'AS'),
(22, 'NORMA CEREZAS CONTENEDORES', 'SL', '138', 'MARITIMO', '', 'SL'),
(23, 'NORMA CEREZAS CONTENEDORES', 'MF', '86', 'MARITIMO', '', 'CT'),
(24, 'NORMA CEREZAS REGINA CONTENEDORES', 'AS', '130', 'MARITIMO', '', 'AS'),
(25, 'NORMA CEREZAS REGINA TERRESTRES', 'AS', '130', 'TERRESTRE', '', 'AS'),
(26, 'NORMA DURAZNO CONTENEDORES', 'AS', '135', 'MARITIMO', '', 'AS'),
(27, 'NORMA CIRUELA CONTENEDORES', 'AS', '136', 'MARITIMO', '', 'AS'),
(28, 'NORMA CEREZAS QUELEN EXPORT (MARITIMO)', 'QL', '140', 'MARITIMO', '', 'QE'),
(29, 'NORMA CEREZAS RANCO (MARITIMO)', 'RC', '141', 'MARITIMO', '', 'QE'),
(30, 'NORMA CEREZAS A5 (MARITIMO)', 'A5', '145', 'MARITIMO', '', 'QE'),
(31, 'NORMA CEREZAS CALAFATE (MARITIMO)', 'CF', '143', 'MARITIMO', '', 'QE'),
(32, 'NORMA CEREZAS LOS OLMOS (MARITIMO)', 'LO', '142', 'MARITIMO', '', 'QE'),
(33, 'NORMA CEREZAS PROVEX (MARITIMO)', 'PV', '144', 'MARITIMO', '', 'QE'),
(34, 'NORMA ARANDANOS CONTENEDORES', 'SL', '148', 'MARITIMO', '', 'SL'),
(35, 'NORMA CAROZOS GF CONTENEDOR 2022', 'GF', '9', 'MARITIMO', '', 'GF'),
(36, 'NORMAS CIRUELA DAGEN QUELEN', 'QL', '153', 'MARITIMO', '', 'QE'),
(37, 'NORMA CIRUELAS DAGEN PRUNESCO', 'PN', '152', 'MARITIMO', '', 'QE'),
(38, 'NORMA MANZANAS QUELEN ', 'QL', '160', 'MARITIMO', '', 'QE'),
(39, 'NORMA PERAS QUELEN', 'QL', '162', 'MARITIMO', '', 'QE'),
(40, 'NORMA CIRUELA DAGEN LOS OLMOS', 'LO', '151', 'MARITIMO', '', 'QE'),
(41, 'NORMA CIRUELA DAGEN PROVEX', 'PV', '155', 'MARITIMO', '', 'QE'),
(42, 'NORMA PERAS LOS OLMOS', 'LO', '161', 'MARITIMO', '', 'QE'),
(43, 'NORMA NECTARIN CONTENEDORES', 'AS', '123', 'MARITIMO', '', 'AS'),
(44, 'NORMA PERAS CONTENEDORES', 'AS', '137', 'MARITIMO', '', 'AS'),
(45, 'NORMA UVAS TEMPRANAS/RED GLOBE/CRIMSON/SIS QUEST', 'AS', '132', 'MARITIMO', '', 'AS'),
(46, 'NORMA UVAS MEDIA ESTACIÓN Y TARDÍAS', 'AS', '132', 'MARITIMO', '', 'AS'),
(47, 'NORMA CIRUELAS DAGEN CONTENEDORES', 'AS', '158', 'MARITIMO', '', 'AS'),
(48, 'NORMA CIRUELAS DAGEN TERRESTRE', 'AS', '158', 'TERRESTRE', '', 'AS'),
(49, 'NORMA NECTARIN PROVEX', 'PV', '150', 'MARITIMO', '', 'QE'),
(50, 'NORMA CIRUELA DAGEN A5', 'A5', '154', 'MARITIMO', '', 'QE'),
(51, 'NORMA DE CIRUELAS DAGEN EN CEXPORT', 'FRTC', '98', 'MARITIMO', '', 'CT'),
(52, 'NORMA DE CIRUELAS DAGEN BRIX', 'BX', '98', 'MARITIMO', '', 'CT'),
(53, 'NORMA KIWI ', 'GF', '7', 'MARITIMO', '', 'GF'),
(54, 'NORMA UVAS PROVEX', 'PV', '169', 'MARITIMO', '', 'AS'),
(55, 'NORMA KIWI TERRESTRES', 'AS', '133', 'TERRESTRE', '', 'AS'),
(56, 'NORMA KIWI CONTENEDORES (BOLSA PERFORADA)', 'AS', '133', 'MARITIMO', '', 'AS'),
(57, 'NORMA KIWI CONTENEDORES (BOLSA AM)', 'AS', '133', 'MARITIMO', '', 'AS'),
(58, 'NORMA UVA', 'GF', '2', 'MARITIMO', '', 'GF'),
(59, 'NORMA UVA QUELEN CONTENEDOR', 'QL', '170', 'MARITIMO', '', 'QE'),
(60, 'NORMA NARANJAS QUELEN', 'QL', '171', 'MARITIMO', '', 'QE'),
(61, 'NORMA MANDARINA QUELEN', 'QL', '172', 'MARITIMO', '', 'QE'),
(63, 'NORMA CONT ING', 'LZ', '3', 'MARITIMO', '', 'LZ'),
(64, 'NORMA MANDARINAS CONTENEDORES', 'AS', '134', 'MARITIMO', '', 'AS'),
(65, 'NORMA CALIDAD LIMON PROVEX', 'PV', '177', 'MARITIMO', '', 'QE'),
(66, 'NORMA CALIDAD NARANJAS PROVEX', 'PV', '176', 'MARITIMO', '', 'QE'),
(67, 'NORMA CALIDAD CLEMENTINAS PROVEX', 'PV', '174', 'MARITIMO', '', 'QE'),
(68, 'NORMA CALIDAD MANDARINAS PROVEX', 'PV', '175', 'MARITIMO', '', 'QE'),
(69, 'NORMA CLEMENTINAS QUELEN', 'QL', '173', 'MARITIMO', '', 'QE'),
(70, 'NORMA CEREZAS QUELEN EXPORT (AEREO)', 'QL', '140', 'TERRESTRE', '', 'QE'),
(71, 'NORMA CEREZAS A5 (AEREO)', 'A5', '145', 'TERRESTRE', '', 'QE'),
(72, 'NORMA CEREZAS LOS OLMOS (AEREO)', 'LO', '142', 'TERRESTRE', '', 'QE'),
(73, 'NORMA CEREZAS PROVEX (AEREO)', 'PV', '145', 'TERRESTRE', '', 'QE'),
(74, 'NORMA CEREZAS RANCO (AEREO)', 'RC', '141', 'TERRESTRE', '', 'QE'),
(75, 'NORMA CEREZAS FRUTBER (AEREO)', 'FB', '200', 'TERRESTRE', '', 'QE'),
(76, 'NORMA CEREZAS FRUTBER (MARITIMO)', 'FB', '200', 'MARITIMO', '', 'QE'),
(77, 'NORMA CEREZAS QUELEN EXPORT (TERRESTRE)', 'QL', '140', 'TERRESTRE', '', 'QE'),
(78, 'NORMA CEREZAS DW INTERNACIONAL (MARITIMO)', 'DW', '212', 'MARITIMO', '', 'QE'),
(79, 'NORMA CEREZAS DW INTERNACIONAL (AEREO)', 'DW', '212', 'TERRESTRE', '', 'QE'),
(80, 'NORMA CEREZAS PROVEX (TERRESTRE)', 'PV', '144', 'TERRESTRE', '', 'QE'),
(81, 'NORMA CONTENEDORES ARANDANOS', 'AS', '216', 'MARITIMO', '', 'AS'),
(82, 'NORMA NECTARIN AGUA SANTA', 'AS.', '215', 'MARITIMO', '', 'QE'),
(83, 'NORMA PERAS FRUTTITA', 'FRT', '218', 'MARITIMO', '', 'QE'),
(84, 'NORMA CIRUELAS AGUA SANTA', 'AS.', '213', 'MARITIMO', '', 'QE'),
(85, 'NORMA DURAZNOS AGUA SANTA', 'AS.', '214', 'MARITIMO', '', 'QE'),
(86, 'NORMA UVA LOS OLMOS', 'LO', '219', 'MARITIMO', '', 'QE'),
(87, 'NORMA UVA LOS OLMOS (SUGRAONE)', 'LO', '219', 'MARITIMO', '', 'QE'),
(88, 'NORMA MANDARINAS', 'GF', '234', 'MARITIMO', '', 'GF'),
(89, 'NORMA PERAS', 'GF', '10', 'MARITIMO', '', 'GF');

-- --------------------------------------------------------

--
-- Estructura de tabla para la tabla `contenedor_planilla`
--

CREATE TABLE `contenedor_planilla` (
  `folio_planilla` varchar(100) NOT NULL,
  `folio_planilla_sin_cambio` varchar(100) NOT NULL,
  `norma_id` int(11) NOT NULL,
  `fecha_inspeccion` date NOT NULL,
  `hora_inicio` time NOT NULL,
  `hora_termino` time NOT NULL,
  `hora_citacion` time NOT NULL,
  `inspecctor` varchar(12) NOT NULL,
  `cliente_cod` varchar(11) DEFAULT NULL,
  `exportador_cod` varchar(12) NOT NULL,
  `num_orden` varchar(20) NOT NULL,
  `num_instructivo` varchar(15) NOT NULL,
  `n_embarque` varchar(20) NOT NULL,
  `cod_nav` varchar(20) NOT NULL,
  `nave_cod` int(11) NOT NULL,
  `booking` varchar(20) NOT NULL,
  `cod_planta` int(11) NOT NULL,
  `especie_cod` varchar(50) NOT NULL,
  `tipo_viaje` varchar(50) NOT NULL,
  `tipo_transporte` varchar(50) NOT NULL,
  `cod_mer` int(11) NOT NULL,
  `cod_puerto_salida` int(11) NOT NULL,
  `cod_puerto_destino` int(11) NOT NULL,
  `recibidor` varchar(100) NOT NULL,
  `cod_trans` int(11) NOT NULL,
  `nom_chofer` varchar(100) NOT NULL,
  `rut_chofer` varchar(12) NOT NULL,
  `cel_chofer` varchar(20) NOT NULL,
  `despachador` varchar(100) NOT NULL,
  `cod_tipo_at` int(11) NOT NULL,
  `num_contenedor` varchar(20) NOT NULL,
  `foto_n_contenedor` varchar(150) NOT NULL,
  `patente_camion` varchar(15) NOT NULL,
  `foto_patente_camion` varchar(150) NOT NULL,
  `foto_exterior_1` varchar(100) NOT NULL,
  `temp_seteo` varchar(10) NOT NULL,
  `foto_temp_seteo` varchar(100) NOT NULL,
  `apertura_lampa` varchar(10) NOT NULL,
  `foto_apertura_lampa` varchar(100) NOT NULL,
  `foto_sello_prev_temp` varchar(100) NOT NULL,
  `patente_carro` varchar(15) NOT NULL,
  `foto_patente_carro` varchar(100) NOT NULL,
  `ano_fabricacion` varchar(10) NOT NULL,
  `foto_ano_fabricacion` varchar(100) NOT NULL,
  `sello_lavado` varchar(20) NOT NULL,
  `foto_sello_lavado` varchar(100) NOT NULL,
  `foto_exterior_2` varchar(100) NOT NULL,
  `sello_naviera` varchar(20) NOT NULL,
  `foto_sello_naviera` varchar(100) NOT NULL,
  `foto_interna_contenedor` varchar(100) NOT NULL,
  `temp_interna` varchar(15) NOT NULL,
  `foto_temp_interna` varchar(100) NOT NULL,
  `foto_postura_cartones` varchar(100) NOT NULL,
  `cant_pallet` varchar(10) NOT NULL,
  `tipo_estiba` varchar(20) NOT NULL,
  `foto_postura_bufandas_pallet` varchar(100) NOT NULL,
  `foto_etiquetas` varchar(100) NOT NULL,
  `foto_enzunchado` varchar(100) NOT NULL,
  `foto_postura_chimenea` varchar(100) NOT NULL,
  `foto_altura_maxima_pallet` varchar(100) NOT NULL,
  `foto_temp_pallet` varchar(100) NOT NULL,
  `termografo_1` varchar(25) NOT NULL,
  `foto_termografo_1` varchar(100) NOT NULL,
  `foto_postura_termografo_1` varchar(100) NOT NULL,
  `termografo_2` varchar(25) NOT NULL,
  `foto_termografo_2` varchar(100) NOT NULL,
  `foto_postura_termografo_2` varchar(100) NOT NULL,
  `sello_planta` varchar(25) NOT NULL,
  `foto_sello_planta` varchar(100) NOT NULL,
  `sello_sag` varchar(25) NOT NULL,
  `foto_sello_sag` varchar(100) NOT NULL,
  `n_guia` varchar(25) NOT NULL,
  `foto_n_guia` varchar(100) NOT NULL,
  `foto_absorbedor_etileno` varchar(100) DEFAULT NULL,
  `check1` varchar(10) NOT NULL,
  `check2` varchar(10) NOT NULL,
  `check3` varchar(10) NOT NULL,
  `check4` varchar(10) NOT NULL,
  `check5` varchar(10) NOT NULL,
  `check6` varchar(10) NOT NULL,
  `check7` varchar(10) NOT NULL,
  `check8` varchar(10) NOT NULL,
  `check9` varchar(10) NOT NULL,
  `check10` varchar(10) NOT NULL,
  `check11` varchar(10) NOT NULL,
  `check12` varchar(10) NOT NULL,
  `check13` varchar(10) NOT NULL,
  `check14` varchar(10) NOT NULL,
  `check15` varchar(10) NOT NULL,
  `check16` varchar(10) NOT NULL,
  `check17` varchar(10) NOT NULL,
  `check18` varchar(10) NOT NULL,
  `check19` varchar(10) NOT NULL,
  `check20` varchar(10) NOT NULL,
  `check21` varchar(10) NOT NULL,
  `check22` varchar(10) NOT NULL,
  `check23` varchar(10) NOT NULL,
  `check24` varchar(10) NOT NULL,
  `check25` varchar(10) NOT NULL,
  `check26` varchar(10) NOT NULL,
  `observacion` varchar(500) NOT NULL,
  `causal1` varchar(800) NOT NULL,
  `cumple_norma` varchar(10) NOT NULL,
  `estado` varchar(20) NOT NULL,
  `usuario_crea` varchar(12) NOT NULL,
  `fecha_crea` datetime NOT NULL,
  `sincro` varchar(5) NOT NULL
) ENGINE=InnoDB DEFAULT CHARSET=latin1;

-- --------------------------------------------------------

--
-- Estructura de tabla para la tabla `contenedor_planta`
--

CREATE TABLE `contenedor_planta` (
  `cod_planta` int(11) NOT NULL,
  `nom_planta` varchar(100) DEFAULT NULL,
  `exportador_cod` varchar(12) NOT NULL,
  `est_planta` varchar(15) DEFAULT NULL,
  `cliente_id` varchar(10) NOT NULL
) ENGINE=InnoDB DEFAULT CHARSET=latin1;

--
-- Volcado de datos para la tabla `contenedor_planta`
--

INSERT INTO `contenedor_planta` (`cod_planta`, `nom_planta`, `exportador_cod`, `est_planta`, `cliente_id`) VALUES
(1, 'PLANTA EJEMPLO', 'GF', 'ACTIVO', 'GF'),
(2, 'PACKING AGUA SANTA', 'AS', 'ACTIVO', 'AS'),
(3, 'PACKING SANTA AMELIA', 'AS', 'ACTIVO', 'AS'),
(4, 'PACKING SANTA ANA DEL HUIQUE', 'AS', 'ACTIVO', 'AS'),
(5, 'PLANTA ALMAHUE', 'AS', 'ACTIVO', 'AS'),
(6, 'PLANTA EL CARMELO', 'AS', 'ACTIVO', 'AS'),
(7, 'PLANTA GARCES', '', 'ACTIVO', 'AS'),
(8, 'PLANTA SANTA CRUZ', 'AS', 'ACTIVO', 'AS'),
(9, 'PLANTA SIF S.A.', 'AS', 'ACTIVO', 'AS'),
(10, 'BULLET', 'SL', 'ACTIVO', 'SL'),
(11, 'ANDES SERVICE', 'SL', 'ACTIVO', 'SL'),
(12, 'AGROSAN', 'SL', 'ACTIVO', 'SL'),
(13, 'PLANTA OLIVAR', 'SL', 'ACTIVO', 'SL'),
(14, 'FRUTANGO', 'SL', 'ACTIVO', 'SL'),
(15, 'BONATERRA', 'MF', 'ACTIVO', 'CT'),
(16, 'GEOSERVICE', 'GF', 'ACTIVO', 'GF'),
(17, 'MAGNA SAN ISIDRO', 'GF', 'ACTIVO', 'GF'),
(18, 'SAN ALBERTO', 'GF', 'ACTIVO', 'GF'),
(19, 'ALLEGRIA FRUIT', 'GF', 'ACTIVO', 'GF'),
(20, 'PACKING CACHAPOAL', 'GF', 'ACTIVO', 'GF'),
(21, 'RUCARAY LOS LIRIOS', 'GF', 'ACTIVO', 'GF'),
(22, 'PACKING GOLD ANDA', 'QL', 'ACTIVO', 'QE'),
(23, 'PACKING QUELEN FRUIT ', 'QL', 'ACTIVO', 'QE'),
(24, 'ISLA DE MAIPO', 'SL', 'ACTIVO', 'SL'),
(25, 'PLANTA EL HUIQUE ', 'AS', 'ACTIVO', 'AS'),
(26, 'GREENVIC', 'GF', 'ACTIVO', 'GF'),
(27, 'RIO KING', 'GF', 'ACTIVO', 'GF'),
(28, 'RUCANAHUE', 'GF', 'ACTIVO', 'GF'),
(29, 'MULTIFRUTA', 'GF', 'ACTIVO', 'GF'),
(30, 'PLANTA GREENVIC MAIPO', 'AS', 'ACTIVO', 'AS'),
(31, 'AGROSAN', 'LZ', 'ACTIVO', 'LZ'),
(32, 'PLANTA EL PARQUE', 'AS', 'ACTIVO', 'AS'),
(33, 'PACKING MERQUEN', 'QL', 'ACTIVO', 'QE'),
(34, 'EL PARQUE', 'GF', 'ACTIVO', 'GF'),
(35, 'OLIVAR EXPORT', 'GF', 'ACTIVO', 'GF'),
(36, 'PLANTA MERQUEN', 'AS', 'ACTIVO', 'AS'),
(37, 'PACKING FRUTANGO', 'QL', 'ACTIVO', 'QE'),
(38, 'PLANTA LA HIGUERA', 'AS', 'ACTIVO', 'AS'),
(39, 'PLANTA SUBSOLE', 'AS', 'ACTIVO', 'AS'),
(40, 'PLANTA ALMAHUE', 'GF', 'ACTIVO', 'GF'),
(41, 'PLANTA ', 'AS', 'ACTIVO', 'AS');

-- --------------------------------------------------------

--
-- Estructura de tabla para la tabla `contenedor_puerto`
--

CREATE TABLE `contenedor_puerto` (
  `cod_puerto` int(11) NOT NULL,
  `nom_puerto` varchar(100) DEFAULT NULL,
  `est_puerto` varchar(15) DEFAULT NULL,
  `cliente_id` varchar(10) NOT NULL
) ENGINE=InnoDB DEFAULT CHARSET=latin1;

--
-- Volcado de datos para la tabla `contenedor_puerto`
--

INSERT INTO `contenedor_puerto` (`cod_puerto`, `nom_puerto`, `est_puerto`, `cliente_id`) VALUES
(1, 'QATAR', 'ACTIVO', 'ING'),
(2, 'HAMAD', 'ACTIVO', 'ING'),
(3, 'YOKOHAMA', 'ACTIVO', 'ING'),
(4, 'BANGKOK', 'ACTIVO', 'ING'),
(5, 'GUAYAQUIL', 'ACTIVO', 'ING'),
(6, 'BEIJING', 'ACTIVO', 'ING'),
(7, 'BUSAN', 'ACTIVO', 'ING'),
(8, 'CHENNAI', 'ACTIVO', 'ING'),
(9, 'JAKARTA TANJUNG', 'ACTIVO', 'ING'),
(10, 'DALIAN', 'ACTIVO', 'ING'),
(11, 'SAINT PETERSBURG', 'ACTIVO', 'ING'),
(12, 'GUANGZHOU', 'ACTIVO', 'ING'),
(13, 'HO CHI MING', 'ACTIVO', 'ING'),
(14, 'HONG KONG', 'ACTIVO', 'ING'),
(15, 'KAOHSIUNG', 'ACTIVO', 'ING'),
(16, 'KEELUNG', 'ACTIVO', 'ING'),
(17, 'NEW JERSEY', 'ACTIVO', 'ING'),
(18, 'NEW YORK', 'ACTIVO', 'ING'),
(19, 'OTTAWA', 'ACTIVO', 'ING'),
(20, 'PACKER AVE. TER', 'ACTIVO', 'ING'),
(21, 'PHILADELPHIA', 'ACTIVO', 'ING'),
(22, 'PIER 82 PHILA', 'ACTIVO', 'ING'),
(23, 'SAN DIEGO', 'ACTIVO', 'ING'),
(24, 'SAN FRANCISCO', 'ACTIVO', 'ING'),
(25, 'SEATTLE', 'ACTIVO', 'ING'),
(26, 'TIOGA', 'ACTIVO', 'ING'),
(27, 'KELANG', 'ACTIVO', 'ING'),
(28, 'TORONTO', 'ACTIVO', 'ING'),
(29, 'VANCOUVER', 'ACTIVO', 'ING'),
(30, 'WILMINGTON DEL', 'ACTIVO', 'ING'),
(31, 'WILMINGTON NC', 'ACTIVO', 'ING'),
(32, 'CALLAO', 'ACTIVO', 'ING'),
(33, 'CARTAGENA', 'ACTIVO', 'ING'),
(34, 'FOZ DE IGUAZU', 'ACTIVO', 'ING'),
(35, 'GUARUROS', 'ACTIVO', 'ING'),
(36, 'GUAYAQUIL', 'ACTIVO', 'ING'),
(37, 'LA GUAIRA', 'ACTIVO', 'ING'),
(38, 'KOBE', 'ACTIVO', 'ING'),
(39, 'RIO DE JANEIRO', 'ACTIVO', 'ING'),
(40, 'SANTOS', 'ACTIVO', 'ING'),
(41, 'SAO PAULO', 'ACTIVO', 'ING'),
(42, 'SUAPE', 'ACTIVO', 'ING'),
(43, 'VACARIA', 'ACTIVO', 'ING'),
(44, 'VITORINO', 'ACTIVO', 'ING'),
(45, 'VALPARAISO', 'ACTIVO', 'ING'),
(46, 'SAN ANTONIO', 'ACTIVO', 'ING'),
(47, 'LIRQUEN', 'ACTIVO', 'ING'),
(48, 'DOHA', 'ACTIVO', 'ING'),
(49, 'LAEM CHABANG', 'ACTIVO', 'ING'),
(50, 'HAKATA', 'ACTIVO', 'ING'),
(51, 'MANILA', 'ACTIVO', 'ING'),
(52, 'NANSHA', 'ACTIVO', 'ING'),
(53, 'NHAVA SHEVA', 'ACTIVO', 'ING'),
(54, 'NUEVA DELHI', 'ACTIVO', 'ING'),
(55, 'OSAKA', 'ACTIVO', 'ING'),
(56, 'PORT KLANG', 'ACTIVO', 'ING'),
(57, 'JEBEL ALI', 'ACTIVO', 'ING'),
(58, 'PUSAN', 'ACTIVO', 'ING'),
(59, 'SHANGHAI', 'ACTIVO', 'ING'),
(60, 'SHEKOU', 'ACTIVO', 'ING'),
(61, 'NANSHA NEW PORT', 'ACTIVO', 'ING'),
(62, 'SHENZHEN', 'ACTIVO', 'ING'),
(63, 'JEDDAH', 'ACTIVO', 'ING'),
(64, 'SINGAPOURE', 'ACTIVO', 'ING'),
(65, 'SURABAYA', 'ACTIVO', 'ING'),
(66, 'TAICHUNG', 'ACTIVO', 'ING'),
(67, 'TAIPEI', 'ACTIVO', 'ING'),
(68, 'TIANJIN', 'ACTIVO', 'ING'),
(69, 'TOKIO', 'ACTIVO', 'ING'),
(70, 'XIAMEN', 'ACTIVO', 'ING'),
(71, 'YAKARTA', 'ACTIVO', 'ING'),
(72, 'ZHENGZHOU', 'ACTIVO', 'ING'),
(73, 'ALGECIRAS', 'ACTIVO', 'ING'),
(74, 'AMBERES', 'ACTIVO', 'ING'),
(75, 'AMSTERDAM', 'ACTIVO', 'ING'),
(76, 'BARCELONA', 'ACTIVO', 'ING'),
(77, 'BILBAO', 'ACTIVO', 'ING'),
(78, 'BREMERHAVEN', 'ACTIVO', 'ING'),
(79, 'BRISTOL', 'ACTIVO', 'ING'),
(80, 'COPENHAGUEN', 'ACTIVO', 'ING'),
(81, 'DOVER', 'ACTIVO', 'ING'),
(82, 'DUBLING', 'ACTIVO', 'ING'),
(83, 'DUBLING', 'ACTIVO', 'ING'),
(84, 'FELIXTOWE', 'ACTIVO', 'ING'),
(85, 'FLUSHING', 'ACTIVO', 'ING'),
(86, 'FLOR DE GRANCE', 'ACTIVO', 'ING'),
(87, 'GDANSK', 'ACTIVO', 'ING'),
(88, 'GENOVA', 'ACTIVO', 'ING'),
(89, 'GOTHEMBURG', 'ACTIVO', 'ING'),
(90, 'HAMBURG', 'ACTIVO', 'ING'),
(91, 'HELSINBURG', 'ACTIVO', 'ING'),
(92, 'HELSINKI', 'ACTIVO', 'ING'),
(93, 'KLAIPEDA', 'ACTIVO', 'ING'),
(94, 'LA SPEZIA', 'ACTIVO', 'ING'),
(95, 'POINTE DES GALES', 'ACTIVO', 'ING'),
(96, 'LAS PALMAS', 'ACTIVO', 'ING'),
(97, 'LE HAVRE', 'ACTIVO', 'ING'),
(98, 'LEIXOES', 'ACTIVO', 'ING'),
(99, 'LIMASSOL', 'ACTIVO', 'ING'),
(100, 'LISBOA', 'ACTIVO', 'ING'),
(101, 'LIVERPOOL', 'ACTIVO', 'ING'),
(102, 'LIVORNO', 'ACTIVO', 'ING'),
(103, 'LONDON GATEWAY', 'ACTIVO', 'ING'),
(104, 'MADRID', 'ACTIVO', 'ING'),
(105, 'MALMOE', 'ACTIVO', 'ING'),
(106, 'MARIN', 'ACTIVO', 'ING'),
(107, 'MARSAXLOKK', 'ACTIVO', 'ING'),
(108, 'MARSELLA', 'ACTIVO', 'ING'),
(109, 'MOSCOW', 'ACTIVO', 'ING'),
(110, 'ODESSA', 'ACTIVO', 'ING'),
(111, 'OSLO', 'ACTIVO', 'ING'),
(112, 'PARIS', 'ACTIVO', 'ING'),
(113, 'PIRAEUS', 'ACTIVO', 'ING'),
(114, 'PORSTMOUTH', 'ACTIVO', 'ING'),
(115, 'PORT VENDRES', 'ACTIVO', 'ING'),
(116, 'PRAGA', 'ACTIVO', 'ING'),
(117, 'RAVENA', 'ACTIVO', 'ING'),
(118, 'ROTTERDAM', 'ACTIVO', 'ING'),
(119, 'SAN FELIPE', 'ACTIVO', 'ING'),
(120, 'SETUBAL', 'ACTIVO', 'ING'),
(121, 'SHEERNESS', 'ACTIVO', 'ING'),
(122, 'ST PETERBURG', 'ACTIVO', 'ING'),
(123, 'TARRAGONA', 'ACTIVO', 'ING'),
(124, 'TENERIFE', 'ACTIVO', 'ING'),
(125, 'TILBURY', 'ACTIVO', 'ING'),
(126, 'VADO', 'ACTIVO', 'ING'),
(127, 'VALENCIA', 'ACTIVO', 'ING'),
(128, 'VIGO', 'ACTIVO', 'ING'),
(129, 'VLADIVOSTOK', 'ACTIVO', 'ING'),
(130, 'VLISSINGEN', 'ACTIVO', 'ING'),
(131, 'ZEEBRUGE', 'ACTIVO', 'ING'),
(132, 'EVERGLADES', 'ACTIVO', 'ING'),
(133, 'GALVESTON', 'ACTIVO', 'ING'),
(134, 'GLOUCESTER', 'ACTIVO', 'ING'),
(135, 'HOLT', 'ACTIVO', 'ING'),
(136, 'HOUSTON', 'ACTIVO', 'ING'),
(137, 'LONG BEACH', 'ACTIVO', 'ING'),
(138, 'LOS ANGELES', 'ACTIVO', 'ING'),
(139, 'MIAMI', 'ACTIVO', 'ING'),
(140, 'MONTREAL', 'ACTIVO', 'ING'),
(141, 'EL SALVADOR', 'ACTIVO', 'ING'),
(142, 'BUENAVENTURA', 'ACTIVO', 'ING'),
(143, 'QUETZAL', 'ACTIVO', 'ING'),
(144, 'PAMI', 'ACTIVO', 'ING'),
(145, 'BUSAN', 'ACTIVO', 'ING'),
(146, 'ACAJUTLA', 'ACTIVO', 'ING'),
(147, 'HAKATA', 'ACTIVO', 'ING'),
(148, 'CAUCEDO', 'ACTIVO', 'ING'),
(149, 'LEAM CHABANG', 'ACTIVO', 'ING'),
(150, 'BUSAN', 'ACTIVO', 'ING'),
(151, 'BUSAN', 'ACTIVO', 'ING'),
(152, 'SAN VICENTE', 'ACTIVO', 'ING'),
(153, 'TAIWAN', 'ACTIVO', 'ING'),
(154, 'YANTIAN', 'ACTIVO', 'ING'),
(155, 'AEROPUERTO AMB', 'ACTIVO', 'QE'),
(156, 'AEROPUERTO MIAMI', 'ACTIVO', 'QE'),
(157, 'AEROPUERTO AMB CHILE', 'ACTIVO', 'AS'),
(158, 'INCHEON', 'ACTIVO', 'QE'),
(159, 'LOS ANDES', 'ACTIVO', 'QE'),
(160, 'TAIZHOU/DAMAIYU', 'ACTIVO', 'CT'),
(161, 'PAINE', 'ACTIVO', 'QE'),
(162, 'SAO BORJA', 'ACTIVO', 'QE'),
(163, 'TAIZHOU', 'ACTIVO', 'SL'),
(164, 'PUERTO MOIN', 'ACTIVO', 'AS'),
(165, 'HAI PHONG', 'ACTIVO', 'QE'),
(166, 'POSORJA', 'ACTIVO', 'AS'),
(167, 'CORONEL', 'ACTIVO', 'CT'),
(168, 'CORONEL', 'ACTIVO', 'QE'),
(169, 'COQUIMBO', 'ACTIVO', 'AS'),
(170, 'COQUIMBO', 'ACTIVO', 'AS'),
(171, 'CORONEL', 'ACTIVO', 'AS'),
(172, 'VIETNAM', 'ACTIVO', 'SL'),
(173, 'PORT HUENEME', 'ACTIVO', 'AS'),
(174, 'CIVITAVECCHIA', 'ACTIVO', 'AS'),
(175, 'SAVANNAH', 'ACTIVO', 'AS'),
(176, 'MANZANILLO', 'ACTIVO', 'AS'),
(177, 'POINTE A PITRE', 'ACTIVO', 'AS'),
(178, 'ANTWERP', 'ACTIVO', 'AS'),
(179, 'ANDES', 'ACTIVO', 'AS'),
(180, 'MANZANILLO / MEXICO', 'ACTIVO', 'GF'),
(181, 'TACNA', 'ACTIVO', 'AS'),
(182, 'ARICA', 'ACTIVO', 'AS'),
(183, 'THE NETHERLANDS', 'ACTIVO', 'AS'),
(184, 'FARROUPHILHA', 'ACTIVO', 'AS'),
(185, 'AL KHOMS', 'ACTIVO', 'AS'),
(186, 'ACAJUTLA ', 'ACTIVO', 'AS'),
(187, 'BALBOA', 'ACTIVO', 'AS'),
(188, 'POSORJA', 'ACTIVO', 'GF'),
(189, 'LOS ANDES', 'ACTIVO', 'AS'),
(190, 'WILMINGTON', 'ACTIVO', 'AS'),
(191, 'BARCELONA', 'ACTIVO', 'AS'),
(192, 'POSORJA', 'ACTIVO', 'QE'),
(193, 'POINTE A PRITE', 'ACTIVO', 'QE'),
(194, 'RODMAN', 'ACTIVO', 'AS'),
(195, 'PANAMA', 'ACTIVO', 'AS'),
(196, 'PORT EVERGLADES', 'ACTIVO', 'QE'),
(197, 'PUERTO RICO', 'ACTIVO', 'QE'),
(198, 'PLANTA QUELEN', 'ACTIVO', 'QE'),
(199, 'CHANGSHA', 'ACTIVO', 'QE'),
(200, 'QINGDAO', 'ACTIVO', 'QE'),
(201, 'CANTON', 'ACTIVO', 'QE'),
(202, 'GUARULHOS', 'ACTIVO', 'QE'),
(203, 'QUITO', 'ACTIVO', 'QE'),
(204, 'BOGOTÁ', 'ACTIVO', 'QE'),
(205, 'SANTIAGO', 'ACTIVO', 'QE'),
(206, 'HEFEI', 'ACTIVO', 'QE'),
(207, 'FLORIANÓPOLIS', 'ACTIVO', 'QE'),
(208, 'PU DONG', 'ACTIVO', 'QE'),
(209, 'SHE SHENZHEN', 'ACTIVO', 'QE'),
(210, 'QUINGDAO', 'ACTIVO', 'QE'),
(211, 'JFK AIRPORT', 'ACTIVO', 'QE'),
(212, 'LONDON GWP', 'ACTIVO', 'QE'),
(213, 'INCHON', 'ACTIVO', 'QE'),
(214, 'PORT EVERGLADES', 'ACTIVO', 'AS'),
(215, 'PLANTA MERQUEN', 'ACTIVO', 'QE'),
(216, 'ECUADOR', 'ACTIVO', 'QE'),
(217, 'GUATEMALA', 'ACTIVO', 'QE'),
(218, 'MARIEL', 'ACTIVO', 'AS'),
(219, 'SAO BORJA', 'ACTIVO', 'QE'),
(220, 'KING ABDULLA', 'ACTIVO', 'FA'),
(221, 'KING ABDULLA', 'ACTIVO', 'GF'),
(222, 'PORT HUENEME ', 'ACTIVO', 'QE'),
(223, 'SAVANNAH', 'ACTIVO', 'QE'),
(224, 'BALBOA', 'ACTIVO', 'GF');

-- --------------------------------------------------------

--
-- Estructura de tabla para la tabla `contenedor_tipo_atmosfera`
--

CREATE TABLE `contenedor_tipo_atmosfera` (
  `cod_tipo_at` int(11) NOT NULL,
  `nom_tipo_at` varchar(100) DEFAULT NULL,
  `est_tipo_at` varchar(15) DEFAULT NULL,
  `cliente_id` varchar(10) NOT NULL
) ENGINE=InnoDB DEFAULT CHARSET=latin1;

--
-- Volcado de datos para la tabla `contenedor_tipo_atmosfera`
--

INSERT INTO `contenedor_tipo_atmosfera` (`cod_tipo_at`, `nom_tipo_at`, `est_tipo_at`, `cliente_id`) VALUES
(2, 'MODIFICADA', 'ACTIVO', 'ING'),
(3, 'NORMAL', 'ACTIVO', 'ING');

-- --------------------------------------------------------

--
-- Estructura de tabla para la tabla `contenedor_transporte`
--

CREATE TABLE `contenedor_transporte` (
  `cod_trans` int(11) NOT NULL,
  `nom_trans` varchar(100) DEFAULT NULL,
  `est_trans` varchar(15) DEFAULT NULL,
  `cliente_id` varchar(10) NOT NULL DEFAULT 'ING'
) ENGINE=InnoDB DEFAULT CHARSET=latin1;

--
-- Volcado de datos para la tabla `contenedor_transporte`
--

INSERT INTO `contenedor_transporte` (`cod_trans`, `nom_trans`, `est_trans`, `cliente_id`) VALUES
(1, 'FAMEX', 'ACTIVO', 'ING'),
(2, 'TRUCK TRANSPORT', 'ACTIVO', 'ING'),
(3, 'CANVAL', 'ACTIVO', 'ING'),
(4, 'LOGISTICA GISONA', 'ACTIVO', 'ING'),
(5, 'BENINI', 'ACTIVO', 'ING'),
(6, 'SAN NICOLAS', 'ACTIVO', 'ING'),
(7, 'TRANSPORTES CORREA', 'ACTIVO', 'ING'),
(8, 'FLORENCIA', 'ACTIVO', 'ING'),
(9, 'LOS OLMOS', 'ACTIVO', 'ING'),
(10, 'TRANSPORTES M Y G', 'ACTIVO', 'ING'),
(11, 'TRANSPORTES PERBONI', 'ACTIVO', 'ING'),
(12, 'UNITED CARGO', 'ACTIVO', 'ING'),
(13, 'SCHIAPPACASSE DINO', 'ACTIVO', 'ING'),
(14, 'SEGETRANS', 'ACTIVO', 'ING'),
(15, 'SERT CHILE', 'ACTIVO', 'ING'),
(16, 'TRANSPORTES TISA', 'ACTIVO', 'ING'),
(17, 'TISA INGENIERIA S.A', 'ACTIVO', 'ING'),
(18, 'VEARAY SAN FELIPE', 'ACTIVO', 'ING'),
(19, 'SUR FRIO', 'ACTIVO', 'ING'),
(20, 'TAN', 'ACTIVO', 'ING'),
(21, 'TRANSPORTES LOGICS', 'ACTIVO', 'ING'),
(22, 'C Y G LTDA', 'ACTIVO', 'ING'),
(23, 'CASTELLINI', 'ACTIVO', 'ING'),
(24, 'CESAR CORREA', 'ACTIVO', 'ING'),
(25, 'SAN ESTEBAN', 'ACTIVO', 'ING'),
(26, 'SERVICIOS LOGISTICOS MC E.I.R.L', 'ACTIVO', 'ING'),
(27, 'LOGISTIC CARGO', 'ACTIVO', 'ING'),
(28, 'B Y H', 'ACTIVO', 'ING'),
(29, 'ITURRA SA', 'ACTIVO', 'ING'),
(30, 'TRANSPORTES INTERNAC', 'ACTIVO', 'ING'),
(31, 'TRAYDILL', 'ACTIVO', 'ING'),
(32, 'TRANSE', 'ACTIVO', 'ING'),
(33, 'VOLCAN', 'ACTIVO', 'ING'),
(34, 'JORGE CARLE Y CIA LTDA', 'ACTIVO', 'ING'),
(35, 'SENATOR', 'ACTIVO', 'ING'),
(36, 'GRUPO FARTURA', 'ACTIVO', 'ING'),
(37, 'BITSA', 'ACTIVO', 'ING'),
(38, 'COOPERCARGA', 'ACTIVO', 'ING'),
(39, 'CORDENONSI', 'ACTIVO', 'ING'),
(40, 'DE MARCO', 'ACTIVO', 'ING'),
(41, 'AGUNSA', 'ACTIVO', 'ING'),
(42, 'DIFAR', 'ACTIVO', 'ING'),
(43, 'PARTICULAR', 'ACTIVO', 'ING'),
(44, 'TRANSPORTES YAÑEZ', 'ACTIVO', 'ING'),
(45, 'EDAR', 'ACTIVO', 'ING'),
(46, 'EDIR DE MARCO', 'ACTIVO', 'ING'),
(47, 'ELISEO', 'ACTIVO', 'ING'),
(48, 'MEDLOG', 'ACTIVO', 'ING'),
(49, 'DE LA NOI TRADING LTDA', 'ACTIVO', 'ING'),
(50, 'COTRANS', 'ACTIVO', 'ING'),
(51, 'CABO FRIO', 'ACTIVO', 'ING'),
(52, 'SURLOGISTICA', 'ACTIVO', 'ING'),
(53, 'ALAS LOGISTIC', 'ACTIVO', 'ING'),
(54, 'TRANSPORTE CARTAGENA', 'ACTIVO', 'ING'),
(55, 'TRANSPORTES GTM', 'ACTIVO', 'ING'),
(56, 'IAN TAYLOR CHILE', 'ACTIVO', 'ING'),
(57, 'NEW TRADING', 'ACTIVO', 'ING'),
(58, 'JOSE LOPEZ RODRIGUEZ', 'ACTIVO', 'ING'),
(59, 'KAFFER', 'ACTIVO', 'ING'),
(60, 'CATALAN', 'ACTIVO', 'ING'),
(61, 'CEROPI', 'ACTIVO', 'ING'),
(62, 'CHAPARRO', 'ACTIVO', 'ING'),
(63, 'TRANSPORTE PASO NEVADO', 'ACTIVO', 'ING'),
(64, 'ANCAR', 'ACTIVO', 'ING'),
(65, 'COLDTRUCK', 'ACTIVO', 'ING'),
(66, 'MONTEALEGRE', 'ACTIVO', 'ING'),
(67, 'NEGRETE', 'ACTIVO', 'ING'),
(68, 'ORION', 'ACTIVO', 'ING'),
(69, 'PACIFICO SU', 'ACTIVO', 'ING'),
(70, 'PATAGONIA', 'ACTIVO', 'ING'),
(71, 'COMERCIALIZADORA QUETZAL INV', 'ACTIVO', 'ING'),
(72, 'MIRANDA', 'ACTIVO', 'ING'),
(73, 'DILORSA S.A', 'ACTIVO', 'ING'),
(74, 'RUTA EXPRESS', 'ACTIVO', 'ING'),
(75, 'ALVARADO LTDA', 'ACTIVO', 'ING'),
(76, 'SAN EXPEDITO', 'ACTIVO', 'ING'),
(77, 'SANTA URSULA', 'ACTIVO', 'ING'),
(78, 'FAST TRUCK', 'ACTIVO', 'ING'),
(79, 'FRIAS Y QUERA', 'ACTIVO', 'ING'),
(80, 'FRUTABRAS', 'ACTIVO', 'ING'),
(81, 'GALDAMES ALFONSO', 'ACTIVO', 'ING'),
(82, 'GONZALEZ JOSE', 'ACTIVO', 'ING'),
(83, 'SOTTOVIA', 'ACTIVO', 'ING'),
(84, 'GRAL', 'ACTIVO', 'ING'),
(85, 'GRATTAROLA', 'ACTIVO', 'ING'),
(86, 'ABC', 'ACTIVO', 'ING'),
(87, 'INVERZAL', 'ACTIVO', 'ING'),
(88, 'TASSARA', 'ACTIVO', 'ING'),
(89, 'THRULOGISTICS', 'ACTIVO', 'ING'),
(90, 'LARRAGUIBEL', 'ACTIVO', 'ING'),
(91, 'LDT CHILE', 'ACTIVO', 'ING'),
(92, 'M Y J LTDA', 'ACTIVO', 'ING'),
(93, 'MARVEL', 'ACTIVO', 'ING'),
(94, 'ALIAGA', 'ACTIVO', 'ING'),
(95, 'MICHELLI', 'ACTIVO', 'ING'),
(96, 'TRANSPORTE RUTA EXPRES', 'ACTIVO', 'ING'),
(97, 'ANDICAR', 'ACTIVO', 'ING'),
(98, 'TRANSPORTES AGUAS NEGRAS', 'ACTIVO', 'ING'),
(99, 'TRANSPORTES BRAVO', 'ACTIVO', 'ING'),
(100, 'TRANSPORTES FUENTES', 'ACTIVO', 'ING'),
(101, 'TRANSPORTES MORALES', 'ACTIVO', 'ING'),
(102, 'TRANSPORTES PACIFICO SUR', 'ACTIVO', 'ING'),
(103, 'TRANSPORTES SILVIO', 'ACTIVO', 'ING'),
(104, 'ROLL', 'ACTIVO', 'ING'),
(105, 'VALDIVIA', 'ACTIVO', 'ING'),
(106, 'VITORES', 'ACTIVO', 'ING'),
(107, 'ANTARES LTDA', 'ACTIVO', 'ING'),
(108, 'YEVENES', 'ACTIVO', 'ING'),
(109, 'ZENI', 'ACTIVO', 'ING'),
(110, 'SITRANS', 'ACTIVO', 'ING'),
(111, 'SOLANO', 'ACTIVO', 'ING'),
(112, 'TRANSVIA', 'ACTIVO', 'ING'),
(113, 'STEMBEX', 'ACTIVO', 'ING'),
(114, 'AZZOLINI', 'ACTIVO', 'ING'),
(115, 'ANDES FRIO', 'ACTIVO', 'ING'),
(116, 'TRANSPORTES AROS', 'ACTIVO', 'ING'),
(117, 'TOSELLI', 'ACTIVO', 'ING'),
(118, 'TRANSAGRO', 'ACTIVO', 'ING'),
(119, 'TRANSAMERICA', 'ACTIVO', 'ING'),
(120, 'TRANSJOMILOR', 'ACTIVO', 'ING'),
(121, 'TRANSPISCIS', 'ACTIVO', 'ING'),
(122, 'TRANSPORTE CEROP', 'ACTIVO', 'ING'),
(123, 'CASTELLINI', 'ACTIVO', 'ING'),
(124, 'RJU', 'ACTIVO', 'ING'),
(125, 'BULBOA', 'ACTIVO', 'ING'),
(126, 'PARTICULAR', 'ACTIVO', 'ING'),
(127, 'TERRALOGISTICA', 'ACTIVO', 'QE'),
(128, 'FRUNOG', 'ACTIVO', 'GF'),
(129, 'PINTO GONZALEZ', 'ACTIVO', 'QE'),
(130, 'SOUL BLESIN', 'ACTIVO', 'QE'),
(131, 'BRILHANTE TRANSPORTES ', 'ACTIVO', 'QE'),
(132, 'TRANSPORTE SAN FABIAN ', 'ACTIVO', 'CT'),
(133, 'MARCO CAMPOS', 'ACTIVO', 'QE'),
(134, 'TNE', 'ACTIVO', 'CT'),
(135, 'BZVZ', 'ACTIVO', 'CT'),
(136, 'SPL', 'ACTIVO', 'AS'),
(137, 'ANDRES SPA', 'ACTIVO', 'AS'),
(138, 'TRANSPORTE VALPO', 'ACTIVO', 'CT'),
(139, 'TRANSGESA', 'ACTIVO', 'QE'),
(140, 'TRANSGESA', 'ACTIVO', 'GF'),
(141, 'TRANSPORTES  RO', 'ACTIVO', 'QE'),
(142, 'CANELO', 'ACTIVO', 'CT'),
(143, 'MARITZA PUGA', 'ACTIVO', 'CT'),
(144, 'MUÑOZ', 'ACTIVO', 'QE'),
(145, 'TRANSPORTES SOTO', 'ACTIVO', 'QE'),
(146, 'TRANSPORTES BRAMADOR', 'ACTIVO', 'QE'),
(147, 'FRULOG', 'ACTIVO', 'GF'),
(148, 'TRANSGESA', 'ACTIVO', 'CT'),
(149, 'LyL', 'ACTIVO', 'QE'),
(150, 'TRANSPORTES SPL', 'ACTIVO', 'QE'),
(151, 'TRANSPORTE R.O', 'ACTIVO', 'QE'),
(152, 'ANDINO', 'ACTIVO', 'CT'),
(153, 'TRANSPORTES DON PATRICIO', 'ACTIVO', 'CT'),
(154, 'TRANSPORTES DON PATRICIO', 'ACTIVO', 'CT'),
(155, 'TRANSPORTE SAN FABIAN', 'ACTIVO', 'QE'),
(156, '', 'ACTIVO', 'QE'),
(157, 'SEBASTIAN GONZALEZ', 'ACTIVO', 'GF'),
(158, 'SOUTH PACIFIC', 'ACTIVO', 'AS'),
(159, 'JAIME DIAZ', 'ACTIVO', 'AS'),
(160, 'TRANSPORTE IBACETA ', 'ACTIVO', 'QE'),
(161, 'TRANSPORTE LOGYCS', 'ACTIVO', 'QE'),
(162, 'VARLEY', 'ACTIVO', 'AS'),
(163, 'TRANSPORTES FERIA', 'ACTIVO', 'AS'),
(164, 'GLOBAL RIFER ', 'ACTIVO', 'QE'),
(165, 'TRANSPORTE CARLOS ARANDA', 'ACTIVO', 'QE'),
(166, 'CLENCERVI', 'ACTIVO', 'QE'),
(167, 'TRANSPORTE ALNORTE SPA', 'ACTIVO', 'LZ'),
(168, 'TRANSPORTE ALNORTE SPA', 'ACTIVO', 'SL'),
(169, 'TRANSPORTES GIRONA', 'ACTIVO', 'GF'),
(170, 'LOGISTICA FERIS', 'ACTIVO', 'AS'),
(171, 'TRANS AMERICA', 'ACTIVO', 'AS'),
(172, 'TRANSPORTE BLANCO', 'ACTIVO', 'AS'),
(173, 'TRANSPORTES SAN FABIAN', 'ACTIVO', 'AS'),
(174, 'VALCAB', 'ACTIVO', 'AS'),
(175, 'TRANSPORTES ELIZABETH ARAYA ', 'ACTIVO', 'AS'),
(176, 'TNE LOGISTICA ', 'ACTIVO', 'AS'),
(177, 'LOGISTICA GALAZ', 'ACTIVO', 'AS'),
(178, 'CARTAGENA', 'ACTIVO', 'AS'),
(179, 'LOGISTICAS ALHER', 'ACTIVO', 'AS'),
(180, 'TRANSPORTES SILVESTRIN', 'ACTIVO', 'AS'),
(181, 'TRAYDILL', 'ACTIVO', 'GF'),
(182, 'OPB SERVICIOS INTEGRALES', 'ACTIVO', 'CT'),
(183, 'TRANSPORTE AMILCAR', 'ACTIVO', 'AS'),
(184, 'TRANSPORTE MONTE ALEGRE ', 'ACTIVO', 'AS'),
(185, 'TRANSPORTES MUÑOZ', 'ACTIVO', 'AS'),
(186, 'OPB SERVICIOS INTEGRALES', 'ACTIVO', 'CT'),
(187, 'TRANSPORTE MONDEL', 'ACTIVO', 'AS'),
(188, 'TRANSPORTE ZANINI', 'ACTIVO', 'AS'),
(189, 'TRANSPORTES CARTAGENA', 'ACTIVO', 'AS'),
(190, 'M. ROCKENBACH', 'ACTIVO', 'AS'),
(191, 'TRANSPORTES GATICA', 'ACTIVO', 'AS'),
(192, 'TRANSPORTES ROCKENBACH', 'ACTIVO', 'AS'),
(193, 'TRANSPORTE DALLOG', 'ACTIVO', 'AS'),
(194, 'TRANSPORTES JIMENA GARATE', 'ACTIVO', 'AS'),
(195, 'ROCKENBACH', 'ACTIVO', 'AS'),
(196, 'TRANSPORTE GALAZ LOGISTIC', 'ACTIVO', 'GF'),
(197, 'TRANSPORTES SAN PABLO', 'ACTIVO', 'QE'),
(198, 'TRANSPORTES ZENI', 'ACTIVO', 'AS'),
(199, 'TRANSPORTES SOTRAP', 'ACTIVO', 'QE'),
(200, 'TRANSPORTE JAVIER TRONCHE', 'ACTIVO', 'QE'),
(201, 'TRANSPORTES SERVITRAL ', 'ACTIVO', 'QE'),
(202, 'TRANSPORTES MARVEL ', 'ACTIVO', 'QE'),
(203, 'VALCAB', 'ACTIVO', 'QE'),
(204, 'TRANSOVAL', 'ACTIVO', 'QE'),
(205, 'FRIO EXPRESS', 'ACTIVO', 'AS'),
(206, 'BAEZA', 'ACTIVO', 'QE'),
(207, 'TRANSCOLD', 'ACTIVO', 'QE'),
(208, 'CAMILO HERRERA', 'ACTIVO', 'QE'),
(209, 'BELEN', 'ACTIVO', 'QE'),
(210, 'TYP CHILE', 'ACTIVO', 'QE'),
(211, 'BUR TRUCK', 'ACTIVO', 'QE'),
(212, 'TRANSPORTE SERT CHILE', 'ACTIVO', 'QE'),
(213, 'TRANSPORTES PAREDES', 'ACTIVO', 'QE'),
(214, 'LAZACANO', 'ACTIVO', 'QE'),
(215, 'T&P CHILE SPA', 'ACTIVO', 'QE'),
(216, 'PAREDES', 'ACTIVO', 'QE'),
(217, 'TRANSPORTES PISCIS', 'ACTIVO', 'QE'),
(218, 'ANCAR', 'ACTIVO', 'QE'),
(219, 'TRANSPORTES MAERSK', 'ACTIVO', 'QE'),
(220, 'ROLANDO GARCIA', 'ACTIVO', 'QE'),
(221, 'FRUTANGO', 'ACTIVO', 'QE'),
(222, 'SPT', 'ACTIVO', 'QE'),
(223, 'MCO', 'ACTIVO', 'QE'),
(224, 'NUEVA VIDA', 'ACTIVO', 'AS'),
(225, 'SOTRAMAR', 'ACTIVO', 'QE'),
(226, 'TRANSPORTES ELIZABETH', 'ACTIVO', 'QE'),
(227, 'PANQUEHUE', 'ACTIVO', 'QE'),
(228, 'TRAST', 'ACTIVO', 'QE'),
(229, 'RAUL ARIAS', 'ACTIVO', 'QE'),
(230, 'COMARSA', 'ACTIVO', 'QE'),
(231, 'MILTEX', 'ACTIVO', 'QE'),
(232, 'MILTEX', 'ACTIVO', 'QE'),
(233, 'TRANSPORTE PINTO', 'ACTIVO', 'QE'),
(234, 'VAL', 'ACTIVO', 'QE'),
(235, ' MAERSK', 'ACTIVO', 'AS'),
(236, 'ELIZABETH ARAYA', 'ACTIVO', 'SL'),
(237, 'TRANSPORTES AMILCAR', 'ACTIVO', 'QE'),
(238, 'ALLIKON TRANSPORTES', 'ACTIVO', 'QE'),
(239, 'AGUNZA', 'ACTIVO', 'GF'),
(240, 'SANTA AMALIA', 'ACTIVO', 'QE'),
(241, 'TAPIA HERMANOS', 'ACTIVO', 'QE'),
(242, 'TRANSPORTE TRASANDINO', 'ACTIVO', 'AS'),
(243, 'TRANSPORTES ARIAS', 'ACTIVO', 'QE'),
(244, 'CORONA', 'ACTIVO', 'QE'),
(245, 'PADWOR', 'ACTIVO', 'QE'),
(246, 'LOGISTIC', 'ACTIVO', 'QE'),
(247, 'PONCE', 'ACTIVO', 'QE'),
(248, 'PADWOR LOGISTICS', 'ACTIVO', 'GF'),
(249, 'PACIFIC CARGO', 'ACTIVO', 'QE'),
(250, 'MARCO CHAPARRO', 'ACTIVO', 'QE'),
(251, 'ENGLOBA', 'ACTIVO', 'QE'),
(252, 'SOTO HERMANOS', 'ACTIVO', 'QE'),
(253, 'GLOBAL LOGISTIC', 'ACTIVO', 'QE'),
(254, 'DOÑA CLARA', 'ACTIVO', 'QE'),
(255, 'TRANSPORTES PINTO GONZALEZ', 'ACTIVO', 'GF'),
(256, 'EL TRIGAL', 'ACTIVO', 'QE'),
(257, 'GRILLET', 'ACTIVO', 'QE'),
(258, 'SOUTH PACIFIC', 'ACTIVO', 'QE'),
(259, 'SML', 'ACTIVO', 'QE'),
(260, 'RAMIREZ', 'ACTIVO', 'QE'),
(261, 'GTM', 'ACTIVO', 'QE'),
(262, 'TURKEN', 'ACTIVO', 'QE'),
(263, 'TRANSSILL', 'ACTIVO', 'QE'),
(264, 'GREEN LOG', 'ACTIVO', 'QE'),
(265, 'TRANSPORTES G Y V ', 'ACTIVO', 'QE'),
(266, 'BRILHANTE', 'ACTIVO', 'AS'),
(267, 'JOSE GONZALEZ', 'ACTIVO', 'QE'),
(268, 'RAPEL', 'ACTIVO', 'AS'),
(269, 'TRANSPORTES ANGA', 'ACTIVO', 'AS'),
(270, 'VALCAB TRANSPORTES', 'ACTIVO', 'GF'),
(271, 'TRANSPORTES DR', 'ACTIVO', 'AS'),
(272, 'CARDENOSI', 'ACTIVO', 'AS'),
(273, 'RODOCAUP', 'ACTIVO', 'QE'),
(274, 'MONDEL', 'ACTIVO', 'QE'),
(275, 'TRAST', 'ACTIVO', 'AS'),
(276, 'TRANSPORTES ZANINI', 'ACTIVO', 'QE'),
(277, 'TRANSPORTES SEARA', 'ACTIVO', 'QE'),
(278, 'ANGA', 'ACTIVO', 'GF'),
(279, 'TRANSPORTES HIDALGO ROMERO', 'ACTIVO', 'GF'),
(280, 'GLOBAL LOGISTIC', 'ACTIVO', 'GF'),
(281, 'FERIX', 'ACTIVO', 'GF');

-- --------------------------------------------------------

--
-- Estructura de tabla para la tabla `detalle_validar`
--

CREATE TABLE `detalle_validar` (
  `id_detalle_validar` int(11) NOT NULL,
  `nombre_detalle` varchar(800) DEFAULT NULL
) ENGINE=InnoDB DEFAULT CHARSET=latin1;

--
-- Volcado de datos para la tabla `detalle_validar`
--

INSERT INTO `detalle_validar` (`id_detalle_validar`, `nombre_detalle`) VALUES
(6, 'TEMP PULPA'),
(7, 'TEMP SETEO'),
(8, 'APERTURA LAMPA'),
(9, 'ANO CAMION'),
(10, 'TEMP INTERNA');

-- --------------------------------------------------------

--
-- Estructura de tabla para la tabla `sys_cliente`
--

CREATE TABLE `sys_cliente` (
  `cliente_id` varchar(100) NOT NULL,
  `cliente_nombre` varchar(200) DEFAULT NULL,
  `usu_crea` varchar(12) DEFAULT NULL,
  `fecha_crea` datetime DEFAULT NULL,
  `estado` varchar(10) DEFAULT NULL
) ENGINE=InnoDB DEFAULT CHARSET=latin1;

--
-- Volcado de datos para la tabla `sys_cliente`
--

INSERT INTO `sys_cliente` (`cliente_id`, `cliente_nombre`, `usu_crea`, `fecha_crea`, `estado`) VALUES
('AF', 'AGROFRUTA', '17.433.723-3', '2023-06-05 15:43:00', 'ACTIVO'),
('AGRSUR', 'AGRÍCOLA DEL SUR', '17.433.723-3', '2022-11-18 15:43:00', 'ACTIVO'),
('AS', 'AGUA SANTA', '17.433.723-3', '2022-01-11 15:43:00', 'ACTIVO'),
('ASJ', 'AGR. SAN JOSE', '17.433.723-3', '2019-09-02 15:43:00', 'ACTIVO'),
('CT', 'CALINT', '17.433.723-3', '2020-03-27 15:43:00', 'ACTIVO'),
('EX', 'EXSER', '17.433.723-3', '2018-07-30 20:43:00', 'ACTIVO'),
('FA', 'FRUTA DE AUTOR', '17.433.723-3', '2023-05-26 15:43:00', 'ACTIVO'),
('GF', 'GEOFRUT', '17.433.723-3', '2018-07-30 20:43:00', 'ACTIVO'),
('GW', 'GROWER FRUITS', '17.433.723-3', '2023-02-16 15:43:00', 'INACTIVO'),
('LF', 'LIFEFRIENDS', '17.433.723-3', '2020-03-27 15:43:00', 'ACTIVO'),
('LL', 'LOS LIRIOS', '17.433.723-3', '2020-10-06 15:43:00', 'ACTIVO'),
('LZ', 'INGLOBOCHILE', '17.433.723-3', '2018-07-30 20:43:00', 'ACTIVO'),
('MA', 'MONTE ALTO', '17.433.723-3', '2020-10-06 15:43:00', 'ACTIVO'),
('MF', 'MONFRUT', '17.433.723-3', '2020-03-27 15:43:00', 'ACTIVO'),
('PG', 'PURA GESEX', '17.433.723-3', '2021-09-16 15:43:00', 'ACTIVO'),
('PR', 'PRUNESCO', '17.433.723-3', '2021-01-22 15:43:00', 'ACTIVO'),
('PV', 'PROVEX', '17.433.723-3', '2023-10-04 15:43:00', 'ACTIVO'),
('QE', 'QUELEN', '17.433.723-3', '2020-03-27 15:43:00', 'ACTIVO'),
('QED', 'QUELEN DESTINO', '17.433.723-3', '2020-03-27 15:43:00', 'ACTIVO'),
('RB', 'RIO BLANCO', '17.433.723-3', '2018-07-30 20:43:00', 'ACTIVO'),
('RBM', 'RIO BLANCO MEXICO', '17.433.723-3', '2022-11-15 20:43:00', 'ACTIVO'),
('SF', 'SOFRUCO', '17.433.723-3', '2020-10-06 15:43:00', 'ACTIVO'),
('SL', 'SUBSOLE', '17.433.723-3', '2022-01-11 15:43:00', 'ACTIVO'),
('SUN', 'SUNFRUITS', '17.433.723-3', '2023-06-05 15:43:00', 'ACTIVO'),
('TF', 'TRIOFRUT', '17.433.723-3', '2023-11-15 14:13:00', 'ACTIVO'),
('TR', 'TRUMAO', '17.433.723-3', '2018-11-28 15:43:00', 'ACTIVO');

-- --------------------------------------------------------

--
-- Estructura de tabla para la tabla `sys_detalle_cliente_programas`
--

CREATE TABLE `sys_detalle_cliente_programas` (
  `detalle_id` int(11) NOT NULL,
  `cliente_id` varchar(100) DEFAULT NULL,
  `programa_id` int(11) DEFAULT NULL,
  `link_sincro_planillas` varchar(400) NOT NULL,
  `link_sincro_fotos` varchar(400) NOT NULL,
  `link_sincro_a_tablet` varchar(400) NOT NULL
) ENGINE=InnoDB DEFAULT CHARSET=latin1;

--
-- Volcado de datos para la tabla `sys_detalle_cliente_programas`
--

INSERT INTO `sys_detalle_cliente_programas` (`detalle_id`, `cliente_id`, `programa_id`, `link_sincro_planillas`, `link_sincro_fotos`, `link_sincro_a_tablet`) VALUES
(1, 'GF', 1, 'http://rioblanco.inglobochile.cl/sincronizar/sincronizar_planillas_servidor.php', 'http://rioblanco.inglobochile.cl/sincronizar/servidor_fotos.php', 'http://rioblanco.inglobochile.cl/sincronizar/servidor_archivo.php'),
(3, 'RB', 1, 'http://rioblanco.inglobochile.cl/sincronizar/sincronizar_planillas_servidor.php', 'http://rioblanco.inglobochile.cl/sincronizar/servidor_fotos.php', 'http://rioblanco.inglobochile.cl/sincronizar/servidor_archivo.php'),
(4, 'ASJ', 1, 'http://rioblanco.inglobochile.cl/sincronizar/sincronizar_planillas_servidor.php', 'http://rioblanco.inglobochile.cl/sincronizar/servidor_fotos.php', 'http://rioblanco.inglobochile.cl/sincronizar/servidor_archivo.php'),
(5, 'TR', 1, 'http://rioblanco.inglobochile.cl/sincronizar/sincronizar_planillas_servidor.php', 'http://rioblanco.inglobochile.cl/sincronizar/servidor_fotos.php', 'http://rioblanco.inglobochile.cl/sincronizar/servidor_archivo.php'),
(6, 'CT', 1, 'http://inglobochile.cl/Inglobo2018/sincronizar/sincronizar_planillas_servidor.php', 'http://inglobochile.cl/Inglobo2018/sincronizar/servidor_fotos.php', 'http://inglobochile.cl/Inglobo2018/sincronizar/servidor_archivo.php'),
(7, 'PR', 1, 'http://inglobochile.cl/Inglobo2018/sincronizar/sincronizar_planillas_servidor.php', 'http://inglobochile.cl/Inglobo2018/sincronizar/servidor_fotos.php', 'http://inglobochile.cl/Inglobo2018/sincronizar/servidor_archivo.php'),
(8, 'PG', 1, 'http://rioblanco.inglobochile.cl/sincronizar/sincronizar_planillas_servidor.php', 'http://rioblanco.inglobochile.cl/sincronizar/servidor_fotos.php', 'http://rioblanco.inglobochile.cl/sincronizar/servidor_archivo.php'),
(9, 'RBM', 1, 'http://rioblanco.inglobochile.cl/sincronizar/sincronizar_planillas_servidor.php', 'http://rioblanco.inglobochile.cl/sincronizar/servidor_fotos.php', 'http://rioblanco.inglobochile.cl/sincronizar/servidor_archivo.php'),
(10, 'FA', 1, 'http://rioblanco.inglobochile.cl/sincronizar/sincronizar_planillas_servidor.php', 'http://rioblanco.inglobochile.cl/sincronizar/servidor_fotos.php', 'http://rioblanco.inglobochile.cl/sincronizar/servidor_archivo.php'),
(11, 'AF', 1, 'http://rioblanco.inglobochile.cl/sincronizar/sincronizar_planillas_servidor.php', 'http://rioblanco.inglobochile.cl/sincronizar/servidor_fotos.php', 'http://rioblanco.inglobochile.cl/sincronizar/servidor_archivo.php'),
(12, 'SUN', 1, 'http://rioblanco.inglobochile.cl/sincronizar/sincronizar_planillas_servidor.php', 'http://rioblanco.inglobochile.cl/sincronizar/servidor_fotos.php', 'http://rioblanco.inglobochile.cl/sincronizar/servidor_archivo.php'),
(14, 'PV', 1, 'http://rioblanco.inglobochile.cl/sincronizar/sincronizar_planillas_servidor.php', 'http://rioblanco.inglobochile.cl/sincronizar/servidor_fotos.php', 'http://rioblanco.inglobochile.cl/sincronizar/servidor_archivo.php'),
(15, 'QE', 1, 'http://rioblanco.inglobochile.cl/sincronizar/sincronizar_planillas_servidor.php', 'http://rioblanco.inglobochile.cl/sincronizar/servidor_fotos.php', 'http://rioblanco.inglobochile.cl/sincronizar/servidor_archivo.php'),
(16, 'QED', 1, 'http://rioblanco.inglobochile.cl/sincronizar/sincronizar_planillas_servidor.php', 'http://rioblanco.inglobochile.cl/sincronizar/servidor_fotos.php', 'http://rioblanco.inglobochile.cl/sincronizar/servidor_archivo.php'),
(17, 'TF', 1, 'http://rioblanco.inglobochile.cl/sincronizar/sincronizar_planillas_servidor.php', 'http://rioblanco.inglobochile.cl/sincronizar/servidor_fotos.php', 'http://rioblanco.inglobochile.cl/sincronizar/servidor_archivo.php'),
(18, 'EX', 1, 'http://rioblanco.inglobochile.cl/sincronizar/sincronizar_planillas_servidor.php', 'http://rioblanco.inglobochile.cl/sincronizar/servidor_fotos.php', 'http://rioblanco.inglobochile.cl/sincronizar/servidor_archivo.php');

-- --------------------------------------------------------

--
-- Estructura de tabla para la tabla `sys_programas`
--

CREATE TABLE `sys_programas` (
  `programa_id` int(11) NOT NULL,
  `programa_nombre` varchar(50) DEFAULT NULL,
  `estado` varchar(10) DEFAULT NULL
) ENGINE=InnoDB DEFAULT CHARSET=latin1;

--
-- Volcado de datos para la tabla `sys_programas`
--

INSERT INTO `sys_programas` (`programa_id`, `programa_nombre`, `estado`) VALUES
(1, 'CALIDAD', 'ACTIVO'),
(2, 'CONTROL DE PROCESO', 'ACTIVO'),
(3, 'CONTENEDORES', 'ACTIVO');

-- --------------------------------------------------------

--
-- Estructura de tabla para la tabla `sys_sesion`
--

CREATE TABLE `sys_sesion` (
  `id_sesion` int(11) NOT NULL,
  `usuario` varchar(12) DEFAULT NULL,
  `fecha_inicio` datetime DEFAULT NULL,
  `cliente_id` varchar(100) DEFAULT NULL
) ENGINE=InnoDB DEFAULT CHARSET=latin1;

--
-- Volcado de datos para la tabla `sys_sesion`
--

INSERT INTO `sys_sesion` (`id_sesion`, `usuario`, `fecha_inicio`, `cliente_id`) VALUES
(1, '11.111.111-1', '2022-10-25 03:53:57', 'RB'),
(2, '11.111.111-1', '2022-10-25 03:54:29', 'RB'),
(3, '15.143.810-5', '2022-10-25 03:55:49', 'RB'),
(4, '11.111.111-1', '2022-10-25 03:58:38', 'RB'),
(5, '11.111.111-1', '2022-10-25 04:17:40', 'RB'),
(6, '11.111.111-1', '2022-10-25 04:43:06', 'RB'),
(7, '11.111.111-1', '2022-10-25 04:53:20', 'RB'),
(8, '15.143.810-5', '2022-10-25 05:52:15', 'RB'),
(9, 'sofruco', '2022-10-25 09:54:57', 'SF'),
(10, 'adminrio', '2022-10-25 10:54:47', 'RB'),
(11, 'adminsofruco', '2022-10-25 11:52:35', 'SF'),
(12, 'sofrucoprueb', '2022-10-25 12:03:55', 'SF'),
(13, 'adminsofruco', '2022-10-25 12:05:08', 'SF'),
(14, '16.179.040-0', '2022-10-25 12:07:33', 'SF'),
(15, '16.179.040-0', '2022-10-25 12:20:17', 'SF'),
(16, '15.143.810-5', '2022-10-25 13:42:14', 'RB'),
(17, 'calidadct', '2022-10-25 13:53:41', 'CT'),
(18, 'calidadct', '2022-10-25 13:53:55', 'CT'),
(19, 'calidadct', '2022-10-25 13:53:56', 'CT'),
(20, '15.143.810-5', '2022-10-25 14:07:54', 'RB'),
(21, '16.179.040-0', '2022-10-25 14:53:29', 'SF'),
(22, '15.143.810-5', '2022-10-25 15:00:24', 'RB'),
(23, 'ingloboadmin', '2022-10-25 15:19:35', 'GF'),
(24, '15.143.810-5', '2022-10-25 15:24:05', 'RB'),
(25, 'adminrio', '2022-10-25 15:26:08', 'RB'),
(26, '11.111.111-1', '2022-10-25 15:27:50', 'RB'),
(27, 'adminrio', '2022-10-25 15:32:23', 'RB'),
(28, '15.143.810-5', '2022-10-25 15:32:49', 'RB'),
(29, '11.111.111-1', '2022-10-25 15:34:43', 'RB'),
(30, '17.433.723-3', '2022-10-25 15:43:23', 'RB'),
(31, '16.179.040-0', '2022-10-25 15:45:06', 'SF'),
(32, '15.143.810-5', '2022-10-25 15:52:34', 'RB'),
(33, '17.433.723-3', '2022-10-25 15:56:51', 'RB'),
(34, '15.143.810-5', '2022-10-25 16:02:46', 'RB'),
(35, '11.111.111-1', '2022-10-25 16:06:19', 'RB'),
(36, '17.433.723-3', '2022-10-25 16:11:50', 'RB'),
(37, '11.111.111-1', '2022-10-25 16:23:04', 'RB'),
(38, '17.433.723-3', '2022-10-25 16:38:44', 'RB'),
(39, 'adminrio', '2022-10-25 16:59:23', 'RB'),
(40, '15.143.810-5', '2022-10-25 11:12:43', 'RB'),
(41, '15.143.810-5', '2022-10-25 18:16:42', 'RB'),
(42, '15.143.810-5', '2022-10-25 19:17:16', 'RB'),
(43, '15.143.810-5', '2022-10-25 19:17:16', 'RB'),
(44, 'geofrut', '2022-10-25 20:01:21', 'GF'),
(45, '15.143.810-5', '2022-10-25 20:35:19', 'RB'),
(46, '11.111.111-1', '2022-10-25 20:55:50', 'RB'),
(47, '15.143.810-5', '2022-10-25 21:15:55', 'RB'),
(48, '11.111.111-1', '2022-10-25 21:19:37', 'RB'),
(49, '15.143.810-5', '2022-10-25 21:23:06', 'RB'),
(50, '11.111.111-1', '2022-10-25 21:23:59', 'RB'),
(51, 'geofrut', '2022-10-25 21:29:27', 'GF'),
(52, '16.179.040-0', '2022-10-26 09:32:42', 'SF'),
(53, '16.179.040-0', '2022-10-26 09:42:53', 'SF'),
(54, '16.179.040-0', '2022-10-26 09:42:56', 'SF'),
(55, 'adminrio', '2022-10-26 09:44:29', 'RB'),
(56, 'sofruco', '2022-10-26 09:50:00', 'SF'),
(57, 'sofruco', '2022-10-26 09:58:05', 'SF'),
(58, 'adminsas', '2022-10-26 10:06:04', 'AS'),
(59, 'ingloboadmin', '2022-10-26 10:46:48', 'GF'),
(60, 'adminsas', '2022-10-26 10:47:12', 'AS'),
(61, 'geofrut', '2022-10-26 11:06:14', 'GF'),
(62, 'geofrut', '2022-10-26 11:07:02', 'GF'),
(63, 'geofrut', '2022-10-26 11:17:11', 'GF'),
(64, 'ingloboadmin', '2022-10-26 11:33:36', 'GF'),
(65, 'calidadct', '2022-10-26 11:33:58', 'CT'),
(66, '16.179.040-0', '2022-10-26 11:35:40', 'SF'),
(67, 'calidadct', '2022-10-26 11:36:15', 'CT'),
(68, 'calidadct', '2022-10-26 11:36:58', 'CT'),
(69, 'calidadct', '2022-10-26 11:37:24', 'CT'),
(70, '16.737.376-3', '2022-10-26 11:38:25', 'CT'),
(71, 'adminsas', '2022-10-26 11:43:08', 'AS'),
(72, '13.883.616-9', '2022-10-26 11:50:43', 'GF'),
(73, 'calidadct', '2022-10-26 11:51:06', 'CT'),
(74, 'calidadct', '2022-10-26 11:52:27', 'CT'),
(75, 'calidadct', '2022-10-26 11:53:01', 'CT'),
(76, '14.526.769-2', '2022-10-26 11:53:45', 'CT'),
(77, '14.526.769-2', '2022-10-26 11:56:45', 'CT'),
(78, 'geofrut', '2022-10-26 12:03:13', 'GF'),
(79, '19.265.791-1', '2022-10-26 12:03:26', 'GF'),
(80, 'adminsas', '2022-10-26 12:28:34', 'AS'),
(81, '19.265.791-1', '2022-10-26 12:37:02', 'GF'),
(82, 'admincalint', '2022-10-26 12:59:41', 'CT'),
(83, 'adminsas', '2022-10-26 14:05:06', 'AS'),
(84, '76.408.816-6', '2022-10-26 14:35:07', 'RB'),
(85, '15.143.810-5', '2022-10-26 14:35:29', 'RB'),
(86, '11.111.111-1', '2022-10-26 14:36:33', 'RB'),
(87, 'adminsas', '2022-10-26 14:45:36', 'AS'),
(88, '16.179.040-0', '2022-10-26 17:57:03', 'SF'),
(89, 'adminsas', '2022-10-26 20:17:58', 'AS'),
(90, 'adminsas', '2022-10-26 22:00:37', 'AS'),
(91, 'ingloboadmin', '2022-10-26 22:46:22', 'GF'),
(92, '22.222.222-2', '2022-10-27 02:43:01', 'GF'),
(93, '22.222.222-2', '2022-10-27 03:16:52', 'GF'),
(94, 'contenedor 5', '2023-12-28 14:35:37', 'QE'),
(95, 'contenedor 5', '2024-06-14 13:51:43', 'QE'),
(96, 'contenedor 5', '2024-06-14 14:57:22', 'QE'),
(97, 'contenedor 5', '2024-06-17 08:24:58', 'QE'),
(98, 'contenedor 5', '2024-06-17 09:38:12', 'QE'),
(99, 'contenedor 5', '2024-06-18 09:10:51', 'QE'),
(100, 'contenedor 5', '2024-06-19 07:55:54', 'QE'),
(101, 'contenedor 5', '2024-06-19 07:56:43', 'QE'),
(102, 'contenedor 5', '2024-06-19 08:10:59', 'QE'),
(103, 'contenedor 5', '2024-06-19 11:40:45', 'QE'),
(104, 'contenedor 5', '2024-06-19 12:06:09', 'QE'),
(105, 'contenedor 5', '2024-06-19 12:06:26', 'QE'),
(106, 'contenedor 5', '2024-07-09 10:22:01', 'QE'),
(107, 'contenedor 5', '2024-07-12 10:28:08', 'QE'),
(108, 'contenedor 5', '2024-07-12 10:30:30', 'QE'),
(109, 'contenedor 5', '2024-08-05 10:38:55', 'QE'),
(110, 'contenedor 5', '2024-08-06 10:16:56', 'QE'),
(111, 'contenedor 5', '2022-01-03 17:39:44', 'QE'),
(112, 'contenedor 5', '2024-08-08 13:47:40', 'QE'),
(113, 'contenedor 5', '2024-08-09 15:24:41', 'QE'),
(114, 'contenedor 5', '2024-08-13 11:29:55', 'QE'),
(115, 'contenedor 5', '2024-08-14 13:08:28', 'QE'),
(116, 'contenedor 5', '2024-08-14 14:10:05', 'QE'),
(117, 'contenedor 5', '2024-08-14 14:17:57', 'QE'),
(118, 'contenedor 5', '2024-08-14 16:18:58', 'QE'),
(119, 'contenedor 5', '2024-08-15 17:07:33', 'QE'),
(120, 'contenedor 5', '2024-08-16 15:02:31', 'QE'),
(121, 'contenedor 5', '2024-08-16 17:33:27', 'QE'),
(122, 'contenedor 5', '2024-08-16 18:54:16', 'QE'),
(123, 'contenedor 5', '2024-08-19 07:27:54', 'QE'),
(124, 'contenedor 5', '2024-08-19 08:04:21', 'QE'),
(125, 'contenedor 5', '2024-08-19 08:51:39', 'QE'),
(126, 'contenedor 5', '2024-08-19 09:52:51', 'QE'),
(127, 'contenedor 5', '2024-08-19 10:19:10', 'QE'),
(128, 'contenedor 5', '2024-08-19 10:23:11', 'QE'),
(129, 'contenedor 5', '2024-08-19 10:51:28', 'QE'),
(130, 'contenedor 5', '2024-08-19 12:21:47', 'QE'),
(131, 'contenedor 5', '2024-08-20 09:22:16', 'QE'),
(132, 'contenedor 5', '2024-08-21 07:35:10', 'QE'),
(133, 'contenedor 5', '2024-08-21 14:19:47', 'QE'),
(134, 'contenedor 5', '2024-08-30 10:11:09', 'QE'),
(135, 'contenedor 5', '2024-08-30 14:16:55', 'QE'),
(136, 'contenedor 5', '2024-08-30 18:47:58', 'QE'),
(137, 'contenedor 5', '2024-08-30 18:50:23', 'QE'),
(138, 'contenedor 5', '2024-09-30 08:49:41', 'QE'),
(139, 'contenedor 5', '2024-10-01 07:17:10', 'QE'),
(140, 'contenedor 5', '2024-10-01 07:43:04', 'QE'),
(141, 'contenedor 5', '2024-10-01 07:47:33', 'QE'),
(142, 'contenedor 5', '2024-10-01 07:50:26', 'QE'),
(143, 'contenedor 5', '2024-10-16 12:09:11', 'QE'),
(144, 'contenedor 5', '2024-10-18 15:33:10', 'QE');

-- --------------------------------------------------------

--
-- Estructura de tabla para la tabla `sys_sincro_sistema_contenedores`
--

CREATE TABLE `sys_sincro_sistema_contenedores` (
  `id` int(11) NOT NULL,
  `link_guardado` varchar(300) DEFAULT NULL,
  `archivo` longblob,
  `nombre_archivo` varchar(150) DEFAULT NULL
) ENGINE=InnoDB DEFAULT CHARSET=latin1;

-- --------------------------------------------------------

--
-- Estructura de tabla para la tabla `sys_tipo_usuario`
--

CREATE TABLE `sys_tipo_usuario` (
  `id_tipousuario` int(11) NOT NULL,
  `nombre_tipousuario` varchar(25) DEFAULT NULL
) ENGINE=InnoDB DEFAULT CHARSET=latin1;

--
-- Volcado de datos para la tabla `sys_tipo_usuario`
--

INSERT INTO `sys_tipo_usuario` (`id_tipousuario`, `nombre_tipousuario`) VALUES
(1, 'SUPER ADMIN'),
(2, 'ADMINISTRADOR'),
(3, 'SUPERVISOR'),
(4, 'INSPECTOR'),
(5, 'CLIENTE'),
(6, 'CLIENTE ZONAL'),
(7, 'CLIENTE PRODUCTOR'),
(8, 'CLIENTE PACKING'),
(9, 'GERENCIA'),
(10, 'HUERTO'),
(11, 'SUPER INGLOBO'),
(12, 'CLIENTE GRUPO PRODUCTOR');

-- --------------------------------------------------------

--
-- Estructura de tabla para la tabla `sys_usuario`
--

CREATE TABLE `sys_usuario` (
  `usuario_rut` varchar(12) NOT NULL,
  `usuario_nombre` varchar(100) DEFAULT NULL,
  `usuario_apepaterno` varchar(100) DEFAULT NULL,
  `usuario_apematerno` varchar(100) DEFAULT NULL,
  `usuario_clave` varchar(20) DEFAULT NULL,
  `id_tipousuario` int(11) DEFAULT NULL,
  `usuario_fechaingreso` datetime DEFAULT NULL,
  `usuario_intentos` int(11) DEFAULT NULL,
  `usuario_estado` varchar(10) DEFAULT NULL,
  `usuario_mail` varchar(150) DEFAULT NULL,
  `usuario_telefono` varchar(15) DEFAULT NULL,
  `usuario_folio` double DEFAULT NULL,
  `ultimo_folio` double NOT NULL,
  `usuario_foto` varchar(50) DEFAULT NULL,
  `cliente_zonal` int(11) NOT NULL,
  `cliente_id` varchar(100) DEFAULT NULL
) ENGINE=InnoDB DEFAULT CHARSET=latin1;

--
-- Volcado de datos para la tabla `sys_usuario`
--

INSERT INTO `sys_usuario` (`usuario_rut`, `usuario_nombre`, `usuario_apepaterno`, `usuario_apematerno`, `usuario_clave`, `id_tipousuario`, `usuario_fechaingreso`, `usuario_intentos`, `usuario_estado`, `usuario_mail`, `usuario_telefono`, `usuario_folio`, `ultimo_folio`, `usuario_foto`, `cliente_zonal`, `cliente_id`) VALUES
('', 'cvasquez', 'Vasquez', '', '123', 4, '0000-00-00 00:00:00', 3, 'BLOQUEADO', '', '', 546.0011, 0, '', 0, 'AS'),
('1', 'prueba', '', '', '123', 4, '2023-05-10 10:32:49', 0, 'ACTIVO', '', '', 24.0003, 0, '', 0, 'ASJ'),
('10.130.257-1', 'RAUL', 'LEIVA', '', '123', 5, '2023-05-19 15:34:42', 0, 'ACTIVO', '', '', 241, 0, '', 0, 'SF'),
('10.283.869-6', 'NAYADA', 'GONZALEZ', '', '123', 4, '0000-00-00 00:00:00', 0, 'ACTIVO', '', '', 615.0005, 0, '', 0, 'LL'),
('10.298.944-9', 'LUCY', 'ZAPATA', 'DE LA FUENTE', '123', 4, '2024-10-18 10:40:47', 0, 'ACTIVO', '', '', 900.0001, 0, '', 0, 'LZ'),
('10.351.841-5', 'CRISTIAN', 'LATORRE', 'HUERTA', '123', 4, '0000-00-00 00:00:00', 0, 'ACTIVO', '', '', 881.0061, 0, '', 0, 'GF'),
('10.801.554-3', 'MAURICIO ALEJANDRO', 'TOBAR', 'FUENTES', '123', 4, '2024-04-12 12:50:56', 0, 'ACTIVO', '', '', 887.0026, 0, '', 0, 'MA'),
('10.853.631-8', 'VICENTE', 'ROJAS', 'ROJAS', 'geo', 4, '0000-00-00 00:00:00', 0, 'INACTIVO', '', '', 189, 0, '', 0, 'GF'),
('10.867.843-7', 'CAROLINA', 'HERNANDEZ', 'MURA', '123', 4, '2022-12-20 16:07:04', 0, 'INACTIVO', '', '', 244.0115, 0, '', 0, 'GF'),
('10.883.423-4', 'MANUEL HERNAN', 'DIAZ', 'PALMA', '123', 4, '2024-02-29 15:17:44', 0, 'ACTIVO', '', '', 857.0009, 0, '', 0, 'GF'),
('10.923.064-2', 'JOSE LUIS', 'MARMOLEJO', '', '123', 5, '2024-06-26 09:59:31', 0, 'ACTIVO', '', '', 235, 0, '', 0, 'SF'),
('10.982.114-4', 'ERNESTO', 'REYES', 'CARBULLANCA', '123', 4, '2024-03-16 17:24:19', 0, 'ACTIVO', '', '', 222.0351, 0, '', 0, 'GF'),
('11.111.111-1', 'PRUEBA', 'RIO', 'BLANCO', '123', 4, '2024-10-15 16:23:37', 0, 'ACTIVO', '', '', 39.006, 0, '', 0, 'RB'),
('11.509.758-k', 'RICARDO', 'LEMUS', 'CASTILLO', '123', 4, '0000-00-00 00:00:00', 0, 'ACTIVO', '', '', 325, 0, '', 0, 'RB'),
('11.522.106-k', 'PAOLA', 'CERNA', 'CONSTANZO', '123', 4, '2023-08-21 11:22:16', 0, 'ACTIVO', '', '', 414.0013, 0, '', 0, 'SL'),
('11.529.595-0', 'ERICK', 'LEIVA', '', '123', 5, '2023-08-07 21:04:23', 0, 'ACTIVO', '', '', 234, 0, '', 0, 'SF'),
('11.554.846-8', 'ISMENIA', 'VERGARA', 'PONCE', '123', 4, '2023-12-06 19:55:10', 0, 'ACTIVO', '', '', 219.1396, 0, '', 0, 'SF'),
('11.759.969-8', 'IGNACIO SEGUNDO', 'DIAZ', 'GALAZ', '123', 4, '2024-03-07 09:04:44', 0, 'ACTIVO', '', '', 686.0063, 0, '', 0, 'GF'),
('11.888.031-5', 'GLORIA ', 'HERRERA', 'MONCADA', 'geo', 4, '2023-11-15 08:28:19', 0, 'ACTIVO', '', '', 181.0001, 0, '', 0, 'GF'),
('11.891.760-K', 'PAOLA ', 'CORNEJO', '', '123', 4, '0000-00-00 00:00:00', 0, 'ACTIVO', '', '', 694.0055, 0, '', 0, 'TF'),
('11.981.507-K', 'RICARDO ANDRES', 'MIRANDA', 'BRAVO', '123', 4, '2024-03-22 20:52:29', 0, 'ACTIVO', '', '', 891.0001, 0, '', 0, 'GF'),
('12.167.312-6', 'LUZ', 'GONZALEZ', 'TURRIETA', '123', 4, '2024-02-24 11:53:42', 0, 'ACTIVO', '', '', 831.0019, 0, '', 0, 'RB'),
('12.171.633-K', 'FRANCISCO', 'CORTES', '.', '123', 4, '2024-08-28 11:16:30', 0, 'ACTIVO', '', '', 217.0155, 0, '', 0, 'RB'),
('12.355.044-7', 'Alexis', 'Donoso', 'Orellana', '123', 4, '2023-12-16 08:53:06', 0, 'ACTIVO', '', '', 737.0011, 0, '', 0, 'GF'),
('12.516.327-0', 'TERESILDA DEL CARMEN', 'ARANGUIZ', 'GUZMAN', '123', 4, '2022-04-24 15:07:17', 0, 'ACTIVO', '', '', 398.0134, 0, '', 0, 'LL'),
('12.579.152-2', 'FABIOLA', 'NUÑEZ', '', '123', 4, '2021-06-17 21:13:22', 0, 'ACTIVO', '', '', 210, 0, '', 0, 'RB'),
('12.619.198-7', 'SOLANGE', 'AVALOS', '.', '123', 4, '2024-09-12 16:07:20', 0, 'ACTIVO', '', '', 223.0086, 0, '', 0, 'RB'),
('12.631.892-8', 'ERIKA', 'ROMAN', '', '123', 4, '2024-08-20 12:30:59', 0, 'ACTIVO', '', '', 521.0038, 0, '', 0, 'AS'),
('12.674.466-8', 'Karolina', 'ahumada', '', '123', 4, '0000-00-00 00:00:00', 0, 'ACTIVO', '', '', 801, 0, '', 0, 'RB'),
('12.684.258-9', 'FRANCISCO', 'PINO', 'BAEZ', '123', 4, '2023-03-01 13:08:24', 0, 'ACTIVO', '', '', 449.0123, 0, '', 0, 'LL'),
('12.777.871-K', 'HECTOR', 'GAETE', 'ROMO', '123', 4, '2023-12-11 09:45:32', 0, 'ACTIVO', '', '', 731.0007, 0, '', 0, 'GF'),
('12.778.748-4', 'VANESSA', 'SOBARZO', '', '123', 4, '2024-02-16 20:25:43', 0, 'ACTIVO', '', '', 611.0038, 0, '', 0, 'GF'),
('12.781.828-2', 'ANA', 'VALDES', '', '123', 4, '2024-08-16 00:18:07', 0, 'ACTIVO', '', '', 908.0038, 0, '', 0, 'PV'),
('12.806.425-7', 'OLGA', 'TAPIA', '', '123', 4, '2024-08-22 17:21:41', 0, 'ACTIVO', '', '', 924.0004, 0, '', 0, 'RB'),
('12.895.212-8', 'MARCIA', 'DIAZ', 'VALENZUELA', '123', 4, '2024-09-12 20:32:59', 0, 'ACTIVO', '', '', 901.0055, 0, '', 0, 'PV'),
('13.098.570-K', 'YOVANA', 'OLIVERO', 'LORCA', '123', 4, '2023-04-25 19:35:30', 0, 'ACTIVO', '', '', 71.0002, 0, '', 0, 'CT'),
('13.178.648-4', 'CARLOS', 'MALDONADO', '.', '123', 4, '2020-12-29 16:27:46', 0, 'ACTIVO', '', '', 102, 0, '', 0, 'RB'),
('13.200.586-9', 'CLAUDIO ANTONIO', 'SUAREZ ', 'GAETE', '123', 4, '0000-00-00 00:00:00', 0, 'ACTIVO', '', '', 883, 0, '', 0, 'GF'),
('13.264.432-2', 'LUIS MARCELO', 'VERGARA', 'CONTRERAS', '123', 5, '2024-10-15 14:27:26', 0, 'ACTIVO', '', '', 931, 0, '', 0, 'SF'),
('13.342.985-9', 'BEATRIZ MACARENA', 'ROJAS', 'MORENO', '123', 4, '2024-04-04 19:11:04', 0, 'ACTIVO', '', '', 448.0171, 0, '', 0, 'GF'),
('13.344.531-5', 'MARIELA', 'MALUENDA', 'BECERRA', 'geo', 4, '2022-08-03 20:22:02', 0, 'ACTIVO', '', '', 182, 0, '', 0, 'GF'),
('13.346.571-5', 'MARCELO ANTONIO', 'MARDONES', 'ORELLANA', '123', 4, '2022-07-13 18:12:55', 2, 'INACTIVO', '', '', 56.0241, 0, '', 0, 'GF'),
('13.349.544-4', 'JUAN', 'SALAZAR', 'CACERES', '123', 4, '0000-00-00 00:00:00', 0, 'INACTIVO', '', '', 667.0098, 0, '', 0, 'AS'),
('13.434.757-0', 'VERONICA LEONOR', 'AHUMADA', 'LATORRE', '123', 4, '0000-00-00 00:00:00', 0, 'ACTIVO', '', '', 833.0001, 0, '', 0, 'RB'),
('13.473.993-2', 'MARIA BEATRIZ', 'REYES', 'MELENDEZ', '123', 4, '2024-04-04 19:12:14', 0, 'ACTIVO', '', '', 442.0077, 0, '', 0, 'MA'),
('13.510.038-2', 'PAOLA HORTENSIA', 'COLOMA', 'CASTILLA', '123', 4, '0000-00-00 00:00:00', 0, 'ACTIVO', '', '', 507.0026, 0, '', 0, 'GF'),
('13.573.726-7', 'JORGE', 'NUÑEZ', '', '123', 4, '2024-06-19 18:00:08', 0, 'ACTIVO', '', '', 868.0017, 0, '', 0, 'RB'),
('13.671.124-5', 'ANDRE', 'SALINAS', 'MUÑOZ', '123', 4, '2024-01-05 20:04:39', 0, 'ACTIVO', '', '', 714.0072, 0, '', 0, 'QE'),
('13.717.901-6', 'PAULA', 'CONTRERAS', 'ROJAS', '123', 4, '2024-06-18 10:01:55', 0, 'ACTIVO', '', '', 215.0289, 0, '', 0, 'GF'),
('13.721.533-0', 'RODRIGO', 'MAURO', 'TRONCOSO', '123', 4, '2021-02-03 18:53:35', 0, 'ACTIVO', '', '', 118.0052, 0, '', 0, 'PR'),
('13.781.463-3', 'MARIA CECILIA', 'ACUÑA', 'BRAVO', '123', 4, '2022-03-18 00:20:54', 0, 'ACTIVO', '', '', 343.0109, 0, '', 0, 'GF'),
('13.783.772-2', 'WILLIAMS RICARDO', 'CESPEDES', 'SILVA', '123', 4, '0000-00-00 00:00:00', 0, 'ACTIVO', '', '', 577.0016, 0, '', 0, 'MA'),
('13.827.441-1', 'LEANDRA', 'CARRASCO', 'CARRASCO', '123', 2, '2023-07-13 12:38:42', 0, 'ACTIVO', '', '', 2, 0, '', 0, 'RB'),
('13.828.073-k', 'Nataly', 'Ortiz', '', '123', 4, '2024-02-13 11:31:55', 0, 'ACTIVO', '', '', 800.0092, 0, '', 0, 'RB'),
('13.883.616-1', 'JUAN FRANCISCO', 'OLIVARES', 'MORALES', 'GEO', 4, '0000-00-00 00:00:00', 0, 'INACTIVO', '', '', 103, 0, '', 0, 'GF'),
('13.883.616-9', 'JUAN FRANCISCO', 'OLIVARES', 'MORALES', 'geo', 4, '2023-04-19 09:58:04', 0, 'ACTIVO', '', '', 104.003, 0, '', 0, 'GF'),
('13.943.760-8', 'ANDREA IGNACIA', 'ALVAREZ', 'TORRES', '123', 4, '2024-01-02 17:52:28', 0, 'ACTIVO', '', '', 763.0029, 0, '', 0, 'LL'),
('13.944.622-4', 'CLAUDIA', 'MUÑOZ', 'YAÑEZ', '123', 4, '2023-11-03 10:04:08', 0, 'ACTIVO', '', '', 385, 0, '', 0, 'RB'),
('13.944.932-0', 'DANIEL', 'REYES', '', '123', 4, '2024-02-16 12:01:31', 0, 'ACTIVO', '', '', 246.007, 0, '', 0, 'AS'),
('13.948.048-1', 'VICTOR', 'GONZALEZ', '', '123', 4, '2024-04-08 21:20:35', 0, 'ACTIVO', '', '', 695, 0, '', 0, ''),
('13.989.909-1', 'VICTOR', 'CESPEDES', '', '123', 4, '2022-01-06 16:19:35', 0, 'ACTIVO', '', '', 256, 0, '', 0, 'RB'),
('13.995.321-5', 'GIANINA', 'GARCIA', '', '123', 4, '0000-00-00 00:00:00', 0, 'ACTIVO', '', '', 208, 0, '', 0, 'RB'),
('14.010.021-0', 'FREDDY', 'REYES', '2', '123', 4, '2023-02-17 17:04:19', 0, 'ACTIVO', '', '', 533.0008, 0, '', 0, 'AS'),
('14.010.021-8', 'FREDDY', 'REYES', 'SILVA', '123', 4, '2022-12-19 13:32:30', 0, 'ACTIVO', '', '', 450.0104, 0, '', 0, 'AS'),
('14.013.835-5', 'CAROLINA DEL CARMEN', 'ORELLANA', 'SILVA', '123', 4, '2024-09-11 15:25:03', 0, 'ACTIVO', '', '', 899.0104, 0, '', 0, 'SF'),
('14.048.776-7', 'VERONICA', 'BARROS', 'PINO', '123', 4, '2022-08-02 16:24:18', 0, 'ACTIVO', '', '', 404.0018, 0, '', 0, 'GF'),
('14.052.154-k', 'CAROLINA', 'ESPINOZA', 'MURILLO', '123', 4, '0000-00-00 00:00:00', 0, 'ACTIVO', '', '', 345.0029, 0, '', 0, 'MA'),
('14.172.030-9', 'PAOLA', 'URIBE', '', '123456', 5, '2024-10-09 12:30:40', 0, 'ACTIVO', '', '', 706, 0, '', 0, 'PV'),
('14.174.153-5', 'MARGARITA', 'GONZALEZ', '', '123', 4, '2024-09-24 16:12:58', 0, 'ACTIVO', '', '', 708.0051, 0, '', 0, 'PV'),
('14.204.054-9', 'ANDRES MAXIMO', 'SANCHEZ', 'SAN MARTIN', '123', 4, '0000-00-00 00:00:00', 0, 'ACTIVO', '', '', 457.0174, 0, '', 0, 'SL'),
('14.242.117-8', 'JUAN ANDRES', 'GALVEZ', 'GUZMAN', 'geo', 4, '2022-08-10 10:45:43', 0, 'ACTIVO', '', '', 82.0067, 0, '', 0, 'GF'),
('14.333.556-9', 'Alicia ', 'Lazo ', 'Varela', '123', 4, '2023-12-16 17:44:23', 0, 'ACTIVO', '', '', 736.005, 0, '', 0, 'GF'),
('14.357.617-5', 'CLAUDIA', 'ROMERO', '', '123', 4, '0000-00-00 00:00:00', 0, 'ACTIVO', '', '', 376, 0, '', 0, 'RB'),
('14.511.385-7', 'Pamela', 'Cardenas', '', '123456', 4, '2023-07-12 14:47:14', 0, 'INACTIVO', '', '', 632.0004, 0, '', 0, 'AF'),
('14.526.769-2', 'TERESA', 'OSORIO', 'PEREZ', '123', 5, '2023-11-29 12:02:56', 0, 'ACTIVO', '', '', 64.0006, 0, '', 0, 'GF'),
('14.592.485-5', 'CLAUDIA', 'VASQUEZ', '', '123', 4, '2024-05-22 08:36:11', 0, 'ACTIVO', '', '', 856.0017, 0, '', 0, 'AF'),
('15.037.722-6', 'MAKARENA ', 'ARAYA ', 'ALFARO', '123', 4, '0000-00-00 00:00:00', 0, 'ACTIVO', '', '', 792.0022, 0, '', 0, 'RB'),
('15.042.976-5', 'MARIA', 'SEGOVIA', '', '123', 4, '2024-09-10 20:10:25', 0, 'ACTIVO', '', '', 913.0024, 0, '', 0, 'EX'),
('15.060.234-3', 'STEFANY', 'DONOSO', 'RODRIGUEZ', '123', 4, '2021-02-21 13:58:04', 0, 'ACTIVO', '', '', 157, 0, '', 0, 'RB'),
('15.091.268-7', 'JOSELYN ELISA', 'ROCCO', 'LARA', '123', 4, '2022-02-09 12:33:30', 0, 'ACTIVO', '', '', 141.0025, 0, '', 0, 'RB'),
('15.092.807-9', 'OLGA', 'FREDES', '', '123', 4, '2024-08-20 18:31:08', 0, 'ACTIVO', '', '', 269.0099, 0, '', 0, 'EX'),
('15.103.046-7', 'VICTOR', 'ZUÑIGA', '.', '123', 4, '2020-11-24 17:59:42', 0, 'ACTIVO', '', '', 41, 0, '', 0, 'RB'),
('15.104.675-4', 'CAROLINA', 'MORALES ', 'MORALES', 'geo', 4, '2021-03-29 09:31:05', 0, 'ACTIVO', '', '', 148.0075, 0, '', 0, 'GF'),
('15.104.766-1', 'MARIA JOSE', 'VARGAS', 'GALAZ', '123', 4, '2022-03-29 13:20:40', 0, 'ACTIVO', '', '', 399.0075, 0, '', 0, 'MA'),
('15.107.300-K', 'JHANS', 'NUÑEZ', 'PEREZ', '123', 4, '0000-00-00 00:00:00', 0, 'ACTIVO', '', '', 323, 0, '', 0, 'GF'),
('15.107.579-7', 'ERIKA', 'BARAHONA', 'LLANOS', '123', 4, '2022-02-25 17:18:35', 0, 'ACTIVO', '', '', 114.0233, 0, '', 0, 'GF'),
('15.108.028-6', 'MANUEL', 'GUZMAN', 'TAMAYO', '123', 4, '2024-01-03 11:05:29', 0, 'ACTIVO', '', '', 529.014, 0, '', 0, 'GF'),
('15.109.559-3', 'SEGUNDO', 'GONZALEZ', '', '123', 5, '2023-12-14 10:40:13', 0, 'ACTIVO', '', '', 237, 0, '', 0, 'SF'),
('15.110.710-9', 'CAROLINA', 'SALAS', '', '123', 4, '2023-12-22 09:56:53', 0, 'ACTIVO', '', '', 580.0065, 0, '', 0, 'AS'),
('15.112.421-6', 'MANUEL FRANCISCO', 'GUERRERO', 'MALDONADO', '123', 4, '0000-00-00 00:00:00', 0, 'ACTIVO', '', '', 871.0032, 0, '', 0, 'AS'),
('15.112.957-9', 'JENNY', 'BUSTOS', '', '123', 4, '2022-12-14 18:27:41', 0, 'ACTIVO', '', '', 295.0125, 0, '', 0, 'CT'),
('15.113.243-k', 'EVELYN LORENA', 'AVENDAÑO', 'GALVEZ', '123', 4, '2023-11-25 11:22:48', 0, 'ACTIVO', '', '', 685.0005, 0, '', 0, 'LL'),
('15.113.354-1', 'CRISTIAN MARCELO', 'TORO', 'PARDO', '123', 4, '0000-00-00 00:00:00', 0, 'ACTIVO', '', '', 516.0005, 0, '', 0, 'LL'),
('15.113.495-5', 'AURELIO', 'RIVERA', '', '123', 4, '0000-00-00 00:00:00', 0, 'INACTIVO', '', '', 812.0003, 0, '', 0, 'AF'),
('15.121.386-3', 'DAYANA', 'ITURRIAGA', 'GALAZ', '123', 4, '2022-06-18 10:40:46', 0, 'ACTIVO', '', '', 122.0227, 0, '', 0, 'SF'),
('15.125.288-5', 'MARIA JOSE', 'MORENO', 'BRICEÑO', '123', 4, '0000-00-00 00:00:00', 0, 'ACTIVO', '', '', 828.0001, 0, '', 0, 'GF'),
('15.125.929-4', 'FELIPE', 'TOLEDO', 'PINTO', '123', 4, '2023-12-13 21:36:24', 0, 'ACTIVO', '', '', 729.0023, 0, '', 0, 'GF'),
('15.128.849-9', 'RENE', 'BURGOS ', 'ESPINOZA', '123', 4, '0000-00-00 00:00:00', 0, 'ACTIVO', '', '', 287, 0, '', 0, 'GF'),
('15.143.810-5', 'BERNARDO', 'TORRES', 'HERNANDEZ', '123', 2, '2023-03-29 10:50:28', 0, 'ACTIVO', '', '', 4, 0, '', 0, 'RB'),
('15.304.142-3', 'MARIA JOSE', 'CORDOVA', 'ARANEDA', '123', 4, '2024-03-17 18:41:42', 0, 'ACTIVO', '', '', 136.0048, 0, '', 0, 'LL'),
('15.340.791-6', 'ISABEL', 'CEPEDA', '', '123', 4, '2024-09-30 17:29:31', 0, 'ACTIVO', '', '', 710.0136, 0, '', 0, 'PV'),
('15.456.855-7', 'IRMA', 'ALVAREZ', '', '1234', 4, '0000-00-00 00:00:00', 0, 'INACTIVO', '', '', 630, 0, '', 0, 'AF'),
('15.488.917-5', 'SANDRA XIMENA', 'ARROYO', 'ALVARADO', '123', 4, '0000-00-00 00:00:00', 0, 'ACTIVO', '', '', 660.0004, 0, '', 0, 'GF'),
('15.523.055-K', 'JOSE', 'MUÑOZ', '', '123', 4, '2022-11-10 12:47:04', 0, 'ACTIVO', '', '', 443.0068, 0, '', 0, 'RB'),
('15.524.027-k', 'ALDO', 'MILLAR', 'OSORIO', '123', 4, '2021-03-10 19:29:19', 0, 'ACTIVO', '', '', 203, 0, '', 0, 'GF'),
('15.526.598-1', 'MARIELA ELIZABETH', 'BRAVO', 'BRAVO', '123', 4, '2022-04-11 13:02:57', 0, 'ACTIVO', '', '', 407.0272, 0, '', 0, 'SF'),
('15.527.176-0', 'MARIA JOSE FRANCISCA', 'LOPEZ', 'QUIROZ', 'geo', 4, '2021-02-25 11:28:41', 0, 'ACTIVO', '', '', 188, 0, '', 0, 'GF'),
('15.527.234-1', 'CARLOS ALBERTO', 'GAJARDO', 'ACUÑA', '123', 4, '2024-04-11 12:39:14', 0, 'ACTIVO', '', '', 743.0084, 0, '', 0, 'RB'),
('15.535.630-8', 'VALERIA', 'ANDRADE', '', '123', 5, '2024-07-01 16:28:19', 0, 'ACTIVO', '', '', 707, 0, '', 0, 'PV'),
('15.546.667-7', 'DIEGO', 'AGUILERA', '', '123', 4, '2024-10-12 21:09:29', 0, 'ACTIVO', '', '', 905.0006, 0, '', 0, 'PV'),
('15.567,533-0', 'IVÁN ANDRÉS', 'SÁNCHEZ', 'RAMOS', '123', 4, '0000-00-00 00:00:00', 0, 'ACTIVO', '', '', 564, 0, '', 0, 'GF'),
('15.567.533-0', 'IVÁN ANDRÉS', 'ZÁNCHES', 'RAMOS', '123', 4, '0000-00-00 00:00:00', 0, 'ACTIVO', '', '', 565.0014, 0, '', 0, 'GF'),
('15.574.433-2', 'Shirley', 'Bruna', 'Ibacache', '123', 4, '0000-00-00 00:00:00', 0, 'ACTIVO', '', '', 316, 0, '', 0, 'RB'),
('15.592.485-5', 'RUT ', 'MALO', '', '123', 4, '0000-00-00 00:00:00', 0, 'INACTIVO', '', '', 855, 0, '', 0, 'AF'),
('15.634.429-K', 'DANIELA', 'CORTES', '', '123', 4, '2021-10-20 19:53:55', 0, 'INACTIVO', '', '', 231.0025, 0, '', 0, 'SF'),
('15.640.457-8', 'FRANCISCO JAVIER', 'CORCUERA', 'URZUA', '123', 4, '0000-00-00 00:00:00', 0, 'ACTIVO', '', '', 771.0002, 0, '', 0, 'GF'),
('15.660.183-7', 'CRISTIAN ANDRES', 'QUINTEROS', 'PASTENE', '123', 4, '2021-02-23 15:11:09', 0, 'ACTIVO', '', '', 163, 0, '', 0, 'RB'),
('15.731.246-4', 'FRANCISCO', 'JELDREZ', 'JELDREZ', '123', 4, '2024-02-12 16:25:22', 0, 'ACTIVO', '', '', 758.004, 0, '', 0, 'GF'),
('15.738.667-0', 'JAQUELINE', 'RODRIGUEZ', 'VILLACURA', '123', 4, '0000-00-00 00:00:00', 0, 'ACTIVO', '', '', 538.0035, 0, '', 0, 'GF'),
('15.750.630-7', 'CARLA ANDREA', ' ALBORNOZ ', 'CABRERA', '123', 4, '0000-00-00 00:00:00', 0, 'ACTIVO', '', '', 607.0021, 0, '', 0, 'GF'),
('15.759.737-k', 'ELIANIRA', 'JARA', '.', '123', 4, '2021-03-09 08:59:05', 0, 'ACTIVO', '', '', 200.0008, 0, '', 0, 'RB'),
('15.805.757-3', 'PATRICIO', 'FUENTES', 'GALVEZ', '123', 4, '0000-00-00 00:00:00', 0, 'ACTIVO', '', '', 356.0165, 0, '', 0, 'SF'),
('15.816.073-0', 'CAROL', 'SILVA', 'VASQUEZ', '123', 4, '2024-09-16 17:59:16', 0, 'ACTIVO', '', '', 847.014, 0, '', 0, 'PV'),
('15.842.741-9', 'RODOLFO', 'PAREDES', 'VALDOVINOS', '123', 4, '2024-04-12 11:05:17', 0, 'ACTIVO', '', '', 87.0474, 0, '', 0, 'GF'),
('15.915.574-9', 'HERNAN', 'PINO', '', '123', 5, '2023-07-28 17:06:07', 0, 'ACTIVO', '', '', 236, 0, '', 0, 'SF'),
('15.922.069-9', 'ANGELA KARINA', 'CÁCERES ', 'SEREÑO', '123', 4, '0000-00-00 00:00:00', 0, 'ACTIVO', '', '', 489.0042, 0, '', 0, 'GF'),
('15.922.540-2', 'KAREN LORENA', 'CIFUENTES', 'FARIAS', '123', 4, '0000-00-00 00:00:00', 0, 'ACTIVO', '', '', 740.0022, 0, '', 0, 'GF'),
('15.990.896-8', 'JUAN FRANCISCO', 'DIAZ', 'MORI', '123', 4, '2022-12-16 11:37:20', 0, 'ACTIVO', '', '', 328.0053, 0, '', 0, 'SL'),
('15.991.866-1', 'Brigida ', 'Carriel', 'Galvez', '123', 4, '0000-00-00 00:00:00', 0, 'ACTIVO', '', '', 896.0001, 0, '', 0, 'GF'),
('15.991.873-4', 'CARLOS JULIO', 'LOPEZ', 'HERNANDEZ', '123', 4, '2024-03-26 13:30:45', 0, 'ACTIVO', '', '', 882.0027, 0, '', 0, 'AS'),
('15.994.991-5', 'JUAN PABLO', 'MARTINEZ', 'MOYA', '123', 4, '2023-02-01 08:42:49', 0, 'ACTIVO', '', '', 566.0022, 0, '', 0, 'GF'),
('15.995.883-3', 'ELIZABETH CARMEN', 'VERGARA', 'PEREZ', '123', 4, '0000-00-00 00:00:00', 0, 'ACTIVO', '', '', 400.0053, 0, '', 0, 'GF'),
('16.022.116-k', 'YULY VANESSA', 'ZUÑIGA', 'TOLEDO', '123', 4, '2024-03-27 10:02:56', 0, 'ACTIVO', '', '', 701.0125, 0, '', 0, 'LL'),
('16.027.454-9', 'SUSANA', 'MOLINA', '', '123', 4, '2024-09-07 06:52:48', 0, 'ACTIVO', '', '', 918.0027, 0, '', 0, 'EX'),
('16.029.035-8', 'CAROLINA ALEJANDRA', 'URZUA', 'DIAZ', '123', 4, '2023-03-03 11:31:00', 0, 'ACTIVO', '', '', 600.003, 0, '', 0, 'LL'),
('16.077.124-0', 'JUAN', 'QUIJANES', '', '123', 4, '2022-03-07 18:33:44', 0, 'ACTIVO', '', '', 368.0037, 0, '', 0, 'RB'),
('16.078.092-4', 'DANIELA', 'CHAPARRO', '', '123', 4, '2024-04-03 16:35:19', 0, 'ACTIVO', '', '', 560.021, 0, '', 0, 'RB'),
('16.120.134-0', 'JEANNETTE', 'VERGARA', '', '123', 4, '0000-00-00 00:00:00', 0, 'ACTIVO', '', '', 917.0005, 0, '', 0, 'AF'),
('16.149.231-0', 'CLAUDIO', 'PISMANTE', 'TAPIA', '123', 4, '0000-00-00 00:00:00', 0, 'ACTIVO', '', '', 299, 0, '', 0, 'TR'),
('16.179.040-0', 'MANUEL', 'MIRANDA', '', '123', 5, '2024-08-27 08:20:54', 3, 'BLOQUEADO', '', '', 230.0021, 0, '', 0, 'SF'),
('16.189.619-5', 'EDUARDO ANDRES', 'VILLEGAS', 'ACEVEDO', '123', 4, '0000-00-00 00:00:00', 0, 'ACTIVO', '', '', 890.0001, 0, '', 0, 'GF'),
('16.189.918-6', 'NICOLAS', 'VILCHES', 'CUEVAS', '123', 4, '0000-00-00 00:00:00', 0, 'ACTIVO', '', '', 312.0026, 0, '', 0, 'PR'),
('16.222.656-8', 'LESLIE', 'MORALES', 'VARELA', '123', 4, '0000-00-00 00:00:00', 0, 'ACTIVO', '', '', 502.0038, 0, '', 0, 'RB'),
('16.223.442-0', 'FABIAN', 'RAMIREZ', 'MIRANDA', '123', 4, '2022-03-09 11:20:02', 0, 'ACTIVO', '', '', 79.0358, 0, '', 0, 'CT'),
('16.251.393-1', 'RICHARD FABIAN', 'VASQUEZ', 'MORALES', '123', 4, '2022-01-06 18:21:48', 0, 'ACTIVO', '', '', 272, 0, '', 0, 'RB'),
('16.252.011-3', 'KARINA', 'LEIVA', 'GONZALEZ', '123', 4, '2021-09-06 17:00:31', 0, 'ACTIVO', '', '', 232.0013, 0, '', 0, 'SF'),
('16.253.213-8', 'DANIELA', 'ZAMORANO', '.', '123', 4, '0000-00-00 00:00:00', 0, 'ACTIVO', '', '', 77, 0, '', 0, 'RB'),
('16.254.998-7', 'LUIS', 'AVALOS', 'YAÑES', '1234', 4, '0000-00-00 00:00:00', 0, 'ACTIVO', '', '', 514.003, 0, '', 0, 'GF'),
('16.310.019-3', 'OSCAR ANDRES', 'GONZALEZ', 'CAMPOS', '123', 4, '0000-00-00 00:00:00', 0, 'ACTIVO', '', '', 893.0007, 0, '', 0, 'GF'),
('16.310.222-6', 'ANDREA', 'NILO', 'VALENZUELA', '123', 4, '0000-00-00 00:00:00', 0, 'ACTIVO', '', '', 395.0013, 0, '', 0, 'GF'),
('16.315.274-6', 'LEONARDO', 'MARTINEZ', 'REYES', '123', 4, '0000-00-00 00:00:00', 0, 'ACTIVO', '', '', 451.0002, 0, '', 0, 'GF'),
('16.333.903-K', 'PAULA', 'LOBOS', '', '123', 4, '0000-00-00 00:00:00', 0, 'ACTIVO', '', '', 595, 0, '', 0, 'RB'),
('16.334.561-7', 'JAVIER NICOLAS', 'ROJAS', 'MUÑOZ', '123', 4, '2021-02-13 17:43:47', 0, 'ACTIVO', '', '', 152, 0, '', 0, 'RB'),
('16.336.825-0', 'IGNACIO', 'QUEZADA', '', '123', 4, '0000-00-00 00:00:00', 0, 'ACTIVO', '', '', 872.0004, 0, '', 0, 'AF'),
('16.369.299-6', 'JUAN PABLO', 'DURAN', '', '123', 5, '0000-00-00 00:00:00', 0, 'ACTIVO', '', '', 245, 0, '', 0, 'SF'),
('16.374.658-1', 'SINDY ANGELICA', 'FUENTEALBA', 'BUSTOS', '123', 4, '0000-00-00 00:00:00', 0, 'ACTIVO', '', '', 591.0045, 0, '', 0, 'GF'),
('16.385.098-2', 'NATALIE', 'MERLET', 'PARRAGUE', '123', 4, '2022-04-05 11:02:09', 0, 'ACTIVO', '', '', 410.004, 0, '', 0, 'GF'),
('16.408.827-8', 'ELIZABETH VITALIA', 'VILLASECA', 'MUÑOZ', '123', 4, '0000-00-00 00:00:00', 0, 'ACTIVO', '', '', 846.0011, 0, '', 0, 'AS'),
('16.411.054-0', 'ROMINA', 'ALARCON', '', '123', 4, '2024-03-21 11:23:07', 0, 'ACTIVO', '', '', 836.0043, 0, '', 0, 'RB'),
('16.422.695-6', 'DANIELLA', 'MORALES', 'FIGUEROA', '123', 4, '2022-12-06 10:17:52', 0, 'ACTIVO', '', '', 515.0089, 0, '', 0, 'MA'),
('16.448.281-2', 'KATHERINE DEL CARMEN', 'MUÑOZ', 'FERRADA', '123', 4, '0000-00-00 00:00:00', 0, 'ACTIVO', '', '', 778.0047, 0, '', 0, 'SF'),
('16.486.623-8', 'JIMMY FRANCISCO', 'LAGOS', 'BASCUÑAN', '123', 4, '2024-05-02 08:55:50', 0, 'ACTIVO', '', '', 824.0075, 0, '', 0, 'RB'),
('16.491.022-9', 'SERGIO SEBASTIAN', 'CESPEDES', 'CESPEDES', '123', 4, '2023-07-29 10:45:52', 3, 'BLOQUEADO', '', '', 638, 0, '', 0, 'SF'),
('16.492.166-2', 'NICOLAS', 'RAMIREZ', 'CARRION', '123', 4, '2023-12-31 16:20:31', 0, 'ACTIVO', '', '', 161.0165, 0, '', 0, 'GF'),
('16.492.366-5', 'ANGELO', 'SEPULVEDA', '', 'geo', 4, '2022-08-24 16:46:21', 0, 'ACTIVO', '', '', 115.0001, 0, '', 0, 'GF'),
('16.493.110-2', 'LORNA', 'FLORES', 'GONZALEZ', '123', 4, '2024-04-09 09:02:39', 0, 'ACTIVO', '', '', 119.039, 0, '', 0, 'LL'),
('16.493.928-6', 'RUBEN', 'ORELLANA', 'GALVEZ', '123', 4, '2022-11-18 17:47:56', 0, 'ACTIVO', '', '', 437.0074, 0, '', 0, 'GF'),
('16.494.198-1', 'JORGE ANDRES', 'CID', 'MENESES', '123', 4, '2024-01-02 17:51:45', 0, 'ACTIVO', '', '', 687.0096, 0, '', 0, 'SL'),
('16.495.033-6', 'JORGE', 'INOSTROZA', 'GONZALEZ', '123', 4, '2024-07-24 09:57:46', 0, 'ACTIVO', '', '', 62.0704, 0, '', 0, 'AS'),
('16.495.672-5', 'SERGIO', 'CORNEJO', 'OLIVOS', '123', 4, '0000-00-00 00:00:00', 0, 'ACTIVO', '', '', 839.0058, 0, '', 0, 'AF'),
('16.550.127-6', 'MAGDALENA', 'SILVA', 'COLLADO', '123', 4, '0000-00-00 00:00:00', 0, 'ACTIVO', '', '', 296.0019, 0, '', 0, 'GF'),
('16.554.465-K', 'BARBARA ERIKA', 'VERAS', 'DIAZ', '123', 4, '0000-00-00 00:00:00', 0, 'ACTIVO', '', '', 290.0014, 0, '', 0, 'GF'),
('16.642.254-k', 'MARION ALEJANDRA', 'SILVA', 'CELIS', '123', 4, '0000-00-00 00:00:00', 0, 'ACTIVO', '', '', 818.0069, 0, '', 0, 'GF'),
('16.647.522-8', 'CRISTIAN', 'NEGRON', '', '123', 4, '2024-01-23 14:59:05', 0, 'ACTIVO', '', '', 528.014, 528.0001, '', 0, 'MA'),
('16.673.304-9', 'YOHNY', 'CANIUÑIR', 'QUIÑINAO', '1234', 4, '0000-00-00 00:00:00', 0, 'ACTIVO', 'AGUA SANTA', '', 928, 0, '', 0, 'AS'),
('16.725.313-k', 'PABLO', 'ZUNIGA', '', '123', 4, '2022-01-06 18:09:27', 0, 'ACTIVO', '', '', 280, 0, '', 0, 'RB'),
('16.737.376-3', 'MARCOS', 'ROMAN', 'MUÑOZ', '123', 4, '2022-01-31 16:00:20', 0, 'ACTIVO', '', '', 67.0463, 0, '', 0, 'CT'),
('16.792.241-4', 'JUAN', 'LIZANA', 'PALOMINOS', '123', 4, '2023-04-12 18:57:13', 0, 'ACTIVO', '', '', 504.0042, 0, '', 0, 'AS'),
('16.792.490-5', 'NATALIA', 'ASTORGA', 'MORALES', '123', 4, '0000-00-00 00:00:00', 0, 'ACTIVO', '', '', 769.0016, 0, '', 0, 'GF'),
('16.849.906-K', 'WILLIAMS', 'MONTALVAN', '', '123', 4, '2024-07-24 15:42:02', 0, 'ACTIVO', '', '', 914.0057, 0, '', 0, 'EX'),
('16.851.843-9', 'GISELLE', 'MONTENEGRO ', 'TAPIA', '123', 4, '2023-12-13 21:33:33', 0, 'ACTIVO', '', '', 677.0035, 0, '', 0, 'GF'),
('16.862.069-1', 'ARIEL', 'POO', '', '123', 4, '0000-00-00 00:00:00', 0, 'ACTIVO', '', '', 501.0013, 0, '', 0, 'RB'),
('16.867.501-1', 'GONZALO ANTONIO', 'PINTO', 'RIVERA', '123', 4, '2024-08-28 11:15:45', 0, 'ACTIVO', '', '', 123.0245, 0, '', 0, 'RB'),
('16.867.744-8', 'PAULA VICTORIA', 'PARDO ', 'ARENAS', '123', 4, '2024-09-13 14:20:04', 0, 'ACTIVO', '', '', 634.0034, 0, '', 0, 'SF'),
('16.881.220-5', 'VAITIARE', 'BAKX', 'MIRANDA', '123', 4, '0000-00-00 00:00:00', 0, 'ACTIVO', '', '', 688.0009, 0, '', 0, 'LL'),
('16.881.431-3', 'CONSTANZA', 'ARANGUIZ', '', '123', 4, '2022-01-03 14:52:31', 0, 'ACTIVO', '', '', 289.0011, 0, '', 0, 'GF'),
('16.882.039-9', 'HILDA  DEL CARMEN', 'PALMA', 'VENEGAS', '123', 4, '2024-08-16 00:46:23', 0, 'ACTIVO', '', '', 506.0253, 0, '', 0, 'GF'),
('16.882.229-4', 'JOSE', 'VIAL', '', '123', 4, '2022-11-22 16:38:30', 0, 'ACTIVO', '', '', 383.001, 0, '', 0, 'RB'),
('16.882.299-4', 'BORRAR', '', '', '123', 4, '0000-00-00 00:00:00', 0, 'ACTIVO', '', '', 377, 0, '', 0, 'RB'),
('16.885.162-6', 'GUSTAVO', 'GALAZ', '', '123', 4, '2023-01-26 12:01:42', 0, 'ACTIVO', '', '', 143.0051, 0, '', 0, 'GF'),
('16.891.061-4', 'CAMILO', 'JORQUERA', 'OVALLE', '123', 4, '2021-02-23 15:53:29', 0, 'ACTIVO', '', '', 150, 0, '', 0, 'RB'),
('16.902.239-9', 'JORGE ', 'MENDEZ', '', '123', 4, '0000-00-00 00:00:00', 0, 'ACTIVO', '', '', 690.0013, 0, '', 0, 'TF'),
('16.917.737-6', 'RAUL', 'GALLARDO', '', '123', 4, '2022-03-02 15:35:25', 0, 'ACTIVO', '', '', 322, 0, '', 0, 'RB'),
('16.930.157-3', 'JOCELYN ', 'SOTO', 'ORTUZAR', '123', 4, '2023-12-13 21:37:52', 0, 'ACTIVO', '', '', 408.0057, 0, '', 0, 'GF'),
('16.937.224-1', 'ISRAEL', 'VENEGAS', 'TOLEDO', '1234', 4, '0000-00-00 00:00:00', 0, 'ACTIVO', 'AGUA SANTA', '', 921, 0, '', 0, 'AS'),
('16.943.734-3', 'FABIOLA', 'FLORES', 'NAVARRO', '123', 4, '0000-00-00 00:00:00', 0, 'ACTIVO', '', '', 263, 0, '', 0, 'GF'),
('16.990.446-4', 'MAXIMILIAN', 'GUERRERO', '', '123', 4, '2024-10-05 07:19:07', 0, 'ACTIVO', '', '', 293.0034, 0, '', 0, 'EX'),
('16.990.696-3', 'CINTYA', 'GONZALEZ', '', '123', 4, '2024-09-13 12:57:50', 0, 'ACTIVO', '', '', 910.0063, 0, '', 0, 'EX'),
('17.017.182-9', 'LILIANA', 'GUTIERREZ ', 'ARIAS', '123', 4, '2022-01-07 12:13:52', 0, 'ACTIVO', '', '', 311.0016, 0, '', 0, 'TR'),
('17.049.821-6', 'CAMILA', 'BALCAZAR', '', '1234', 4, '2023-07-11 12:17:04', 0, 'INACTIVO', '', '', 629.0047, 0, '', 0, 'AF'),
('17.055.517-1', 'ANDRES', 'TORRES', '', '123', 4, '2024-08-20 18:12:04', 0, 'ACTIVO', '', '', 646.0033, 0, '', 0, 'RB'),
('17.058.862-2', 'EGIDIO A', 'HUENUMAN', 'CABELLO', '123', 4, '2024-03-27 15:56:19', 0, 'ACTIVO', '', '', 862.004, 0, '', 0, 'GF'),
('17.059.018-k', 'JONATHAN ', 'ESPINA', '', '123', 4, '0000-00-00 00:00:00', 0, 'ACTIVO', '', '', 433.0059, 0, '', 0, 'RB'),
('17.059.044-9', 'NICOLE CONSUELO', 'PADILLA', 'BALTIERRA', '123', 4, '0000-00-00 00:00:00', 0, 'ACTIVO', '', '', 849.0003, 0, '', 0, 'MA'),
('17.062.496-3', 'JAVIERA', 'MUÑOZ', '', '123', 5, '2024-10-04 10:55:11', 0, 'ACTIVO', '', '', 233, 0, '', 0, 'SF'),
('17.081.208-5', 'VALESKA', 'LOPEZ ', 'SALAS', 'geo', 4, '0000-00-00 00:00:00', 0, 'ACTIVO', '', '', 147, 0, '', 0, 'GF'),
('17.106.170-9', 'CAMILO', 'TOLOZA', '', '123', 4, '2024-04-01 19:38:22', 0, 'ACTIVO', '', '', 885.0012, 0, '', 0, 'PV'),
('17.113.220-7', 'LORETO FERNANDA', 'PASTEN ', 'CARVAJAL', '123', 4, '2024-01-09 10:46:31', 0, 'ACTIVO', '', '', 784.0006, 0, '', 0, 'RB'),
('17.127.763-9', 'VALERIA', 'ROMERO', '', '123', 4, '2023-03-07 10:36:58', 0, 'ACTIVO', '', '', 483.0086, 0, '', 0, 'AS'),
('17.135.277-0', 'JOHNNY', 'NAVARRO', '', '123', 4, '2022-02-16 14:59:24', 0, 'ACTIVO', '', '', 369, 0, '', 0, 'RB'),
('17.135.785-3', 'SEBASTIAN', 'BARAHONA', 'RETAMALES', '123', 4, '2023-03-30 09:18:30', 0, 'ACTIVO', '', '', 597.0027, 0, '', 0, 'AS'),
('17.136.994-0', 'EVELYN', 'BAHAMONDE', 'Cordero', '123', 4, '0000-00-00 00:00:00', 0, 'ACTIVO', 'evetommy3@gmail.com', '932996752', 112, 0, '', 0, 'CT'),
('17.138.087-1', 'CATALINA', 'CONTRERAS', 'PEREIRA', '123', 2, '2019-01-29 14:19:53', 0, 'ACTIVO', '', '', 3, 0, '', 0, 'RB'),
('17.138.473-7', 'NICOLAS', 'ARAYA', '.', '123', 4, '2022-01-30 17:30:43', 0, 'ACTIVO', '', '', 285.0158, 0, '', 0, 'RB'),
('17.139.524-0', 'MANUEL ELIAS', 'CONTRERAS', 'MORALES', '123', 4, '2024-03-13 14:34:47', 0, 'ACTIVO', '', '', 718.0112, 0, '', 0, 'GF'),
('17.164.703-7', 'KALINKA', 'GONZALEZ', '', '123', 4, '2022-01-31 21:58:42', 0, 'ACTIVO', '', '', 334, 0, '', 0, 'RB'),
('17.166.716-K', 'ANGELA', 'VARGAS ', 'VASQUEZ', '123', 4, '0000-00-00 00:00:00', 0, 'ACTIVO', '', '', 261, 0, '', 0, 'GF'),
('17.174.283-8', 'GIOJANNE ALCIDES', 'SCHIAPPACASE', 'TRUJILLO', '123', 4, '0000-00-00 00:00:00', 0, 'ACTIVO', '', '', 126, 0, '', 0, 'RB'),
('17.195.669-2', 'NATALIA', 'LOPEZ', 'NEIRA', '123', 4, '2024-03-04 16:43:47', 0, 'ACTIVO', '', '', 253.059, 0, '', 0, 'AS'),
('17.204.801-3', 'CARLOS RAFAEL', 'ZUÑIGA', 'TOLEDO', 'ELL123', 4, '2023-04-22 09:53:15', 0, 'ACTIVO', '', '', 612.0019, 0, '', 0, 'LL'),
('17.227.592-3', 'MACARENA', 'CAMPOS', 'MUÑOZ', '123', 4, '0000-00-00 00:00:00', 0, 'ACTIVO', '', '', 394, 0, '', 0, 'MA'),
('17.239.680-1', 'CESAR', 'VASQUEZ', '', '123', 4, '2024-04-10 14:35:43', 0, 'ACTIVO', '', '', 117.0342, 0, '', 0, 'MA'),
('17.254.064-3', 'ANA CAROLINA', 'PALOMINOS', 'ZARATE', '123', 4, '0000-00-00 00:00:00', 0, 'ACTIVO', '', '', 684.0027, 0, '', 0, 'MA'),
('17.258.482-9', 'VICTOR ', 'ENCALADA', '', '123', 4, '0000-00-00 00:00:00', 0, 'ACTIVO', '', '', 692.001, 0, '', 0, 'TF'),
('17.283.135-4', 'DENISSE', 'CAMPOS', 'DUARTE', '123', 4, '0000-00-00 00:00:00', 0, 'ACTIVO', '', '', 754.0028, 0, '', 0, 'GF'),
('17.300.648-9', 'CRISTOBAL', 'BASCUÑAN', '', '123', 4, '2022-01-31 21:59:16', 0, 'ACTIVO', '', '', 320, 0, '', 0, 'RB'),
('17.305.139-5', 'JONATHAN', 'ALBARRACIN', 'GUAJARDO ', '123', 4, '2023-12-10 12:39:20', 0, 'ACTIVO', '', '', 724.0004, 0, '', 0, 'GF'),
('17.355.809-0', 'NATALIA', 'GOMEZ', 'DIAZ', '123', 4, '0000-00-00 00:00:00', 0, 'ACTIVO', '', '', 171, 0, '', 0, 'RB'),
('17.362.679-7', 'YAMILET', 'ROJAS', 'ZARATE', '123', 4, '2022-02-16 16:48:57', 0, 'ACTIVO', '', '', 138, 0, '', 0, 'RB'),
('17.393.988-4', 'CARLOS', 'RODRIGUEZ', 'HUAIQUIFILO', '123', 4, '2023-12-18 23:26:43', 0, 'ACTIVO', '', '', 666.018, 0, '', 0, 'GF'),
('17.409.784-4', 'YOSELYN PAKARY', 'BRUNA', 'GOMEZ', '123', 4, '2024-01-09 10:44:58', 0, 'ACTIVO', '', '', 772, 0, '', 0, 'RB'),
('17.410.179-5', 'MARIA FERNANDA', 'RIVERA', 'RIVERA', '123', 4, '0000-00-00 00:00:00', 0, 'ACTIVO', '', '', 558.0003, 0, '', 0, 'RB'),
('17.419.054-2', 'VALENTINA', 'RAMIREZ', 'DIAZ', '1234', 5, '0000-00-00 00:00:00', 0, 'ACTIVO', 'AGUA SANTA', '', 930, 0, '', 0, 'AS'),
('17.425.695-0', 'JESUS', 'RUBIO', 'MAUREIRA', '123', 4, '2021-08-02 10:43:32', 0, 'ACTIVO', '', '', 220.0096, 0, '', 0, 'SF'),
('17.429.555-7', 'YANNIRA ALTAID', 'DIAZ', 'FIGUEROA', '123', 4, '2022-04-24 15:08:34', 0, 'ACTIVO', '', '', 411.0046, 0, '', 0, 'LL'),
('17.433.723-3', 'PAULA', 'TOBAR', 'PLAZA', '123', 1, '2024-08-14 00:14:17', 0, 'ACTIVO', 'PAULA.TOBAR02@GMAIL.COM', '985112933', 1, 0, '', 0, 'RB'),
('17.467.658-5', 'ANGELA CAROLINA', 'FUENTES', 'SEPULVEDA', '123', 4, '0000-00-00 00:00:00', 0, 'ACTIVO', '', '', 633, 0, '', 0, 'SF'),
('17.468.388-3', 'ROSA', 'SALINAS', '', '123', 4, '2023-05-24 10:57:42', 0, 'ACTIVO', '', '', 563.0132, 0, '', 0, 'RB'),
('17.473.170-5', 'CLAUDIO', 'FERNANDEZ', '.', '123', 4, '2021-04-21 00:09:36', 0, 'ACTIVO', '', '', 134, 0, '', 0, 'RB'),
('17.502.401-8', 'MARIO', 'TERAN', 'CONTRERAS', '123', 4, '0000-00-00 00:00:00', 0, 'ACTIVO', '', '', 262, 0, '', 0, 'GF'),
('17.502.699-1', 'TAMARA', 'OLIVO', 'PEÑA', '123', 4, '0000-00-00 00:00:00', 0, 'ACTIVO', '', '', 259.0055, 0, '', 0, 'GF'),
('17.505.108-2', 'CARLA', 'GALLEGUILLOS', 'RAMOS', '123', 4, '2023-07-11 16:13:10', 0, 'ACTIVO', '', '', 91.0107, 0, '', 0, 'LL'),
('17.506.271-8', 'DANIEL ', 'GALINDO', '', '123', 4, '2023-01-10 14:36:52', 0, 'ACTIVO', '', '', 460.0107, 0, '', 0, 'GF'),
('17.507.857-6', 'REINALDO', '', '', '123', 4, '2021-12-11 12:30:10', 0, 'ACTIVO', '', '', 283.0163, 0, '', 0, 'GF'),
('17.509.983-2', 'JUAN ALEJANDRO', 'AREVALO', 'OSORIO', '123', 4, '2022-03-03 02:11:45', 0, 'ACTIVO', '', '', 204.0062, 0, '', 0, 'SF'),
('17.510.907-2', 'NICOLAS', 'DIAS', 'HAUSON', '123', 4, '2022-02-23 10:55:02', 0, 'ACTIVO', '', '', 341.0051, 0, '', 0, 'GF'),
('17.511.041-0', 'PAMELA ALEJANDRA', 'JEREZ', 'AVIELES', '123', 4, '2023-04-26 12:19:32', 0, 'ACTIVO', '', '', 545.0133, 0, '', 0, 'SF'),
('17.516.619-k', 'FELIPE', 'GARCIA', 'COFRE', '123', 4, '2023-12-20 21:26:50', 0, 'ACTIVO', '', '', 679.0079, 0, '', 0, 'QE'),
('17.519.813-K', 'SEBASTIAN', 'BERRIOS', 'ACEITUNO', '1234', 4, '0000-00-00 00:00:00', 0, 'INACTIVO', '', '', 511.004, 0, '', 0, 'GF'),
('17.521.021-0', 'YERKO NICOLAS', 'MAGAÑA', 'SOTO', '123', 4, '0000-00-00 00:00:00', 0, 'ACTIVO', '', '', 593.0016, 0, '', 0, 'GF'),
('17.523.797-6', 'ARMANDO', 'BAEZA ', 'POZO', 'geo', 4, '2021-06-24 15:18:26', 0, 'ACTIVO', '', '', 201, 0, '', 0, 'GF'),
('17.524.047-0', 'GUENNADI', 'SEPULVEDA', '', '123', 4, '2024-08-09 10:04:43', 0, 'ACTIVO', '', '', 819.0123, 0, '', 0, 'RB'),
('17.524.125-6', 'MARIA FERNANDA ', 'CONTRERAS', 'DIAZ', '123', 4, '0000-00-00 00:00:00', 0, 'ACTIVO', '', '', 669.002, 0, '', 0, 'GF'),
('17.524.602-9', 'DANIEL ALEJANDRO', 'CALDERON', 'BUSTAMANTE', '123', 4, '0000-00-00 00:00:00', 0, 'ACTIVO', '', '', 121, 0, '', 0, 'TR'),
('17.525.575-8', 'DIEGO', 'IGNACIO', 'MOYA', '123', 4, '0000-00-00 00:00:00', 0, 'ACTIVO', '', '', 282.0051, 0, '', 0, 'GF'),
('17.525.668-7', 'BELEN', 'GONZALEZ', 'YAÑEZ', 'geo', 4, '0000-00-00 00:00:00', 3, 'BLOQUEADO', '', '', 158, 0, '', 0, 'GF'),
('17.525.757-8', 'DIEGO', 'MOYA', 'GONZALEZ', '123', 4, '2022-01-18 17:47:36', 0, 'INACTIVO', '', '', 68.004, 0, '', 0, 'GF'),
('17.526.060-9', 'MANUEL ALEJANDRO', 'RIQUELME', 'SALINAS', '123', 4, '2024-04-19 16:35:19', 0, 'ACTIVO', '', '', 678.0186, 0, '', 0, 'LL'),
('17.526.280-6', 'CONSTANZA', 'CARRASCO', '', '123', 4, '2022-04-02 13:59:45', 0, 'ACTIVO', '', '', 338.0051, 0, '', 0, 'GF'),
('17.527.328-K', 'Viviana', 'Pino', 'Torres', '123', 4, '0000-00-00 00:00:00', 0, 'ACTIVO', '', '', 717.0001, 0, '', 0, 'GF'),
('17.533.523-4', 'ROMINA', 'ZUÑIGA', '', '123', 4, '2023-04-17 15:02:09', 0, 'ACTIVO', '', '', 592.0047, 0, '', 0, 'RB'),
('17.545.591-4', 'JOAN', 'CASTILLO', '', '123', 4, '0000-00-00 00:00:00', 0, 'ACTIVO', '', '', 709.0001, 0, '', 0, 'PV'),
('17.583.487-7', 'CLAUDIA NICOLE', 'LIZAMA', 'CAYUL', '123', 4, '2024-03-06 17:00:34', 0, 'ACTIVO', '', '', 180.05, 0, '', 0, 'GF'),
('17.641.975-k', 'DANIELA', 'GUZMAN', '.', '123', 4, '2024-09-27 18:10:32', 0, 'ACTIVO', '', '', 412.0252, 0, '', 0, 'RB'),
('17.646.700-2', 'ROBERTO', 'BARRAZA', '.', '123', 4, '2022-04-05 10:11:25', 0, 'ACTIVO', '', '', 130.003, 0, '', 0, 'RB'),
('17.647.281-2', 'Jahira', 'Fernandez', '', '123', 4, '0000-00-00 00:00:00', 0, 'ACTIVO', '', '', 810, 0, '', 0, 'RB'),
('17.651.418-3', 'PATRICIO ', 'PEÑA', 'QUEZADA', '123', 4, '0000-00-00 00:00:00', 0, 'ACTIVO', '', '', 753.0052, 0, '', 0, 'GF'),
('17.652.362-K', 'GUIDO IGNACIO', 'PEREZ', 'CARRASCO', '123', 4, '2022-06-17 10:33:15', 0, 'ACTIVO', '', '', 380.0181, 0, '', 0, 'GF'),
('17.669.749-0', 'FELIPE', 'RODRIGUEZ', 'BAHAMONDES', '123', 4, '2022-01-19 09:48:26', 0, 'ACTIVO', '', '', 265.0161, 0, '', 0, 'SF'),
('17.698.272-1', 'SAMUEL ', 'AYLWIN', 'SAADE', '123', 4, '2024-01-07 20:28:27', 0, 'ACTIVO', '', '', 653.0166, 0, '', 0, 'QE'),
('17.713.479-1', 'Cristina', 'Lanas', 'Diaz', '123', 4, '0000-00-00 00:00:00', 0, 'ACTIVO', '', '', 317, 0, '', 0, 'RB'),
('17.716.505-0', 'ELIZABETH', 'VALENZUELA', 'GONZALEZ', '123', 4, '0000-00-00 00:00:00', 0, 'ACTIVO', '', '', 594.0032, 0, '', 0, 'GF'),
('17.730.262-7', 'GONZALO ANDRES', 'FUENTEALBA ', 'BUSTOS', '123', 4, '2024-04-22 13:09:20', 0, 'ACTIVO', '', '', 863.0036, 0, '', 0, 'GF'),
('17.741.146-9', 'RODRIGO', 'JERIA', '', '123', 4, '0000-00-00 00:00:00', 0, 'ACTIVO', '', '', 712.0101, 0, '', 0, 'PV'),
('17.749.146-9', 'RUT', 'MALO', '', '123', 4, '0000-00-00 00:00:00', 0, 'INACTIVO', '', '', 705, 0, '', 0, 'PV'),
('17.783.959-0', 'BRAULIO ', 'AHUMADA', '', '123', 4, '0000-00-00 00:00:00', 0, 'ACTIVO', '', '', 691.0063, 0, '', 0, 'TF'),
('17.793.202-7', 'ANGELA FERNANDA', 'ROMO', 'ARANCIBIA', '123', 4, '2024-03-02 15:28:29', 0, 'ACTIVO', '', '', 827.0032, 0, '', 0, 'RB'),
('17.794.166-2', 'SEBASTIAN ALONSO', 'GARRIGA', 'GARRIDO', '123', 4, '0000-00-00 00:00:00', 0, 'ACTIVO', '', '', 258, 0, '', 0, 'SF'),
('17.794.232-4', 'REBECA', 'VILCHEZ', 'NUÑEZ', '123', 4, '0000-00-00 00:00:00', 0, 'ACTIVO', '', '', 488.0043, 0, '', 0, 'GF'),
('17.795.686-4', 'DANIEL', 'RIVAS ', 'ARRIAGADA', '123', 4, '2021-03-18 14:23:53', 0, 'ACTIVO', '', '', 177.0006, 0, '', 0, 'GF'),
('17.811.233-3', 'FELIPE', 'GARCIA DE LA HUERTA', 'PADILLA', '1234', 4, '0000-00-00 00:00:00', 0, 'ACTIVO', 'AGUA SANTA', '', 922.0003, 0, '', 0, 'AS'),
('17.828.091-0', 'SEBASTIAN ANDRES', 'FLORES', 'PINTO', '123', 4, '2021-01-27 20:14:08', 0, 'ACTIVO', '', '', 125.0065, 0, '', 0, 'RB'),
('17.828.190-9', 'JHONNY FERNANDO', 'FERNANDEZ', 'OLIVARES', '123', 4, '0000-00-00 00:00:00', 0, 'ACTIVO', '', '', 132, 0, '', 0, 'RB'),
('17.858.461-8', 'EMILIO', 'HERNANDEZ', 'VALENZUELA', '1234', 4, '2024-08-20 18:24:20', 0, 'ACTIVO', 'AGUA SANTA', '', 926, 0, '', 0, 'AS'),
('17.871.648-4', 'DANIELA', 'CUEVAS', '', '123', 4, '2024-08-16 12:41:13', 0, 'ACTIVO', '', '', 903.009, 0, '', 0, 'PV'),
('17.872.170-4', 'SCARLETTE', 'ROZAS', 'VARGAS', '123', 4, '2024-03-28 23:38:35', 0, 'ACTIVO', '', '', 720.0096, 0, '', 0, 'MA'),
('17.874.891-2', 'MARIA JOSE', 'MANRIQUEZ', 'GANGAS', '123', 4, '0000-00-00 00:00:00', 0, 'ACTIVO', '', '', 426.0023, 0, '', 0, 'SF'),
('17.887.217-K', 'PABLINA', 'PALMA', 'LIZAMA', '123', 4, '0000-00-00 00:00:00', 0, 'ACTIVO', '', '', 703.0001, 0, '', 0, 'GF'),
('17.925.361-5', 'JEANETTE BEATRIZ', 'YAÑEZ', 'ALARCON', '123', 4, '2021-01-05 14:10:32', 0, 'ACTIVO', '', '', 108, 0, '', 0, 'RB'),
('17.944.013-k', 'CAROLINA LORETO', 'GONZALEZ', 'PEÑA', '123', 4, '2020-12-18 17:30:43', 0, 'ACTIVO', '', '', 107, 0, '', 0, 'RB'),
('17.967.074-7', 'MIRKO ', 'SILVA', 'GALAZ', '123', 4, '0000-00-00 00:00:00', 0, 'ACTIVO', '', '', 722.0001, 0, '', 0, 'GF'),
('17.968.146-3', 'FERNANDA ARACELLI', 'Cuevas', 'Caro', '123', 4, '0000-00-00 00:00:00', 0, 'ACTIVO', '', '', 590.0031, 0, '', 0, 'GF'),
('17.968.192-7', 'FRANCHESCA NICOLE', 'VERGARA', 'VILLAVICENCIO', '123', 4, '2024-01-23 12:23:38', 0, 'ACTIVO', '', '', 636.0266, 0, '', 0, 'SF'),
('17.971.167-2', 'RAÚL ERNESTO', 'HERRERA', 'VIDELA', '123', 4, '0000-00-00 00:00:00', 0, 'ACTIVO', '', '', 175, 0, '', 0, 'RB'),
('17.971.693-3', 'PAULA ANDREA', 'VALDEZ', 'AMAR', '123', 4, '2021-02-09 12:30:48', 0, 'ACTIVO', '', '', 145, 0, '', 0, 'RB'),
('17.994.487-1', 'JUAN', 'REINOSO', '', '123', 4, '2021-10-01 09:50:42', 0, 'ACTIVO', '', '', 252.0084, 0, '', 0, 'GF'),
('18.001.414-4', 'JOSE MARIA', 'SANCHEZ', '', '123', 4, '2024-08-10 04:04:53', 0, 'ACTIVO', '', '', 907.0026, 0, '', 0, 'PV'),
('18.012.087-4', 'JOSE ANTONIO', 'MENESES', 'CORTES', '123', 4, '2020-12-07 11:06:15', 0, 'ACTIVO', '', '', 61.0023, 0, '', 0, 'RB'),
('18.028.742-6', 'ALEXANDRA', 'LEIVA', 'GUAJARDO', '123', 4, '0000-00-00 00:00:00', 0, 'ACTIVO', '', '', 340.0163, 0, '', 0, 'GF'),
('18.038.584-3', 'JOSE', 'GALLARDO', 'PULGAR', '123', 4, '0000-00-00 00:00:00', 0, 'ACTIVO', '', '', 888.0021, 0, '', 0, 'RB'),
('18.039.483-4', 'SEBASTIAN', 'RUBIO', 'MORALES', '123', 4, '2024-03-14 10:16:32', 0, 'ACTIVO', '', '', 149.011, 0, '', 0, 'GF'),
('18.039.913-5', 'ALEJANDRA', 'AMULEF', 'FUENZALIDA', '123', 4, '2023-01-23 16:42:09', 0, 'ACTIVO', '', '', 353.0256, 0, '', 0, 'GF'),
('18.040.284-5', 'GIANNINA', 'MARICIO', 'SANHUEZA', '123', 4, '2022-04-02 15:45:54', 0, 'ACTIVO', '', '', 406.0025, 0, '', 0, 'GF'),
('18.040.418-K', 'CONSTANZA', 'CABEZAS', '.', '123', 4, '2022-08-01 17:09:15', 0, 'ACTIVO', '', '', 40.0021, 0, '', 0, 'RB'),
('18.040.704-9', 'LUCIANA ', 'BOZZO', 'LOBOS', '123', 4, '0000-00-00 00:00:00', 0, 'ACTIVO', '', '', 774.0032, 0, '', 0, 'GF'),
('18.041.065-1', 'TAMARA', 'SOTO', 'RÍOS', '123', 4, '0000-00-00 00:00:00', 0, 'INACTIVO', '', '', 525.0004, 0, '', 0, 'GF'),
('18.042.066-5', 'ALEXANDER', 'MARCHANT', '', '123', 4, '0000-00-00 00:00:00', 0, 'ACTIVO', '', '', 668.0023, 0, '', 0, 'GF'),
('18.042.482-2', 'NICOLE VALESKA ', 'JORQUERA ', 'SALINAS', '123', 4, '0000-00-00 00:00:00', 0, 'ACTIVO', '', '', 586, 0, '', 0, 'LL'),
('18.044.129-8', 'ANDRES ', 'GARCIA', 'OSSES', 'geo', 4, '2021-03-01 15:22:31', 0, 'ACTIVO', '', '', 198, 0, '', 0, 'GF'),
('18.073.784-7', 'Daniel', 'Quezada', '', '123', 4, '0000-00-00 00:00:00', 0, 'ACTIVO', '', '', 795.0001, 0, '', 0, 'RB'),
('18.078.811-5', 'JENNIFER', 'MEDINA ', 'VEGA', 'geo', 4, '0000-00-00 00:00:00', 0, 'ACTIVO', '', '', 159, 0, '', 0, 'GF'),
('18.079.225-2', 'MACARENA', 'GARCIA', '.', '123', 4, '2021-01-19 10:25:53', 0, 'ACTIVO', '', '', 42.0006, 0, '', 0, 'RB'),
('18.114.130-1', 'VALENTINA', 'GUERRERO', '', '123', 4, '2022-04-07 23:27:27', 0, 'ACTIVO', '', '', 324, 0, '', 0, 'RB'),
('18.140.119-2', 'PAMELA', 'ROSAS', '', '123', 4, '2024-06-06 15:16:01', 0, 'ACTIVO', '', '', 704.0051, 0, '', 0, 'PV'),
('18.152.691-2', 'JAVIERA', 'MICHELI', 'BASUALTO', '123', 4, '2024-06-21 13:21:01', 0, 'ACTIVO', '', '', 719.0033, 0, '', 0, 'AS'),
('18.166.094-5', 'CRISTIAN', 'ACUÑA', '', '123', 4, '2024-06-19 16:08:34', 0, 'ACTIVO', '', '', 807.0106, 0, '', 0, 'RB'),
('18.171.861-7', 'ANIBAL', 'VASQUEZ', 'VILLAGRAN', '123', 4, '2023-10-31 14:03:14', 0, 'ACTIVO', '', '', 32, 0, '', 0, 'CT'),
('18.181.523-K', 'CLAUDIA FERNANDA', 'ROJAS', 'REBOLLEDO', '123', 4, '2022-02-17 10:32:38', 0, 'ACTIVO', '', '', 374.0009, 0, '', 0, 'SF'),
('18.188.486-k', 'VALENTINA', 'ALARCÓN', 'PALACIOS', '123', 4, '2023-12-14 16:36:11', 0, 'ACTIVO', '', '', 728.0062, 0, '', 0, 'GF'),
('18.253.298-3', 'Anyela Catalina', 'Quiñonez', 'Torres', '123', 4, '0000-00-00 00:00:00', 0, 'ACTIVO', '', '', 527.006, 0, '', 0, 'SL'),
('18.259.017-7', 'PABLO', 'LAZCANO', '', '123', 4, '2024-04-03 09:58:15', 0, 'ACTIVO', '', '', 562.0119, 0, '', 0, 'RB'),
('18.261.193-k', 'ORIEL', 'MUÑOZ', '.', '123', 4, '2022-01-06 18:18:47', 0, 'ACTIVO', '', '', 170.0275, 0, '', 0, 'RB'),
('18.261.257-K', 'GERALDINE', 'RETAMAL', 'SANFURGO', '123', 4, '2023-05-19 15:35:05', 0, 'ACTIVO', '', '', 425.0087, 0, '', 0, 'SF'),
('18.261.478-5', 'ARACELI', 'DIAZ', 'ORELLANA', 'ELL123', 4, '2023-03-31 07:27:39', 0, 'ACTIVO', '', '', 153.0075, 0, '', 0, 'LL'),
('18.276.060-9', 'RICARDO', 'VASQUEZ', 'ABURTO', '123', 4, '0000-00-00 00:00:00', 0, 'ACTIVO', '', '', 403.0024, 0, '', 0, 'MA'),
('18.277.780-3', 'VANESSA NOEMI', 'CASTAÑEDA', 'P', '123', 4, '0000-00-00 00:00:00', 0, 'ACTIVO', '', '', 402, 0, '', 0, 'GF'),
('18.280.943-8', 'LEONARDO', 'BOZA', '.', 'geo', 4, '2021-03-19 09:14:36', 0, 'ACTIVO', '', '', 90, 0, '', 0, 'GF'),
('18.317.099-6', 'FELIPE', 'OLGADE', '.', '123', 4, '2021-07-26 10:37:32', 0, 'ACTIVO', '', '', 225.0015, 0, '', 0, 'RB'),
('18.322.292-9', 'JUAN CARLOS', 'LOPEZ', 'GONZALEZ', '123', 4, '2024-04-02 21:41:53', 0, 'ACTIVO', '', '', 854.0008, 0, '', 0, 'MA'),
('18.334.745-4', 'FREDDY', 'CEA', 'PARRAGUEZ', '123', 4, '0000-00-00 00:00:00', 0, 'ACTIVO', '', '', 409.0024, 0, '', 0, 'GF'),
('18.335.665-8', 'CARLA', 'DIAZ', 'CONEJERA', '123', 4, '0000-00-00 00:00:00', 0, 'ACTIVO', '', '', 791.0026, 0, '', 0, 'AS'),
('18.371.267-4', 'FRANCISCA MACKARENA', 'PARRA', 'LAZO', '123', 4, '2022-04-02 15:26:43', 0, 'ACTIVO', '', '', 401.0037, 0, '', 0, 'GF'),
('18.375.020-8', 'NINOSKA', 'PEREZ', 'GAJARDO', '123', 4, '2022-03-17 13:19:21', 0, 'ACTIVO', '', '', 354.0118, 0, '', 0, 'GF'),
('18.375.196-4', 'KARINA ANTONIA ', 'MOYA', 'GONZALEZ', '123', 4, '2023-12-20 18:40:00', 0, 'ACTIVO', '', '', 757.0046, 0, '', 0, 'LL'),
('18.375.667-2', 'JORGE EDUARDO', 'REYES', 'MIRANDA', '123', 4, '2022-12-07 18:58:09', 0, 'ACTIVO', '', '', 458.0069, 0, '', 0, 'GF'),
('18.375.679-6', 'MATIAS', 'OLAVE', '', '123', 4, '0000-00-00 00:00:00', 0, 'ACTIVO', '', '', 384, 0, '', 0, 'RB'),
('18.375.822-5', 'ANDRES ', 'CORNEJO', '', '123', 4, '2024-02-28 16:42:19', 0, 'ACTIVO', '', '', 693.0031, 0, '', 0, 'TF'),
('18.376.712-7', 'Joselyn', 'Soto', 'Soto', '123', 4, '2024-03-28 12:06:03', 0, 'ACTIVO', '', '', 734.0109, 0, '', 0, 'GF'),
('18.377.115-9', 'CAROLINA', 'REYES', 'FUENTES', 'geo', 4, '2021-06-24 12:02:15', 0, 'ACTIVO', '', '', 35.0497, 0, '', 0, 'GF'),
('18.378.223-1', 'DIANA', 'ROJAS', '', 'geo', 4, '2021-01-06 18:03:14', 0, 'ACTIVO', '', '', 100.0025, 0, '', 0, 'GF'),
('18.378.407-2', 'VALERIA CONSTANZA', 'ORTIZ', 'QUINTANA', 'geo', 4, '2020-12-08 14:09:21', 0, 'ACTIVO', '', '', 85.0025, 0, '', 0, 'GF'),
('18.379.152-4', 'FELIPE', 'ALVARES', 'CEA', '123', 4, '0000-00-00 00:00:00', 0, 'ACTIVO', '', '', 390.0037, 0, '', 0, 'LL'),
('18.379.426-4', 'MARIA JOSE', 'MEDEL ', 'RUBILAR', '123', 4, '0000-00-00 00:00:00', 0, 'ACTIVO', '', '', 599.0001, 0, '', 0, 'GF'),
('18.400.604-9', 'JUAN', 'MOYA', '', '123', 4, '0000-00-00 00:00:00', 0, 'ACTIVO', '', '', 829.0037, 0, '', 0, 'AF'),
('18.400.667-7', 'MARIA TERESA', 'LORCA', 'GAJARDO', '1234', 4, '2024-08-30 10:07:42', 0, 'ACTIVO', 'AGUA SANTA', '', 925.0005, 0, '', 0, 'AS'),
('18.431.528-9', 'CLAUDIA ANDREA', 'HERMOSILLA', 'VICENCIO', '123', 4, '2022-03-22 09:52:49', 0, 'ACTIVO', '', '', 179, 0, '', 0, 'RB'),
('18.432.317-6', 'Valeska', 'Parra', '', '123', 4, '2024-09-07 01:34:02', 0, 'ACTIVO', '', '', 923.0016, 0, '', 0, 'PV'),
('18.442.708-7', 'YANARA', 'DURAN', 'VILLAROEL', '123', 4, '2024-03-28 12:07:13', 0, 'ACTIVO', '', '', 852.0038, 0, '', 0, 'GF'),
('18.445.470-K', 'MANUEL', 'BUCAREY', 'DIAZ', '1234', 4, '0000-00-00 00:00:00', 0, 'ACTIVO', 'AGUA SANTA', '', 927, 0, '', 0, 'AS'),
('18.445.567-6', 'MATIAS GABRIEL', 'QUINTEROS', 'MACIAS', 'geo', 4, '2021-01-12 10:24:03', 0, 'ACTIVO', '', '', 48.0236, 0, '', 0, 'GF'),
('18.445.691-5', 'KATHERINE', 'CISTERNAS', 'HERNANDEZ', '123', 4, '0000-00-00 00:00:00', 0, 'ACTIVO', '', '', 276.0057, 0, '', 0, 'GF'),
('18.446.621-K', 'STEPHENIE CLAIREE', 'FAURE ', 'ALVEAR', '123', 4, '0000-00-00 00:00:00', 0, 'ACTIVO', '', '', 573.0009, 0, '', 0, 'GF'),
('18.448.421-8', 'PEDRO', 'PEREZ', 'RAMIREZ', 'geo', 4, '2021-03-01 08:26:50', 0, 'ACTIVO', '', '', 184.005, 0, '', 0, 'GF'),
('18.510.479-6', 'JORGE', 'GONZALEZ', '', '123', 4, '2024-03-14 23:59:16', 0, 'ACTIVO', '', '', 865.0012, 0, '', 0, 'RB'),
('18.537.501-3', 'TAMARA', 'ALFARO', '.', '123', 4, '0000-00-00 00:00:00', 0, 'ACTIVO', '', '', 207, 0, '', 0, 'RB'),
('18.539.776-9', 'ALEX', 'FLORES', '', '123', 4, '0000-00-00 00:00:00', 0, 'ACTIVO', '', '', 745, 0, '', 0, 'GF'),
('18.557.914-K', 'ANAHI', 'MADRID', 'MUÑOZ', '1234', 4, '0000-00-00 00:00:00', 0, 'INACTIVO', '', '', 0.0002, 0, '', 0, 'GF'),
('18.558.040-7', 'MILKO BASILIO', 'CARRIZO', 'LEON', '123', 4, '0000-00-00 00:00:00', 0, 'ACTIVO', '', '', 387.0051, 0, '', 0, 'GF'),
('18.558.191-8', 'FRANCISCA', 'OSORIO', 'PEREZ', '123', 4, '2024-03-21 23:55:27', 0, 'ACTIVO', '', '', 96.0487, 0, '', 0, 'GF'),
('18.558.262-0', 'CARLOS', 'BANDA', 'JARA', '123', 4, '0000-00-00 00:00:00', 0, 'ACTIVO', '', '', 274, 0, '', 0, 'CT'),
('18.562.829-9', 'MIGUEL', 'MIRANDA', '', '123', 4, '2022-04-06 17:09:33', 0, 'ACTIVO', '', '', 358, 0, '', 0, 'RB'),
('18.570.250-2', 'VANNIA', 'RUIZ', '', '123', 4, '2024-04-24 10:02:48', 0, 'ACTIVO', '', '', 711.0015, 0, '', 0, 'PV'),
('18.576.832-5', 'MARIA FERNANDA', 'SAAVEDRA', 'CORREA', '123', 4, '2022-03-29 13:20:10', 0, 'ACTIVO', '', '', 168.0009, 0, '', 0, 'MA'),
('18.585.132-k', 'CAMILA', 'JARA', 'DE LA MAZA', '123', 4, '2024-06-13 16:14:17', 0, 'ACTIVO', '', '', 193.0088, 0, '', 0, 'QE'),
('18.603.245-4', 'MAXIMILIANO', 'CURIQUEO', 'GRAU', '123', 4, '2022-03-11 12:19:47', 0, 'ACTIVO', '', '', 361.0058, 0, '', 0, 'MA'),
('18.604.555-6', 'LEONARDO ', 'JAQUE', 'REYES', '123', 4, '0000-00-00 00:00:00', 0, 'ACTIVO', 'areatecnica1', '', 598.0019, 0, '', 0, 'GF'),
('18.609.000-4', 'VALENTINA', 'PAVEZ', 'FUENTEALBA', '123', 4, '0000-00-00 00:00:00', 0, 'ACTIVO', '', '', 436.0076, 0, '', 0, 'GF'),
('18.616.845-3', 'RENATO', 'GONZALEZ', '', 'geo', 4, '2021-03-09 21:18:50', 0, 'ACTIVO', '', '', 185.0021, 0, '', 0, 'GF'),
('18.623.984-9', 'JALIL', 'PINTO', 'LAGOS', '123', 4, '0000-00-00 00:00:00', 0, 'ACTIVO', '', '', 440.0092, 0, '', 0, 'AS'),
('18.624.958-5', 'JUAN ', 'SUAREZ', 'VILLANUEVA', 'geo', 4, '2021-03-02 11:42:43', 0, 'ACTIVO', '', '', 183.0047, 0, '', 0, 'MA'),
('18.632.541-9', 'MAURICIO', 'ALVAREZ', '.', '123', 4, '2022-09-27 16:07:27', 0, 'ACTIVO', '', '', 216, 0, '', 0, 'RB'),
('18.632.707-1', 'VANESA ESTEFANI', 'PEREZ', 'VASQUEZ', '123', 4, '2022-09-12 09:40:40', 0, 'ACTIVO', '', '', 110.0208, 0, '', 0, 'GF'),
('18.633.807-3', 'ROBINSON', 'CAMPOS', '.', '123', 4, '0000-00-00 00:00:00', 0, 'ACTIVO', '', '', 196, 0, '', 0, 'RB'),
('18.644.961-4', 'EMILIANO OCTAVIO', 'SEGURA', 'ARIAS', '123', 4, '2022-12-30 09:07:26', 0, 'ACTIVO', '', '', 526.0015, 0, '', 0, 'GF'),
('18.645.311-5', 'CARLOS', 'VERGARA', '.', '123', 4, '0000-00-00 00:00:00', 0, 'ACTIVO', '', '', 199, 0, '', 0, 'RB'),
('18.646.113-4', 'MERY', 'CERDA', 'BARRA', '123', 4, '2023-12-13 21:37:18', 0, 'ACTIVO', '', '', 733.0008, 0, '', 0, 'GF'),
('18.659.051-1', 'ARACELY', 'MENDOZA', '', '123', 4, '2022-01-06 18:19:10', 0, 'ACTIVO', '', '', 273, 0, '', 0, 'RB'),
('18.670.403-7', 'IGNACIO', 'DIAZ', '', '123', 4, '2024-03-02 10:41:17', 0, 'ACTIVO', '', '', 746.009, 0, '', 0, 'AS'),
('18.679.431-1', 'FRANCESCA', 'CARVACHO', '', '123', 4, '2023-01-31 09:05:55', 0, 'ACTIVO', '', '', 551.0037, 0, '', 0, 'RB'),
('18.712.122-1', 'CELINA', 'CASANOVA', 'PEREZ', '123', 4, '2021-03-30 17:15:59', 0, 'ACTIVO', '', '', 66.0126, 0, '', 0, 'GF'),
('18.722.098-k', 'MARIO', 'MATUS', 'MUÑOZ', '123', 4, '2023-11-16 16:32:14', 0, 'ACTIVO', '', '', 69.0249, 0, '', 0, 'CT'),
('18.733.629-5', 'RIGOBERTO', '', '', '123', 4, '2022-02-25 14:36:01', 0, 'ACTIVO', '', '', 284.0151, 0, '', 0, 'GF'),
('18.757.436-6', 'ISKANDAR', 'SAUD', '', '123', 4, '2024-02-13 11:38:54', 0, 'ACTIVO', '', '', 780.0048, 0, '', 0, 'AF'),
('18.759.437-5', 'JAVIERA', 'ROJAS', 'DIAZ', '123', 4, '0000-00-00 00:00:00', 0, 'ACTIVO', '', '', 608.002, 0, '', 0, 'MA'),
('18.785.786-4', 'VICTORIA', 'MADRID', 'SERRANO', 'geo', 4, '2021-02-25 23:05:31', 0, 'ACTIVO', '', '', 191, 0, '', 0, 'GF'),
('18.792.680-7', 'Monserrat', 'Segovia ', 'Segovia ', '123', 4, '0000-00-00 00:00:00', 0, 'ACTIVO', '', '', 760, 0, '', 0, 'GF'),
('18.794.159-8', 'JIMMY', 'PEÑA', 'GONZALEZ', '123', 4, '0000-00-00 00:00:00', 0, 'INACTIVO', '', '', 70, 0, '', 0, 'CT'),
('18.799.219-2', 'BENJAMIN', 'JARA', 'TARAMASCO', '123', 4, '2024-09-27 18:09:09', 0, 'ACTIVO', '', '', 192.0409, 0, '', 0, 'RB'),
('18.823.673-1', 'Alejandro', 'Pizarro', 'Aguirre', '123', 4, '0000-00-00 00:00:00', 0, 'ACTIVO', '', '', 304, 0, '', 0, 'RB'),
('18.858.727-5', 'BRENDA NICOLE', 'SALAS', 'SALAS', '123', 4, '2022-09-14 10:25:11', 0, 'ACTIVO', '', '', 52.117, 0, '', 0, 'GF'),
('18.874.179-7', 'HECTOR', 'YEVENES', '', '123', 4, '2024-03-29 09:32:04', 0, 'ACTIVO', '', '', 876.0033, 0, '', 0, 'RB'),
('18.884.322-0', 'CAMILA BELEN', 'BARRERA', 'MAUREIRA', '123', 4, '2022-03-02 14:53:38', 0, 'ACTIVO', '', '', 60, 0, '', 0, 'RB');
INSERT INTO `sys_usuario` (`usuario_rut`, `usuario_nombre`, `usuario_apepaterno`, `usuario_apematerno`, `usuario_clave`, `id_tipousuario`, `usuario_fechaingreso`, `usuario_intentos`, `usuario_estado`, `usuario_mail`, `usuario_telefono`, `usuario_folio`, `ultimo_folio`, `usuario_foto`, `cliente_zonal`, `cliente_id`) VALUES
('18.890.230-8', 'CAROLINA', 'CORONA', 'PINTO', '123', 4, '2021-01-28 17:38:31', 0, 'INACTIVO', '', '', 65.0055, 0, '', 0, 'CT'),
('18.890.574-9', 'VIVIANA', 'MIRANDA', '', '123', 4, '2023-05-17 10:35:10', 0, 'ACTIVO', '', '', 498.0082, 0, '', 0, 'CT'),
('18.897.242-k', 'VICTOR', 'SANCHEZ', 'JAIME', '123', 4, '0000-00-00 00:00:00', 0, 'ACTIVO', '', '', 174, 0, '', 0, 'RB'),
('18.905.307-K', 'RODOLFO', 'GAJARDO', 'DURAN', '123', 4, '2024-02-20 19:15:41', 0, 'ACTIVO', '', '', 723.0091, 0, '', 0, 'GF'),
('18.930.525-7', 'IVAN', 'REYES', '', '123', 4, '0000-00-00 00:00:00', 0, 'ACTIVO', '', '', 892, 0, '', 0, 'AF'),
('18.950.406-k', 'MARIA JOSE', 'CORNEJO', '', 'geo', 4, '0000-00-00 00:00:00', 0, 'INACTIVO', '', '', 172, 0, '', 0, 'GF'),
('18.950.456-k', 'MARIA JOSE', 'CORNEJO', '', '123', 4, '2022-01-21 20:02:30', 0, 'ACTIVO', '', '', 173.0079, 0, '', 0, 'GF'),
('18.956.084-2', 'ALVARO', 'VALDEBENITO', '', '123', 4, '2022-03-05 16:35:54', 0, 'ACTIVO', '', '', 349.0048, 0, '', 0, 'AS'),
('18.967.065-6', 'PATRICIO ALEJANDRO', 'ARENAS', 'CALDERON', '123', 4, '0000-00-00 00:00:00', 0, 'ACTIVO', '', '', 823.0011, 0, '', 0, 'MA'),
('18.973.403-4', 'ALFONSO', 'CASANOVA', 'LEON', 'geo', 4, '2020-12-14 08:45:22', 0, 'ACTIVO', '', '', 97.0027, 0, '', 0, 'GF'),
('18.973.788-2', 'NICOLE', 'BARRERA', 'FERNANDINI', '123', 4, '0000-00-00 00:00:00', 0, 'ACTIVO', '', '', 294.0011, 0, '', 0, 'GF'),
('18.979.794-K', 'FELIPE ANDRES', 'PINO', 'NUÑEZ', '123', 4, '2022-04-22 17:54:15', 0, 'ACTIVO', '', '', 373.0062, 0, '', 0, 'LL'),
('18.984.569-3', 'PEDRO', 'JARA', '', '123', 4, '2024-04-05 20:05:44', 0, 'ACTIVO', '', '', 861.0042, 0, '', 0, 'RB'),
('19.017.345-3', 'ROBERTO', 'FUENTES', 'PEREZ', '123', 4, '2024-03-02 15:00:54', 0, 'ACTIVO', '', '', 391.0004, 0, '', 0, 'AS'),
('19.017.571-5', 'BASTIAN IVES', 'PALMA', 'VALENCIA', 'geo', 4, '2021-01-08 19:51:26', 0, 'ACTIVO', '', '', 113.002, 0, '', 0, 'GF'),
('19.017.807-2', 'ERIK', 'ANTIÑIR', 'FERNANDEZ', '1234', 4, '0000-00-00 00:00:00', 0, 'ACTIVO', '', '', 510.0014, 0, '', 0, 'GF'),
('19.018.016-6', 'FERNANDA', 'PEÑA', 'DÍAZ', '123', 4, '2024-04-02 19:18:02', 0, 'ACTIVO', '', '', 534.0129, 0, '', 0, 'GF'),
('19.019.380-2', 'MATIAS FELIPE', 'ROJAS', 'SANCHEZ', '123', 4, '2021-03-03 11:44:08', 0, 'ACTIVO', '', '', 51.0091, 0, '', 0, 'LL'),
('19.020.004-3', 'LUIS', 'CANCINO', '', '123', 4, '2022-02-15 10:45:30', 0, 'ACTIVO', '', '', 226.0159, 0, '', 0, 'GF'),
('19.048.841-1', 'MATIAS', 'SANHUEZA', 'MARTINEZ', 'geo', 4, '2020-12-12 15:23:35', 0, 'INACTIVO', '', '', 98.0061, 0, '', 0, 'GF'),
('19.052.756-6', 'IVAN', 'VARGAS', 'MIRANDA', '123', 4, '0000-00-00 00:00:00', 0, 'ACTIVO', '', '', 342.0004, 0, '', 0, 'MA'),
('19.065.095-2', 'DANIEL ALFONSO', 'LOPEZ', 'MORALES', '123', 4, '2022-01-06 17:12:10', 0, 'ACTIVO', '', '', 271, 0, '', 0, 'RB'),
('19.065.828-7', 'SAMUEL', 'ABARCA', 'JAQUE', '123', 4, '0000-00-00 00:00:00', 0, 'ACTIVO', '', '', 654, 0, '', 0, 'QE'),
('19.065.929-1', 'MICHAEL', 'BUSTOS', '', '123', 4, '2024-09-28 17:37:35', 0, 'ACTIVO', '', '', 826.025, 0, '', 0, 'PV'),
('19.066.355-8', 'CAMILA', 'MOLINA', '', '123', 4, '2024-01-30 10:15:26', 0, 'ACTIVO', '', '', 628.0143, 0, '', 0, 'AF'),
('19.067.279-4', 'Marcos', 'Sanchez', 'Castro', '123', 4, '2024-08-06 22:15:53', 0, 'ACTIVO', '', '', 904.0038, 0, '', 0, 'PV'),
('19.078.205-0', 'TOMAS', 'ORTIZ', 'CASTRO', '123', 4, '2024-01-03 20:57:53', 0, 'ACTIVO', '', '', 655.0075, 0, '', 0, 'AS'),
('19.084.316-5', 'OSCAR', 'GONZALEZ', '.', '123', 4, '2022-06-15 10:18:18', 0, 'ACTIVO', '', '', 214, 0, '', 0, 'RB'),
('19.125.826-6', 'RENE GUILLERMO', 'RODRIGUEZ', 'GUZMAN', '123', 4, '2023-12-20 18:38:01', 0, 'ACTIVO', '', '', 739.0036, 0, '', 0, 'LL'),
('19.125.828-6', 'RENE GUILLERMO', 'RODRIGUEZ', 'GUZMAN', '123', 4, '0000-00-00 00:00:00', 0, 'INACTIVO', '', '', 730, 0, '', 0, 'LL'),
('19.125.835-6', 'RENE GUILLERMO', 'RODRIGUEZ', 'GUZMAN', '123', 4, '0000-00-00 00:00:00', 0, 'INACTIVO', '', '', 738, 0, '', 0, 'LL'),
('19.127.745-7', 'MAURICIO', 'FLORES', 'GONZALES', '123', 4, '2024-04-12 12:49:19', 0, 'ACTIVO', '', '', 133.0138, 0, '', 0, 'MA'),
('19.129.612-5', 'MATIAS', 'TORRES', '', '123', 4, '0000-00-00 00:00:00', 0, 'ACTIVO', '', '', 781.0054, 0, '', 0, 'AF'),
('19.130.139-0', 'ALEXA PATRICIA', 'FERNANDEZ', 'CARRASCO', '123', 4, '0000-00-00 00:00:00', 0, 'ACTIVO', '', '', 742.0024, 0, '', 0, 'RB'),
('19.131.312-7', 'JAVIERA', 'CALDERON', '', '123', 4, '2023-02-02 09:41:12', 0, 'ACTIVO', '13.827.441-1', '', 571.0045, 0, '', 0, 'RB'),
('19.134.210-0', 'CARLA', 'GRANADINO', 'CONTRERAS', '123', 4, '0000-00-00 00:00:00', 0, 'ACTIVO', '', '', 880.0026, 0, '', 0, 'PV'),
('19.149.231-0', 'CLAUDIO ANDRES', 'PISMANTE', 'TAPIA', '123', 4, '0000-00-00 00:00:00', 0, 'ACTIVO', '', '', 297.0001, 0, '', 0, 'GF'),
('19.155.084-6', 'ELADIO', 'MICHEA', 'CARVAJAL', '123', 4, '0000-00-00 00:00:00', 0, 'ACTIVO', '', '', 553.0002, 0, '', 0, 'RB'),
('19.160.383-4', 'JAZMIN', 'GUTIERREZ ', 'QUINTANA', '123', 4, '0000-00-00 00:00:00', 0, 'ACTIVO', '', '', 764.0025, 0, '', 0, 'GF'),
('19.164.405-4', 'JOSE', 'ECHEVERRIA', 'MUÑOZ', '123', 4, '2022-07-13 10:07:14', 0, 'ACTIVO', '', '', 260.0309, 0, '', 0, 'LL'),
('19.183.627-8', 'MAXIMILIANO', 'PIZARRO', '', '123', 4, '2024-04-08 18:40:12', 0, 'ACTIVO', '', '', 310.0121, 0, '', 0, 'PV'),
('19.192.343-k', 'KATHERINE SOLANGE', 'MUÑOZ', 'ALVAREZ', '123', 4, '2021-03-09 19:49:51', 0, 'ACTIVO', '', '', 137.0058, 0, '', 0, 'RB'),
('19.210.738-5', 'ANGELA', 'CABEZAS', 'MEDINA', '123', 4, '2024-04-10 10:50:07', 0, 'ACTIVO', '', '', 814.0106, 0, '', 0, 'LL'),
('19.211.304-0', 'JESSICA CAROLINA', 'GONZALEZ ', 'PAREDES', '123', 4, '2023-02-02 03:38:51', 0, 'ACTIVO', '', '', 520.0083, 0, '', 0, 'LL'),
('19.223.494-8', 'IVO', 'ARMIJO', '.', '123', 4, '0000-00-00 00:00:00', 0, 'ACTIVO', '', '', 213, 0, '', 0, 'RB'),
('19.232.091-7', 'MATIAS', 'VALDES', '', '123', 2, '2024-02-21 10:01:57', 0, 'ACTIVO', '', '', 696, 0, '', 0, 'TF'),
('19.254.642-7', 'FRANCISCA', 'ARRIAGADA', '', '123', 4, '0000-00-00 00:00:00', 0, 'ACTIVO', '', '', 851.0048, 0, '', 0, 'GF'),
('19.262.195-K', 'GERMAN ', 'ZAMBRANO', 'INOSTROZA', '123', 4, '0000-00-00 00:00:00', 0, 'ACTIVO', '', '', 721.0002, 0, '', 0, 'GF'),
('19.263.716-3', 'Liz', 'Saldaña', 'Moya ', '123', 4, '2023-12-24 08:49:06', 0, 'ACTIVO', '', '', 749.0012, 0, '', 0, 'GF'),
('19.264.238-8', 'CATALINA CARMEN', 'QUIROGA', 'MARTINEZ', '123', 4, '0000-00-00 00:00:00', 0, 'ACTIVO', '', '', 379.0205, 0, '', 0, 'LL'),
('19.264.281-7', 'DAMIAN', 'MARTINEZ', 'ELIZONDO', '123', 4, '0000-00-00 00:00:00', 0, 'ACTIVO', '', '', 767.0005, 0, '', 0, 'GF'),
('19.264.405-4', 'JOSE', 'ECHEVERRIA', 'MUÑOZ', '123', 4, '2022-11-23 12:50:53', 0, 'ACTIVO', '', '', 169.0075, 0, '', 0, 'LL'),
('19.264.410-0', 'SIXTO', 'BARRERA', 'RIQUELME', '123', 4, '0000-00-00 00:00:00', 0, 'ACTIVO', '', '', 671.0007, 0, '', 0, 'AS'),
('19.264.589-1', 'FRANCISCA BELEN', 'CHAVEZ', 'PEÑALOZA', 'geo', 4, '2021-02-09 19:19:43', 0, 'ACTIVO', '', '', 49.004, 0, '', 0, 'GF'),
('19.264.690-1', 'DIEGO', 'CORREA', '', '123', 4, '2022-04-05 18:46:08', 0, 'ACTIVO', '', '', 350.0049, 0, '', 0, 'GF'),
('19.265.252-9', 'NATALIA', 'CAMILLA', 'FUENTES', '123', 4, '2022-10-27 16:48:42', 0, 'ACTIVO', '', '', 392.0017, 0, '', 0, 'GF'),
('19.265.791-1', 'ESTEFANIA', 'PINO', 'AHUMADA', '123', 4, '2023-12-10 05:36:19', 0, 'ACTIVO', '', '', 63.0031, 0, '', 0, 'AS'),
('19.268.429-3', 'CRISTIAN', 'PRADO', '', '123', 4, '0000-00-00 00:00:00', 0, 'ACTIVO', '', '', 864.0004, 0, '', 0, 'RB'),
('19.276.073-9', 'ALVARO', 'VELAZQUEZ', 'AHUMADA', '123', 4, '0000-00-00 00:00:00', 0, 'ACTIVO', '', '', 496.0079, 0, '', 0, 'AS'),
('19.282.327-7', 'JORDAN', 'FICA', 'MUÑOZ', '123', 4, '0000-00-00 00:00:00', 0, 'ACTIVO', '', '', 732.0006, 0, '', 0, 'GF'),
('19.283.627-8', 'MAXIMILIANO', 'PIZARRO', '', '123', 4, '0000-00-00 00:00:00', 0, 'ACTIVO', '', '', 344.0013, 0, '', 0, 'LL'),
('19.287.221-9', 'DANIELA', 'PIZARRO', 'ABARCA', '123', 4, '0000-00-00 00:00:00', 0, 'ACTIVO', '', '', 895.0025, 0, '', 0, 'GF'),
('19.292.370-0', 'FELIPE ', 'GARRIDO', 'CORVALAN', '123', 4, '0000-00-00 00:00:00', 0, 'ACTIVO', '', '', 439, 0, '', 0, 'AS'),
('19.298.977-9', 'DIEGO CRISTIAN', 'DIAZ', 'NUÑEZ', '123', 4, '2024-08-29 20:06:41', 0, 'ACTIVO', '', '', 505.0003, 0, '', 0, 'SL'),
('19.306.572-4', 'BENJAMIN', 'ZORRILLA', 'TORO', '123', 4, '0000-00-00 00:00:00', 0, 'ACTIVO', '', '', 878.0026, 0, '', 0, 'GF'),
('19.309.653-0', 'JAVIER', 'OSORIO', 'VARGAS', '123', 4, '2024-07-22 15:41:21', 0, 'ACTIVO', '', '', 761.0016, 0, '', 0, 'MA'),
('19.310.457-6', 'PABLO FERNANDO ', 'PERALTA', 'URZUA', '123', 4, '2024-03-12 10:05:15', 0, 'ACTIVO', '', '', 853.0039, 0, '', 0, 'GF'),
('19.314.352-0', 'LORETO ', 'UBILLA', '', '123', 4, '0000-00-00 00:00:00', 0, 'ACTIVO', '', '', 205, 0, '', 0, 'MA'),
('19.317.003-k', 'VERONICA YANIRA', 'MERLIN', 'FARIAS', '123', 4, '2023-07-11 16:15:18', 0, 'ACTIVO', '', '', 427.0021, 0, '', 0, 'SF'),
('19.321.885-7', 'PABLO', 'JORQUERA', 'CORTES', '123', 4, '2023-02-23 14:57:07', 0, 'ACTIVO', '', '', 308.0037, 0, '', 0, 'RB'),
('19.351.772-2', 'JAVIERA', 'ROJAS', 'TRIGO', '123', 4, '2022-06-02 09:10:38', 0, 'ACTIVO', '', '', 281.0162, 0, '', 0, 'GF'),
('19.359.619-3', 'LUCIANO', 'CADIZ', '.', '123', 4, '2021-03-10 10:35:08', 0, 'ACTIVO', '', '', 78.0071, 0, '', 0, 'RB'),
('19.359.745-9', 'SOFIA FERNANDA', 'TAPIA', 'HUERTA', '123', 4, '0000-00-00 00:00:00', 0, 'ACTIVO', '', '', 371.0017, 0, '', 0, 'LL'),
('19.359.837-4', 'FRANCISCA ALICIA', 'VALDES', 'CONTRERAS', '123', 4, '2024-02-29 12:46:49', 0, 'ACTIVO', '', '', 389.0122, 0, '', 0, 'GF'),
('19.376.860-1', 'DIEGO', 'ZAMORA', 'ZAMORA', '123', 4, '0000-00-00 00:00:00', 0, 'ACTIVO', '', '', 699.0006, 0, '', 0, 'AS'),
('19.391.304-0', 'GUILLERMO', 'CELIS', 'GUAJARDO', '123', 4, '2024-08-13 15:18:41', 0, 'ACTIVO', '', '', 848.0119, 0, '', 0, 'PV'),
('19.393.645-8', 'SAVKA', 'VERA', '', '123', 4, '2024-03-01 09:37:06', 0, 'ACTIVO', '', '', 559.0122, 0, '', 0, 'RB'),
('19.394.674-7', 'RODRIGO MATIAS', 'MUÑOZ', 'SAEZ', '123', 4, '2024-03-08 08:07:23', 0, 'ACTIVO', '', '', 140.0076, 0, '', 0, 'RB'),
('19.395.326-3', 'FRANCO', 'VERDEJO', '', '123', 4, '0000-00-00 00:00:00', 0, 'ACTIVO', '', '', 806, 0, '', 0, 'RB'),
('19.441.226-2', 'RICHARD', 'MORA', 'MALLEA', '123', 4, '0000-00-00 00:00:00', 0, 'ACTIVO', '', '', 372.0045, 0, '', 0, 'GF'),
('19.446.145-3', 'Matias', 'Ormazabal', '', '123', 4, '0000-00-00 00:00:00', 0, 'ACTIVO', '', '', 799, 0, '', 0, 'RB'),
('19.448.558-1', 'GABRIEL', 'URTUBIA', '', '123', 4, '0000-00-00 00:00:00', 0, 'ACTIVO', '', '', 779.0068, 0, '', 0, 'AF'),
('19.448.567-0', 'AILYN AMORI', 'CUADROS', 'ASTUDILLO', '123', 4, '2021-02-05 16:14:56', 0, 'ACTIVO', '', '', 144, 0, '', 0, 'RB'),
('19.448.878-5', 'KASSANDRA', 'HURTUBIA', '', '123', 4, '0000-00-00 00:00:00', 0, 'ACTIVO', '', '', 796, 0, '', 0, 'RB'),
('19.449.255-3', 'ERIN EVERLY', 'CASSI', 'SALCEDO', '123', 4, '2021-04-09 13:21:45', 0, 'ACTIVO', '', '', 127, 0, '', 0, 'RB'),
('19.449.444-0', 'FRANCISCO', 'PAMPARANA', '.', '123', 4, '2023-02-02 08:59:49', 0, 'ACTIVO', '', '', 131.0055, 0, '', 0, 'RB'),
('19.452.422-6', 'CONSTANZA', 'SAA', 'IRRABAZABAL', '123', 4, '0000-00-00 00:00:00', 0, 'ACTIVO', '', '', 474.0044, 0, '', 0, 'GF'),
('19.476.210-0', 'PATRICIO', 'SEGURA', 'CASTRO', '123', 4, '2022-11-25 13:17:16', 0, 'ACTIVO', '', '', 370.0093, 0, '', 0, 'AS'),
('19.483.777-1', 'CAMILA', 'SEPULVEDA', 'ESPINOZA', '123', 4, '2022-03-02 11:47:56', 0, 'ACTIVO', '', '', 375.0013, 0, '', 0, 'MA'),
('19.488.156-8', 'MAYTE FERNANDA', 'BONILLA', 'AVILA', '123', 4, '0000-00-00 00:00:00', 0, 'ACTIVO', '', '', 154, 0, '', 0, 'RB'),
('19.496.381-5', 'GUSTAVO ALBERTO', 'ALEGRIA', 'SANDOVAL', '123', 4, '2024-06-11 11:07:16', 0, 'ACTIVO', '', '', 789.0005, 0, '', 0, 'LL'),
('19.505.564-5', 'EDISON', 'JOFRE', 'MEDRANO', '123', 4, '0000-00-00 00:00:00', 0, 'ACTIVO', '', '', 298.001, 0, '', 0, 'GF'),
('19.513.045-0', 'MAILEN', 'VASQUEZ', 'GONZALEZ', '123', 4, '0000-00-00 00:00:00', 0, 'ACTIVO', '', '', 367.0032, 0, '', 0, 'GF'),
('19.525.393-5', 'MATIAS ', 'CIFUENTES', '', '123', 4, '2022-11-28 15:49:59', 0, 'ACTIVO', '', '', 482.0076, 0, '', 0, 'RB'),
('19.526.706-5', 'DIEGO', 'GONZALEZ', 'LOPEZ', '123', 4, '2024-10-01 10:15:58', 0, 'ACTIVO', '', '', 120.0139, 0, '', 0, 'SF'),
('19.526.844-4', 'MARIA PAZ', 'SANTIBAÑEZ', 'GONZALEZ', '123', 4, '2024-07-23 16:59:56', 0, 'ACTIVO', '', '', 912.0018, 0, '', 0, 'AS'),
('19.551.096-2', 'NICOLAS HERNAN', 'VARGAS', 'GONZALEZ', '123', 4, '0000-00-00 00:00:00', 0, 'ACTIVO', '', '', 869.0008, 0, '', 0, 'GF'),
('19.570.119-9', 'DANITZA', 'PEREZ', 'ULLOA', '123', 4, '2023-03-08 09:06:01', 0, 'ACTIVO', '', '', 492.0089, 0, '', 0, 'AS'),
('19.587.496-4', 'Valentina ', 'Peñailillo', '', '123', 4, '0000-00-00 00:00:00', 0, 'ACTIVO', '', '', 802, 0, '', 0, 'RB'),
('19.588.401-3', 'Eric', 'Bustamante', 'Norambuena', '123', 4, '2023-04-26 11:31:47', 0, 'ACTIVO', 'Cristobal.bustamante2108@gmail.com', '', 536.0188, 0, '', 0, 'CT'),
('19.588.834-5', 'CAMILA', 'ROMO ', 'ROMO', '123', 4, '2022-03-09 13:51:38', 0, 'ACTIVO', '', '', 313.0546, 0, '', 0, 'GF'),
('19.589.178-8', 'GERALDINE ARLETTE', 'CONCHA', 'CARDENAS', 'geo', 4, '0000-00-00 00:00:00', 0, 'ACTIVO', '', '', 54, 0, '', 0, 'GF'),
('19.592.042-7', 'IVAN', 'CORTEZ ', 'FUENTES', '123', 4, '0000-00-00 00:00:00', 0, 'ACTIVO', '', '', 756.0004, 0, '', 0, 'GF'),
('19.592.606-9', 'JOSE', 'MENESES', '', '123', 4, '2024-01-02 21:20:10', 0, 'ACTIVO', '', '', 765.0009, 0, '', 0, 'GF'),
('19.592.665-4', 'JACQUELINE GABRIELA DOMINIC', 'MOLINA', 'LARA', 'geo', 4, '0000-00-00 00:00:00', 0, 'ACTIVO', '', '', 53.007, 0, '', 0, 'GF'),
('19.604.250-4', 'CAMILO', 'DUARTE', '', '123', 4, '0000-00-00 00:00:00', 0, 'ACTIVO', '', '', 523.0031, 0, '', 0, 'RB'),
('19.610.323-6', 'CAMILA', 'SERRANO', '', '123', 4, '2024-04-22 14:42:40', 0, 'ACTIVO', '', '', 873.0013, 0, '', 0, 'AF'),
('19.667.216-8', 'EDGARDO FRANCISCO', 'OLIVARES', 'MONDACA', '123', 4, '2024-01-12 11:38:29', 0, 'ACTIVO', '', '', 790.0018, 0, '', 0, 'RB'),
('19.669.510-9', 'RITA', 'FERNANDEZ', 'NAVARRO', '123', 4, '2024-01-19 13:19:40', 0, 'ACTIVO', '', '', 266.0112, 0, '', 0, 'MA'),
('19.678.415-2', 'JORGE LUIS', 'PONCE', 'CATALAN', '123', 4, '0000-00-00 00:00:00', 0, 'ACTIVO', '', '', 683.0102, 0, '', 0, 'AS'),
('19.679.344-5', 'NICOLAS ESTEBAN', 'DELSO', 'CORTES', '123', 4, '2023-11-29 11:42:03', 0, 'ACTIVO', '', '', 670.0019, 0, '', 0, 'GF'),
('19.680.553-2', 'CAROLINA ', 'QUIJADA', 'LOPEZ', '123', 4, '2022-12-30 18:35:03', 0, 'ACTIVO', '', '', 541.0029, 0, '', 0, 'GF'),
('19.696.859-8', 'ESTEBAN ALENJANDRO', 'ABURTO ', 'TAPIA', '123', 4, '2024-07-30 17:35:42', 0, 'ACTIVO', '', '', 639, 0, '', 0, 'SF'),
('19.727.056-k', 'CAMILA ANTONIA', 'ARANCIBIA', 'FIGUEROA', '123', 4, '0000-00-00 00:00:00', 0, 'ACTIVO', '', '', 166, 0, '', 0, 'RB'),
('19.727.390-9', 'IGNACIO', 'AVILA', '', '123', 4, '2024-02-22 10:45:14', 0, 'ACTIVO', '', '', 339.0149, 0, '', 0, 'RB'),
('19.754.456-2', 'SAUL', 'JAUREGUI', '', '123', 4, '2024-05-23 17:35:55', 0, 'ACTIVO', '', '', 877.0098, 0, '', 0, 'RB'),
('19.760.627-4', 'JOSE DANIEL', 'CATALDO', 'AGUIRRE', '123', 4, '2022-03-25 19:40:05', 0, 'ACTIVO', '', '', 156, 0, '', 0, 'RB'),
('19.761.393-9', 'BELEN ALEJANDRA', 'CATALAN', 'NUÑEZ', '123', 4, '2023-07-10 10:57:22', 0, 'ACTIVO', '', '', 556.0063, 0, '', 0, 'AS'),
('19.771.393-9', 'BELEN ALEJANDRA', 'CATALAN', 'NUÑEZ', '123', 4, '0000-00-00 00:00:00', 0, 'INACTIVO', '', '', 555, 0, '', 0, 'AS'),
('19.773.401-9', 'VICTORIA', 'PALOME', 'MONTENEGRO', 'geo', 4, '2021-01-05 12:10:24', 0, 'ACTIVO', '', '', 99.0021, 0, '', 0, 'GF'),
('19.776.028-1', 'DIEGO', 'CAVIEDES', '', '123', 4, '0000-00-00 00:00:00', 0, 'ACTIVO', '', '', 588.0017, 0, '', 0, 'RB'),
('19.785.795-1', 'ANDRES', 'SANCHEZ', 'CADET', '123', 4, '2024-01-08 14:00:19', 0, 'ACTIVO', '', '', 665.0185, 0, '', 0, 'QE'),
('19.786.991-7', 'MAX', 'BELTRAN', 'VILLAROEL', '123', 4, '2022-03-28 17:03:19', 0, 'ACTIVO', '', '', 333.0034, 0, '', 0, 'RB'),
('19.787.063-k', 'ESTEFANIA', 'CUADROS', '.', '123', 4, '2021-03-29 11:50:20', 0, 'ACTIVO', '', '', 135, 0, '', 0, 'RB'),
('19.787.134-2', 'IGNACIO', 'ITURRIETA', '', '123', 4, '2022-04-01 11:08:32', 0, 'ACTIVO', '', '', 359, 0, '', 0, 'RB'),
('19.787.389-2', 'CAMILA', 'SEGOVIA', 'LUCO', '123', 4, '0000-00-00 00:00:00', 0, 'ACTIVO', '', '', 879.0004, 0, '', 0, 'RB'),
('19.787.489-9', 'GABRIELA', 'CRAVIOLATTI', '', '123', 4, '2024-04-30 17:01:47', 0, 'ACTIVO', '', '', 360.0097, 0, '', 0, 'RB'),
('19.789.489-9', 'Gabriela', 'Craviolatti', '', '123', 4, '0000-00-00 00:00:00', 0, 'ACTIVO', '', '', 793, 0, '', 0, 'RB'),
('19.792.768-2', 'VANIA', 'MENARES', 'CASTRO', '123', 4, '0000-00-00 00:00:00', 0, 'ACTIVO', '', '', 770.0002, 0, '', 0, 'GF'),
('19.830.041-1', 'JORGE MARIO', 'YAÑEZ', '', 'geo', 4, '0000-00-00 00:00:00', 0, 'ACTIVO', '', '', 116.0001, 0, '', 0, 'GF'),
('19.837.747-3', 'JOVANNY', 'ROMAN', 'ARRIAGADA', '123', 4, '0000-00-00 00:00:00', 0, 'ACTIVO', '', '', 672.0087, 0, '', 0, 'AS'),
('19.847.478-9', 'RODRIGO IGNACIO', 'PALMA', 'FUENTEALBA', '123', 4, '2024-03-08 07:27:20', 0, 'ACTIVO', '', '', 176, 0, '', 0, 'RB'),
('19.851.205-2', 'BRANDON LUCAS', 'MUÑOZ', 'MARTINEZ', '123', 4, '0000-00-00 00:00:00', 0, 'ACTIVO', '', '', 405.0013, 0, '', 0, 'GF'),
('19.851.806-9', 'MISAEL ANDRES', 'DURAN', 'BECERRA', '123', 4, '0000-00-00 00:00:00', 0, 'ACTIVO', '', '', 610.0023, 0, '', 0, 'GF'),
('19.853.544-3', 'VALENTINA DEL PILAR', 'PAREDES', 'MUÑOZ', '123', 4, '0000-00-00 00:00:00', 0, 'ACTIVO', '', '', 366.0018, 0, '', 0, 'LL'),
('19.853.631-8', 'VICENTE', 'ROJAS', 'ROJAS', 'geo', 4, '2021-02-25 10:27:43', 0, 'ACTIVO', '', '', 190, 0, '', 0, 'GF'),
('19.853.697-0', 'CRISTIAN ', 'ALONSO ', 'MALIQUEO', '123', 4, '0000-00-00 00:00:00', 0, 'ACTIVO', '', '', 579.0018, 0, '', 0, 'GF'),
('19.865.970-3', 'ALEXIS', 'PARRAGUEZ', 'GUAJARDO', 'geo', 4, '0000-00-00 00:00:00', 0, 'ACTIVO', '', '', 197, 0, '', 0, 'GF'),
('19.874.389-5', 'IGNACIO ANTONIO', 'GONZALEZ', 'ROCA', '123', 4, '0000-00-00 00:00:00', 0, 'ACTIVO', '', '', 397.0015, 0, '', 0, 'SF'),
('19.876.217-2', 'ARMANDO', 'REBOLLEDO', 'AVILA', '123', 4, '2022-10-19 16:07:23', 0, 'ACTIVO', '', '', 315.0418, 0, '', 0, 'SF'),
('19.876.256-3', 'JAVIERA', 'PEREIRA', 'DIAZ', 'geo', 4, '0000-00-00 00:00:00', 0, 'ACTIVO', '', '', 164, 0, '', 0, 'GF'),
('19.876.828-6', 'VICTOR ALONSO', 'CASTRO', 'HERRERA', '123', 4, '2024-02-21 18:30:32', 0, 'ACTIVO', '', '', 844.0008, 0, '', 0, 'RB'),
('19.876.999-1', 'ESMERALDA SABINA', 'AREVALO', 'GONZALEZ', '123', 4, '2024-10-17 17:11:54', 0, 'ACTIVO', '', '', 142.003, 0, '', 0, 'RB'),
('19.885.396-8', 'JUANA', 'SAAVEDRA ', 'CIFUENTES', '123', 4, '2023-12-09 13:31:57', 0, 'ACTIVO', '', '', 697.005, 0, '', 0, 'RB'),
('19.887.190-7', 'NATALIA', 'TAPIA', '', '123', 4, '2022-02-04 13:14:29', 0, 'ACTIVO', '', '', 351, 0, '', 0, 'RB'),
('19.887.834-0', 'FRANCISCA', 'JIMENEZ', '', '123', 4, '0000-00-00 00:00:00', 0, 'ACTIVO', '', '', 346, 0, '', 0, 'RB'),
('19.888.188-0', 'RODRIGO', 'VALLE', '', '123', 4, '2022-02-25 18:50:51', 0, 'ACTIVO', '', '', 319, 0, '', 0, 'RB'),
('19.914.453-7', 'CAMILA LETICIA', 'GONZALEZ', 'MALDONADO', '123', 4, '0000-00-00 00:00:00', 0, 'ACTIVO', '', '', 875.0039, 0, '', 0, 'GF'),
('19.925.391-3', 'VALENTINA', 'CASTILLO', 'CARRASCO', '123', 5, '2024-10-18 10:42:45', 0, 'ACTIVO', '', '', 911.0001, 0, '', 0, 'SF'),
('19.926.200-9', 'FELIPE', 'FLORES', 'MARQUEZ', '123', 4, '2022-03-13 18:40:28', 0, 'ACTIVO', '', '', 247.0045, 0, '', 0, 'RB'),
('19.944.826-9', 'MARLA', 'ARAYA', 'NAVARRO', '123', 4, '0000-00-00 00:00:00', 0, 'ACTIVO', '', '', 330, 0, '', 0, 'RB'),
('19.945.184-7', 'NEFTALI', 'LEDEZMA', '', '123', 4, '2024-01-08 12:35:53', 0, 'INACTIVO', '', '', 782.0035, 0, '', 0, ''),
('19.945.569-9', 'ANAIS', 'CORTES', 'MUÑOZ', '123', 4, '2023-02-23 15:08:09', 0, 'ACTIVO', '', '', 552.0054, 0, '', 0, 'RB'),
('19.948.696-9', 'MAURICIO', 'IBARRA ', 'CISTERNAS', '123', 4, '0000-00-00 00:00:00', 0, 'ACTIVO', '', '', 884.0006, 0, '', 0, 'RB'),
('19.982.517-8', 'CATALINA DENISE', 'CORREA', 'MORALES', '123', 4, '2021-02-12 12:55:51', 0, 'ACTIVO', '', '', 162, 0, '', 0, 'RB'),
('19.983.821-0', 'Bastián', 'Rodríguez', 'Henríquez', '123', 4, '0000-00-00 00:00:00', 0, 'ACTIVO', '', '', 305, 0, '', 0, 'RB'),
('19.985.199-3', 'JOSE LUIS', 'OYANEDEL', 'FERNANDEZ', '123', 4, '2022-06-14 10:43:40', 0, 'ACTIVO', '', '', 413.0112, 0, '', 0, 'GF'),
('19.987.792-5', 'EMELLY PATRICIA', 'CABEZAS', 'JORQUERA', '123', 4, '2021-12-14 11:13:55', 0, 'ACTIVO', '', '', 89.0031, 0, '', 0, 'GF'),
('19.987.810-7', 'JOSELIN ANDREA', 'REYES', 'CARREÑO', '123', 4, '0000-00-00 00:00:00', 0, 'ACTIVO', '', '', 59, 0, '', 0, 'GF'),
('19.987.940-5', 'VALENTINA', 'OLAVE', '', '123', 4, '2022-10-06 16:43:23', 0, 'ACTIVO', '', '', 268.0383, 0, '', 0, 'GF'),
('19.991.461-8', 'DAMARIS ANDREA', 'RIQUELME', 'FIGUEROA', '123', 4, '0000-00-00 00:00:00', 0, 'ACTIVO', '', '', 57.0001, 0, '', 0, 'GF'),
('19.992.979-8', 'FELIPE', 'FLORES', '', '123', 4, '2024-03-01 21:11:25', 0, 'ACTIVO', '', '', 805.0028, 0, '', 0, 'RB'),
('20.024.193-2', 'TANIA', 'TONDREAUX', 'OLIVARES', '123', 4, '0000-00-00 00:00:00', 0, 'ACTIVO', '', '', 275, 0, '', 0, 'CT'),
('20.024.552-0', 'JAVIERA', 'ROMAN', 'SANCHEZ', '123', 4, '0000-00-00 00:00:00', 0, 'INACTIVO', '', '', 206, 0, '', 0, 'CT'),
('20.027.415-6', 'FERNANDO', 'TORO', '', '123', 4, '2024-09-23 15:55:08', 0, 'ACTIVO', '', '', 916.0107, 0, '', 0, 'SF'),
('20.028.147-0', 'PABLINA ', 'PASTENES ', 'PEREZ', '123', 4, '0000-00-00 00:00:00', 0, 'ACTIVO', '', '', 355.0042, 0, '', 0, 'GF'),
('20.031.014-4', 'DAMIAN', 'REYES', 'PALMA', '123', 4, '2022-12-15 12:08:00', 0, 'ACTIVO', '', '', 238.0403, 0, '', 0, 'LL'),
('20.057.790-6', 'LEYLA', 'SAEZ', 'BAHAMONDES', '123', 4, '2021-12-28 19:39:33', 0, 'ACTIVO', '', '', 277.0112, 0, '', 0, 'GF'),
('20.088.837-5', 'JOSE TOMAS', 'GODOY', '', '123', 4, '0000-00-00 00:00:00', 0, 'ACTIVO', '', '', 817, 0, '', 0, 'RB'),
('20.089.543-6', 'AMY CONSTANZA', 'HERRERA', 'CONSTERNA', '123', 4, '2021-02-24 10:10:21', 0, 'ACTIVO', '', '', 178.0031, 0, '', 0, 'RB'),
('20.089.685-8', 'MASSIEL ROCIO', 'FREDES', 'LEIVA', '123', 4, '2021-02-24 08:50:35', 0, 'ACTIVO', '', '', 155, 0, '', 0, 'RB'),
('20.089.708-0', 'NICOLAS ', 'COSTA ', 'GAETE', '123', 4, '2024-06-19 14:30:05', 0, 'ACTIVO', '', '', 866.0031, 0, '', 0, 'RB'),
('20.091.743-k', 'AILIN', 'MUÑOZ', 'JIMENEZ', '123', 4, '0000-00-00 00:00:00', 0, 'ACTIVO', '', '', 326, 0, '', 0, 'RB'),
('20.100.306-7', 'NICOLAS', 'PINO', '', '123', 4, '0000-00-00 00:00:00', 0, 'ACTIVO', '', '', 435.0063, 0, '', 0, 'SF'),
('20.132.865-9', 'TAMARA', 'VILLAROEL', '', '123', 4, '0000-00-00 00:00:00', 0, 'ACTIVO', '', '', 209, 0, '', 0, 'RB'),
('20.133.010-6', 'PEDRO', 'MONTENEGRO', '', '123', 4, '2021-12-05 13:56:56', 0, 'ACTIVO', '', '', 270.0039, 0, '', 0, 'GF'),
('20.135.605-9', 'KATHERINE', 'VASQUEZ', 'VALENZUELA', '123', 4, '2024-04-01 16:20:05', 0, 'ACTIVO', '', '', 867.0032, 0, '', 0, 'PV'),
('20.148.638-6', 'BASTIAN  ANDRES', 'ORELLANA ', 'LEIVA ', '123', 5, '2024-09-27 15:27:53', 0, 'ACTIVO', '', '', 627, 0, '', 0, 'SF'),
('20.148.710-2', 'CRISTOFER SEGUNDO', 'PEREZ', 'PEREZ', '123', 4, '0000-00-00 00:00:00', 0, 'ACTIVO', '', '', 430.027, 0, '', 0, 'SF'),
('20.148.734-K', 'ALLISON FERNANDA', 'TOBAR', 'TOBAR', '123', 4, '2024-10-17 08:31:08', 0, 'ACTIVO', '', '', 635.0123, 0, '', 0, 'SF'),
('20.148.851-6', 'VANESA', 'PEREZ', 'LEON', '123', 4, '2021-11-23 19:57:57', 0, 'ACTIVO', '', '', 267.024, 0, '', 0, 'SF'),
('20.149.091-K', 'JAVIERA ALEJANDRA', 'SOTO', 'ORELLANA', '123', 4, '2024-10-18 14:27:42', 0, 'ACTIVO', '', '', 428.0596, 0, '', 0, 'SF'),
('20.175.019-9', 'CAMILA MONSERRAT', 'VASQUEZ', 'HENRIQUEZ', '123', 4, '0000-00-00 00:00:00', 0, 'ACTIVO', '', '', 128, 0, '', 0, 'RB'),
('20.177.729-1', 'SEBASTIÁN PATRICIO', 'VOCAR', 'OLIVARES', '123', 4, '2023-12-13 21:39:52', 0, 'ACTIVO', '', '', 549.0185, 0, '', 0, 'GF'),
('20.177.873-5', 'CHRISTIAN ALEJANDRO', 'VALDIVIA', 'SALAZAR', '123', 4, '2021-02-24 18:10:03', 0, 'ACTIVO', '', '', 167, 0, '', 0, 'RB'),
('20.178.917-6', 'RAFAEL', 'GALASSI', '', '123', 4, '0000-00-00 00:00:00', 0, 'ACTIVO', '', '', 821.0033, 0, '', 0, 'PV'),
('20.179.113-8', 'PAMELA ANTONIA', 'SAAVEDRA', 'ALVAREZ', '123', 4, '2021-03-12 15:56:59', 0, 'ACTIVO', '', '', 186.0015, 0, '', 0, 'SF'),
('20.179.191-K', 'LUIS ALBERTO', 'LAGOS', 'OSORIO', '123', 4, '0000-00-00 00:00:00', 0, 'ACTIVO', '', '', 870.0032, 0, '', 0, 'GF'),
('20.180.019-6', 'KATHERINE ANDREA', 'HUENUMAN', 'CABELLO', '123', 4, '2024-03-10 12:37:16', 0, 'ACTIVO', '', '', 874.0017, 0, '', 0, 'GF'),
('20.185.193-9', 'MARCELO', 'ESTAY', 'PARRA', '123', 4, '0000-00-00 00:00:00', 0, 'ACTIVO', '', '', 841.0003, 0, '', 0, 'RB'),
('20.185.438-5', 'DANIELA', 'LEIVA', '', '123', 4, '2021-12-03 21:03:41', 0, 'ACTIVO', '', '', 279.0016, 0, '', 0, 'GF'),
('20.193.571-7', 'DANIELA BELEN', 'JIMENEZ', 'HUENCHUÑIR', 'geo', 4, '0000-00-00 00:00:00', 0, 'ACTIVO', '', '', 55.0039, 0, '', 0, 'GF'),
('20.201.311-K', 'Camila', 'Tapia', '', '123', 4, '2024-03-13 11:24:50', 0, 'ACTIVO', '', '', 794.0085, 0, '', 0, 'RB'),
('20.211.833-k', 'ANDRES', 'GATICA', 'HERRERA', '123', 4, '0000-00-00 00:00:00', 0, 'ACTIVO', '', '', 919.0002, 0, '', 0, 'RB'),
('20.214.847-6', 'ROCÍO BELÉN', ' PÉREZ ', 'VIDELA', '123', 4, '0000-00-00 00:00:00', 0, 'ACTIVO', '', '', 493.0014, 0, '', 0, 'GF'),
('20.236.257-5', 'CRISTOBAL', 'TAPIA', 'ROJO', '123', 4, '2023-06-07 17:25:40', 0, 'ACTIVO', '', '', 561.0066, 0, '', 0, 'RB'),
('20.240.851-6', 'MIGUEL', 'TERAN', '', '123', 4, '2024-01-30 08:59:31', 0, 'ACTIVO', '', '', 797.0001, 0, '', 0, 'RB'),
('20.263.314-5', 'MARCELO IGNACIO', 'DROGUETT', 'CASTILLO', '123', 4, '2024-07-30 22:59:42', 0, 'ACTIVO', '', '', 859.008, 0, '', 0, 'GF'),
('20.263.467-2', 'BRAYAN', 'FARIAS', '', '123', 4, '0000-00-00 00:00:00', 0, 'ACTIVO', '', '', 415.0072, 0, '', 0, 'RB'),
('20.268.599-4', 'PIA', 'NAVARRO', 'LOPEZ', '123', 4, '2024-05-13 13:53:49', 0, 'ACTIVO', '', '', 838.0074, 0, '', 0, 'AF'),
('20.300.878-3', 'FELIPE', 'SALINAS', '', '123', 4, '2024-08-22 13:20:58', 0, 'ACTIVO', '', '', 915.0052, 0, '', 0, 'EX'),
('20.301.812-6', 'VALERIA', 'REYES', '', '123', 4, '0000-00-00 00:00:00', 0, 'ACTIVO', '', '', 583.0003, 0, '', 0, 'RB'),
('20.304.405-4', 'SCARLETH', 'MUÑOZ', 'CUBILLOS', '123', 4, '2022-12-15 16:27:17', 0, 'ACTIVO', '', '', 476.0084, 0, '', 0, 'GF'),
('20.304.495-4', 'SCARLETH', 'MUÑOZ', 'CUBILLOS', '123', 4, '0000-00-00 00:00:00', 0, 'ACTIVO', '', '', 475, 0, '', 0, 'GF'),
('20.304.699-5', 'REMIGIO GABRIEL', 'URZUA', 'HERNANDEZ', '123', 4, '2024-01-01 21:46:34', 0, 'ACTIVO', '', '', 382.0104, 0, '', 0, 'GF'),
('20.342.806-5', 'JUAN ANDRES', 'MONTEROS', 'PALACIOS', '123', 4, '0000-00-00 00:00:00', 0, 'ACTIVO', '', '', 393.0013, 0, '', 0, 'GF'),
('20.358.694-9', 'ALEXANDRA ELENA', 'CANCINO', 'URRUTIA', '123', 4, '2021-04-21 00:10:45', 0, 'ACTIVO', '', '', 129, 0, '', 0, 'RB'),
('20.358.871-2', 'FELIPE', 'OSORIO ', 'BAÑADOS', '123', 4, '0000-00-00 00:00:00', 0, 'ACTIVO', '', '', 842.0013, 0, '', 0, 'RB'),
('20.361.381-4', 'HELEN YAKISA', 'CASTRO', 'AZOCAR', '123', 4, '0000-00-00 00:00:00', 0, 'ACTIVO', '', '', 139, 0, '', 0, 'RB'),
('20.367.177-6', 'PAULINA A', 'GOMEZ', 'VASQUEZ', '123', 4, '0000-00-00 00:00:00', 0, 'ACTIVO', '', '', 548.0022, 0, '', 0, 'RB'),
('20.368.417-7', 'KIMBERLY', 'PINO', 'VERGARA', '123', 4, '2023-03-01 18:39:20', 0, 'ACTIVO', '', '', 146.0303, 0, '', 0, 'LL'),
('20.369.548-9', 'NOELIA', 'LUNA', '', '123', 4, '2022-03-06 19:35:16', 0, 'ACTIVO', '', '', 396, 0, '', 0, 'RB'),
('20.369.745-7', 'MANUEL', 'LARA', 'ACUÑA', 'geo', 4, '2021-03-20 09:09:30', 0, 'ACTIVO', '', '', 194.0073, 0, '', 0, 'GF'),
('20.370.369-4', 'SOLANGE ALMENDRA', 'GONZALEZ', 'GALAZ', '123', 4, '0000-00-00 00:00:00', 0, 'ACTIVO', '', '', 894.0001, 0, '', 0, 'GF'),
('20.370.677-4', 'ANTONIA', 'ACEVEDO', '', '123', 4, '0000-00-00 00:00:00', 0, 'ACTIVO', '', '', 575.0001, 0, '', 0, 'GF'),
('20.371.730-K', 'MIRIAM', 'RAMIREZ', 'LORCA', '123', 4, '2022-02-25 15:49:36', 0, 'ACTIVO', '', '', 337.0028, 0, '', 0, 'GF'),
('20.371.759-8', 'CATALINA FRANCISCA', 'MERCADO ', 'CANTILLANA ', '123', 4, '2023-02-09 12:28:02', 0, 'ACTIVO', '', '', 584.0026, 0, '', 0, 'GF'),
('20.371.788-1', 'ARIEL', 'LIZANA', '.', '123', 4, '0000-00-00 00:00:00', 0, 'ACTIVO', '', '', 76, 0, '', 0, 'RB'),
('20.372.751-8', 'DANIEL MAURICIO', 'HORTA', 'ARAO', 'geo', 4, '0000-00-00 00:00:00', 0, 'ACTIVO', '', '', 94, 0, '', 0, 'GF'),
('20.392.529-8', 'NICOL', 'BECERRA', '', '123', 4, '0000-00-00 00:00:00', 0, 'ACTIVO', '', '', 825, 0, '', 0, 'PV'),
('20.392.628-6', 'JUAN CRISTOBAL', 'LOPEZ ', 'FIGUEROA', '123', 4, '2022-01-15 21:36:37', 0, 'ACTIVO', '', '', 314.0045, 0, '', 0, 'GF'),
('20.407.877-7', 'ALBERT', 'SANTIBAÑEZ', '', '123', 4, '2022-03-07 15:38:20', 0, 'ACTIVO', '', '', 335, 0, '', 0, 'RB'),
('20.409.141-2', 'LUCAS', 'DONOSO', '', '123', 4, '2024-02-26 22:10:24', 0, 'ACTIVO', '', '', 804.0052, 0, '', 0, 'RB'),
('20.409.965-0', 'JEAN ', 'MARTINES', '', '123', 4, '0000-00-00 00:00:00', 0, 'ACTIVO', '', '', 809, 0, '', 0, 'RB'),
('20.443.277-5', 'VICENTE JAVIER', 'CARREÑO', 'BUSTAMANTE', '123', 4, '0000-00-00 00:00:00', 0, 'ACTIVO', '', '', 747.0035, 0, '', 0, 'RB'),
('20.444.143-K', 'ALEJANDRO', 'CERDA', 'ALCAFUZ', '123', 4, '2021-12-10 19:52:28', 0, 'ACTIVO', '', '', 288.0009, 0, '', 0, 'GF'),
('20.444.959-7', 'SANTIAGO', 'IBARRA', '', '123', 4, '0000-00-00 00:00:00', 0, 'ACTIVO', '', '', 835.0027, 0, '', 0, 'PV'),
('20.482.569-6', 'SANDRO', 'SANDOVAL', '', '123', 4, '2024-03-05 20:15:28', 0, 'ACTIVO', '', '', 816.004, 0, '', 0, 'RB'),
('20.515.193-1', 'SCARLETH', 'FLORES', 'ORELLANA', 'geo', 4, '2020-12-21 13:15:44', 0, 'ACTIVO', '', '', 111.0008, 0, '', 0, 'GF'),
('20.524.736-K', 'KRISHNA AMAYA', 'AVILES', 'ARROYO', '123', 4, '0000-00-00 00:00:00', 0, 'ACTIVO', '', '', 661.0004, 0, '', 0, 'GF'),
('20.540.238-1', 'Ricardo Andres', 'Leiva', 'Fuentes', '123', 4, '0000-00-00 00:00:00', 0, 'ACTIVO', '', '', 886.0024, 0, '', 0, 'GF'),
('20.540.363-9', 'VICTORIA', 'ZUÑIGA', 'CORNEJO', '123', 5, '2024-04-08 21:26:45', 0, 'ACTIVO', '', '', 845, 0, '', 0, 'TF'),
('20.541.178-K', 'CRISTOBAL ANDRES', 'SANCHEZ', 'VEGA', '123', 4, '2023-02-21 08:29:59', 0, 'ACTIVO', '', '', 151.0033, 0, '', 0, 'RB'),
('20.541.471-1', 'PAULA DENNYS', 'RAMÍREZ', 'FLORES', '123', 4, '2021-02-04 11:06:59', 0, 'ACTIVO', '', '', 160, 0, '', 0, 'RB'),
('20.544.043-7', 'PAZ CONSTANZA', 'MAIZARES', 'CORTES', '123', 4, '0000-00-00 00:00:00', 0, 'ACTIVO', '', '', 788.0044, 0, '', 0, 'RB'),
('20.616.309-7', 'Estefanía Belén ', 'Rojas', 'Astorga ', '123', 4, '2024-02-16 12:38:11', 0, 'ACTIVO', 'estefaniarojas113@gmail.com', '', 755.0036, 0, '', 0, 'RB'),
('20.628.713-k', 'ANGELO', 'MENA', '', '123', 4, '0000-00-00 00:00:00', 0, 'ACTIVO', '', '', 497.001, 0, '', 0, 'RB'),
('20.632.042-7', 'RODOLFO', 'REYES', 'ORELLANA', '123', 4, '2024-09-24 17:56:46', 0, 'ACTIVO', '', '', 860.0064, 0, '', 0, 'PV'),
('20.636.115-8', 'NICOLAS', 'SILVA', 'SILVA', '123', 4, '2023-12-28 13:20:42', 0, 'ACTIVO', '', '', 680.0079, 0, '', 0, 'QE'),
('20.658.478-5', 'CRISTIAN ', 'SEPULVEDA', 'RUBIO', '123', 4, '0000-00-00 00:00:00', 0, 'ACTIVO', '', '', 786.0069, 0, '', 0, 'GF'),
('20.658.604-4', 'DEYANIRA', 'NUÑEZ', 'RETAMAL ', '123', 4, '0000-00-00 00:00:00', 0, 'ACTIVO', '', '', 715.0001, 0, '', 0, 'GF'),
('20.659.694-5', 'VALENTINA', 'LIZANA', '', '123', 4, '0000-00-00 00:00:00', 0, 'ACTIVO', '', '', 576.0039, 0, '', 0, 'GF'),
('20.661.136-7', 'CAMILA FERNANDA', 'FARIAS ', 'SEPULVEDA', '123', 4, '2024-04-03 17:39:18', 0, 'ACTIVO', '', '', 840.0047, 0, '', 0, 'AF'),
('20.661.805-1', 'CONSTANZA', 'REYES', 'MATUS', '123', 4, '2024-02-28 12:36:10', 0, 'ACTIVO', '', '', 822, 0, '', 0, 'GF'),
('20.662.348-9', 'ARACELI', 'ROJAS', '.', '123', 4, '0000-00-00 00:00:00', 0, 'ACTIVO', '', '', 95, 0, '', 0, 'RB'),
('20.688.784-2', 'CRISTOBAL ', 'NUÑEZ', '', '123', 4, '2024-02-17 11:42:16', 0, 'ACTIVO', '', '', 815.0045, 0, '', 0, 'RB'),
('20.690.211-6', 'Julio', 'Tobar', '', '123', 4, '2024-01-19 16:30:57', 0, 'ACTIVO', '', '', 813.0001, 0, '', 0, 'EX'),
('20.727.840-8', 'RICARDO JOSE', 'GONZALEZ', 'SALAZAR', '123', 4, '2024-02-16 08:56:31', 0, 'ACTIVO', '', '', 775.0014, 0, '', 0, 'RB'),
('20.738.054-7', 'JAIR JESUS', 'RIVERA', 'VICENCIO', '123', 4, '2021-01-07 20:07:21', 0, 'ACTIVO', '', '', 124, 0, '', 0, 'RB'),
('20.745.025-0', 'DIEGO', 'ELGUEDA', '', '123', 4, '2022-03-30 17:31:28', 0, 'ACTIVO', '', '', 347, 0, '', 0, 'RB'),
('20.752.366-6', 'PAULA', 'TORRES', 'SEGURA', '123', 4, '2022-03-02 16:14:03', 0, 'ACTIVO', '', '', 309.0017, 0, '', 0, 'RB'),
('20.804.369-2', 'GABRIEL', 'SANCHEZ', '', '123', 4, '2022-04-11 23:05:48', 0, 'ACTIVO', '', '', 321, 0, '', 0, 'RB'),
('20.805.659-K', 'ALAN', 'HENRIQUEZ', '', '123', 4, '0000-00-00 00:00:00', 0, 'ACTIVO', '', '', 570.0071, 0, '', 0, 'RB'),
('20.837.439-7', 'DEBORA ESTER', 'MUÑOZ', 'JARA', '123', 4, '0000-00-00 00:00:00', 0, 'ACTIVO', '', '', 386.0001, 0, '', 0, 'GF'),
('20.853.111-5', 'FRANCHESCA', 'MORENO', 'MIRANDA', '123', 4, '0000-00-00 00:00:00', 0, 'ACTIVO', '', '', 726.0001, 0, '', 0, 'GF'),
('20.853.177-8', 'JESUS ALBERTO DANIEL', 'MELLA', 'VALENZUELA', 'geo', 4, '0000-00-00 00:00:00', 0, 'ACTIVO', '', '', 109, 0, '', 0, 'GF'),
('20.904.509-5', 'CAMILA IGNACIA', 'SALAS', 'ESPINOZA', '123', 4, '2023-12-28 10:20:54', 0, 'ACTIVO', '', '', 702.0024, 0, '', 0, 'AS'),
('20.905.395-0', 'VICENTE', 'DIAZ', '', '123', 4, '2024-01-27 09:59:07', 0, 'ACTIVO', '', '', 808.0027, 0, '', 0, 'RB'),
('20.909.991-8', 'AGUSTIN IGNACIO', 'VON GELDERN', 'FARIAS', '123', 4, '0000-00-00 00:00:00', 0, 'ACTIVO', '', '', 509, 0, '', 0, 'GF'),
('20.941.739-1', 'ROCIO', 'BASTIAS', 'RIFFO', '123', 4, '2022-01-15 21:38:32', 0, 'ACTIVO', '', '', 307.0021, 0, '', 0, 'GF'),
('20.943.836-4', 'CONSTANZA', 'GARCIA', 'PINTO', '123', 4, '2021-12-14 16:41:32', 0, 'ACTIVO', '', '', 86.0269, 0, '', 0, 'CT'),
('20.949.477-9', 'VANIA', 'CARRASCO', 'AHUMADA', '123', 4, '2024-02-23 18:55:23', 0, 'ACTIVO', '', '', 578.0115, 0, '', 0, 'GF'),
('20.993.305-5', 'ISABELLA CATALINA', 'CRUZ', 'BOZZO', '123', 4, '0000-00-00 00:00:00', 0, 'ACTIVO', '', '', 889.0022, 0, '', 0, 'GF'),
('20.994.769-2', 'BRUNO', 'MUÑOZ', 'SALINAS', '123', 4, '2024-04-23 12:27:24', 0, 'ACTIVO', '', '', 820.0064, 0, '', 0, 'PV'),
('21.039.732-9', 'DANIEL', 'PEREIRA', 'CASTILLO', '123', 4, '2024-03-08 09:25:31', 0, 'ACTIVO', '', '', 785.0063, 0, '', 0, 'RB'),
('21.062.051-6', 'FRANZUA', 'CATALDO', '', '123', 4, '2023-02-22 10:22:57', 0, 'ACTIVO', '', '', 569.0042, 0, '', 0, 'RB'),
('21.062.2051-', 'FRANZUA', 'CATALDO', '', '123', 4, '0000-00-00 00:00:00', 0, 'ACTIVO', '', '', 567, 0, '', 0, 'RB'),
('21.096.155-0', 'GOI', 'BALLESTEROS', '', '123', 4, '2024-02-09 13:44:38', 0, 'ACTIVO', '', '', 581.0078, 0, '', 0, 'RB'),
('21.127.016-0', 'SOL AMARU', 'SILVA', 'HERNÁNDEZ', '123', 4, '0000-00-00 00:00:00', 0, 'ACTIVO', '', '', 524.0105, 0, '', 0, 'GF'),
('21.128.741-1', 'ALONSO', 'VALDES', '', '123', 4, '2024-02-01 12:08:12', 0, 'ACTIVO', '', '', 544.0065, 0, '', 0, 'AS'),
('21.130.111-2', 'JHON', 'RIVEROS', 'MARABOLI', '123', 4, '2023-12-30 21:42:34', 0, 'ACTIVO', '', '', 752.0025, 0, '', 0, 'GF'),
('21.138.623-1', 'PATRICIO', 'VALENZUELA', '', '123', 4, '0000-00-00 00:00:00', 0, 'ACTIVO', '', '', 727.0002, 0, '', 0, 'GF'),
('21.146.943-9', 'CONSTANZA', 'FUENTES', '', '123', 4, '2022-02-04 11:15:17', 0, 'ACTIVO', '', '', 352.0023, 0, '', 0, 'RB'),
('21.165.075-3', 'CRISTOPHER', 'LUDUEÑA', '', '123', 4, '0000-00-00 00:00:00', 0, 'ACTIVO', '', '', 301.0038, 0, '', 0, 'GF'),
('21.175.493-1', 'DENISSE', 'MUÑOZ', 'LOPEZ', '123', 4, '0000-00-00 00:00:00', 0, 'ACTIVO', '', '', 725.0001, 0, '', 0, 'GF'),
('21.181.137-4', 'MARTIN', 'PAVEZ', 'CÁCERES', '123', 4, '2023-12-28 11:12:50', 0, 'ACTIVO', '', '', 539.0053, 0, '', 0, 'GF'),
('21.186.942-9', 'NAYARETH', 'ESCOBEDO', '', '123', 4, '0000-00-00 00:00:00', 0, 'ACTIVO', '', '', 744.0026, 0, '', 0, 'GF'),
('21.193.645-2', 'POLLET ', 'RIVERA', '', '123', 4, '0000-00-00 00:00:00', 0, 'ACTIVO', '', '', 850.0007, 0, '', 0, 'RB'),
('21.210.033-1', 'FRANCISCO', 'CHAVEZ', '', '123', 4, '0000-00-00 00:00:00', 0, 'ACTIVO', '', '', 292.0074, 0, '', 0, 'GF'),
('21.213.695-6', 'LEONARDO', 'OLIVARES', '', '123', 4, '0000-00-00 00:00:00', 0, 'ACTIVO', '', '', 582.0062, 0, '', 0, 'RB'),
('21.213.945-9', 'LUIS ', 'NUÑEZ', 'CORNEJO', '123', 4, '2023-12-09 09:39:19', 0, 'ACTIVO', '', '', 735, 0, '', 0, 'GF'),
('21.218.099-8', 'José', 'Díaz', 'Marín', '123', 4, '0000-00-00 00:00:00', 0, 'ACTIVO', '', '', 306, 0, '', 0, 'RB'),
('21.221.215-6', 'CONSTANZA', 'ESPINDOLA', '', '123', 4, '0000-00-00 00:00:00', 0, 'ACTIVO', '', '', 348, 0, '', 0, 'RB'),
('21.225.126-7', 'NICOLAS', 'FERNANDEZ', 'GONZALEZ', '123', 4, '2024-03-05 14:40:37', 0, 'ACTIVO', '', '', 331.0156, 0, '', 0, 'RB'),
('21.231.703-9', 'VALENTINA PAZ', 'GALAZ', 'GALAZ', '123', 4, '2024-03-01 09:59:27', 0, 'ACTIVO', '', '', 832.0027, 0, '', 0, 'RB'),
('21.245.969-0', 'CARLA ', 'REINOSO', 'PEREZ', '123', 4, '2024-02-02 12:53:40', 0, 'ACTIVO', '', '', 787.0009, 0, '', 0, 'GF'),
('21.245.969-6', 'CARLA ', 'REINOSO', 'PEREZ', '123', 4, '0000-00-00 00:00:00', 0, 'ACTIVO', '', '', 766, 0, '', 0, 'GF'),
('21.254.885-5', 'CARLA', 'VIDAL', 'MEYA', '123', 4, '0000-00-00 00:00:00', 0, 'ACTIVO', '', '', 535.0016, 0, '', 0, 'GF'),
('21.256.320-K', 'CAMILA', 'VASQUEZ', 'OLGUIN', '1234', 4, '0000-00-00 00:00:00', 0, 'ACTIVO', 'AGUA SANTA', '', 929.0001, 0, '', 0, 'AS'),
('21.264.131-6', 'RUBEN', 'CORTES', 'MUÑOZ', '123', 4, '0000-00-00 00:00:00', 0, 'ACTIVO', '', '', 550.0026, 0, '', 0, 'RB'),
('21.269.577-7', 'FRANCISCO ', 'LEON ', 'CANALES', '123', 4, '0000-00-00 00:00:00', 0, 'ACTIVO', '', '', 762, 0, '', 0, 'GF'),
('21.282.168-3', 'Jimmy', 'Romo', '', '123', 4, '2022-02-04 12:19:20', 0, 'ACTIVO', '', '', 327, 0, '', 0, 'RB'),
('21.287.762-k', 'ARIAN', 'LOBOS', 'BUSTOS', '123', 4, '2021-12-11 12:55:29', 0, 'ACTIVO', '', '', 291.0118, 0, '', 0, 'GF'),
('21.304.232-7', 'MAXIMILIANO', 'SOLIS', '.', '123', 4, '2022-01-06 18:21:04', 0, 'ACTIVO', '', '', 286, 0, '', 0, 'RB'),
('21.366.470-0', 'DEMIAN EDUARDO', 'GARCES', 'COBARRUBIAS', '123', 4, '0000-00-00 00:00:00', 0, 'ACTIVO', '', '', 508.0017, 0, '', 0, 'GF'),
('21.371.730-K', 'MIRIAM', 'RAMIREZ', 'LORCA', '123', 4, '0000-00-00 00:00:00', 0, 'INACTIVO', '', '', 336, 0, '', 0, 'GF'),
('21.392.013-8', 'ALVARO', 'GOMEZ', '', '123', 4, '2024-02-26 23:09:55', 0, 'ACTIVO', '', '', 587.0042, 0, '', 0, 'RB'),
('21.395.624-8', 'NICOLAS', 'PIZARRO', 'IRRIBARRA', '123', 4, '2024-06-19 09:26:21', 0, 'ACTIVO', '', '', 798.0085, 0, '', 0, 'RB'),
('21.401.690-7', 'ALAN SAMUEL', 'ALVAREZ', 'SILVA', '123', 4, '2022-11-14 15:14:08', 0, 'ACTIVO', '', '', 303.0028, 0, '', 0, 'GF'),
('21.428.093-0', 'NADIA', 'JIMENEZ', 'VILLAROEL', '123', 4, '0000-00-00 00:00:00', 0, 'ACTIVO', '', '', 750.0024, 0, '', 0, 'GF'),
('21.508.041-2', 'ELISEO', 'IGLESIAS', '', '123', 4, '2023-10-15 00:47:05', 0, 'ACTIVO', '', '', 300.0004, 0, '', 0, 'GF'),
('21.534.588-2', 'SERGIO', 'TAPIA', '', '123', 4, '2024-03-12 21:04:31', 0, 'ACTIVO', '', '', 858.0036, 0, '', 0, 'RB'),
('21.540.557-5', 'SERGIO', 'CASTRO', 'GOLMO', '123', 4, '2024-08-24 00:57:15', 0, 'ACTIVO', '', '', 909.0061, 0, '', 0, 'EX'),
('21.573.652-0', 'NAYABETH', 'GARCIA', '', '123', 4, '2022-03-10 22:05:49', 0, 'ACTIVO', '', '', 357, 0, '', 0, 'RB'),
('21.589.256-5', 'VALENTINA AURORA', 'ESPINOZA', 'ULLOA', '123', 4, '0000-00-00 00:00:00', 0, 'ACTIVO', '', '', 843.0045, 0, '', 0, 'GF'),
('21.640.206-5', 'Vicente', 'amestica', '', '123', 4, '2024-01-27 09:57:41', 0, 'ACTIVO', '', '', 803.0025, 0, '', 0, 'RB'),
('21.653.051-9', 'Matilda', 'Salinas', 'Moya ', '123', 4, '0000-00-00 00:00:00', 0, 'ACTIVO', '', '', 751.0008, 0, '', 0, 'GF'),
('21.663.511-6', 'PATRICIO', 'SOTO', 'ORTUZAR', '123', 4, '2022-12-07 19:25:21', 0, 'ACTIVO', '', '', 531.006, 0, '', 0, 'GF'),
('21.706.948-3', 'CAROLAINE', 'MUÑOZ ', 'ZANZANA', '123', 4, '0000-00-00 00:00:00', 0, 'ACTIVO', '', '', 811.0041, 0, '', 0, 'GF'),
('21.734.462-K', 'BENJAMIN ALEJANDRO', 'ORTEGA', 'SILVA', '123', 4, '0000-00-00 00:00:00', 0, 'ACTIVO', '', '', 530.0016, 0, '', 0, 'LL'),
('21.773.017-1', 'IXIA', 'ELMEZ', 'ZAMORANO', '123', 4, '2024-01-02 17:31:45', 0, 'ACTIVO', '', '', 759.0016, 0, '', 0, 'GF'),
('21.854.839-3', 'ALAN', 'SALAZAR', 'VERGARA', '123', 4, '2024-01-05 18:44:32', 0, 'ACTIVO', '', '', 716.0031, 0, '', 0, 'GF'),
('21.984.996-6', 'VANESSA NICOLE', 'PROLEON', 'CANAHUIRE', '123', 4, '0000-00-00 00:00:00', 0, 'ACTIVO', '', '', 572.0019, 0, '', 0, 'GF'),
('22.222.222-2', 'INVITADO', '.', '.', '123', 4, '2024-06-23 18:18:03', 0, 'ACTIVO', '', '', 34.0333, 0, '', 0, 'GF'),
('22.666.023-2', 'IGNACIO', 'SALDIAS', 'SALDIAS', '123', 4, '0000-00-00 00:00:00', 0, 'ACTIVO', '', '', 532, 0, '', 0, 'CT'),
('23.113.969-9', 'Patrik', 'Acuña', 'Alfaro', '123', 4, '0000-00-00 00:00:00', 0, 'ACTIVO', '', '', 741.0001, 0, '', 0, 'GF'),
('24.676.735-1', 'ERIKA', 'VERA', '.', '123', 4, '2021-03-15 15:16:31', 0, 'ACTIVO', '', '', 195.0007, 0, '', 0, 'RB'),
('25.725.546-8', 'KATHERINE', 'HERNANDEZ', '', '123', 4, '2023-01-28 12:14:50', 0, 'ACTIVO', '', '', 574.0034, 0, '', 0, 'GF'),
('25.794.491-3', 'MELISA', 'TESEN', 'REYES', '1234', 4, '0000-00-00 00:00:00', 0, 'ACTIVO', '', '', 513.0054, 0, '', 0, 'GF'),
('25.996.124-6', 'MIGUEL', 'DESOUSA', '', '123', 4, '2024-01-08 08:37:47', 0, 'ACTIVO', '', '', 768.0015, 0, '', 0, 'GF'),
('26.117.998-9', 'KAREN ', 'NUÑEZ', '', '123', 4, '0000-00-00 00:00:00', 0, 'ACTIVO', '', '', 837, 0, '', 0, 'RB'),
('27.013.790-3', 'PEDRO', 'RAMOS', 'NUÑEZ', '123', 4, '0000-00-00 00:00:00', 0, 'INACTIVO', '', '', 503.0036, 0, '', 0, 'GF'),
('27.434.587-K', 'ROSSANA', 'HIDALGO', '', '123', 4, '0000-00-00 00:00:00', 0, 'ACTIVO', '', '', 434.001, 0, '', 0, 'RB'),
('30.000.000-0', 'CALIDAD', '1', '', '123', 4, '2024-02-07 13:05:34', 0, 'ACTIVO', '', '', 363, 0, '', 0, 'RB'),
('33.333.333-3', 'USUARIO', 'INGLOBO', '', '123', 4, '2024-10-17 12:37:08', 0, 'ACTIVO', '', '', 46.0036, 0, '', 0, 'LZ'),
('40.000.000-0', 'CALIDAD', '2', '', '123', 4, '2022-02-25 18:40:51', 0, 'ACTIVO', '', '', 364, 0, '', 0, 'RB'),
('46086415', 'NANCY CECILIA', 'GUERRERO', 'PACHERRES', '123', 4, '0000-00-00 00:00:00', 0, 'ACTIVO', '', '', 21.0028, 0, '', 0, 'ASJ'),
('46343531', 'YESSICA', 'TIMANA', 'ALAMO', '123', 4, '0000-00-00 00:00:00', 0, 'ACTIVO', '', '', 44.0098, 0, '', 0, 'PG'),
('46565552', 'LUIS', 'BARRETO', 'GALVEZ', '123', 4, '0000-00-00 00:00:00', 0, 'ACTIVO', '', '', 212.0015, 0, '', 0, 'ASJ'),
('46968531', 'KELLYM', 'NAVARRO', 'GALVEZ', '123', 4, '0000-00-00 00:00:00', 0, 'ACTIVO', '', '', 29, 0, '', 0, 'ASJ'),
('47082683', 'VICTOR', 'GOMEZ', 'HUAMAN', '123', 4, '0000-00-00 00:00:00', 0, 'ACTIVO', '', '', 43, 0, '', 0, 'ASJ'),
('47181953', 'SUSAN', 'SANCHEZ', 'SOLANO', '123', 4, '0000-00-00 00:00:00', 0, 'ACTIVO', '', '', 23.0072, 0, '', 0, 'ASJ'),
('47359092', 'ELVIS DAVID', 'ORTEGA', 'RAMIREZ', '123', 4, '2020-10-13 14:09:35', 0, 'ACTIVO', '', '', 19.0126, 0, '', 0, 'ASJ'),
('47486682', 'JHOAN MANUEL', 'BAQUEDANO', 'CORDOVA', '123', 4, '0000-00-00 00:00:00', 0, 'ACTIVO', '', '', 37.0001, 0, '', 0, 'ASJ'),
('47967170', 'GIEZI ELIAS', 'PEÑA', 'VILLEGAS', '123', 4, '0000-00-00 00:00:00', 0, 'ACTIVO', '', '', 36.0038, 0, '', 0, 'ASJ'),
('48064026', 'RAYZA HELEN', 'BARRIENTOS', 'MOREYRA', '123', 4, '2020-10-01 11:11:43', 0, 'ACTIVO', '', '', 20.0006, 0, '', 0, 'ASJ'),
('48094369', 'PAOLA', 'DOMADOR', 'TINEO', '123', 4, '0000-00-00 00:00:00', 0, 'ACTIVO', '', '', 27.006, 0, '', 0, 'ASJ'),
('48238601', 'ANYELA ANAIS', 'ORTIZ', 'ELIZALDE', '123', 4, '2020-11-18 16:02:54', 0, 'ACTIVO', '', '', 28.0087, 0, '', 0, 'ASJ'),
('48581824', 'GISELA ANAIS', 'JULCAHUANCA', 'HERRERA', '123', 4, '2021-09-16 15:14:36', 0, 'ACTIVO', '', '', 26.0012, 0, '', 0, 'ASJ'),
('48637870', 'CARLOS ALBERTO', 'PEÑA', 'HERRERA', '123', 4, '2020-12-15 14:47:56', 0, 'ACTIVO', '', '', 83.0069, 0, '', 0, 'ASJ'),
('50.000.000-0', 'CALIDAD', '3', '', '123', 4, '0000-00-00 00:00:00', 0, 'ACTIVO', '', '', 365, 0, '', 0, 'RB'),
('55.555.555-5', 'USUARIO2', 'INGLOBO', '', '123', 4, '2024-10-03 12:14:40', 0, 'ACTIVO', '', '', 47.0012, 0, '', 0, 'LZ'),
('6.077.151-0', 'ANDRES ', 'ORYAN', '', '123', 5, '2021-09-02 14:33:48', 0, 'ACTIVO', '', '', 242, 0, '', 0, 'SF'),
('6.526.899-k', 'BORIS ADOLFO', 'CORRAL', 'SEREÑO', '123', 4, '0000-00-00 00:00:00', 0, 'ACTIVO', '', '', 378, 0, '', 0, 'LL'),
('60.000.000-0', 'JOSE', 'NAVEA', '', '123', 4, '0000-00-00 00:00:00', 0, 'ACTIVO', '', '', 613.0009, 0, '', 0, 'RB'),
('7.572.140-4', 'ADOLFO', 'FERNANDEZ', 'SILVA', '123', 4, '2022-10-24 11:47:21', 0, 'ACTIVO', '', '', 187.0001, 0, '', 0, 'GF'),
('7.652.499-8', 'CARLOS', 'ESPINOZA', '', '123', 5, '2024-07-30 06:48:04', 0, 'ACTIVO', '', '', 243, 0, '', 0, 'SF'),
('7.769.737-3', 'Bernardo', 'torres', 'hernandez', '123', 4, '2021-02-25 19:13:50', 0, 'ACTIVO', '', '', 80.0003, 0, '', 0, 'MA'),
('70043468', 'ANA', 'RUIZ', 'VEGA', '123', 4, '2020-11-23 10:52:41', 0, 'ACTIVO', '', '', 84.0008, 0, '', 0, 'ASJ'),
('70613311', 'LUIS JAVIER', 'BAMONDE', 'NEYRA', '123', 4, '2020-12-09 12:20:47', 0, 'ACTIVO', '', '', 25.0078, 0, '', 0, 'ASJ'),
('70980504', 'IRIS PRISCILLA', 'PALACIOS', 'CARBAJAL', '123', 4, '2020-11-30 10:01:23', 0, 'ACTIVO', '', '', 92.006, 0, '', 0, 'ASJ'),
('71701140', 'WALTER', 'CORDOVA', 'ATIAJA', '123', 4, '0000-00-00 00:00:00', 0, 'ACTIVO', '', '', 74, 0, '', 0, 'PG'),
('71744994', 'ERICKA', 'VIERA', 'GARCIA', '123', 4, '2021-11-04 11:12:13', 0, 'ACTIVO', '', '', 250.0062, 0, '', 0, 'PG'),
('72755219', 'CLAUDIA', 'VELASQUEZ', 'GIRON', '123', 4, '2021-09-20 10:28:00', 0, 'ACTIVO', '', '', 88.015, 0, '', 0, 'PG'),
('73006659', 'FATIMA', 'ALAMEDA', 'RUIZ', '123', 4, '2020-11-11 16:23:57', 0, 'ACTIVO', '', '', 31.0002, 0, '', 0, 'PG'),
('73027873', 'BRAYAN', 'HURTADO', 'ORDINOLA', '123', 4, '0000-00-00 00:00:00', 0, 'ACTIVO', '', '', 45.0002, 0, '', 0, 'ASJ'),
('73960573', 'YELITZA', 'FACUNDO', 'MOGOLLON', '123', 4, '2020-11-26 12:47:33', 0, 'ACTIVO', '', '', 75.0045, 0, '', 0, 'ASJ'),
('74423363', 'ALEXANDER', 'PEÑA', 'TORO', '123', 4, '2020-10-14 10:27:56', 0, 'ACTIVO', '', '', 30.0008, 0, '', 0, 'ASJ'),
('75325040', 'JANET DE LOS MILAGROS', 'REYES', 'JIMENEZ', '123', 4, '0000-00-00 00:00:00', 0, 'ACTIVO', '', '', 93.0003, 0, '', 0, 'ASJ'),
('75874697', 'ANGHELO GUISSEPE', 'PALACIOS', 'ROSAS', '123', 4, '2020-12-15 14:51:57', 0, 'ACTIVO', '', '', 101.0015, 0, '', 0, 'ASJ'),
('75916427', 'WENDY', 'CASTRO', 'DE LA CRUZ', '123', 4, '2020-11-09 09:58:12', 0, 'ACTIVO', '', '', 38.0097, 0, '', 0, 'ASJ'),
('76.190.240-7', 'EXPORTADORA', 'TRIOFRUT LTDA', '', 'triofrut2023', 5, '2024-10-16 12:53:22', 0, 'ACTIVO', '', '', 681, 0, '', 0, 'TF'),
('76.408.816-6', 'RIO', 'BLANCO', 'SPA.', '123', 5, '2024-10-15 09:35:09', 0, 'ACTIVO', 'PAULA.TOBAR02@GMAIL.COM', '', 0, 0, '', 0, 'RB'),
('76009512', 'Adriana', 'Retete', 'Martinez', '123', 4, '2020-10-26 13:06:46', 0, 'ACTIVO', '', '', 33.0067, 0, '', 0, 'ASJ'),
('76196868', 'JUAN MANUEL', 'MORE', 'MECHATO', '123', 4, '2020-10-13 13:53:19', 0, 'ACTIVO', '', '', 22.0006, 0, '', 0, 'ASJ'),
('76463665', 'MARTÍN JAFET', 'GARCÍA', 'BURGOS', '123', 4, '0000-00-00 00:00:00', 0, 'ACTIVO', '', '', 81.0005, 0, '', 0, 'ASJ'),
('76687353', 'ROSITA', ' ORDINOLA', 'PEÑA', '123', 4, '2021-05-12 16:44:56', 0, 'ACTIVO', '', '', 211.0025, 0, '', 0, 'ASJ'),
('77034124', 'LISET', 'SANDOVA', 'PALACIOS', '123', 4, '0000-00-00 00:00:00', 0, 'ACTIVO', '', '', 58.0004, 0, '', 0, 'ASJ'),
('77100436', 'RUTH', 'CASTILLO', 'PARIHUAMAN', '123', 4, '0000-00-00 00:00:00', 0, 'ACTIVO', '', '', 106.002, 0, '', 0, 'ASJ'),
('80.000.000-0', 'INSPECTOR', 'CALIDAD 1', '.', '123', 4, '0000-00-00 00:00:00', 0, 'ACTIVO', '', '', 202, 0, '', 0, 'RB'),
('9.161.219-4', 'GUIDO', 'BLANCO', '', '123', 5, '2021-10-27 16:00:56', 0, 'ACTIVO', '', '', 240, 0, '', 0, 'SF'),
('9.695.403-4', 'RAMON', 'ACUÑA', '', '123', 5, '2021-09-02 14:06:16', 0, 'ACTIVO', '', '', 248, 0, '', 0, 'SF'),
('9.784.920-K', 'MARCO ANTONIO', 'ZUÑIGA', 'ESPINA', '123', 4, '0000-00-00 00:00:00', 0, 'ACTIVO', '', '', 278.0014, 0, '', 0, 'GF'),
('acacios', 'AGR. LOS ACACIOS.', '.', '.', 'acacios123', 12, '2023-12-19 10:28:35', 0, 'ACTIVO', '', '', 0, 0, '', 0, 'RB'),
('aconcagua', 'ZONA', 'ACONCAGUA', '.', 'aconcagua123', 6, '2023-03-03 10:13:35', 0, 'ACTIVO', '', '', 0, 0, '', 0, 'RB'),
('adminagrofru', 'administrador', '', '', '123', 2, '2024-09-11 13:50:17', 0, 'ACTIVO', '', '', 625, 0, '', 0, 'AF'),
('admincalint', 'ADMIN', 'CALINT', '.', 'calint2020', 2, '2022-12-20 16:22:34', 3, 'ACTIVO', 'PAULA.TOBAR02@GMAIL.COM', '985112933', 0, 0, '', 0, 'CT'),
('admindestino', 'ADMIN', 'DESTINO ', 'QUELEN', 'DESTINO2023', 2, '2023-11-03 12:26:00', 0, 'ACTIVO', '', '', 651, 0, '', 0, 'QED'),
('adminfa', 'ADMIN', 'FA', '.', '123', 2, '2022-12-20 16:22:34', 0, 'ACTIVO', 'PAULA.TOBAR02@GMAIL.COM', '985112933', 0, 0, '', 0, 'FA'),
('admingesex', 'ADMIN', 'PURA', 'GESEX', 'admingesex2021', 2, '2021-09-16 00:00:00', 0, 'ACTIVO', '', '', 0, 0, '', 0, 'PG'),
('adminlife', 'ADMIN LIFE', 'FRIENDS', '.', 'life2020', 2, '2020-10-05 17:20:02', 0, 'ACTIVO', '', '', 0, 0, '', 0, 'LF'),
('adminll', 'ADMIN', 'LOS LIRIOS', 'LIRIOS', 'adminll2021', 2, '2022-11-15 11:40:20', 0, 'ACTIVO', '', '', 0, 0, '', 0, 'LL'),
('adminmonte', 'ADMIN', 'MONTE ALTO', '.', 'monte2020', 2, '2022-06-24 11:24:00', 0, 'ACTIVO', 'PAULA.TOBAR02@GMAIL.COM', '985112933', 0, 0, '', 0, 'MA'),
('adminmx', 'adminmx', 'adminmx', 'adminmx', '9999', 2, '2024-06-27 18:40:11', 0, 'ACTIVO', '', '', 585, 0, '', 0, 'RBM'),
('adminprovex', 'ADMINISTRADOR ', 'PROVEX', '', 'provex2023', 2, '0000-00-00 00:00:00', 0, 'ACTIVO', '', '', 647, 0, '', 0, 'PV'),
('adminpru', 'ADMIN', 'PRUNESCO', '', 'prunesco2021', 2, '2022-04-08 17:15:29', 0, 'ACTIVO', '', '', 5, 0, '', 0, 'PR'),
('adminpura', 'ADMIN', 'PURA', 'GESEX', 'adminpura2021', 2, '2021-12-16 16:51:41', 0, 'ACTIVO', '', '', 0, 0, '', 0, 'PG'),
('adminquelen', 'ADMIN', '.', '.', 'quelen2022', 2, '2024-10-03 11:41:54', 0, 'ACTIVO', '', '', 0, 0, '', 0, 'QE'),
('adminrio', 'ADMIN', 'RIO', '.', '123', 2, '2024-06-24 08:42:02', 0, 'ACTIVO', '', '', 12, 0, '', 0, 'RB'),
('adminsanjose', 'ADMIN', '.', '.', 'sanjose2019', 2, '2023-11-14 13:38:44', 0, 'ACTIVO', '', '', 9, 0, '', 0, 'ASJ'),
('adminsas', 'ADMIN', '.', '.', 'aguasanta2024', 2, '2024-08-28 10:29:26', 0, 'ACTIVO', '', '', 0, 0, '', 0, 'AS'),
('adminsofruco', 'ADMIN', '.', '.', 'sofrucoadmin123', 2, '2022-11-17 21:31:03', 0, 'ACTIVO', '', '', 0, 0, '', 0, 'SF');
INSERT INTO `sys_usuario` (`usuario_rut`, `usuario_nombre`, `usuario_apepaterno`, `usuario_apematerno`, `usuario_clave`, `id_tipousuario`, `usuario_fechaingreso`, `usuario_intentos`, `usuario_estado`, `usuario_mail`, `usuario_telefono`, `usuario_folio`, `ultimo_folio`, `usuario_foto`, `cliente_zonal`, `cliente_id`) VALUES
('adminsub', 'ADMIN', 'SUBSOLE', '.', 'subsole2022', 2, '2024-01-17 11:47:31', 0, 'ACTIVO', 'PAULA.TOBAR02@GMAIL.COM', '985112933', 0, 0, '', 0, 'SL'),
('adminsun', 'adminsun', '', '', 'admin123456', 2, '0000-00-00 00:00:00', 0, 'ACTIVO', '', '', 642, 0, '', 0, 'SUN'),
('adminsunfrui', 'adminsunfruits', '', '', 'admin123456', 2, '0000-00-00 00:00:00', 0, 'INACTIVO', '', '', 641, 0, '', 0, 'SUN'),
('admintriofru', 'ADMINISTRACION', 'TRIOFRUT', '', 'triofrut2023', 2, '2023-11-28 16:11:07', 0, 'ACTIVO', '', '', 689, 0, '', 0, 'TF'),
('admintrumao', 'ADMIN', '.', '.', 'trumao2019', 2, '2022-01-08 09:09:02', 0, 'ACTIVO', '', '', 0, 0, '', 0, 'TR'),
('agrofruta', 'cliente', '', '', 'agrofruta2023', 5, '2024-08-20 11:33:32', 0, 'ACTIVO', '', '', 624, 0, '', 0, 'AF'),
('aguasanta', 'AGUA SANTA', '', '', 'aguasanta2022', 5, '2024-10-17 09:13:47', 0, 'ACTIVO', '', '', 388, 0, '', 0, 'AS'),
('alpeshuerto', 'CABRINI LTDA.', '.', '.', 'alpes123', 10, '2020-11-19 21:19:58', 0, 'ACTIVO', '', '', 0, 0, '', 0, 'RB'),
('ANIBAL', 'ANIBAL', 'VASQUEZ', 'VILLAGRAN', '123', 2, '2023-10-31 14:02:49', 0, 'ACTIVO', '', '', 0, 0, '', 0, 'GF'),
('areatecnica1', 'ESTEFY', '', '', 'areainglobo2022', 11, '2024-10-18 14:19:15', 0, 'ACTIVO', '', '', 461.0003, 0, '', 0, 'LZ'),
('areatecnica2', 'CAMI', '', '', 'areainglobo2022', 11, '2024-10-18 12:08:20', 0, 'ACTIVO', '', '', 462.0003, 0, '', 0, 'LZ'),
('areatecnica3', 'BERNI', '', '', 'areainglobo2022', 11, '2024-10-18 10:28:43', 0, 'ACTIVO', '', '', 465, 0, '', 0, 'LZ'),
('areatecnica4', 'COTE', '', '', 'areainglobo2022', 11, '2024-10-01 09:02:45', 0, 'ACTIVO', '', '', 463.0001, 0, '', 0, 'LZ'),
('areatecnica5', 'ADMINISTRACION', '', '', 'areainglobo2022', 11, '2024-10-17 17:41:13', 0, 'ACTIVO', '', '', 464.0004, 0, '', 0, 'LZ'),
('areatecnica6', 'ADMINISTRACION', '', '', 'area2023', 11, '2024-10-07 16:18:18', 0, 'ACTIVO', '', '', 748.0001, 0, '', 0, 'LZ'),
('areatecnica7', 'MIGUEL', '', '', 'areainglobo2023', 11, '2024-04-17 14:02:33', 0, 'ACTIVO', '', '', 461.0003, 0, '', 0, 'LZ'),
('ascereza', 'CEREZAS', '', '', 'agua2024', 12, '2024-02-14 03:20:30', 0, 'ACTIVO', '', '', 834, 0, '', 0, 'AS'),
('benelario', 'SOC. INV. BENELARIO', '.', '.', 'benelario123', 12, '2024-09-06 10:58:41', 0, 'ACTIVO', '', '', 0, 0, '', 0, 'RB'),
('cabrini', 'CABRINI LTDA.', '.', '.', 'cabrini123', 12, '2024-04-12 15:38:01', 0, 'ACTIVO', '', '', 0, 0, '', 0, 'RB'),
('cabrini2', 'CABRINI LTDA.', '.', '.', 'kiwi', 7, '2019-07-02 10:07:26', 0, 'ACTIVO', '', '', 0, 0, '', 0, 'RB'),
('calidad', 'CALIDAD', 'CALIDAD', 'CALIDAD', 'calidad2019', 9, '2023-01-24 09:42:44', 2, 'ACTIVO', '', '', 16, 0, '', 0, 'RB'),
('calidad2020', '', '', '', 'calidad2020', 9, '2020-05-14 12:28:02', 0, 'ACTIVO', '', '', 17, 0, '', 0, 'LF'),
('calidadcalin', 'calidad', 'cliente', '', 'calidad2020', 5, '2022-12-21 16:16:03', 0, 'ACTIVO', '', '', 72, 0, '', 0, 'CT'),
('calidadct', 'calidad', 'cliente', '', 'calint2020', 5, '2023-09-05 11:41:24', 0, 'ACTIVO', '', '', 73, 0, '', 0, 'CT'),
('CALIDADLIFE', 'CALIDAD', 'CALIDAD', 'CALIDAD', '1234', 9, '2020-05-11 15:56:57', 0, 'ACTIVO', '', '', 15, 0, '', 0, 'LF'),
('calidadmovil', 'usuario', 'movil', '', '123', 4, '0000-00-00 00:00:00', 0, 'ACTIVO', '', '', 589.0002, 0, '', 0, 'AS'),
('calintprueba', 'PRUEBA', '', '', '123', 4, '2023-11-29 12:36:50', 0, 'ACTIVO', '', '', 224.0017, 0, '', 0, 'CT'),
('camila', 'CAMILA', 'ARAVENA', '', '123', 4, '2023-10-19 11:50:20', 0, 'ACTIVO', 'AGUA SANTA', '', 441.0045, 0, '', 0, 'AS'),
('comercial 1', 'Comercial', 'quelen', '', '123', 4, '2024-07-11 07:51:27', 0, 'ACTIVO', '', 'areatecnica1', 454.0862, 0, '', 0, 'QE'),
('comercial 2', 'COMERCIAL', 'QUELN', '', '123', 4, '2023-12-27 18:22:12', 0, 'ACTIVO', '', '', 466.0192, 0, '', 0, 'QE'),
('comercial 3', 'COMERCIAL', '', '', '123', 4, '2024-02-07 09:49:03', 0, 'ACTIVO', '', '', 479.0237, 0, '', 0, 'QE'),
('comercial 4', 'COMERCIAL', '', '', '123', 4, '2024-02-02 16:12:58', 0, 'ACTIVO', '', '', 480.026, 0, '', 0, 'QE'),
('comercial 5', 'COMERCIAL', '', '', '123', 4, '2024-02-09 17:25:17', 0, 'ACTIVO', '', '', 486.0423, 0, '', 0, 'QE'),
('comercial1', 'comercial1', '', '', '123', 4, '2024-06-24 12:05:05', 0, 'ACTIVO', '', '', 438.0231, 0, '', 0, 'AS'),
('comercial2', 'comercial2', '', '', '123', 4, '2024-01-11 15:59:09', 0, 'ACTIVO', '', '', 453.0363, 0, '', 0, 'AS'),
('comercial3', 'comercial3', '', '', '123', 4, '2023-12-10 21:58:01', 0, 'ACTIVO', '', '', 484.0209, 0, '', 0, 'AS'),
('comercial4', 'comercial4', '', '', '123', 4, '2024-02-12 09:23:18', 0, 'ACTIVO', '', '', 485.0009, 0, '', 0, 'AS'),
('comercial5', 'comercial5', '', '', '123', 4, '2023-12-10 21:59:31', 0, 'ACTIVO', '', '', 494.0066, 0, '', 0, 'AS'),
('comercial6', 'comercial6', '', '', '123', 4, '2023-12-10 22:00:03', 0, 'ACTIVO', '', '', 495.013, 0, '', 0, 'AS'),
('comercialsif', 'Comercial Sif', '', '', 'aguasanta2022', 4, '0000-00-00 00:00:00', 0, 'ACTIVO', '', '', 522, 0, '', 0, 'AS'),
('contegf', 'JORGE', 'INOSTROZA', '', '123', 4, '0000-00-00 00:00:00', 0, 'ACTIVO', '', '', 518.0018, 0, '', 0, 'GF'),
('contenedor', 'INGLOBO', 'CHILE', '', '123', 4, '2023-03-30 18:07:40', 0, 'ACTIVO', '', '', 456.0038, 0, '', 0, 'GF'),
('contenedor 1', 'Contenedor ', 'Quelen', '', '123', 4, '2023-12-22 14:44:33', 0, 'ACTIVO', '', '', 459.0221, 0, '', 0, 'QE'),
('contenedor 2', 'CONTENEDOR', 'DOS', '', '123', 4, '2023-03-06 23:28:20', 0, 'ACTIVO', '', '', 468.0172, 0, '', 0, 'QE'),
('contenedor 3', 'CONTENEDOR', 'TRES', '', '123', 4, '2023-09-05 09:35:46', 0, 'ACTIVO', '', '', 469.0223, 0, '', 0, 'QE'),
('contenedor 4', 'CONTENEDOR ', 'CUATRO', '', '123', 4, '2023-03-06 23:25:30', 0, 'ACTIVO', '', '', 470.0211, 0, '', 0, 'QE'),
('contenedor 5', 'CONTENEDOR', 'CINCO', '', '123', 4, '2024-10-18 15:33:10', 0, 'ACTIVO', '', '', 776.0036, 0, '', 0, 'QE'),
('contenedor 6', 'CONTENEDOR', 'SEIS', '', '123', 4, '2024-09-30 09:03:11', 0, 'ACTIVO', '', '', 777.0378, 0, '', 0, 'QE'),
('Contenedor1', 'Contenedor 1', '', '', '123', 4, '2024-09-30 10:00:58', 0, 'ACTIVO', '', '', 445.0429, 0, '', 0, 'AS'),
('Contenedor2', 'Contenedor2', '', '', '123', 4, '2024-08-23 11:36:25', 0, 'ACTIVO', '', '', 446.0432, 0, '', 0, 'AS'),
('Contenedor3', 'Contenedor3', '', '', '123', 4, '2024-08-30 10:25:00', 0, 'ACTIVO', '', '', 447.0633, 0, '', 0, 'AS'),
('Contenedor4', 'Contenedor4', 'AGUA SANTA', '', '123', 4, '2024-08-30 10:26:04', 0, 'ACTIVO', '', '', 783.0343, 0, '', 0, 'AS'),
('Contenedor5', 'Contenedor5', '', '', '123', 4, '0000-00-00 00:00:00', 0, 'ACTIVO', '', '', 830.0001, 0, '', 0, 'AS'),
('ContenedorAS', 'Contenedor', 'General', 'Agua Santa', '123', 5, '2022-12-16 10:53:51', 0, 'ACTIVO', 'AGUA SANTA', '', 540, 0, '', 0, 'AS'),
('contenedorsu', 'CONTENEDORES', 'SUBSOLE', '', '123', 4, '0000-00-00 00:00:00', 0, 'ACTIVO', '', '', 542.0017, 0, '', 0, 'SL'),
('ContenedorWe', 'Contenedor', 'Estefania', 'Pino', '123', 4, '2024-01-04 11:11:16', 0, 'ACTIVO', '', '', 614.0003, 0, '', 0, 'AS'),
('cproceso1', 'CONTROL PROCESO', 'GEOAGRO MORZA', '', '123', 4, '2022-12-19 11:28:35', 0, 'ACTIVO', '', '', 491.0022, 0, '', 0, 'GF'),
('destino1', 'DESTINO', 'QUELEN', '1', '123', 4, '0000-00-00 00:00:00', 0, 'ACTIVO', '', '', 656, 0, '', 0, 'QED'),
('destino2', 'DESTINO', 'QUELEN', '2', '123', 4, '0000-00-00 00:00:00', 0, 'ACTIVO', '', '', 657.0002, 0, '', 0, 'QED'),
('destino3', 'DESTINO', 'QUELEN', '3', '123', 4, '0000-00-00 00:00:00', 0, 'ACTIVO', '', '', 658, 0, '', 0, 'QED'),
('destinopv', 'DESTINO', '', '', 'destinopv', 5, '2024-06-25 17:11:54', 0, 'ACTIVO', '', '', 898, 0, '', 0, 'PV'),
('exser', 'EXSER', '.', '.', 'exser2019', 10, '2019-03-02 14:15:27', 1, 'ACTIVO', 'PAULA.TOBAR02@GMAIL.COM', '', 0, 0, '', 0, 'EX'),
('exseradmin', 'ADMIN', 'EXSER', '.', '123', 2, '2019-02-22 15:03:19', 0, 'ACTIVO', 'PAULA.TOBAR02@GMAIL.COM', '985112933', 0, 0, '', 0, 'EX'),
('fruticola', 'FRUTICOLA RIO BLANCO SPA.', '.', '.', 'fruticola123', 12, '2024-04-25 10:41:51', 0, 'ACTIVO', '', '', 0, 0, '', 0, 'RB'),
('geoagro', 'GEOAGRO.', '.', '.', 'geoagro123', 7, '2022-10-04 13:26:13', 0, 'ACTIVO', '', '', 0, 0, '', 0, 'GF'),
('geofrut', 'geofrut', 'geo', 'geo', 'geo2019', 5, '2024-10-18 08:18:22', 0, 'ACTIVO', 'PAULA.TOBAR02@GMAIL.COM', '', 0.0001, 0, '', 0, 'GF'),
('gerelife', 'GERENCIA', '.', '.', 'life2020', 9, '2020-05-14 15:26:33', 0, 'ACTIVO', '', '', 18, 0, '', 0, 'LF'),
('gerencia', 'RIO BLANCO SPA.', '.', '.', 'gerencia', 9, '2024-10-18 10:35:54', 0, 'ACTIVO', '', '', 0, 0, '', 0, 'RB'),
('gerenciaaf', 'GERENCIA', 'GERENCIA', '', '123456', 9, '2023-07-06 13:18:59', 0, 'ACTIVO', '', '', 631, 0, '', 0, 'AF'),
('gerenciageo', 'GEOFRUT', '.', '.', 'geo2019', 9, '2022-10-04 13:26:00', 0, 'ACTIVO', '', '', 0, 0, '', 0, 'GF'),
('gerenciamx', 'gerenciamx', 'gerenciamx', 'gerenciamx', '5555', 9, '2024-06-27 18:39:43', 0, 'ACTIVO', '', '', 623, 0, '', 0, 'RBM'),
('geresanjose', 'GERENCIA SAN JOSE', '.', '.', 'sanjose2019', 9, '2021-03-31 08:35:36', 0, 'ACTIVO', '', '', 11, 0, '', 0, 'ASJ'),
('gfhuerto', 'HUERTO', '.', '.', '123', 10, '2022-09-20 09:39:21', 0, 'ACTIVO', '', '', 8, 0, '', 0, 'GF'),
('inglobo', 'INGLOBO', 'CHILE', '.', '123', 2, '2023-10-30 11:54:50', 0, 'ACTIVO', '', '', 6, 0, '', 0, 'LZ'),
('ingloboadmin', 'ADMIN', 'GEO', '', 'admin1234', 2, '2024-08-13 08:41:50', 0, 'ACTIVO', 'PAULA.TOBAR02@GMAIL.COM', '985112933', 5.0001, 0, '', 0, 'GF'),
('inglobochile', 'inglobo', '.', '.', 'ing2019', 5, '2023-05-17 11:48:42', 1, 'ACTIVO', '', '', 7, 0, '', 0, 'LZ'),
('INGLOBOLZ', 'lucy', 'zapata', '', '123', 4, '0000-00-00 00:00:00', 0, 'ACTIVO', '', '', 897.0002, 0, '', 0, 'LZ'),
('inspectorweb', 'INGRESO WEB', 'CONTENEDORES', '', '123', 4, '2024-07-23 13:43:57', 0, 'ACTIVO', '', '', 490.0007, 0, '', 0, 'SL'),
('insprovex', 'INSPECTORES', 'PRUEBA', 'PROVEX', '123', 4, '2024-01-26 12:51:57', 0, 'ACTIVO', '', '', 700.0002, 0, '', 0, 'PV'),
('lifefriends', 'lifefriends', 'lifefriends', 'lifefriends', 'life2020', 5, '2022-08-08 18:05:26', 0, 'ACTIVO', '', '', 14, 0, '', 0, 'LF'),
('loslirios', 'EXP. LOS LIRIOS', '', '', '123', 5, '2024-06-14 13:42:55', 0, 'ACTIVO', '', '', 264.0035, 0, '', 0, 'LL'),
('montealto', 'MONTEALTO', '.', '.', 'monte2020', 5, '2024-04-13 10:44:58', 0, 'ACTIVO', '', '', 0, 0, '', 0, 'MA'),
('nicolas', 'AGRICOLA SAN NICOLAS LTDA.', '.', '.', 'nicolas123', 12, '2023-12-19 10:29:38', 0, 'ACTIVO', '', '', 0, 0, '', 0, 'RB'),
('norte', 'ZONA', 'NORTE', '.', 'norte123', 6, '2024-04-24 11:23:55', 0, 'ACTIVO', '', '', 0, 0, '', 0, 'RB'),
('norteinsp', 'RIO BLANCO', '.', '.', '123', 4, '2023-04-13 11:16:17', 0, 'ACTIVO', '', '', 105.0013, 0, '', 0, 'RB'),
('oasis', 'SOCIEDAD AGRICOLA OASIS LTDA.', '.', '.', 'oasis123', 12, '2023-11-08 14:14:30', 0, 'ACTIVO', '', '', 0, 0, '', 0, 'RB'),
('ombu', 'INVERSIONES Y SERVICIOS OMBÚ.', '.', '.', 'ombu123', 12, '2023-03-03 12:48:53', 0, 'ACTIVO', '', '', 0, 0, '', 0, 'RB'),
('pantallageo', 'PANTALLA', '', '', 'pantalla', 9, '2023-11-20 17:52:43', 0, 'ACTIVO', '', '', 662, 0, '', 0, 'GF'),
('peppi', 'AGRICOLA PEPPI LTDA.', '.', '.', 'peppi123', 12, '2024-03-01 10:00:52', 3, 'BLOQUEADO', '', '', 0, 0, '', 0, 'RB'),
('plantageoser', 'MARIA', 'JOSE', 'CORDOVA', '123', 4, '2023-11-14 11:56:29', 0, 'ACTIVO', '', '', 329.0011, 0, '', 0, 'GF'),
('porfiri', 'RICARDO PORFIRI TRIVELLI LTDA.', '.', '.', 'porfiri123', 12, '2024-04-17 10:27:31', 0, 'ACTIVO', '', '', 0, 0, '', 0, 'RB'),
('produccionrb', 'PRODUCCION RB', '', '', 'produccion', 5, '2024-01-20 09:50:04', 0, 'ACTIVO', '', '', 773, 0, '', 0, 'RB'),
('provex', 'CLIENTE', 'PROVEX', '', 'provex2024', 5, '2024-09-30 17:41:28', 0, 'ACTIVO', '', '', 649, 0, '', 0, 'PV'),
('provex2', 'Provex', '', '', 'provex2024', 5, '2024-09-12 23:14:34', 0, 'ACTIVO', '', '', 902, 0, '', 0, 'PV'),
('pruebaaf', 'prueba', 'agrofruta', '', '123', 4, '2024-06-24 12:34:35', 0, 'ACTIVO', '', '', 626.0018, 0, '', 0, 'AF'),
('pruebaas', 'Prueba', 'Agua', 'Santa', '123', 4, '2024-08-06 17:21:25', 0, 'ACTIVO', '', '', 362.0026, 0, '', 0, 'AS'),
('pruebacat', 'PRUEBA', 'CALIDAD', 'TERESA', '123', 4, '0000-00-00 00:00:00', 0, 'ACTIVO', '', '', 698, 0, '', 0, 'CT'),
('pruebach', 'pruebach', 'pruebach', 'pruebach', '123', 4, '2024-03-19 17:50:25', 0, 'ACTIVO', '', '', 596.0011, 0, '', 0, 'RBM'),
('pruebacol', 'pruebacol', 'pruebacol', 'pruebacol', '123456', 4, '2023-02-10 17:04:45', 0, 'ACTIVO', '', '', 554.0004, 0, '', 0, 'AGRSUR'),
('pruebacont', 'PRUEBAS', 'CONTENEDORES', '', '123', 4, '2023-12-12 12:54:10', 0, 'ACTIVO', '', '', 713.0008, 0, '', 0, 'GF'),
('pruebadestin', 'PRUEBA', 'DESTINO', 'QUELEN', '123', 4, '2023-12-28 08:49:38', 0, 'ACTIVO', '', '', 652.0002, 0, '', 0, 'QED'),
('pruebaexser', 'PRUEBA', 'EXSER', '', '123', 4, '2024-08-22 13:09:35', 0, 'ACTIVO', '', '', 906.0006, 0, '', 0, 'EX'),
('pruebagf', 'PRUEBA ', 'GF', '', '123', 4, '2024-09-09 14:38:40', 0, 'ACTIVO', '', '', 500.0016, 0, '', 0, 'GF'),
('prueball', 'PRUEBA', '', '', '123', 4, '2024-05-24 20:07:20', 0, 'ACTIVO', '', '', 257.0039, 0, '', 0, 'LL'),
('pruebamonte', 'pruebamonte', '', '', '123', 4, '2024-06-05 16:07:28', 0, 'ACTIVO', '', '', 381.0009, 0, '', 0, 'MA'),
('pruebamx', 'PRUEBA', 'RIO BLANCO', 'MEXICO', '1234', 4, '2024-04-05 17:37:37', 0, 'ACTIVO', '', '', 472.0022, 0, '', 0, 'RBM'),
('pruebamx1', 'pruebamx1', 'RIO BLANCO', 'MEXICO', '1234', 4, '2023-07-26 09:47:40', 0, 'ACTIVO', '', '', 603.0142, 0, '', 0, 'RBM'),
('pruebamx10', 'pruebamx10', 'RIO BLANCO', 'MEXICO', '123456', 4, '2023-06-02 12:40:43', 0, 'ACTIVO', '', '', 620.0041, 0, '', 0, 'RBM'),
('pruebamx11', 'pruebamx11', 'RIO BLANCO', 'MEXICO', '1234', 4, '0000-00-00 00:00:00', 0, 'ACTIVO', '', '', 621.0039, 0, '', 0, 'RBM'),
('pruebamx2', 'pruebamx2', 'RIO BLANCO', 'MEXICO', '1234', 4, '2023-06-14 15:20:03', 0, 'ACTIVO', '', '', 601.0007, 0, '', 0, 'RBM'),
('pruebamx3', 'pruebamx3', 'RIO BLANCO', 'MEXICO', '1234', 4, '2024-06-08 12:12:31', 0, 'ACTIVO', '', '', 602.0112, 0, '', 0, 'RBM'),
('pruebamx4', 'pruebamx4', 'RIO BLANCO', 'MEXICO', '1234', 4, '2023-03-10 11:21:48', 0, 'ACTIVO', '', '', 604.0052, 0, '', 0, 'RBM'),
('pruebamx5', 'pruebamx5', 'RIO BLANCO', 'MEXICO', '123456', 4, '2023-04-05 13:44:07', 0, 'ACTIVO', '', '', 605.0014, 0, '', 0, 'RBM'),
('pruebamx6', 'pruebamx6', 'RIO BLANCO', 'MEXICO', '1234', 4, '2023-06-14 15:28:59', 0, 'ACTIVO', '', '', 606.01, 0, '', 0, 'RBM'),
('pruebamx7', 'pruebamx7', 'RIO BLANCO', 'MEXICO', '123456', 4, '2023-06-14 15:06:21', 0, 'ACTIVO', '', '', 617.0056, 0, '', 0, 'RBM'),
('pruebamx8', 'pruebamx8', 'RIO BLANCO', 'MEXICO', '1234', 4, '2023-07-08 21:31:08', 0, 'ACTIVO', '', '', 618.0063, 0, '', 0, 'RBM'),
('pruebamx9', 'pruebamx9', 'RIO BLANCO', 'MEXICO', '1234', 4, '2024-06-08 12:53:33', 0, 'ACTIVO', '', '', 619.0096, 0, '', 0, 'RBM'),
('pruebaprovex', 'USUARIO ', 'PRUEBA', 'PROVEX', '123', 4, '2024-08-29 13:21:05', 0, 'ACTIVO', '', '', 648.0028, 0, '', 0, 'PV'),
('pruebapru', 'PRUEBA', 'PRU', '.', '123', 4, '2022-02-08 17:25:12', 0, 'ACTIVO', '', '', 332.0003, 0, '', 0, 'PR'),
('pruebas2', 'pruebas2', '', '', '123', 4, '2023-10-18 12:43:50', 0, 'ACTIVO', '', '', 650.0002, 0, '', 0, 'AS'),
('pruebasft', '', '', '', '123', 4, '2023-09-20 12:54:07', 0, 'ACTIVO', '', '', 637.0007, 0, '', 0, 'SUN'),
('pruebasquele', 'PRUEBA', '.', '.', '123', 4, '2024-07-11 21:10:43', 0, 'ACTIVO', '', '', 444.006, 0, '', 0, 'QE'),
('pruebasub', 'pruebasub', '', '', '123', 4, '2022-11-21 16:05:28', 0, 'ACTIVO', '', '', 432.0002, 0, '', 0, 'SL'),
('pruebatriofr', 'PRUEBA', 'TRIOFRUT', '', '123', 4, '2024-03-22 18:33:22', 0, 'ACTIVO', '', '', 682.0014, 0, '', 0, 'TF'),
('prunesco', 'prunesco', 'prunesco', 'prunesco', 'calidad', 5, '2022-10-17 17:34:58', 0, 'ACTIVO', '', '', 165, 0, '', 0, 'PR'),
('ptaguasanta', 'Producto Terminado', 'Agua Santa', '', '123', 4, '2024-08-14 15:19:27', 0, 'ACTIVO', '', '', 547.0001, 0, '', 0, 'AS'),
('pterminado 1', 'PRODUCTO', 'TERMINADO', '', '123', 4, '2023-12-05 18:04:16', 0, 'ACTIVO', '', '', 455.0244, 0, '', 0, 'QE'),
('pterminado 2', 'PRODRUCTO TERMINADO', 'QUELEN', '', '123', 4, '2024-08-24 12:16:29', 0, 'ACTIVO', '', '', 467.0626, 0, '', 0, 'QE'),
('pterminado 3', 'PRODUCTO ', 'TERMINADO', '', '123', 4, '2024-07-19 11:55:16', 0, 'ACTIVO', '', '', 477.0417, 0, '', 0, 'QE'),
('pterminado 4', 'PRODUCTO', 'TERMINADO', '', '123', 4, '2024-02-07 15:30:42', 0, 'ACTIVO', '', '', 478.0279, 0, '', 0, 'QE'),
('pterminado 5', 'PRODUCTO TERMINADO', '5', '', '123', 4, '2023-07-08 16:03:43', 0, 'ACTIVO', '', '', 481.0293, 0, '', 0, 'QE'),
('pterminado 6', 'PRODRUCTO ', 'TERMINADO', '', '123', 4, '2023-12-02 16:49:34', 0, 'ACTIVO', '', '', 487.0321, 0, '', 0, 'QE'),
('pterminado 7', 'PRODRUCTO TERMINADO', '7', '', '123', 4, '2023-12-01 10:34:27', 0, 'ACTIVO', '', '', 512.0493, 0, '', 0, 'QE'),
('pterminado 8', 'pterminado 8', 'pterminado 8', 'pterminado 8', '123', 4, '2023-05-30 09:02:13', 0, 'ACTIVO', '', '', 519.0484, 0, '', 0, 'QE'),
('pterminado 9', 'pterminado 9', '', '', '123', 4, '0000-00-00 00:00:00', 0, 'ACTIVO', '', '', 673, 0, '', 0, 'QE'),
('pterminado-1', 'pterminado 10', '', '', '123', 4, '2024-08-28 08:54:40', 0, 'ACTIVO', '', '', 674.0007, 0, '', 0, 'QE'),
('pterminado-2', 'pterminado 11', '', '', '123', 4, '2024-10-16 15:08:52', 0, 'ACTIVO', '', '', 675.0128, 0, '', 0, 'QE'),
('pterminado-3', 'pterminado 12', '', '', '123', 4, '0000-00-00 00:00:00', 0, 'ACTIVO', '', '', 676.0132, 0, '', 0, 'QE'),
('puragesex', '', '', '', 'puragesex2021', 5, '2022-08-24 16:30:11', 0, 'ACTIVO', '', '', 251, 0, '', 0, 'PG'),
('qdestino', 'QUELEN', 'DESTINO', 'CLIENTE', '123', 5, '2023-11-29 14:52:19', 0, 'ACTIVO', '', '', 659, 0, '', 0, 'QED'),
('quelen', 'QUELEN', ' ', '', 'quelen2022', 5, '2024-10-16 16:33:00', 0, 'ACTIVO', '', '', 452.0012, 0, '', 0, 'QE'),
('ranchoblanco', 'AGRICOLA RANCHO BLANCO.', '.', '.', 'rancho123', 12, '2024-05-08 10:09:00', 0, 'ACTIVO', '', '', 0, 0, '', 0, 'RB'),
('rbcampo', 'rbcampo', 'rbcampo', 'rbcampo', 'campo2023', 9, '2024-04-16 21:01:52', 0, 'ACTIVO', '', '', 622, 0, '', 0, 'RBM'),
('rbmexico', 'RIO', 'BLANCO', '', 'terramara2346', 5, '2024-10-15 15:59:35', 0, 'ACTIVO', '', '', 616, 0, '', 0, 'RBM'),
('recepcionlrs', 'Recepcion', 'General', 'La rosa de sofruco', '123', 4, '2021-12-21 10:22:45', 0, 'ACTIVO', '', '', 249.0144, 0, '', 0, 'SF'),
('recepcionsf', 'RecepcionSF', '', '', '123', 4, '2023-09-25 08:42:42', 0, 'ACTIVO', '', '', 226.035, 0, '', 0, 'SF'),
('recepcionsf2', 'RecepcionSF2', '', '', '123', 4, '2022-06-09 12:48:30', 0, 'ACTIVO', '', '', 302.01, 0, '', 0, 'SF'),
('recepcionsif', 'Recepcion', 'Sif', '', '123', 4, '2023-05-19 12:45:26', 0, 'ACTIVO', '', '', 517.0002, 0, '', 0, 'AS'),
('receplarosa', 'Recepcion', 'La Rosa', '', '123', 4, '2023-09-25 08:44:33', 0, 'ACTIVO', '', '', 228.02, 0, '', 0, 'SF'),
('receplarosa2', 'Recepcion', 'La Rosa2', '', '123', 4, '2023-09-25 08:44:06', 0, 'ACTIVO', '', '', 239.0112, 0, '', 0, 'SF'),
('recepprize', 'Recepcion', 'Prize', '', '123', 4, '0000-00-00 00:00:00', 0, 'ACTIVO', '', '', 229.002, 0, '', 0, 'SF'),
('recepsofruco', 'Recepcion', 'Sofruco', '', '123', 4, '0000-00-00 00:00:00', 0, 'ACTIVO', '', '', 227.02, 0, '', 0, 'SF'),
('reinspeccion', 'Reinspeccion', 'Los Lirios', '', '123', 4, '0000-00-00 00:00:00', 0, 'ACTIVO', '', '', 429.0002, 0, '', 0, 'LL'),
('rioblancomx', 'RIO', 'BLANCO', 'MEXICO', '1234', 5, '2023-04-07 14:13:43', 3, 'ACTIVO', '', '', 471, 0, '', 0, 'RBM'),
('sanjose', 'AGRICOLA SAN JOSE', '.', '.', 'SanJose2019', 5, '2023-11-14 13:39:21', 0, 'ACTIVO', '', '', 10, 0, '', 0, 'ASJ'),
('satelitegeo', 'CONTENEDORES', 'SATELITE', 'GEOFRUT', '123', 4, '2024-01-19 17:43:03', 0, 'ACTIVO', '', '', 537.0056, 0, '', 0, 'GF'),
('sergioc', 'SERGIO', 'COMPARINI', '', '123456', 5, '2023-01-13 17:49:32', 0, 'ACTIVO', '', '', 557, 0, '', 0, 'AGRSUR'),
('sofruco', '', '', '', 'sofruco2021', 5, '2024-01-24 09:10:57', 0, 'ACTIVO', '', '', 221, 0, '', 0, 'SF'),
('sofrucoprueb', 'PRUEBA', '.', '', '123', 4, '2024-10-16 15:14:28', 0, 'ACTIVO', '', '', 218.0066, 0, '', 0, 'SF'),
('ssarandanos', 'CONTENEDORES', 'ARANDANOS', '', '123', 11, '0000-00-00 00:00:00', 0, 'ACTIVO', '', '', 543, 0, '', 0, 'SL'),
('subsole', 'subsole', '', '', 'subsole2022', 5, '2024-05-08 16:31:13', 0, 'ACTIVO', '', '', 431, 0, '', 0, 'SL'),
('sunfruits', 'sunfruits', '', '', 'sft2023', 5, '2023-10-26 18:27:39', 0, 'ACTIVO', '', '', 640, 0, '', 0, 'SUN'),
('super', 'PAULA', 'TOBAR', 'PLAZA', '123', 1, '2023-01-31 09:23:14', 2, 'ACTIVO', 'PAULA.TOBAR02@GMAIL.COM', '985112933', 1, 0, '', 0, 'RB'),
('sur', 'ZONA', 'SUR', '.', 'sur123', 6, '2023-01-23 17:50:51', 2, 'ACTIVO', '', '', 0, 0, '', 0, 'RB'),
('tab1', 'tab1', '', '', '123456', 4, '2023-10-26 13:23:06', 0, 'ACTIVO', '', '', 643.002, 0, '', 0, 'SUN'),
('tab2', 'tab2', '', '', '123456', 4, '0000-00-00 00:00:00', 0, 'ACTIVO', '', '', 644, 0, '', 0, 'SUN'),
('tab3', 'tab3', '', '', '123456', 4, '0000-00-00 00:00:00', 0, 'ACTIVO', '', '', 645, 0, '', 0, 'SUN'),
('testigo1', 'USUARIO CAJAS', 'TESTIGO', '', '123', 4, '2023-11-08 16:17:28', 0, 'ACTIVO', '', '', 663.0284, 0, '', 0, 'GF'),
('testigo2', 'USUARIO CAJAS', 'TESTIGO', '', '123', 4, '0000-00-00 00:00:00', 0, 'ACTIVO', '', '', 664.0464, 0, '', 0, 'GF'),
('tolentino', 'AGRICOLA TOLENTINO LTDA.', '.', '.', 'tolentino123', 12, '2024-04-03 15:51:47', 0, 'ACTIVO', '', '', 0, 0, '', 0, 'RB'),
('trumao', 'TRUMAO', '.', '.', 'trumao2019', 5, '2022-08-05 10:22:52', 0, 'ACTIVO', '', '', 13, 0, '', 0, 'TR'),
('usuario1', 'Usuario Curso1', '', '', '123', 4, '2024-04-21 20:42:33', 0, 'ACTIVO', '', '', 416.0003, 0, '', 0, 'GF'),
('usuario2', 'Usuario Curso2', '', '', '123', 4, '0000-00-00 00:00:00', 0, 'ACTIVO', '', '', 417, 0, '', 0, 'GF'),
('usuario3', 'Usuario Curso3', '', '', '123', 4, '0000-00-00 00:00:00', 0, 'ACTIVO', '', '', 418, 0, '', 0, 'GF'),
('usuario4', 'Usuario Curso4', '', '', '123', 4, '0000-00-00 00:00:00', 0, 'ACTIVO', '', '', 419, 0, '', 0, 'GF'),
('usuario5', 'Usuario Curso5', '', '', '123', 4, '0000-00-00 00:00:00', 0, 'ACTIVO', '', '', 420, 0, '', 0, 'GF'),
('usuario6', 'Usuario Curso6', '', '', '123', 4, '0000-00-00 00:00:00', 0, 'ACTIVO', '', '', 421, 0, '', 0, 'GF'),
('usuario7', 'Usuario Curso7', '', '', '123', 4, '2023-08-01 16:18:24', 0, 'ACTIVO', '', '', 422, 0, '', 0, 'LZ'),
('usuario8', 'Usuario Curso8', '', '', '123', 4, '0000-00-00 00:00:00', 0, 'ACTIVO', '', '', 424, 0, '', 0, 'LZ'),
('usuario9', 'Usuario Curso9', '', '', '123', 4, '0000-00-00 00:00:00', 0, 'ACTIVO', '', '', 423, 0, '', 0, 'LZ'),
('usuarioweb1', 'USUARIO WEB', 'TERESA', '', '123', 4, '2023-01-27 15:44:33', 0, 'ACTIVO', '', '', 499.0001, 0, '', 0, 'CT'),
('valentina', 'VALENTINA', 'PINO', '.', '123', 4, '2022-10-28 14:36:47', 0, 'ACTIVO', '', '', 254.007, 0, '', 0, 'RB'),
('Yamid', 'Yamid', 'Rodriguez', '', '123456', 4, '2023-01-25 11:15:02', 0, 'ACTIVO', '', '', 568, 0, '', 0, 'AGRSUR');

-- --------------------------------------------------------

--
-- Estructura de tabla para la tabla `sys_usuario_login_especial`
--

CREATE TABLE `sys_usuario_login_especial` (
  `id` int(11) NOT NULL,
  `usuario_rut` varchar(12) DEFAULT NULL,
  `productor_id` varchar(100) NOT NULL,
  `packing_id` varchar(100) NOT NULL
) ENGINE=MyISAM DEFAULT CHARSET=latin1;

--
-- Volcado de datos para la tabla `sys_usuario_login_especial`
--

INSERT INTO `sys_usuario_login_especial` (`id`, `usuario_rut`, `productor_id`, `packing_id`) VALUES
(1, 'benelario', '785', ''),
(2, 'benelario', '3', ''),
(3, 'benelario', '111', ''),
(4, 'benelario', '884', ''),
(5, 'benelario', '580', ''),
(6, 'benelario', '413', ''),
(7, 'benelario', '98', ''),
(8, 'benelario', '109', ''),
(9, 'tolentino', '212', ''),
(10, 'tolentino', '11', ''),
(11, 'tolentino', '51', ''),
(12, 'tolentino', '121', ''),
(13, 'fruticola', '181', ''),
(14, 'fruticola', '900', ''),
(15, 'fruticola', '700', ''),
(16, 'fruticola', '600', ''),
(17, 'fruticola', '176', ''),
(18, 'fruticola', '300', ''),
(22, 'nicolas', '7', ''),
(21, 'cabrini', '500', ''),
(23, 'peppi', '110', ''),
(24, 'peppi', '60', ''),
(25, 'ombu', '933', ''),
(26, 'acacios', '927', ''),
(27, 'nicolas', '599', ''),
(28, 'cabrini', '285', ''),
(29, 'cabrini', '287', ''),
(30, 'cabrini', '286', ''),
(31, 'cabrini', '288', ''),
(32, 'cabrini', '289', ''),
(33, 'cabrini', '9', ''),
(34, 'cabrini', '492', ''),
(35, 'ranchoblanco', '25', ''),
(36, 'porfiri', '6', ''),
(37, 'oasis', '920', ''),
(38, 'alpeshuerto', '285', ''),
(39, 'alpeshuerto', '287', ''),
(40, 'alpeshuerto', '286', ''),
(41, 'alpeshuerto', '288', ''),
(42, 'alpeshuerto', '289', ''),
(43, 'alpeshuerto', '9', ''),
(44, 'alpeshuerto', '492', ''),
(45, 'alpeshuerto', '500', ''),
(46, 'losalpes', '286', ''),
(47, 'losalpes', '287', ''),
(48, 'losalpes', '288', ''),
(49, 'losalpes', '289', ''),
(50, 'losalpes', '285', ''),
(51, 'losalpes', '492', ''),
(52, 'losalpes', '500', ''),
(53, 'losalpes', '9', ''),
(54, 'exsering', '4512', ''),
(55, 'exsering', '4421', ''),
(56, 'exser', '4512', ''),
(57, 'exser', '4421', ''),
(58, 'exser', '4501', ''),
(59, 'exsering', '4501', ''),
(60, 'geoagro', 'GF_108', ''),
(61, 'geoagro', 'GF_195', ''),
(62, 'geoagro', 'GF_206', ''),
(63, 'geoagro', 'GF_235', ''),
(64, 'geoagro', 'GF_245', ''),
(65, 'cabrini2', '501', ''),
(66, 'cabrini2', '501.', ''),
(67, 'cabrini2', '502', ''),
(68, 'cabrini2', '503', ''),
(69, 'cabrini2', '504', ''),
(70, 'geohuerto', 'GF_108', ''),
(71, 'geohuerto', 'GF_195', ''),
(72, 'geohuerto', 'GF_206', ''),
(74, 'geohuerto', 'GF_235', ''),
(75, 'geohuerto', 'GF_245', ''),
(76, 'gfhuerto', 'GF_108', ''),
(77, 'gfhuerto', 'GF_195', ''),
(78, 'gfhuerto', 'GF_206', ''),
(79, 'gfhuerto', 'GF_235', ''),
(80, 'gfhuerto', 'GF_245', ''),
(81, 'cabrini', '501', ''),
(82, 'cabrini', '502', ''),
(83, 'cabrini', '503', ''),
(84, 'cabrini', '504', ''),
(85, 'acacios', '323', ''),
(86, 'cabrini', '888', ''),
(87, '22.222.222-2', 'GF_375', '');

--
-- Índices para tablas volcadas
--

--
-- Indices de la tabla `cal_especies`
--
ALTER TABLE `cal_especies`
  ADD PRIMARY KEY (`especie_id`);

--
-- Indices de la tabla `cal_exportadoras`
--
ALTER TABLE `cal_exportadoras`
  ADD PRIMARY KEY (`exportador_cod`);

--
-- Indices de la tabla `cal_fotos`
--
ALTER TABLE `cal_fotos`
  ADD PRIMARY KEY (`id_fotos`);

--
-- Indices de la tabla `contenedor_estiba`
--
ALTER TABLE `contenedor_estiba`
  ADD PRIMARY KEY (`id_estiba`);

--
-- Indices de la tabla `contenedor_fotos`
--
ALTER TABLE `contenedor_fotos`
  ADD PRIMARY KEY (`id_fotos`);

--
-- Indices de la tabla `contenedor_mercado`
--
ALTER TABLE `contenedor_mercado`
  ADD PRIMARY KEY (`cod_mer`);

--
-- Indices de la tabla `contenedor_nave`
--
ALTER TABLE `contenedor_nave`
  ADD PRIMARY KEY (`nave_cod`),
  ADD KEY `cod_nav` (`cod_nav`);

--
-- Indices de la tabla `contenedor_naviera`
--
ALTER TABLE `contenedor_naviera`
  ADD PRIMARY KEY (`cod_nav`);

--
-- Indices de la tabla `contenedor_norma_detalle`
--
ALTER TABLE `contenedor_norma_detalle`
  ADD PRIMARY KEY (`id_detalle`);

--
-- Indices de la tabla `contenedor_norma_planilla`
--
ALTER TABLE `contenedor_norma_planilla`
  ADD PRIMARY KEY (`norma_id`),
  ADD KEY `exportador_cod` (`exportador_cod`),
  ADD KEY `especie_cod` (`especie_cod`);

--
-- Indices de la tabla `contenedor_planilla`
--
ALTER TABLE `contenedor_planilla`
  ADD PRIMARY KEY (`folio_planilla`);

--
-- Indices de la tabla `contenedor_planta`
--
ALTER TABLE `contenedor_planta`
  ADD PRIMARY KEY (`cod_planta`);

--
-- Indices de la tabla `contenedor_puerto`
--
ALTER TABLE `contenedor_puerto`
  ADD PRIMARY KEY (`cod_puerto`);

--
-- Indices de la tabla `contenedor_tipo_atmosfera`
--
ALTER TABLE `contenedor_tipo_atmosfera`
  ADD PRIMARY KEY (`cod_tipo_at`);

--
-- Indices de la tabla `contenedor_transporte`
--
ALTER TABLE `contenedor_transporte`
  ADD PRIMARY KEY (`cod_trans`);

--
-- Indices de la tabla `detalle_validar`
--
ALTER TABLE `detalle_validar`
  ADD PRIMARY KEY (`id_detalle_validar`);

--
-- Indices de la tabla `sys_cliente`
--
ALTER TABLE `sys_cliente`
  ADD PRIMARY KEY (`cliente_id`);

--
-- Indices de la tabla `sys_detalle_cliente_programas`
--
ALTER TABLE `sys_detalle_cliente_programas`
  ADD PRIMARY KEY (`detalle_id`),
  ADD KEY `cliente_id` (`cliente_id`),
  ADD KEY `programa_id` (`programa_id`);

--
-- Indices de la tabla `sys_programas`
--
ALTER TABLE `sys_programas`
  ADD PRIMARY KEY (`programa_id`);

--
-- Indices de la tabla `sys_sesion`
--
ALTER TABLE `sys_sesion`
  ADD PRIMARY KEY (`id_sesion`);

--
-- Indices de la tabla `sys_sincro_sistema_contenedores`
--
ALTER TABLE `sys_sincro_sistema_contenedores`
  ADD PRIMARY KEY (`id`);

--
-- Indices de la tabla `sys_tipo_usuario`
--
ALTER TABLE `sys_tipo_usuario`
  ADD PRIMARY KEY (`id_tipousuario`);

--
-- Indices de la tabla `sys_usuario`
--
ALTER TABLE `sys_usuario`
  ADD PRIMARY KEY (`usuario_rut`),
  ADD KEY `id_tipousuario` (`id_tipousuario`);

--
-- Indices de la tabla `sys_usuario_login_especial`
--
ALTER TABLE `sys_usuario_login_especial`
  ADD PRIMARY KEY (`id`);

--
-- AUTO_INCREMENT de las tablas volcadas
--

--
-- AUTO_INCREMENT de la tabla `cal_especies`
--
ALTER TABLE `cal_especies`
  MODIFY `especie_id` int(11) NOT NULL AUTO_INCREMENT, AUTO_INCREMENT=235;

--
-- AUTO_INCREMENT de la tabla `cal_fotos`
--
ALTER TABLE `cal_fotos`
  MODIFY `id_fotos` int(11) NOT NULL AUTO_INCREMENT;

--
-- AUTO_INCREMENT de la tabla `contenedor_estiba`
--
ALTER TABLE `contenedor_estiba`
  MODIFY `id_estiba` int(11) NOT NULL AUTO_INCREMENT;

--
-- AUTO_INCREMENT de la tabla `contenedor_fotos`
--
ALTER TABLE `contenedor_fotos`
  MODIFY `id_fotos` int(11) NOT NULL AUTO_INCREMENT;

--
-- AUTO_INCREMENT de la tabla `contenedor_mercado`
--
ALTER TABLE `contenedor_mercado`
  MODIFY `cod_mer` int(11) NOT NULL AUTO_INCREMENT, AUTO_INCREMENT=55;

--
-- AUTO_INCREMENT de la tabla `contenedor_nave`
--
ALTER TABLE `contenedor_nave`
  MODIFY `nave_cod` int(11) NOT NULL AUTO_INCREMENT, AUTO_INCREMENT=780;

--
-- AUTO_INCREMENT de la tabla `contenedor_norma_detalle`
--
ALTER TABLE `contenedor_norma_detalle`
  MODIFY `id_detalle` int(11) NOT NULL AUTO_INCREMENT, AUTO_INCREMENT=201;

--
-- AUTO_INCREMENT de la tabla `contenedor_norma_planilla`
--
ALTER TABLE `contenedor_norma_planilla`
  MODIFY `norma_id` int(11) NOT NULL AUTO_INCREMENT, AUTO_INCREMENT=90;

--
-- AUTO_INCREMENT de la tabla `contenedor_planta`
--
ALTER TABLE `contenedor_planta`
  MODIFY `cod_planta` int(11) NOT NULL AUTO_INCREMENT, AUTO_INCREMENT=42;

--
-- AUTO_INCREMENT de la tabla `contenedor_puerto`
--
ALTER TABLE `contenedor_puerto`
  MODIFY `cod_puerto` int(11) NOT NULL AUTO_INCREMENT, AUTO_INCREMENT=225;

--
-- AUTO_INCREMENT de la tabla `contenedor_tipo_atmosfera`
--
ALTER TABLE `contenedor_tipo_atmosfera`
  MODIFY `cod_tipo_at` int(11) NOT NULL AUTO_INCREMENT, AUTO_INCREMENT=4;

--
-- AUTO_INCREMENT de la tabla `contenedor_transporte`
--
ALTER TABLE `contenedor_transporte`
  MODIFY `cod_trans` int(11) NOT NULL AUTO_INCREMENT, AUTO_INCREMENT=282;

--
-- AUTO_INCREMENT de la tabla `detalle_validar`
--
ALTER TABLE `detalle_validar`
  MODIFY `id_detalle_validar` int(11) NOT NULL AUTO_INCREMENT, AUTO_INCREMENT=11;

--
-- AUTO_INCREMENT de la tabla `sys_detalle_cliente_programas`
--
ALTER TABLE `sys_detalle_cliente_programas`
  MODIFY `detalle_id` int(11) NOT NULL AUTO_INCREMENT, AUTO_INCREMENT=19;

--
-- AUTO_INCREMENT de la tabla `sys_programas`
--
ALTER TABLE `sys_programas`
  MODIFY `programa_id` int(11) NOT NULL AUTO_INCREMENT, AUTO_INCREMENT=4;

--
-- AUTO_INCREMENT de la tabla `sys_sincro_sistema_contenedores`
--
ALTER TABLE `sys_sincro_sistema_contenedores`
  MODIFY `id` int(11) NOT NULL AUTO_INCREMENT;

--
-- AUTO_INCREMENT de la tabla `sys_tipo_usuario`
--
ALTER TABLE `sys_tipo_usuario`
  MODIFY `id_tipousuario` int(11) NOT NULL AUTO_INCREMENT, AUTO_INCREMENT=13;

--
-- AUTO_INCREMENT de la tabla `sys_usuario_login_especial`
--
ALTER TABLE `sys_usuario_login_especial`
  MODIFY `id` int(11) NOT NULL AUTO_INCREMENT, AUTO_INCREMENT=88;

--
-- Restricciones para tablas volcadas
--

--
-- Filtros para la tabla `contenedor_nave`
--
ALTER TABLE `contenedor_nave`
  ADD CONSTRAINT `contenedor_nave_ibfk_1` FOREIGN KEY (`cod_nav`) REFERENCES `contenedor_naviera` (`cod_nav`);

--
-- Filtros para la tabla `sys_detalle_cliente_programas`
--
ALTER TABLE `sys_detalle_cliente_programas`
  ADD CONSTRAINT `sys_detalle_cliente_programas_ibfk_1` FOREIGN KEY (`cliente_id`) REFERENCES `sys_cliente` (`cliente_id`),
  ADD CONSTRAINT `sys_detalle_cliente_programas_ibfk_2` FOREIGN KEY (`programa_id`) REFERENCES `sys_programas` (`programa_id`);

--
-- Filtros para la tabla `sys_usuario`
--
ALTER TABLE `sys_usuario`
  ADD CONSTRAINT `sys_usuario_ibfk_1` FOREIGN KEY (`id_tipousuario`) REFERENCES `sys_tipo_usuario` (`id_tipousuario`);
COMMIT;

/*!40101 SET CHARACTER_SET_CLIENT=@OLD_CHARACTER_SET_CLIENT */;
/*!40101 SET CHARACTER_SET_RESULTS=@OLD_CHARACTER_SET_RESULTS */;
/*!40101 SET COLLATION_CONNECTION=@OLD_COLLATION_CONNECTION */;
