INSERT INTO `cal_norma_detalle` (`norma_detalle_id`, `norma_id`, `id_planilla_defecto`, `variedad_id`, `calibre_id`, `clasificacion_id`, `influye_a`, `norma_valor1`, `norma_valor2`, `norma_valor3`, `norma_valor4`, `orden_ingreso`, `rango_min`, `rango_max`, `cliente_id`, `part_sincro`) VALUES
(26361, 419, 16719, 'TODAS', 'TODOS', 'TODAS', 'CALIDAD', '1', '8', '10', '100', 36, '40', '100', 'GF', 0),
(26362, 419, 16720, 'TODAS', 'TODOS', 'TODAS', 'CALIDAD', '1', '2', '4', '100', 37, '40', '100', 'GF', 0),
(26363, 419, 16721, 'TODAS', 'TODOS', 'TODAS', 'CONDICION', '0', '3', '5', '100', 38, '40', '100', 'GF', 0),
(26364, 419, 16722, 'TODAS', 'TODOS', 'TODAS', 'CONDICION', '0', '3', '5', '100', 39, '40', '100', 'GF', 0),
(26365, 419, 16723, 'TODAS', 'TODOS', 'TODAS', 'CONDICION', '0', '3', '6', '100', 40, '40', '100', 'GF', 0),
(26366, 419, 16724, 'TODAS', 'TODOS', 'TODAS', 'CONDICION', '0', '0.5', '1', '100', 41, '40', '100', 'GF', 0),
(26367, 419, 16725, 'TODAS', 'TODOS', 'TODAS', 'CONDICION', '0', '3', '5', '100', 42, '40', '100', 'GF', 0),
(26368, 419, 16726, 'TODAS', 'TODOS', 'TODAS', 'CONDICION', '0', '4', '6', '100', 43, '40', '100', 'GF', 0),
(26369, 419, 16727, 'TODAS', 'TODOS', 'TODAS', 'CONDICION', '0', '3', '5', '100', 44, '40', '100', 'GF', 0),
(26370, 419, 16728, 'TODAS', 'TODOS', 'TODAS', 'CONDICION', '0', '0,5', '1', '100', 45, '40', '100', 'GF', 0),
(26371, 419, 16729, 'TODAS', 'TODOS', 'TODAS', 'CONDICION', '0', '3', '5', '100', 46, '40', '100', 'GF', 0),
(26372, 419, 16730, 'TODAS', 'TODOS', 'TODAS', 'CONDICION', '0', '3', '5', '100', 47, '40', '100', 'GF', 0),
(26373, 419, 16731, 'TODAS', 'TODOS', 'TODAS', 'CONDICION', '0', '3', '5', '100', 48, '40', '100', 'GF', 0),
(26374, 419, 16732, 'TODAS', 'TODOS', 'TODAS', 'CONDICION', '0', '3', '5', '100', 49, '40', '100', 'GF', 0),
(26375, 419, 16733, 'TODAS', 'TODOS', 'TODAS', 'CONDICION', '0', '0', '0', '100', 50, '40', '100', 'GF', 0),
(26376, 419, 16734, 'TODAS', 'TODOS', 'TODAS', 'CONDICION', '1', '2', '4', '100', 51, '40', '100', 'GF', 0),
(26377, 419, 16735, 'TODAS', 'TODOS', 'TODAS', 'CONDICION', '0', '10', '12', '100', 52, '40', '100', 'GF', 0),
(26378, 419, 16736, 'TODAS', 'TODOS', 'TODAS', '', '0', '3', '5', '100', 50.1, '40', '100', 'GF', 0),
(26379, 420, 16737, 'TODAS', 'TODOS', 'TODAS', '', '0', '100', '100', '100', 1, '40', '100', 'GF', 0),
(26380, 420, 16738, 'TODAS', 'TODOS', 'TODAS', '', '0', '10000', '10000', '100', 2, '40', '100', 'GF', 0),
(26381, 420, 16739, 'TODAS', 'TODOS', 'TODAS', '', '0', '100', '100', '100', 3, '40', '100', 'GF', 0),
(26382, 420, 16740, 'TODAS', 'TODOS', 'TODAS', '', '0', '100', '100', '100', 4, '40', '100', 'GF', 0),
(26383, 420, 16741, 'TODAS', 'TODOS', 'TODAS', '', '0', '100', '100', '100', 5, '40', '100', 'GF', 0),
(26384, 420, 16742, 'TODAS', 'TODOS', 'TODAS', '', '0', '100', '100', '100', 6, '40', '100', 'GF', 0),
(26385, 420, 16743, 'TODAS', 'TODOS', 'TODAS', '', '0', '100', '100', '100', 7, '40', '100', 'GF', 0),
(26386, 420, 16744, 'TODAS', 'TODOS', 'TODAS', '', '0', '100', '100', '100', 8, '40', '100', 'GF', 0),
(26387, 420, 16745, 'TODAS', 'TODOS', 'TODAS', '', '0', '100', '100', '100', 9, '40', '100', 'GF', 0),
(26388, 420, 16746, 'TODAS', 'TODOS', 'TODAS', '', '0', '100', '100', '100', 10, '40', '100', 'GF', 0),
(26389, 420, 16747, 'TODAS', 'TODOS', 'TODAS', '', '0', '100', '100', '100', 11, '40', '100', 'GF', 0),
(26390, 420, 16748, 'TODAS', 'TODOS', 'TODAS', '', '0', '100', '100', '100', 12, '40', '100', 'GF', 0),
(26391, 420, 16749, 'TODAS', 'TODOS', 'TODAS', '', '0', '100', '100', '100', 13, '40', '100', 'GF', 0),
(26392, 420, 16750, 'TODAS', 'TODOS', 'TODAS', '', '0', '100', '100', '100', 14, '40', '100', 'GF', 0),
(26393, 420, 16751, 'TODAS', 'TODOS', 'TODAS', '', '0', '100', '100', '100', 15, '40', '100', 'GF', 0),
(26394, 420, 16752, 'TODAS', 'TODOS', 'TODAS', '', '0', '100', '100', '100', 16, '40', '100', 'GF', 0),
(26395, 420, 16753, 'TODAS', 'TODOS', 'TODAS', '', '0', '100', '100', '100', 17, '40', '100', 'GF', 0),
(26396, 420, 16754, 'TODAS', 'TODOS', 'TODAS', '', '0', '100', '100', '100', 18, '40', '100', 'GF', 0),
(26397, 420, 16755, 'TODAS', 'TODOS', 'TODAS', '', '0', '100', '100', '100', 19, '40', '100', 'GF', 0),
(26398, 420, 16756, 'TODAS', 'TODOS', 'TODAS', '', '0', '100', '100', '100', 20, '40', '100', 'GF', 0),
(26399, 420, 16757, 'TODAS', 'TODOS', 'TODAS', '', '0', '100', '100', '100', 21, '40', '100', 'GF', 0),
(26400, 420, 16758, 'TODAS', 'TODOS', 'TODAS', '', '0', '100', '100', '100', 22, '40', '100', 'GF', 0),
(26401, 420, 16759, 'TODAS', 'TODOS', 'TODAS', '', '0', '100', '100', '100', 23, '40', '100', 'GF', 0),
(26402, 420, 16760, 'TODAS', 'TODOS', 'TODAS', '', '0', '100', '100', '100', 24, '40', '100', 'GF', 0),
(26403, 420, 16761, 'TODAS', 'TODOS', 'TODAS', '', '0', '100', '100', '100', 25, '40', '100', 'GF', 0),
(26404, 420, 16762, 'TODAS', 'TODOS', 'TODAS', '', '0', '100', '100', '100', 26, '40', '100', 'GF', 0),
(26405, 420, 16763, 'TODAS', 'TODOS', 'TODAS', '', '0', '100', '100', '100', 27, '40', '100', 'GF', 0),
(26406, 420, 16764, 'TODAS', 'TODOS', 'TODAS', '', '0', '100', '100', '100', 28, '40', '100', 'GF', 0),
(26407, 420, 16765, 'TODAS', 'TODOS', 'TODAS', '', '0', '100', '100', '100', 29, '40', '100', 'GF', 0),
(26408, 420, 16766, 'TODAS', 'TODOS', 'TODAS', '', '0', '1000', '1000', '100', 30, '40', '100', 'GF', 0),
(26409, 420, 16767, 'TODAS', 'TODOS', 'TODAS', '', '0', '4', '4', '100', 31, '40', '100', 'GF', 0),
(26410, 421, 16768, 'TODAS', 'TODOS', 'TODAS', '', '0', '100000000000000000', '100000000000000000', '100', 1, '40', '100', 'GF', 0),
(26411, 421, 16769, 'TODAS', 'TODOS', 'TODAS', '', '0', '10000', '10000', '100', 2, '40', '100', 'GF', 0),
(26412, 421, 16770, 'TODAS', 'TODOS', 'TODAS', '', '0', '10000', '10000', '100', 3, '40', '100', 'GF', 0),
(26413, 421, 16771, 'TODAS', 'TODOS', 'TODAS', '', '0', '10000', '10000', '100', 4, '40', '100', 'GF', 0),
(26414, 421, 16772, 'TODAS', 'TODOS', 'TODAS', '', '0', '100', '100', '100', 5, '40', '100', 'GF', 0),
(26416, 421, 16774, 'TODAS', 'TODOS', 'TODAS', '', '0', '10000', '10000', '100', 7, '40', '100', 'GF', 0),
(26417, 421, 16775, 'TODAS', 'TODOS', 'TODAS', '', '0', '100', '100', '100', 8, '40', '100', 'GF', 0),
(26418, 421, 16776, 'TODAS', 'TODOS', 'TODAS', '', '0', '100', '100', '100', 9, '40', '100', 'GF', 0),
(26420, 421, 16778, 'TODAS', 'TODOS', 'TODAS', '', '0', '10000', '10000', '100', 11, '40', '100', 'GF', 0),
(26425, 421, 16783, 'TODAS', 'TODOS', 'TODAS', '', '0', '20', '20', '100', 16, '40', '100', 'GF', 0),
(26426, 421, 16784, 'TODAS', 'TODOS', 'TODAS', '', '0', '100', '100', '100', 17, '40', '100', 'GF', 0),
(26427, 421, 16785, 'TODAS', 'TODOS', 'TODAS', '', '0', '2', '5', '100', 18, '40', '100', 'GF', 0),
(26428, 421, 16786, 'TODAS', 'TODOS', 'TODAS', '', '0', '5', '12', '100', 19, '40', '100', 'GF', 0),
(26429, 421, 16787, 'TODAS', 'TODOS', 'TODAS', '', '0', '5', '8', '100', 20, '40', '100', 'GF', 0),
(26430, 421, 16788, 'TODAS', 'TODOS', 'TODAS', '', '0', '5', '8', '100', 21, '40', '100', 'GF', 0),
(26431, 421, 16789, 'TODAS', 'TODOS', 'TODAS', '', '10', '100', '100', '100', 22, '40', '100', 'GF', 0),
(26432, 421, 16790, 'TODAS', 'TODOS', 'TODAS', 'CALIDAD', '0', '7', '10', '100', 23, '40', '100', 'GF', 0),
(26433, 421, 16791, 'TODAS', 'TODOS', 'TODAS', 'CALIDAD', '0', '7', '10', '100', 24, '40', '100', 'GF', 0),
(26434, 421, 16792, 'TODAS', 'TODOS', 'TODAS', 'CALIDAD', '0', '7', '10', '100', 25, '40', '100', 'GF', 0),
(26435, 421, 16793, 'TODAS', 'TODOS', 'TODAS', 'CALIDAD', '0', '7', '10', '100', 26, '40', '100', 'GF', 0),
(26436, 421, 16794, 'TODAS', 'TODOS', 'TODAS', 'CALIDAD', '0', '3', '5', '100', 27, '40', '100', 'GF', 0),
(26437, 421, 16795, 'TODAS', 'TODOS', 'TODAS', 'CALIDAD', '0', '3', '5', '100', 28, '40', '100', 'GF', 0),
(26438, 421, 16796, 'TODAS', 'TODOS', 'TODAS', 'CALIDAD', '0', '3', '5', '100', 29, '40', '100', 'GF', 0),
(26439, 421, 16797, 'TODAS', 'TODOS', 'TODAS', 'CALIDAD', '0', '3', '5', '100', 30, '40', '100', 'GF', 0),
(26440, 421, 16798, 'TODAS', 'TODOS', 'TODAS', 'CALIDAD', '0', '3', '5', '100', 31, '40', '100', 'GF', 0),
(26441, 421, 16799, 'TODAS', 'TODOS', 'TODAS', 'CALIDAD', '0', '3', '5', '100', 32, '40', '100', 'GF', 0),
(26442, 421, 16800, 'TODAS', 'TODOS', 'TODAS', 'CALIDAD', '0', '3', '5', '100', 33, '40', '100', 'GF', 0),
(26443, 421, 16801, 'TODAS', 'TODOS', 'TODAS', 'CALIDAD', '0', '3', '5', '100', 34, '40', '100', 'GF', 0),
(26444, 421, 16802, 'TODAS', 'TODOS', 'TODAS', 'CALIDAD', '0', '3', '5', '100', 35, '40', '100', 'GF', 0),
(26445, 421, 16803, 'TODAS', 'TODOS', 'TODAS', '', '0', '8', '10', '100', 38, '40', '100', 'GF', 0),
(26446, 421, 16804, 'TODAS', 'TODOS', 'TODAS', '', '1', '2', '4', '100', 37, '40', '100', 'GF', 0),
(26447, 421, 16805, 'TODAS', 'TODOS', 'TODAS', 'CONDICION', '0', '3', '5', '100', 38, '40', '100', 'GF', 0),
(26448, 421, 16806, 'TODAS', 'TODOS', 'TODAS', 'CONDICION', '0', '3', '5', '100', 39, '40', '100', 'GF', 0),
(26449, 421, 16807, 'TODAS', 'TODOS', 'TODAS', 'CONDICION', '0', '3', '6', '100', 40, '40', '100', 'GF', 0),
(26450, 421, 16808, 'TODAS', 'TODOS', 'TODAS', 'CONDICION', '0', '0.5', '1', '100', 41, '40', '100', 'GF', 0),
(26451, 421, 16809, 'TODAS', 'TODOS', 'TODAS', 'CONDICION', '0', '3', '5', '100', 42, '40', '100', 'GF', 0),
(26452, 421, 16810, 'TODAS', 'TODOS', 'TODAS', 'CONDICION', '0', '4', '6', '100', 43, '40', '100', 'GF', 0),
(26453, 421, 16811, 'TODAS', 'TODOS', 'TODAS', 'CONDICION', '0', '3', '5', '100', 44, '40', '100', 'GF', 0),
(26454, 421, 16812, 'TODAS', 'TODOS', 'TODAS', 'CONDICION', '0', '0.5', '1', '100', 45, '40', '100', 'GF', 0),
(26455, 421, 16813, 'TODAS', 'TODOS', 'TODAS', 'CONDICION', '0', '3', '5', '100', 46, '40', '100', 'GF', 0),
(26456, 421, 16814, 'TODAS', 'TODOS', 'TODAS', 'CONDICION', '0', '3', '5', '100', 47, '40', '100', 'GF', 0),
(26457, 421, 16815, 'TODAS', 'TODOS', 'TODAS', 'CONDICION', '0', '3', '5', '100', 48, '40', '100', 'GF', 0),
(26458, 421, 16816, 'TODAS', 'TODOS', 'TODAS', 'CONDICION', '0', '3', '5', '100', 49, '40', '100', 'GF', 0),
(26459, 421, 16817, 'TODAS', 'TODOS', 'TODAS', 'CONDICION', '0', '0', '0', '100', 50, '40', '100', 'GF', 0),
(26460, 421, 16818, 'TODAS', 'TODOS', 'TODAS', '', '1', '2', '4', '100', 51, '40', '100', 'GF', 0),
(26461, 421, 16819, 'TODAS', 'TODOS', 'TODAS', '', '0', '3', '5', '100', 50.1, '40', '100', 'GF', 0),
(26462, 421, 16820, 'TODAS', 'TODOS', 'TODAS', '', '0', '10', '12', '100', 52, '40', '100', 'GF', 0),
(26617, 421, 16865, 'TODAS', 'TODOS', 'TODAS', '', '0', '100', '100', '100', 1.1, '40', '100', 'GF', 0),
(26633, 421, 16871, 'TODAS', 'TODOS', 'TODAS', '', '0', '100000000', '100000000000000000', '100', 2.1, '40', '100', 'GF', 0),
(26634, 421, 16872, 'TODAS', 'TODOS', 'TODAS', '', '0', '100000000', '100000000000000000', '100', 2.2, '40', '100', 'GF', 0),
(26639, 64, 16877, 'TODAS', 'TODOS', 'TODAS', '', '0', '100', '100', '100', 69.222, '40', '100', 'GF', 0),
(26640, 80, 16878, 'TODAS', 'TODOS', 'TODAS', '', '0', '100', '100', '100', 77.22, '40', '100', 'GF', 0),
(26641, 80, 16879, 'TODAS', 'TODOS', 'TODAS', '', '0', '100', '100', '100', 77.222, '40', '100', 'GF', 0);

-- --------------------------------------------------------

--
-- Estructura de tabla para la tabla `cal_packing`
--

CREATE TABLE `cal_packing` (
  `packing_id` varchar(20) NOT NULL,
  `packing_nombre` varchar(100) NOT NULL,
  `zona_id` int(11) DEFAULT NULL,
  `tipo_packing_id` int(11) DEFAULT NULL,
  `cliente_id` varchar(100) DEFAULT NULL
) ENGINE=InnoDB DEFAULT CHARSET=latin1;

--
-- Volcado de datos para la tabla `cal_packing`
--

INSERT INTO `cal_packing` (`packing_id`, `packing_nombre`, `zona_id`, `tipo_packing_id`, `cliente_id`) VALUES
('00CB', 'CAMPO BUENO', 7, 3, 'GF'),
('00GS', 'GEOSERVICE', 7, 3, 'GF'),
('00JH', 'JOSE HENRIQUEZ MARICH', 7, 3, 'GF'),
('00JHM', 'JUAN HENRIQUEZ MARICH', 7, 3, 'GF'),
('00LB', 'LOS BOLDOS', 7, 3, 'GF'),
('00RY', 'RUCARAY', 7, 3, 'GF'),
('00SF', 'SAN ALFREDO', 7, 3, 'GF'),
('00SI', 'SAN IGNACIO', 7, 3, 'GF'),
('AC', 'AGUAS CLARAS', 7, 3, 'GF'),
('AJMR', 'NO SELECCIONAR', 7, 3, 'GF'),
('ALMH', 'PLANTA ALMAHUE', 7, 3, 'GF'),
('ASCR', 'AGRICOLA SANTA CRISTINA LTDA', 7, 3, 'GF'),
('CAA', 'CENTRO DE ACOPIO ANGOL', 7, 3, 'GF'),
('CAC', 'CENTRO DE ACOPIO CHILLAN', 7, 3, 'GF'),
('CF', 'CANDYFRUT', 7, 3, 'GF'),
('CM', 'CHAMONATE', 7, 3, 'GF'),
('EP', 'EL PIDEN', 7, 3, 'GF'),
('FR_RC', 'FRIO RUCANAHUE', 8, 3, 'GF'),
('GF._113852', 'GASTON PALMA (RUCANAHUE)', 7, 3, 'GF'),
('GF_109481', 'GABRIEL MARFAN Y CIA LTDA.', 7, 3, 'GF'),
('GF_109612', 'FRUTOS DE RANGUIL', 7, 3, 'GF'),
('GF_110543', 'MARIA ELISA HERREROS', 7, 3, 'GF'),
('GF_110856', 'LOS NOBLES', 7, 3, 'GF'),
('GF_111549', 'AGR. GORA LTDA', 7, 3, 'GF'),
('GF_113028', 'AGR ESPERANZA LTDA', 7, 3, 'GF'),
('GF_113174', 'MARIO DIAZ', 7, 3, 'GF'),
('GF_113650', 'TERESA PHILIPPI IRARRAZABAL', 7, 3, 'GF'),
('GF_113799', 'RIO RAHUE', 7, 3, 'GF'),
('GF_113807', 'AGR LOS MOLLES LTDA', 7, 3, 'GF'),
('GF_113837', 'LOS ALAMOS', 7, 3, 'GF'),
('GF_113852', 'GASTON PALMA', 7, 3, 'GF'),
('GF_113885', 'SERGIO MAURICIO KHAMIS NAZAL', 7, 3, 'GF'),
('GF_113945', 'SOC. AGRICOLA SAN CHARBEL LTDA.', 7, 3, 'GF'),
('GF_113947', 'JAIME EMILIO MANZUR MAJLUF', 7, 3, 'GF'),
('GF_113954', 'GUILLERMO PRIETO', 7, 3, 'GF'),
('GF_114034', 'PILARES VERDES', 7, 3, 'GF'),
('GF_114452', 'JOSE MARIA Y OTROS', 7, 3, 'GF'),
('GF_114699', 'HUGO VON BERNARTH', 7, 3, 'GF'),
('GF_115161', 'AG FORESTAL PEUMO', 7, 3, 'GF'),
('GF_117673', 'AGRICOLA LAS DOS AMALIAS LTDA.', 7, 3, 'GF'),
('GF_120205', 'IRIS AVENDAÑO', 7, 3, 'GF'),
('GF_121834', 'SANTA ANA', 7, 3, 'GF'),
('GF_121869', 'LAS NIPAS', 7, 3, 'GF'),
('GF_151112', 'SOC. AGRICOLA B Y G LIMITADA', 7, 3, 'GF'),
('GF_151772', 'JOAQUÍN FERNANDEZ', 7, 3, 'GF'),
('GF_151773', 'PAMELA FERNANDEZ', 7, 3, 'GF'),
('GF_152916', 'EDUARDO SAA ALVEAR', 7, 3, 'GF'),
('GF_154423', 'LAS TINAJAS', 7, 3, 'GF'),
('GF_166341', 'AGRICOLA LYON LTDA. (SANTA IRENE)', 7, 3, 'GF'),
('GF_167974', 'AGR VIVEBERRY EIRL', 7, 3, 'GF'),
('GF_172854', 'AGRICOLA EL ROCIO SPA', 7, 3, 'GF'),
('GF_91616', 'RIO CLARO', 7, 3, 'GF'),
('GF_95869', 'PUMANQUE GEOAGRO', 7, 3, 'GF'),
('GF_96183', 'AGR. VICTORIA', 7, 3, 'GF'),
('GF_FRIO', 'FRIO GEOSERVICE', 8, 3, 'GF'),
('GF_MSI', 'MAGNA SAN ISIDRO', 7, 3, 'GF'),
('GF_PM', 'FRIO PUMANQUE', 8, 3, 'GF'),
('GF_SMS', 'SMSERVICE', 7, 3, 'GF'),
('GF_STR', 'AGRICOLA SANTA ROSARIO', 7, 3, 'GF'),
('GM', 'CENTRO DE ACOPIO GEOAGRO MORZA', 7, 3, 'GF'),
('GU_STM', 'AGR SANTA MARGARITA', 7, 3, 'GF'),
('OEX', 'OLIVAR EXPORT', 7, 3, 'GF'),
('PAS', 'ALLEGRIA SERVICE', 7, 3, 'GF'),
('PC', 'PACKING CACHAPOAL', 7, 3, 'GF'),
('PEP', 'EL PARQUE', 7, 3, 'GF'),
('PFP', 'PACKING FRANCISCO PULGAR', 7, 3, 'GF'),
('PSA', 'SAN ALBERTO', 7, 3, 'GF'),
('PSJ', 'PACKING SAN JOAQUIN', 7, 3, 'GF'),
('RC', 'RUCARAY COLTAUCO', 7, 3, 'GF'),
('SJAP', 'SAN JOSE DE APALTA', 7, 3, 'GF');

-- --------------------------------------------------------

--
-- Estructura de tabla para la tabla `cal_parametros`
--

CREATE TABLE `cal_parametros` (
  `id_parametro` int(11) NOT NULL,
  `color` varchar(30) NOT NULL,
  `nombre_parametro` varchar(100) DEFAULT NULL,
  `cliente_id` varchar(100) DEFAULT NULL
) ENGINE=InnoDB DEFAULT CHARSET=latin1;

--
-- Volcado de datos para la tabla `cal_parametros`
--

INSERT INTO `cal_parametros` (`id_parametro`, `color`, `nombre_parametro`, `cliente_id`) VALUES
(6, '#cfe0f7', 'CALIDAD', 'GF'),
(7, '#f0e6c2', 'CONDICION', 'GF'),
(8, '#9e9e9e', 'IDENTIFICACION', 'GF'),
(9, '#a1b1ba', 'CLASIFICACION', 'GF'),
(10, '#c5c5c5', 'CRITICOS', 'GF'),
(11, '#8d8d8d', 'OTROS', 'GF'),
(12, '#cad6ff', 'RESOLUCION', 'GF'),
(38, '#ffa3a3', 'DATOS GENERALES', 'GF'),
(39, '#ce8282', 'APERTURA DE CAJA', 'GF'),
(40, '#d39292', 'CARACTERISTICAS ORGANOLEPTICAS', 'GF'),
(41, '#d9f2ea', 'EVALUACION ORGANOLEPTICA', 'GF'),
(45, '#ffa3a3', 'SOLIDOS SOLUBLES Y TEXTUROMETRO', 'GF'),
(52, '#c6dee7', 'CONDICION MATERIALES', 'GF'),
(129, '#000000', 'RELACION AZUCAR', 'GF'),
(137, '#000000', 'RECEPCION', 'GF'),
(138, '#000000', 'HIDROENFRIADO', 'GF'),
(139, '#000000', 'MANTENCION FRUTA A PROCESO', 'GF'),
(140, '#000000', 'PACKING', 'GF'),
(141, '#000000', 'PRE FRIO', 'GF'),
(142, '#000000', 'MANTENCION', 'GF'),
(143, '#000000', 'EMBARQUE', 'GF'),
(144, '#000000', 'PRODUCTO TERMINADO', 'GF'),
(277, '#ecdfdf', 'APLICACION DE PRODUCTOS POST COSECHA', 'GF');

-- --------------------------------------------------------

--
-- Estructura de tabla para la tabla `cal_parametros_planilla`
--

CREATE TABLE `cal_parametros_planilla` (
  `parametros_planilla_id` int(11) NOT NULL,
  `planilla_id` int(11) DEFAULT NULL,
  `id_parametro` int(11) DEFAULT NULL,
  `orden_parametro` int(11) DEFAULT NULL,
  `cliente_id` varchar(100) DEFAULT NULL
) ENGINE=InnoDB DEFAULT CHARSET=latin1;

--
-- Volcado de datos para la tabla `cal_parametros_planilla`
--

INSERT INTO `cal_parametros_planilla` (`parametros_planilla_id`, `planilla_id`, `id_parametro`, `orden_parametro`, `cliente_id`) VALUES
(19, 5, 8, 1, 'GF'),
(20, 5, 9, 2, 'GF'),
(21, 5, 6, 3, 'GF'),
(22, 5, 7, 4, 'GF'),
(23, 5, 10, 5, 'GF'),
(24, 5, 11, 6, 'GF'),
(25, 5, 12, 7, 'GF'),
(76, 15, 8, 1, 'GF'),
(77, 15, 9, 2, 'GF'),
(78, 15, 6, 3, 'GF'),
(79, 15, 7, 4, 'GF'),
(80, 15, 12, 5, 'GF'),
(81, 16, 8, 1, 'GF'),
(82, 16, 6, 2, 'GF'),
(83, 16, 7, 3, 'GF'),
(84, 16, 12, 4, 'GF'),
(85, 17, 8, 1, 'GF'),
(86, 17, 9, 2, 'GF'),
(87, 17, 6, 3, 'GF'),
(88, 17, 7, 4, 'GF'),
(89, 17, 12, 5, 'GF'),
(90, 18, 8, 1, 'GF'),
(91, 18, 9, 2, 'GF'),
(92, 18, 6, 3, 'GF'),
(93, 18, 7, 4, 'GF'),
(94, 18, 12, 5, 'GF'),
(95, 19, 8, 1, 'GF'),
(96, 19, 6, 2, 'GF'),
(97, 19, 7, 3, 'GF'),
(98, 19, 12, 4, 'GF'),
(99, 20, 8, 1, 'GF'),
(100, 20, 6, 2, 'GF'),
(101, 20, 7, 3, 'GF'),
(102, 20, 12, 4, 'GF'),
(112, 22, 8, 1, 'GF'),
(113, 22, 9, 2, 'GF'),
(114, 22, 6, 3, 'GF'),
(115, 22, 7, 4, 'GF'),
(116, 22, 12, 5, 'GF'),
(117, 23, 8, 1, 'GF'),
(118, 23, 6, 2, 'GF'),
(119, 23, 7, 3, 'GF'),
(120, 23, 12, 4, 'GF'),
(124, 26, 8, 1, 'GF'),
(125, 26, 9, 2, 'GF'),
(126, 26, 6, 3, 'GF'),
(127, 26, 7, 4, 'GF'),
(128, 26, 12, 5, 'GF'),
(129, 28, 8, 1, 'GF'),
(130, 28, 9, 2, 'GF'),
(131, 28, 6, 3, 'GF'),
(132, 28, 7, 4, 'GF'),
(133, 28, 12, 5, 'GF'),
(134, 27, 8, 1, 'GF'),
(135, 27, 6, 2, 'GF'),
(136, 27, 7, 3, 'GF'),
(137, 27, 12, 4, 'GF'),
(138, 29, 8, 1, 'GF'),
(139, 29, 6, 2, 'GF'),
(140, 29, 7, 3, 'GF'),
(141, 29, 12, 4, 'GF'),
(142, 30, 8, 1, 'GF'),
(143, 30, 9, 2, 'GF'),
(144, 30, 6, 3, 'GF'),
(145, 30, 7, 4, 'GF'),
(146, 30, 12, 5, 'GF'),
(147, 31, 8, 1, 'GF'),
(149, 31, 6, 3, 'GF'),
(150, 31, 7, 4, 'GF'),
(151, 31, 12, 5, 'GF'),
(161, 35, 8, 1, 'GF'),
(162, 35, 9, 2, 'GF'),
(163, 35, 6, 3, 'GF'),
(164, 35, 7, 4, 'GF'),
(165, 35, 12, 5, 'GF'),
(186, 39, 38, 1, 'GF'),
(187, 39, 39, 2, 'GF'),
(189, 39, 9, 4, 'GF'),
(190, 39, 6, 5, 'GF'),
(191, 39, 7, 6, 'GF'),
(192, 39, 12, 7, 'GF'),
(204, 42, 38, 1, 'GF'),
(205, 42, 39, 2, 'GF'),
(208, 42, 9, 7, 'GF'),
(209, 42, 6, 5, 'GF'),
(210, 42, 7, 6, 'GF'),
(211, 42, 12, 8, 'GF'),
(212, 42, 45, 4, 'GF'),
(236, 47, 38, 1, 'GF'),
(237, 47, 39, 2, 'GF'),
(240, 47, 6, 6, 'GF'),
(241, 47, 7, 7, 'GF'),
(242, 47, 9, 8, 'GF'),
(243, 47, 12, 9, 'GF'),
(244, 48, 38, 1, 'GF'),
(245, 48, 39, 2, 'GF'),
(248, 48, 6, 6, 'GF'),
(249, 48, 7, 7, 'GF'),
(250, 48, 9, 8, 'GF'),
(251, 48, 12, 9, 'GF'),
(255, 49, 38, 1, 'GF'),
(256, 49, 39, 2, 'GF'),
(259, 49, 6, 6, 'GF'),
(260, 49, 7, 7, 'GF'),
(261, 49, 9, 8, 'GF'),
(262, 49, 12, 9, 'GF'),
(309, 58, 38, 1, 'GF'),
(310, 58, 39, 2, 'GF'),
(312, 58, 52, 4, 'GF'),
(313, 58, 6, 5, 'GF'),
(314, 58, 7, 6, 'GF'),
(365, 69, 38, 1, 'GF'),
(366, 69, 39, 2, 'GF'),
(369, 69, 6, 6, 'GF'),
(370, 69, 7, 7, 'GF'),
(371, 69, 9, 8, 'GF'),
(372, 69, 12, 9, 'GF'),
(374, 70, 38, 1, 'GF'),
(375, 70, 39, 2, 'GF'),
(378, 70, 45, 5, 'GF'),
(379, 70, 6, 6, 'GF'),
(380, 70, 7, 7, 'GF'),
(381, 70, 9, 8, 'GF'),
(382, 70, 12, 9, 'GF'),
(408, 81, 38, 1, 'GF'),
(409, 81, 39, 2, 'GF'),
(411, 81, 45, 5, 'GF'),
(412, 81, 6, 6, 'GF'),
(413, 81, 7, 7, 'GF'),
(414, 81, 9, 8, 'GF'),
(415, 81, 12, 9, 'GF'),
(664, 134, 8, 1, 'GF'),
(665, 134, 9, 2, 'GF'),
(666, 134, 6, 3, 'GF'),
(667, 134, 7, 4, 'GF'),
(668, 134, 12, 5, 'GF'),
(778, 154, 8, 1, 'GF'),
(779, 154, 6, 2, 'GF'),
(780, 154, 7, 3, 'GF'),
(1800, 356, 8, 1, 'GF'),
(1801, 356, 9, 2, 'GF'),
(1802, 356, 6, 3, 'GF'),
(1803, 356, 7, 4, 'GF'),
(1804, 356, 12, 5, 'GF'),
(1805, 357, 8, 1, 'GF'),
(1806, 357, 6, 2, 'GF'),
(1807, 357, 7, 3, 'GF'),
(1808, 357, 12, 4, 'GF'),
(1809, 358, 38, 1, 'GF'),
(1810, 358, 39, 2, 'GF'),
(1811, 358, 6, 6, 'GF'),
(1812, 358, 7, 7, 'GF'),
(1814, 358, 12, 9, 'GF');

-- --------------------------------------------------------

--
-- Estructura de tabla para la tabla `cal_planilla_defectos`
--

CREATE TABLE `cal_planilla_defectos` (
  `id_planilla_defecto` int(11) NOT NULL,
  `planilla_id` int(11) DEFAULT NULL,
  `id_parametro` int(11) DEFAULT NULL,
  `id_defecto` int(11) DEFAULT NULL,
  `clasificacion_id` int(11) NOT NULL,
  `tipo_medicion` varchar(100) DEFAULT NULL,
  `hijos_de` varchar(100) NOT NULL,
  `color` varchar(30) NOT NULL,
  `orden_planilla` double NOT NULL,
  `codigo_defecto_interno` varchar(100) NOT NULL,
  `cliente_id` varchar(100) DEFAULT NULL,
  `part_sincro` int(11) NOT NULL
) ENGINE=InnoDB DEFAULT CHARSET=latin1;

--
-- Volcado de datos para la tabla `cal_planilla_defectos`
--

INSERT INTO `cal_planilla_defectos` (`id_planilla_defecto`, `planilla_id`, `id_parametro`, `id_defecto`, `clasificacion_id`, `tipo_medicion`, `hijos_de`, `color`, `orden_planilla`, `codigo_defecto_interno`, `cliente_id`, `part_sincro`) VALUES
(168, 5, 8, 114, 0, 'FOLIO PALLET', '', '#9e9e9e', 1, '', 'GF', 0),
(169, 5, 8, 115, 0, 'CANT CAJAS', '', '#9e9e9e', 2, '', 'GF', 0),
(170, 5, 8, 116, 0, 'HORA', '', '#9e9e9e', 3, '', 'GF', 0),
(171, 5, 8, 117, 0, 'TEXTO', '', '#9e9e9e', 4, '', 'GF', 0),
(172, 5, 8, 119, 0, 'PESO NETO', '', '#9e9e9e', 5, '', 'GF', 0),
(173, 5, 8, 120, 0, 'TEXTO', '', '#9e9e9e', 6, '', 'GF', 0),
(174, 5, 8, 121, 0, 'NOTA', '', '#9e9e9e', 7, '', 'GF', 0),
(175, 5, 8, 122, 0, 'NOTA', '', '#9e9e9e', 8, '', 'GF', 0),
(176, 5, 8, 123, 0, 'NOTA', '', '#9e9e9e', 9, '', 'GF', 0),
(177, 5, 8, 124, 0, 'NOTA', '', '#9e9e9e', 10, '', 'GF', 0),
(179, 5, 8, 126, 0, 'NOTA', '', '#9e9e9e', 12, '', 'GF', 0),
(180, 5, 8, 118, 0, 'CALIBRE', '', '#9e9e9e', 4.1, '', 'GF', 0),
(181, 5, 9, 127, 0, 'TEXTO', '', '#a1b1ba', 13, '', 'GF', 0),
(182, 5, 9, 128, 0, 'BRIX', '', '#a1b1ba', 14, '', 'GF', 0),
(183, 5, 9, 129, 0, 'PESO BAYA', '', '#a1b1ba', 15, '', 'GF', 0),
(184, 5, 9, 130, 0, 'TEXTO', '', '#a1b1ba', 16, '', 'GF', 0),
(185, 5, 9, 131, 0, 'TEXTO', '', '#a1b1ba', 17, '', 'GF', 0),
(186, 5, 9, 132, 0, 'TEXTO', '', '#a1b1ba', 18, '', 'GF', 0),
(187, 5, 9, 133, 0, 'PORCENTAJE RACIMOS', 'SUMA2 CALIDAD', '#a1b1ba', 19, '', 'GF', 0),
(188, 5, 9, 134, 0, 'PORCENTAJE RACIMOS', 'SUMA2 CALIDAD', '#a1b1ba', 20, '', 'GF', 0),
(189, 5, 9, 135, 0, 'PORCENTAJE RACIMOS', 'SUMA2 CALIDAD', '#a1b1ba', 21, '', 'GF', 0),
(190, 5, 9, 136, 0, 'PORCENTAJE RACIMOS', 'SUMA2 CALIDAD', '#a1b1ba', 22, '', 'GF', 0),
(191, 5, 9, 137, 0, 'PORCENTAJE RACIMOS', 'SUMA2 CALIDAD', '#a1b1ba', 23, '', 'GF', 0),
(192, 5, 9, 138, 0, 'PORCENTAJE RACIMOS', 'SUMA2 CALIDAD', '#a1b1ba', 24, '', 'GF', 0),
(193, 5, 9, 139, 0, 'SUMA2 CALIDAD', 'SUMA TOTAL BAYA RACIMO', '#a1b1ba', 25, '', 'GF', 0),
(194, 5, 6, 140, 0, 'PORCENTAJE BAYAS', 'SUMA2 CALIDAD BAYAS', '#cfe0f7', 26, '', 'GF', 0),
(195, 5, 6, 141, 0, 'PORCENTAJE BAYAS', 'SUMA2 CALIDAD BAYAS', '#cfe0f7', 27, '', 'GF', 0),
(196, 5, 6, 142, 0, 'PORCENTAJE BAYAS', 'SUMA2 CALIDAD BAYAS', '#cfe0f7', 28, '', 'GF', 0),
(197, 5, 6, 143, 0, 'PORCENTAJE BAYAS', 'SUMA2 CALIDAD BAYAS', '#cfe0f7', 29, '', 'GF', 0),
(198, 5, 6, 144, 0, 'PORCENTAJE BAYAS', 'SUMA2 CALIDAD BAYAS', '#cfe0f7', 30, '', 'GF', 0),
(199, 5, 6, 145, 0, 'PORCENTAJE BAYAS', 'SUMA2 CALIDAD BAYAS', '#cfe0f7', 31, '', 'GF', 0),
(200, 5, 6, 146, 0, 'NOTA CALIDAD', '', '#cfe0f7', 32, '', 'GF', 0),
(201, 5, 6, 147, 0, 'SUMA2 CALIDAD BAYAS', 'SUMA TOTAL BAYA RACIMO', '#cfe0f7', 33, '', 'GF', 0),
(202, 5, 7, 148, 0, 'PORCENTAJE BAYAS', 'SUMA4 CONDICION', '#f0e6c2', 34, '', 'GF', 0),
(203, 5, 7, 149, 0, 'PORCENTAJE BAYAS', 'SUMA4 CONDICION', '#f0e6c2', 35, '', 'GF', 0),
(204, 5, 7, 150, 0, 'PORCENTAJE BAYAS', 'SUMA4 CONDICION', '#f0e6c2', 36, '', 'GF', 0),
(205, 5, 7, 151, 0, 'PORCENTAJE BAYAS', 'SUMA4 CONDICION', '#f0e6c2', 37, '', 'GF', 0),
(206, 5, 7, 152, 0, 'PORCENTAJE BAYAS', 'SUMA4 CONDICION', '#f0e6c2', 38, '', 'GF', 0),
(207, 5, 7, 153, 0, 'PORCENTAJE BAYAS', 'SUMA4 CONDICION', '#f0e6c2', 39, '', 'GF', 0),
(208, 5, 7, 154, 0, 'PORCENTAJE BAYAS', 'SUMA4 CONDICION', '#f0e6c2', 40, '', 'GF', 0),
(209, 5, 7, 155, 0, 'SUMA4 CONDICION', 'SUMA TOTAL BAYA RACIMO', '#f0e6c2', 41, '', 'GF', 0),
(210, 5, 7, 156, 0, 'NOTA CONDICION', '', '#f0e6c2', 42, '', 'GF', 0),
(211, 5, 10, 157, 0, 'PORCENTAJE RACIMOS', '', '#c5c5c5', 43, '', 'GF', 0),
(212, 5, 10, 158, 0, 'PORCENTAJE RACIMOS', '', '#c5c5c5', 44, '', 'GF', 0),
(213, 5, 10, 159, 0, 'NUMERICO', 'SUMA NUMERO', '#c5c5c5', 45, '', 'GF', 0),
(214, 5, 10, 160, 0, 'NUMERICO', '', '#c5c5c5', 46, '', 'GF', 0),
(215, 5, 11, 161, 0, 'PORCENTAJE RACIMOS', 'SUMA TOTAL BAYA RACIMO', '#8d8d8d', 47, '', 'GF', 0),
(217, 5, 11, 163, 0, 'SUMA TOTAL BAYA RACIMO', '', '#8d8d8d', 49, '', 'GF', 0),
(218, 5, 6, 166, 0, 'PORCENTAJE BAYAS', 'SUMA2 CALIDAD BAYAS', '#cfe0f7', 31.1, '', 'GF', 0),
(221, 5, 7, 167, 0, 'PORCENTAJE BAYAS', 'SUMA4 CONDICION', '#f0e6c2', 40.2, '', 'GF', 0),
(222, 5, 7, 168, 0, 'NUMERICO', '', '#f0e6c2', 40.3, '', 'GF', 0),
(711, 15, 8, 114, 0, 'FOLIO PALLET', '', '#9e9e9e', 1, '', 'GF', 0),
(712, 15, 8, 115, 0, 'CANT CAJAS', '', '#9e9e9e', 2, '', 'GF', 0),
(713, 15, 8, 116, 0, 'HORA', '', '#9e9e9e', 3, '', 'GF', 0),
(714, 15, 8, 117, 0, 'TEXTO', '', '#9e9e9e', 4, '', 'GF', 0),
(715, 15, 8, 118, 0, 'CALIBRE', '', '#9e9e9e', 5, '', 'GF', 0),
(716, 15, 8, 119, 0, 'PESO NETO', '', '#9e9e9e', 6, '', 'GF', 0),
(717, 15, 8, 120, 0, 'NUMERICO', '', '#9e9e9e', 7, '', 'GF', 0),
(718, 15, 8, 389, 0, 'NFRUTOS', '', '#9e9e9e', 8, '', 'GF', 0),
(719, 15, 8, 121, 0, 'NOTA', '', '#9e9e9e', 9, '', 'GF', 0),
(720, 15, 8, 122, 0, 'NOTA', '', '#9e9e9e', 10, '', 'GF', 0),
(721, 15, 8, 123, 0, 'NOTA', '', '#9e9e9e', 11, '', 'GF', 0),
(722, 15, 8, 124, 0, 'NOTA', '', '#9e9e9e', 12, '', 'GF', 0),
(723, 15, 8, 126, 0, 'NOTA', '', '#9e9e9e', 13, '', 'GF', 0),
(724, 15, 9, 390, 0, 'PORCENTAJE', '', '#a1b1ba', 14, '', 'GF', 0),
(725, 15, 9, 133, 0, 'PORCENTAJE', '', '#a1b1ba', 15, '', 'GF', 0),
(726, 15, 9, 391, 0, 'PORCENTAJE', '', '#a1b1ba', 16, '', 'GF', 0),
(727, 15, 9, 128, 0, 'BRIX', '', '#a1b1ba', 17, '', 'GF', 0),
(728, 15, 6, 392, 0, 'PORCENTAJE', 'SUMA CALIDAD', '#cfe0f7', 18, '', 'GF', 0),
(729, 15, 6, 393, 0, 'PORCENTAJE', 'SUMA CALIDAD', '#cfe0f7', 19, '', 'GF', 0),
(730, 15, 6, 145, 0, 'PORCENTAJE', 'SUMA CALIDAD', '#cfe0f7', 20, '', 'GF', 0),
(731, 15, 6, 140, 0, 'PORCENTAJE', 'SUMA CALIDAD', '#cfe0f7', 21, '', 'GF', 0),
(732, 15, 6, 394, 0, 'PORCENTAJE', 'SUMA CALIDAD', '#cfe0f7', 22, '', 'GF', 0),
(733, 15, 6, 395, 0, 'PORCENTAJE', 'SUMA CALIDAD', '#cfe0f7', 23, '', 'GF', 0),
(734, 15, 6, 396, 0, 'PORCENTAJE', 'SUMA CALIDAD', '#cfe0f7', 24, '', 'GF', 0),
(735, 15, 6, 397, 0, 'PORCENTAJE', 'SUMA CALIDAD', '#cfe0f7', 25, '', 'GF', 0),
(736, 15, 6, 398, 0, 'PORCENTAJE', 'SUMA CALIDAD', '#cfe0f7', 26, '', 'GF', 0),
(737, 15, 6, 399, 0, 'PORCENTAJE', 'SUMA CALIDAD', '#cfe0f7', 27.1, '', 'GF', 0),
(738, 15, 6, 400, 0, 'PORCENTAJE', 'SUMA CALIDAD', '#cfe0f7', 27, '', 'GF', 0),
(739, 15, 6, 401, 0, 'PORCENTAJE', 'SUMA CALIDAD', '#cfe0f7', 28, '', 'GF', 0),
(740, 15, 6, 402, 0, 'PORCENTAJE', 'SUMA', '#cfe0f7', 29, '', 'GF', 0),
(741, 15, 6, 403, 0, 'SUMA CALIDAD', '', '#cfe0f7', 30, '', 'GF', 0),
(742, 15, 6, 146, 0, 'NOTA CALIDAD', '', '#cfe0f7', 31, '', 'GF', 0),
(743, 15, 7, 154, 0, 'PORCENTAJE', 'SUMA CONDICION', '#f0e6c2', 32, '', 'GF', 0),
(744, 15, 7, 405, 0, 'PORCENTAJE', 'SUMA CONDICION', '#f0e6c2', 33, '', 'GF', 0),
(745, 15, 7, 406, 0, 'PORCENTAJE', 'SUMA CONDICION', '#f0e6c2', 34, '', 'GF', 0),
(746, 15, 7, 407, 0, 'PORCENTAJE', 'SUMA CONDICION', '#f0e6c2', 35, '', 'GF', 0),
(747, 15, 7, 408, 0, 'PORCENTAJE', 'SUMA CONDICION', '#f0e6c2', 36, '', 'GF', 0),
(748, 15, 7, 860, 0, 'PORCENTAJE', 'SUMA CONDICION', '#f0e6c2', 37, '', 'GF', 0),
(749, 15, 7, 411, 0, 'PORCENTAJE', 'SUMA CONDICION', '#f0e6c2', 38, '', 'GF', 0),
(751, 15, 7, 413, 0, 'PORCENTAJE', 'SUMA CONDICION', '#f0e6c2', 40, '', 'GF', 0),
(752, 15, 7, 414, 0, 'PORCENTAJE', 'SUMA CONDICION', '#f0e6c2', 41, '', 'GF', 0),
(753, 15, 7, 415, 0, 'PORCENTAJE', 'SUMA CONDICION', '#f0e6c2', 42, '', 'GF', 0),
(754, 15, 7, 416, 0, 'PORCENTAJE', 'SUMA CONDICION', '#f0e6c2', 43, '', 'GF', 0),
(755, 15, 7, 417, 0, 'PORCENTAJE', 'SUMA CONDICION', '#f0e6c2', 44, '', 'GF', 0),
(756, 15, 7, 418, 0, 'PORCENTAJE', 'SUMA CONDICION', '#f0e6c2', 45, '', 'GF', 0),
(757, 15, 7, 404, 0, 'SUMA CONDICION', '', '#f0e6c2', 46, '', 'GF', 0),
(758, 15, 7, 156, 0, 'NOTA CONDICION', '', '#f0e6c2', 46.1, '', 'GF', 0),
(759, 15, 7, 158, 0, 'NUMERICO', '', '#f0e6c2', 45.1, '', 'GF', 0),
(760, 15, 12, 163, 0, 'SUMA TOTAL', '', '#cad6ff', 47, '', 'GF', 0),
(761, 16, 8, 116, 0, 'HORA', '', '#9e9e9e', 1, '', 'GF', 0),
(762, 16, 8, 419, 0, 'NPROCESO', '', '#9e9e9e', 2, '', 'GF', 0),
(763, 16, 8, 421, 0, 'TEXTO', '', '#9e9e9e', 3, '', 'GF', 0),
(764, 16, 6, 392, 0, 'NUMERICO', 'SUMA', '#cfe0f7', 4, '', 'GF', 0),
(765, 16, 6, 393, 0, 'NUMERICO', 'SUMA', '#cfe0f7', 5, '', 'GF', 0),
(766, 16, 6, 145, 0, 'NUMERICO', 'SUMA', '#cfe0f7', 6, '', 'GF', 0),
(767, 16, 6, 140, 0, 'NUMERICO', 'SUMA', '#cfe0f7', 7, '', 'GF', 0),
(768, 16, 6, 394, 0, 'NUMERICO', 'SUMA', '#cfe0f7', 8, '', 'GF', 0),
(769, 16, 6, 395, 0, 'NUMERICO', 'SUMA', '#cfe0f7', 9, '', 'GF', 0),
(770, 16, 6, 396, 0, 'NUMERICO', 'SUMA', '#cfe0f7', 10, '', 'GF', 0),
(771, 16, 6, 397, 0, 'NUMERICO', 'SUMA', '#cfe0f7', 11, '', 'GF', 0),
(772, 16, 6, 398, 0, 'NUMERICO', 'SUMA', '#cfe0f7', 12, '', 'GF', 0),
(773, 16, 6, 399, 0, 'NUMERICO', 'SUMA', '#cfe0f7', 13, '', 'GF', 0),
(774, 16, 6, 400, 0, 'NUMERICO', 'SUMA', '#cfe0f7', 14, '', 'GF', 0),
(775, 16, 6, 401, 0, 'NUMERICO', 'SUMA', '#cfe0f7', 15, '', 'GF', 0),
(776, 16, 6, 402, 0, 'NUMERICO', 'SUMA', '#cfe0f7', 16, '', 'GF', 0),
(777, 16, 7, 154, 0, 'NUMERICO', 'SUMA', '#f0e6c2', 17, '', 'GF', 0),
(778, 16, 7, 405, 0, 'NUMERICO', 'SUMA', '#f0e6c2', 18, '', 'GF', 0),
(779, 16, 7, 406, 0, 'NUMERICO', 'SUMA', '#f0e6c2', 19, '', 'GF', 0),
(780, 16, 7, 407, 0, 'NUMERICO', 'SUMA', '#f0e6c2', 20, '', 'GF', 0),
(781, 16, 7, 408, 0, 'NUMERICO', 'SUMA', '#f0e6c2', 21, '', 'GF', 0),
(782, 16, 7, 409, 0, 'NUMERICO', 'SUMA', '#f0e6c2', 22, '', 'GF', 0),
(783, 16, 7, 411, 0, 'NUMERICO', 'SUMA', '#f0e6c2', 23, '', 'GF', 0),
(784, 16, 7, 412, 0, 'NUMERICO', 'SUMA', '#f0e6c2', 24, '', 'GF', 0),
(785, 16, 7, 413, 0, 'NUMERICO', 'SUMA', '#f0e6c2', 25, '', 'GF', 0),
(786, 16, 7, 414, 0, 'NUMERICO', 'SUMA', '#f0e6c2', 26, '', 'GF', 0),
(787, 16, 7, 415, 0, 'NUMERICO', 'SUMA', '#f0e6c2', 27, '', 'GF', 0),
(788, 16, 7, 416, 0, 'NUMERICO', 'SUMA', '#f0e6c2', 28, '', 'GF', 0),
(789, 16, 7, 417, 0, 'NUMERICO', 'SUMA', '#f0e6c2', 29, '', 'GF', 0),
(790, 16, 7, 418, 0, 'NUMERICO', 'SUMA', '#f0e6c2', 30, '', 'GF', 0),
(791, 16, 7, 158, 0, 'NUMERICO', 'SUMA', '#f0e6c2', 31, '', 'GF', 0),
(792, 16, 12, 163, 0, 'SUMA', '', '#cad6ff', 32, '', 'GF', 0),
(793, 16, 12, 422, 0, 'FRUTOS EXPORTABLES', '', '#cad6ff', 33, '', 'GF', 0),
(795, 15, 8, 419, 0, 'NPROCESO', '', '#9e9e9e', 3.1, '', 'GF', 0),
(796, 15, 8, 421, 0, 'LINEA CEREZA GEO', '', '#9e9e9e', 3.2, '', 'GF', 0),
(797, 15, 7, 423, 0, 'PORCENTAJE', 'SUMA CONDICION', '#f0e6c2', 36.1, '', 'GF', 0),
(799, 15, 6, 424, 0, 'PORCENTAJE', 'SUMA', '#cfe0f7', 28, '', 'GF', 0),
(800, 17, 8, 114, 0, 'FOLIO PALLET', '', '#9e9e9e', 1, '', 'GF', 0),
(801, 17, 8, 115, 0, 'CANT CAJAS', '', '#9e9e9e', 2, '', 'GF', 0),
(802, 17, 8, 116, 0, 'HORA', '', '#9e9e9e', 3, '', 'GF', 0),
(803, 17, 8, 419, 0, 'NPROCESO', '', '#9e9e9e', 4, '', 'GF', 0),
(804, 17, 8, 421, 0, 'NUMERICO', '', '#9e9e9e', 5, '', 'GF', 0),
(805, 17, 8, 117, 0, 'TEXTO', '', '#9e9e9e', 6, '', 'GF', 0),
(806, 17, 8, 425, 0, 'NUMERICO OBLIGATORIO', '', '#9e9e9e', 7, '', 'GF', 0),
(807, 17, 8, 118, 0, 'CALIBRE', '', '#9e9e9e', 8, '', 'GF', 0),
(808, 17, 8, 119, 0, 'PESO NETO', '', '#9e9e9e', 9, '', 'GF', 0),
(809, 17, 8, 120, 0, 'NUMERICO', '', '#9e9e9e', 10, '', 'GF', 0),
(810, 17, 8, 389, 0, 'NFRUTOS', '', '#9e9e9e', 11, '', 'GF', 0),
(811, 17, 8, 121, 0, 'NOTA', '', '#9e9e9e', 12, '', 'GF', 0),
(812, 17, 8, 122, 0, 'NOTA', '', '#9e9e9e', 13, '', 'GF', 0),
(813, 17, 8, 124, 0, 'NOTA', '', '#9e9e9e', 15, '', 'GF', 0),
(814, 17, 8, 123, 0, 'NOTA', '', '#9e9e9e', 14, '', 'GF', 0),
(815, 17, 9, 446, 0, 'PORCENTAJE', '', '#a1b1ba', 16.1, '', 'GF', 0),
(816, 17, 9, 426, 0, 'PORCENTAJE', '', '#a1b1ba', 17, '', 'GF', 0),
(817, 17, 9, 427, 0, 'PORCENTAJE', '', '#a1b1ba', 18, '', 'GF', 0),
(818, 17, 9, 133, 0, 'PORCENTAJE', '', '#a1b1ba', 19, '', 'GF', 0),
(819, 17, 9, 391, 0, 'PORCENTAJE', '', '#a1b1ba', 20, '', 'GF', 0),
(820, 17, 9, 128, 0, 'BRIX', '', '#a1b1ba', 21, '', 'GF', 0),
(821, 17, 9, 428, 0, 'FIRMEZA1_PROM', '', '#a1b1ba', 22, '', 'GF', 0),
(822, 17, 9, 429, 0, 'FIRMEZA2_PROM', '', '#a1b1ba', 23, '', 'GF', 0),
(823, 17, 6, 430, 0, 'PORCENTAJE', 'SUMA CALIDAD', '#cfe0f7', 24, '', 'GF', 0),
(824, 17, 6, 431, 0, 'PORCENTAJE', 'SUMA CALIDAD', '#cfe0f7', 25, '', 'GF', 0),
(825, 17, 6, 432, 0, 'PORCENTAJE', 'SUMA CALIDAD', '#cfe0f7', 26, '', 'GF', 0),
(826, 17, 6, 433, 0, 'PORCENTAJE', 'SUMA CALIDAD', '#cfe0f7', 27, '', 'GF', 0),
(827, 17, 6, 435, 0, 'PORCENTAJE', 'SUMA CALIDAD', '#cfe0f7', 28, '', 'GF', 0),
(828, 17, 6, 436, 0, 'PORCENTAJE', 'SUMA CALIDAD', '#cfe0f7', 29, '', 'GF', 0),
(829, 17, 6, 437, 0, 'PORCENTAJE', 'SUMA CALIDAD', '#cfe0f7', 30, '', 'GF', 0),
(830, 17, 6, 145, 0, 'PORCENTAJE', 'SUMA CALIDAD', '#cfe0f7', 31, '', 'GF', 0),
(831, 17, 6, 403, 0, 'SUMA CALIDAD', '', '#cfe0f7', 32, '', 'GF', 0),
(832, 17, 6, 146, 0, 'NOTA CALIDAD', '', '#cfe0f7', 33, '', 'GF', 0),
(833, 17, 7, 438, 0, 'PORCENTAJE', 'SUMA CONDICION', '#f0e6c2', 34, '', 'GF', 0),
(834, 17, 7, 157, 0, 'PORCENTAJE', 'SUMA CONDICION', '#f0e6c2', 35, '', 'GF', 0),
(835, 17, 7, 439, 0, 'PORCENTAJE', 'SUMA CONDICION', '#f0e6c2', 36, '', 'GF', 0),
(836, 17, 7, 440, 0, 'PORCENTAJE', 'SUMA CONDICION', '#f0e6c2', 37, '', 'GF', 0),
(837, 17, 7, 441, 0, 'PORCENTAJE', 'SUMA CONDICION', '#f0e6c2', 38, '', 'GF', 0),
(838, 17, 7, 411, 0, 'PORCENTAJE', 'SUMA CONDICION', '#f0e6c2', 39, '', 'GF', 0),
(839, 17, 7, 442, 0, 'PORCENTAJE', 'SUMA CONDICION', '#f0e6c2', 40, '', 'GF', 0),
(840, 17, 7, 404, 0, 'SUMA CONDICION', '', '#f0e6c2', 41, '', 'GF', 0),
(841, 17, 7, 158, 0, 'PORCENTAJE', '', '#f0e6c2', 42, '', 'GF', 0),
(842, 17, 7, 159, 0, 'PORCENTAJE', '', '#f0e6c2', 43, '', 'GF', 0),
(843, 17, 7, 443, 0, 'PORCENTAJE', '', '#f0e6c2', 44, '', 'GF', 0),
(844, 17, 7, 444, 0, 'PORCENTAJE', '', '#f0e6c2', 45, '', 'GF', 0),
(845, 17, 7, 160, 0, 'NUMERICO', '', '#f0e6c2', 46, '', 'GF', 0),
(846, 17, 7, 156, 0, 'NOTA CONDICION', '', '#f0e6c2', 47, '', 'GF', 0),
(847, 17, 12, 163, 0, 'SUMA TOTAL', '', '#cad6ff', 48, '', 'GF', 0),
(848, 18, 8, 114, 0, 'FOLIO PALLET', '', '#9e9e9e', 1, '', 'GF', 0),
(849, 18, 8, 115, 0, 'CANT CAJAS', '', '#9e9e9e', 2, '', 'GF', 0),
(850, 18, 8, 116, 0, 'HORA', '', '#9e9e9e', 3, '', 'GF', 0),
(851, 18, 8, 419, 0, 'NPROCESO', '', '#9e9e9e', 4, '', 'GF', 0),
(852, 18, 8, 421, 0, 'NUMERICO', '', '#9e9e9e', 5, '', 'GF', 0),
(853, 18, 8, 117, 0, 'TEXTO', '', '#9e9e9e', 6, '', 'GF', 0),
(854, 18, 8, 425, 0, 'NUMERICO OBLIGATORIO', '', '#9e9e9e', 7, '', 'GF', 0),
(855, 18, 8, 118, 0, 'CALIBRE', '', '#9e9e9e', 8, '', 'GF', 0),
(856, 18, 8, 119, 0, 'PESO NETO', '', '#9e9e9e', 9, '', 'GF', 0),
(857, 18, 8, 120, 0, 'NUMERICO', '', '#9e9e9e', 10, '', 'GF', 0),
(858, 18, 8, 389, 0, 'NFRUTOS', '', '#9e9e9e', 11, '', 'GF', 0),
(859, 18, 8, 121, 0, 'NOTA', '', '#9e9e9e', 12, '', 'GF', 0),
(860, 18, 8, 122, 0, 'NOTA', '', '#9e9e9e', 13, '', 'GF', 0),
(861, 18, 8, 123, 0, 'NOTA', '', '#9e9e9e', 14, '', 'GF', 0),
(862, 18, 8, 124, 0, 'NOTA', '', '#9e9e9e', 15, '', 'GF', 0),
(863, 18, 9, 446, 0, 'PORCENTAJE', '', '#a1b1ba', 16.1, '', 'GF', 0),
(864, 18, 9, 426, 0, 'PORCENTAJE', '', '#a1b1ba', 17, '', 'GF', 0),
(865, 18, 9, 427, 0, 'PORCENTAJE', '', '#a1b1ba', 18, '', 'GF', 0),
(866, 18, 9, 133, 0, 'PORCENTAJE', '', '#a1b1ba', 19, '', 'GF', 0),
(867, 18, 9, 391, 0, 'PORCENTAJE', '', '#a1b1ba', 20, '', 'GF', 0),
(868, 18, 9, 128, 0, 'BRIX', '', '#a1b1ba', 21, '', 'GF', 0),
(869, 18, 9, 428, 0, 'FIRMEZA1_PROM', '', '#a1b1ba', 22, '', 'GF', 0),
(870, 18, 9, 429, 0, 'FIRMEZA2_PROM', '', '#a1b1ba', 23, '', 'GF', 0),
(871, 18, 6, 430, 0, 'PORCENTAJE', 'SUMA CALIDAD', '#cfe0f7', 24, '', 'GF', 0),
(872, 18, 6, 431, 0, 'PORCENTAJE', 'SUMA CALIDAD', '#cfe0f7', 25, '', 'GF', 0),
(873, 18, 6, 432, 0, 'PORCENTAJE', 'SUMA CALIDAD', '#cfe0f7', 26, '', 'GF', 0),
(874, 18, 6, 433, 0, 'PORCENTAJE', 'SUMA CALIDAD', '#cfe0f7', 27, '', 'GF', 0),
(875, 18, 6, 435, 0, 'PORCENTAJE', 'SUMA CALIDAD', '#cfe0f7', 28, '', 'GF', 0),
(876, 18, 6, 436, 0, 'PORCENTAJE', 'SUMA CALIDAD', '#cfe0f7', 29, '', 'GF', 0),
(877, 18, 6, 437, 0, 'PORCENTAJE', 'SUMA CALIDAD', '#cfe0f7', 30, '', 'GF', 0),
(878, 18, 6, 145, 0, 'PORCENTAJE', 'SUMA CALIDAD', '#cfe0f7', 31, '', 'GF', 0),
(879, 18, 6, 403, 0, 'SUMA CALIDAD', '', '#cfe0f7', 32, '', 'GF', 0),
(880, 18, 6, 146, 0, 'NOTA CALIDAD', '', '#cfe0f7', 33, '', 'GF', 0),
(881, 18, 7, 438, 0, 'PORCENTAJE', 'SUMA CONDICION', '#f0e6c2', 34, '', 'GF', 0),
(882, 18, 7, 157, 0, 'PORCENTAJE', 'SUMA CONDICION', '#f0e6c2', 35, '', 'GF', 0),
(883, 18, 7, 439, 0, 'PORCENTAJE', 'SUMA CONDICION', '#f0e6c2', 36, '', 'GF', 0),
(884, 18, 7, 440, 0, 'PORCENTAJE', 'SUMA CONDICION', '#f0e6c2', 37, '', 'GF', 0),
(885, 18, 7, 441, 0, 'PORCENTAJE', 'SUMA CONDICION', '#f0e6c2', 38, '', 'GF', 0),
(886, 18, 7, 411, 0, 'PORCENTAJE', 'SUMA CONDICION', '#f0e6c2', 39, '', 'GF', 0),
(887, 18, 7, 442, 0, 'PORCENTAJE', 'SUMA CONDICION', '#f0e6c2', 40, '', 'GF', 0),
(888, 18, 7, 404, 0, 'SUMA CONDICION', '', '#f0e6c2', 41, '', 'GF', 0),
(889, 18, 7, 158, 0, 'PORCENTAJE', '', '#f0e6c2', 42, '', 'GF', 0),
(890, 18, 7, 159, 0, 'PORCENTAJE', '', '#f0e6c2', 43, '', 'GF', 0),
(891, 18, 7, 443, 0, 'PORCENTAJE', '', '#f0e6c2', 44, '', 'GF', 0),
(892, 18, 7, 444, 0, 'PORCENTAJE', '', '#f0e6c2', 45, '', 'GF', 0),
(893, 18, 7, 160, 0, 'NUMERICO', '', '#f0e6c2', 46, '', 'GF', 0),
(894, 18, 7, 156, 0, 'NOTA CONDICION', '', '#f0e6c2', 47, '', 'GF', 0),
(895, 18, 12, 163, 0, 'SUMA TOTAL', '', '#cad6ff', 48, '', 'GF', 0),
(948, 19, 8, 116, 0, 'HORA', '', '#9e9e9e', 1, '', 'GF', 0),
(949, 19, 8, 419, 0, 'NPROCESO', '', '#9e9e9e', 2, '', 'GF', 0),
(950, 19, 8, 421, 0, 'TEXTO', '', '#9e9e9e', 3, '', 'GF', 0),
(951, 19, 6, 430, 0, 'NUMERICO', 'SUMA', '#cfe0f7', 4, '', 'GF', 0),
(952, 19, 6, 431, 0, 'NUMERICO', 'SUMA', '#cfe0f7', 5, '', 'GF', 0),
(953, 19, 6, 432, 0, 'NUMERICO', 'SUMA', '#cfe0f7', 6, '', 'GF', 0),
(954, 19, 6, 433, 0, 'NUMERICO', 'SUMA', '#cfe0f7', 7, '', 'GF', 0),
(955, 19, 6, 435, 0, 'NUMERICO', 'SUMA', '#cfe0f7', 8, '', 'GF', 0),
(956, 19, 6, 436, 0, 'NUMERICO', 'SUMA', '#cfe0f7', 9, '', 'GF', 0),
(957, 19, 6, 437, 0, 'NUMERICO', 'SUMA', '#cfe0f7', 10, '', 'GF', 0),
(958, 19, 6, 145, 0, 'NUMERICO', 'SUMA', '#cfe0f7', 11, '', 'GF', 0),
(959, 19, 7, 438, 0, 'NUMERICO', 'SUMA', '#f0e6c2', 12, '', 'GF', 0),
(960, 19, 7, 157, 0, 'NUMERICO', 'SUMA', '#f0e6c2', 13, '', 'GF', 0),
(961, 19, 7, 439, 0, 'NUMERICO', 'SUMA', '#f0e6c2', 14, '', 'GF', 0),
(962, 19, 7, 440, 0, 'NUMERICO', 'SUMA', '#f0e6c2', 15, '', 'GF', 0),
(963, 19, 7, 441, 0, 'NUMERICO', 'SUMA', '#f0e6c2', 16, '', 'GF', 0),
(964, 19, 7, 411, 0, 'NUMERICO', 'SUMA', '#f0e6c2', 17, '', 'GF', 0),
(965, 19, 7, 442, 0, 'NUMERICO', 'SUMA', '#f0e6c2', 18, '', 'GF', 0),
(966, 19, 7, 158, 0, 'NUMERICO', 'SUMA', '#f0e6c2', 19, '', 'GF', 0),
(967, 19, 7, 159, 0, 'NUMERICO', 'SUMA', '#f0e6c2', 20, '', 'GF', 0),
(968, 19, 7, 443, 0, 'NUMERICO', 'SUMA', '#f0e6c2', 21, '', 'GF', 0),
(969, 19, 7, 444, 0, 'NUMERICO', 'SUMA', '#f0e6c2', 22, '', 'GF', 0),
(970, 19, 7, 160, 0, 'NUMERICO', 'SUMA', '#f0e6c2', 23, '', 'GF', 0),
(971, 19, 12, 163, 0, 'SUMA', '', '#cad6ff', 24, '', 'GF', 0),
(972, 20, 8, 116, 0, 'HORA', '', '#9e9e9e', 1, '', 'GF', 0),
(973, 20, 8, 419, 0, 'NPROCESO', '', '#9e9e9e', 2, '', 'GF', 0),
(974, 20, 8, 421, 0, 'TEXTO', '', '#9e9e9e', 3, '', 'GF', 0),
(975, 20, 6, 430, 0, 'NUMERICO', 'SUMA', '#cfe0f7', 4, '', 'GF', 0),
(976, 20, 6, 431, 0, 'NUMERICO', 'SUMA', '#cfe0f7', 5, '', 'GF', 0),
(977, 20, 6, 432, 0, 'NUMERICO', 'SUMA', '#cfe0f7', 6, '', 'GF', 0),
(978, 20, 6, 433, 0, 'NUMERICO', 'SUMA', '#cfe0f7', 7, '', 'GF', 0),
(979, 20, 6, 435, 0, 'NUMERICO', 'SUMA', '#cfe0f7', 8, '', 'GF', 0),
(980, 20, 6, 436, 0, 'NUMERICO', 'SUMA', '#cfe0f7', 9, '', 'GF', 0),
(981, 20, 6, 437, 0, 'NUMERICO', 'SUMA', '#cfe0f7', 10, '', 'GF', 0),
(982, 20, 6, 145, 0, 'NUMERICO', 'SUMA', '#cfe0f7', 11, '', 'GF', 0),
(983, 20, 7, 438, 0, 'NUMERICO', 'SUMA', '#f0e6c2', 12, '', 'GF', 0),
(984, 20, 7, 157, 0, 'NUMERICO', 'SUMA', '#f0e6c2', 13, '', 'GF', 0),
(985, 20, 7, 439, 0, 'NUMERICO', 'SUMA', '#f0e6c2', 14, '', 'GF', 0),
(986, 20, 7, 440, 0, 'NUMERICO', 'SUMA', '#f0e6c2', 15, '', 'GF', 0),
(987, 20, 7, 441, 0, 'NUMERICO', 'SUMA', '#f0e6c2', 16, '', 'GF', 0),
(988, 20, 7, 411, 0, 'NUMERICO', 'SUMA', '#f0e6c2', 17, '', 'GF', 0),
(989, 20, 7, 442, 0, 'NUMERICO', 'SUMA', '#f0e6c2', 18, '', 'GF', 0),
(990, 20, 7, 158, 0, 'NUMERICO', 'SUMA', '#f0e6c2', 19, '', 'GF', 0),
(991, 20, 7, 159, 0, 'NUMERICO', 'SUMA', '#f0e6c2', 20, '', 'GF', 0),
(992, 20, 7, 443, 0, 'NUMERICO', 'SUMA', '#f0e6c2', 21, '', 'GF', 0),
(993, 20, 7, 444, 0, 'NUMERICO', 'SUMA', '#f0e6c2', 22, '', 'GF', 0),
(994, 20, 7, 160, 0, 'NUMERICO', 'SUMA', '#f0e6c2', 23, '', 'GF', 0),
(995, 20, 12, 163, 0, 'SUMA', '', '#cad6ff', 24, '', 'GF', 0),
(996, 19, 12, 422, 0, 'FRUTOS EXPORTABLES', '', '#cad6ff', 25, '', 'GF', 0),
(997, 20, 12, 422, 0, 'FRUTOS EXPORTABLES', '', '#cad6ff', 25, '', 'GF', 0),
(1042, 22, 8, 114, 0, 'FOLIO PALLET', '', '#9e9e9e', 1, '', 'GF', 0),
(1043, 22, 8, 115, 0, 'CANT CAJAS', '', '#9e9e9e', 2, '', 'GF', 0),
(1044, 22, 8, 116, 0, 'HORA', '', '#9e9e9e', 3, '', 'GF', 0),
(1045, 22, 8, 419, 0, 'NPROCESO', '', '#9e9e9e', 4, '', 'GF', 0),
(1046, 22, 8, 421, 0, 'TEXTO', '', '#9e9e9e', 5, '', 'GF', 0),
(1047, 22, 8, 117, 0, 'TEXTO', '', '#9e9e9e', 6, '', 'GF', 0),
(1048, 22, 8, 425, 0, 'NUMERICO OBLIGATORIO', '', '#9e9e9e', 7, '', 'GF', 0),
(1049, 22, 8, 118, 0, 'CALIBRE', '', '#9e9e9e', 8, '', 'GF', 0),
(1050, 22, 8, 119, 0, 'PESO NETO', '', '#9e9e9e', 9, '', 'GF', 0),
(1051, 22, 8, 120, 0, 'NUMERICO', '', '#9e9e9e', 10, '', 'GF', 0),
(1052, 22, 8, 389, 0, 'NFRUTOS', '', '#9e9e9e', 11, '', 'GF', 0),
(1053, 22, 8, 121, 0, 'NOTA', '', '#9e9e9e', 12, '', 'GF', 0),
(1054, 22, 8, 122, 0, 'NOTA', '', '#9e9e9e', 13, '', 'GF', 0),
(1055, 22, 8, 123, 0, 'NOTA', '', '#9e9e9e', 14, '', 'GF', 0),
(1056, 22, 8, 124, 0, 'NOTA', '', '#9e9e9e', 15, '', 'GF', 0),
(1057, 22, 9, 446, 0, 'PORCENTAJE', '', '#a1b1ba', 16.1, '', 'GF', 0),
(1058, 22, 9, 426, 0, 'PORCENTAJE', '', '#a1b1ba', 17, '', 'GF', 0),
(1059, 22, 9, 427, 0, 'PORCENTAJE', '', '#a1b1ba', 18, '', 'GF', 0),
(1060, 22, 9, 133, 0, 'PORCENTAJE', '', '#a1b1ba', 19, '', 'GF', 0),
(1061, 22, 9, 391, 0, 'PORCENTAJE', '', '#a1b1ba', 20, '', 'GF', 0),
(1062, 22, 9, 128, 0, 'BRIX', '', '#a1b1ba', 21, '', 'GF', 0),
(1063, 22, 9, 428, 0, 'FIRMEZA1_PROM', '', '#a1b1ba', 22, '', 'GF', 0),
(1064, 22, 9, 429, 0, 'FIRMEZA2_PROM', '', '#a1b1ba', 23, '', 'GF', 0),
(1065, 22, 6, 430, 0, 'PORCENTAJE', 'SUMA CALIDAD', '#cfe0f7', 24, '', 'GF', 0),
(1066, 22, 6, 431, 0, 'PORCENTAJE', 'SUMA CALIDAD', '#cfe0f7', 25, '', 'GF', 0),
(1067, 22, 6, 432, 0, 'PORCENTAJE', 'SUMA CALIDAD', '#cfe0f7', 26, '', 'GF', 0),
(1068, 22, 6, 433, 0, 'PORCENTAJE', 'SUMA CALIDAD', '#cfe0f7', 27, '', 'GF', 0),
(1069, 22, 6, 435, 0, 'PORCENTAJE', 'SUMA CALIDAD', '#cfe0f7', 28, '', 'GF', 0),
(1070, 22, 6, 436, 0, 'PORCENTAJE', 'SUMA CALIDAD', '#cfe0f7', 29, '', 'GF', 0),
(1071, 22, 6, 437, 0, 'PORCENTAJE', 'SUMA CALIDAD', '#cfe0f7', 30, '', 'GF', 0),
(1072, 22, 6, 145, 0, 'PORCENTAJE', 'SUMA CALIDAD', '#cfe0f7', 31, '', 'GF', 0),
(1073, 22, 6, 403, 0, 'SUMA CALIDAD', '', '#cfe0f7', 32, '', 'GF', 0),
(1074, 22, 6, 146, 0, 'NOTA CALIDAD', '', '#cfe0f7', 33, '', 'GF', 0),
(1075, 22, 7, 438, 0, 'PORCENTAJE', 'SUMA CONDICION', '#f0e6c2', 34, '', 'GF', 0),
(1076, 22, 7, 157, 0, 'PORCENTAJE', 'SUMA CONDICION', '#f0e6c2', 35, '', 'GF', 0),
(1077, 22, 7, 439, 0, 'PORCENTAJE', 'SUMA CONDICION', '#f0e6c2', 36, '', 'GF', 0),
(1078, 22, 7, 440, 0, 'PORCENTAJE', 'SUMA CONDICION', '#f0e6c2', 37, '', 'GF', 0),
(1079, 22, 7, 441, 0, 'PORCENTAJE', 'SUMA CONDICION', '#f0e6c2', 38, '', 'GF', 0),
(1080, 22, 7, 411, 0, 'PORCENTAJE', 'SUMA CONDICION', '#f0e6c2', 39, '', 'GF', 0),
(1081, 22, 7, 442, 0, 'PORCENTAJE', 'SUMA CONDICION', '#f0e6c2', 40, '', 'GF', 0),
(1082, 22, 7, 404, 0, 'SUMA CONDICION', '', '#f0e6c2', 41, '', 'GF', 0),
(1083, 22, 7, 158, 0, 'PORCENTAJE', '', '#f0e6c2', 42, '', 'GF', 0),
(1084, 22, 7, 159, 0, 'PORCENTAJE', '', '#f0e6c2', 43, '', 'GF', 0),
(1085, 22, 7, 443, 0, 'PORCENTAJE', '', '#f0e6c2', 44, '', 'GF', 0),
(1086, 22, 7, 444, 0, 'PORCENTAJE', '', '#f0e6c2', 45, '', 'GF', 0),
(1087, 22, 7, 160, 0, 'NUMERICO', '', '#f0e6c2', 46, '', 'GF', 0),
(1088, 22, 7, 156, 0, 'NOTA CONDICION', '', '#f0e6c2', 47, '', 'GF', 0),
(1089, 22, 12, 163, 0, 'SUMA TOTAL', '', '#cad6ff', 48, '', 'GF', 0),
(1090, 23, 8, 116, 0, 'HORA', '', '#9e9e9e', 1, '', 'GF', 0),
(1091, 23, 8, 419, 0, 'NPROCESO', '', '#9e9e9e', 2, '', 'GF', 0),
(1092, 23, 8, 421, 0, 'TEXTO', '', '#9e9e9e', 3, '', 'GF', 0),
(1093, 23, 6, 430, 0, 'NUMERICO', 'SUMA', '#cfe0f7', 4, '', 'GF', 0),
(1094, 23, 6, 431, 0, 'NUMERICO', 'SUMA', '#cfe0f7', 5, '', 'GF', 0),
(1095, 23, 6, 432, 0, 'NUMERICO', 'SUMA', '#cfe0f7', 6, '', 'GF', 0),
(1096, 23, 6, 433, 0, 'NUMERICO', 'SUMA', '#cfe0f7', 7, '', 'GF', 0),
(1097, 23, 6, 435, 0, 'NUMERICO', 'SUMA', '#cfe0f7', 8, '', 'GF', 0),
(1098, 23, 6, 436, 0, 'NUMERICO', 'SUMA', '#cfe0f7', 9, '', 'GF', 0),
(1099, 23, 6, 437, 0, 'NUMERICO', 'SUMA', '#cfe0f7', 10, '', 'GF', 0),
(1100, 23, 6, 145, 0, 'NUMERICO', 'SUMA', '#cfe0f7', 11, '', 'GF', 0),
(1101, 23, 7, 438, 0, 'NUMERICO', 'SUMA', '#f0e6c2', 12, '', 'GF', 0),
(1102, 23, 7, 157, 0, 'NUMERICO', 'SUMA', '#f0e6c2', 13, '', 'GF', 0),
(1103, 23, 7, 439, 0, 'NUMERICO', 'SUMA', '#f0e6c2', 14, '', 'GF', 0),
(1104, 23, 7, 440, 0, 'NUMERICO', 'SUMA', '#f0e6c2', 15, '', 'GF', 0),
(1105, 23, 7, 441, 0, 'NUMERICO', 'SUMA', '#f0e6c2', 16, '', 'GF', 0),
(1106, 23, 7, 411, 0, 'NUMERICO', 'SUMA', '#f0e6c2', 17, '', 'GF', 0),
(1107, 23, 7, 442, 0, 'NUMERICO', 'SUMA', '#f0e6c2', 18, '', 'GF', 0),
(1108, 23, 7, 158, 0, 'NUMERICO', 'SUMA', '#f0e6c2', 19, '', 'GF', 0),
(1109, 23, 7, 159, 0, 'NUMERICO', 'SUMA', '#f0e6c2', 20, '', 'GF', 0),
(1110, 23, 7, 443, 0, 'NUMERICO', 'SUMA', '#f0e6c2', 21, '', 'GF', 0),
(1111, 23, 7, 444, 0, 'NUMERICO', 'SUMA', '#f0e6c2', 22, '', 'GF', 0),
(1112, 23, 7, 160, 0, 'NUMERICO', 'SUMA', '#f0e6c2', 23, '', 'GF', 0),
(1113, 23, 12, 163, 0, 'SUMA', '', '#cad6ff', 24, '', 'GF', 0),
(1114, 23, 12, 422, 0, 'FRUTOS EXPORTABLES', '', '#cad6ff', 25, '', 'GF', 0),
(1145, 17, 9, 493, 0, 'PORCENTAJE', '', '#a1b1ba', 16.2, '', 'GF', 0),
(1146, 18, 9, 493, 0, 'PORCENTAJE', '', '#a1b1ba', 16.2, '', 'GF', 0),
(1147, 22, 9, 493, 0, 'PORCENTAJE', '', '#a1b1ba', 16.2, '', 'GF', 0),
(1151, 22, 6, 402, 0, 'PORCENTAJE', '', '#cfe0f7', 31.1, '', 'GF', 0),
(1152, 22, 6, 494, 0, 'PORCENTAJE', 'SUMA CALIDAD', '#cfe0f7', 24.1, '', 'GF', 0),
(1153, 22, 9, 495, 0, 'PORCENTAJE', '', '#a1b1ba', 18.1, '', 'GF', 0),
(1154, 23, 6, 402, 0, 'NUMERICO', 'SUMA', '#cfe0f7', 4.2, '', 'GF', 0),
(1155, 23, 6, 427, 0, 'NUMERICO', 'SUMA', '#cfe0f7', 4.1, '', 'GF', 0),
(1156, 5, 9, 496, 0, 'PORCENTAJE RACIMOS', 'SUMA2 CALIDAD', '#a1b1ba', 19.1, '', 'GF', 0),
(1157, 26, 8, 114, 0, 'FOLIO PALLET', '', '#9e9e9e', 1, '', 'GF', 0),
(1158, 26, 8, 115, 0, 'CANT CAJAS', '', '#9e9e9e', 2, '', 'GF', 0),
(1159, 26, 8, 116, 0, 'HORA', '', '#9e9e9e', 3, '', 'GF', 0),
(1160, 26, 8, 419, 0, 'NPROCESO', '', '#9e9e9e', 4, '', 'GF', 0),
(1161, 26, 8, 421, 0, 'NUMERICO', '', '#9e9e9e', 5, '', 'GF', 0),
(1162, 26, 8, 117, 0, 'TEXTO', '', '#9e9e9e', 6, '', 'GF', 0),
(1163, 26, 8, 425, 0, 'NUMERICO OBLIGATORIO', '', '#9e9e9e', 7, '', 'GF', 0),
(1164, 26, 8, 118, 0, 'CALIBRE', '', '#9e9e9e', 8, '', 'GF', 0),
(1165, 26, 8, 119, 0, 'PESO NETO', '', '#9e9e9e', 9, '', 'GF', 0),
(1166, 26, 8, 120, 0, 'NUMERICO', '', '#9e9e9e', 10, '', 'GF', 0),
(1167, 26, 8, 389, 0, 'NFRUTOS', '', '#9e9e9e', 11, '', 'GF', 0),
(1168, 26, 8, 121, 0, 'NOTA', '', '#9e9e9e', 12, '', 'GF', 0),
(1169, 26, 8, 122, 0, 'NOTA', '', '#9e9e9e', 13, '', 'GF', 0),
(1170, 26, 8, 123, 0, 'NOTA', '', '#9e9e9e', 14, '', 'GF', 0),
(1171, 26, 8, 124, 0, 'NOTA', '', '#9e9e9e', 15, '', 'GF', 0),
(1172, 26, 9, 497, 0, 'PORCENTAJE', '', '#a1b1ba', 16, '', 'GF', 0),
(1173, 26, 9, 133, 0, 'PORCENTAJE', '', '#a1b1ba', 17, '', 'GF', 0),
(1174, 26, 9, 496, 0, 'PORCENTAJE', '', '#a1b1ba', 18, '', 'GF', 0),
(1175, 26, 9, 128, 0, 'BRIX', '', '#a1b1ba', 19, '', 'GF', 0),
(1176, 26, 9, 428, 0, 'FIRMEZA1_PROM', '', '#a1b1ba', 20, '', 'GF', 0),
(1177, 26, 9, 429, 0, 'FIRMEZA2_PROM', '', '#a1b1ba', 21, '', 'GF', 0),
(1178, 26, 9, 498, 0, 'PORCENTAJE', '', '#a1b1ba', 22, '', 'GF', 0),
(1179, 26, 9, 499, 0, 'PORCENTAJE', '', '#a1b1ba', 23, '', 'GF', 0),
(1180, 26, 6, 126, 0, 'NUMERICO OBLIGATORIO', '', '#cfe0f7', 24, '', 'GF', 0),
(1181, 26, 6, 500, 0, 'PORCENTAJE', 'SUMA CALIDAD', '#cfe0f7', 25, '', 'GF', 0),
(1182, 26, 6, 393, 0, 'PORCENTAJE', 'SUMA CALIDAD', '#cfe0f7', 26, '', 'GF', 0),
(1183, 26, 6, 501, 0, 'PORCENTAJE', 'SUMA CALIDAD', '#cfe0f7', 27, '', 'GF', 0),
(1184, 26, 6, 502, 0, 'PORCENTAJE', 'SUMA CALIDAD', '#cfe0f7', 28, '', 'GF', 0),
(1185, 26, 6, 503, 0, 'PORCENTAJE', 'SUMA CALIDAD', '#cfe0f7', 29, '', 'GF', 0),
(1186, 26, 6, 140, 0, 'PORCENTAJE', 'SUMA CALIDAD', '#cfe0f7', 30, '', 'GF', 0),
(1187, 26, 6, 430, 0, 'PORCENTAJE', 'SUMA CALIDAD', '#cfe0f7', 31, '', 'GF', 0),
(1188, 26, 6, 504, 0, 'PORCENTAJE', 'SUMA CALIDAD', '#cfe0f7', 32, '', 'GF', 0),
(1189, 26, 6, 392, 0, 'PORCENTAJE', 'SUMA CALIDAD', '#cfe0f7', 33, '', 'GF', 0),
(1190, 26, 6, 145, 0, 'PORCENTAJE', 'SUMA CALIDAD', '#cfe0f7', 34, '', 'GF', 0),
(1191, 26, 6, 403, 0, 'SUMA CALIDAD', '', '#cfe0f7', 35, '', 'GF', 0),
(1192, 26, 6, 146, 0, 'NOTA CALIDAD', '', '#cfe0f7', 36, '', 'GF', 0),
(1193, 26, 7, 159, 0, 'PORCENTAJE', 'SUMA CONDICION', '#f0e6c2', 37, '', 'GF', 0),
(1194, 26, 7, 505, 0, 'PORCENTAJE', 'SUMA CONDICION', '#f0e6c2', 38, '', 'GF', 0),
(1195, 26, 7, 444, 0, 'PORCENTAJE', 'SUMA CONDICION', '#f0e6c2', 39, '', 'GF', 0),
(1196, 26, 7, 408, 0, 'PORCENTAJE', 'SUMA CONDICION', '#f0e6c2', 40, '', 'GF', 0),
(1197, 26, 7, 141, 0, 'PORCENTAJE', 'SUMA CONDICION', '#f0e6c2', 41, '', 'GF', 0),
(1198, 26, 7, 411, 0, 'PORCENTAJE', 'SUMA CONDICION', '#f0e6c2', 42, '', 'GF', 0),
(1199, 26, 7, 506, 0, 'PORCENTAJE', 'SUMA CONDICION', '#f0e6c2', 43, '', 'GF', 0),
(1200, 26, 7, 404, 0, 'SUMA CONDICION', '', '#f0e6c2', 44, '', 'GF', 0),
(1201, 26, 7, 156, 0, 'NOTA CONDICION', '', '#f0e6c2', 45, '', 'GF', 0),
(1202, 26, 12, 163, 0, 'SUMA TOTAL', '', '#cad6ff', 46, '', 'GF', 0),
(1203, 28, 8, 114, 0, 'FOLIO PALLET', '', '#9e9e9e', 1, '', 'GF', 0),
(1204, 28, 8, 115, 0, 'CANT CAJAS', '', '#9e9e9e', 2, '', 'GF', 0),
(1205, 28, 8, 116, 0, 'HORA', '', '#9e9e9e', 3, '', 'GF', 0),
(1206, 28, 8, 419, 0, 'NPROCESO', '', '#9e9e9e', 4, '', 'GF', 0),
(1207, 28, 8, 421, 0, 'NUMERICO', '', '#9e9e9e', 5, '', 'GF', 0),
(1208, 28, 8, 117, 0, 'TEXTO', '', '#9e9e9e', 6, '', 'GF', 0),
(1209, 28, 8, 425, 0, 'NUMERICO OBLIGATORIO', '', '#9e9e9e', 7, '', 'GF', 0),
(1210, 28, 8, 118, 0, 'CALIBRE', '', '#9e9e9e', 8, '', 'GF', 0),
(1211, 28, 8, 119, 0, 'PESO NETO', '', '#9e9e9e', 9, '', 'GF', 0),
(1212, 28, 8, 120, 0, 'NUMERICO', '', '#9e9e9e', 10, '', 'GF', 0),
(1213, 28, 8, 389, 0, 'NFRUTOS', '', '#9e9e9e', 11, '', 'GF', 0),
(1214, 28, 8, 121, 0, 'NOTA', '', '#9e9e9e', 12, '', 'GF', 0),
(1215, 28, 8, 122, 0, 'NOTA', '', '#9e9e9e', 13, '', 'GF', 0),
(1216, 28, 8, 123, 0, 'NOTA', '', '#9e9e9e', 14, '', 'GF', 0),
(1217, 28, 8, 124, 0, 'NOTA', '', '#9e9e9e', 15, '', 'GF', 0),
(1218, 28, 9, 133, 0, 'PORCENTAJE', '', '#a1b1ba', 16, '', 'GF', 0),
(1219, 28, 9, 391, 0, 'PORCENTAJE', '', '#a1b1ba', 17, '', 'GF', 0),
(1220, 28, 9, 497, 0, 'PORCENTAJE', '', '#a1b1ba', 18, '', 'GF', 0),
(1221, 28, 9, 427, 0, 'PORCENTAJE', '', '#a1b1ba', 19, '', 'GF', 0),
(1222, 28, 9, 507, 0, 'PORCENTAJE', '', '#a1b1ba', 20, '', 'GF', 0),
(1223, 28, 9, 499, 0, 'PORCENTAJE', '', '#a1b1ba', 21, '', 'GF', 0),
(1224, 28, 9, 128, 0, 'BRIX', '', '#a1b1ba', 22, '', 'GF', 0),
(1225, 28, 9, 508, 0, 'NUMERICO', '', '#a1b1ba', 23, '', 'GF', 0),
(1226, 28, 9, 428, 0, 'FIRMEZA1_PROM', '', '#a1b1ba', 24, '', 'GF', 0),
(1227, 28, 9, 429, 0, 'FIRMEZA2_PROM', '', '#a1b1ba', 25, '', 'GF', 0),
(1228, 28, 6, 509, 0, 'PORCENTAJE', 'SUMA CALIDAD', '#cfe0f7', 26, '', 'GF', 0),
(1229, 28, 6, 510, 0, 'PORCENTAJE', 'SUMA CALIDAD', '#cfe0f7', 27, '', 'GF', 0),
(1230, 28, 6, 126, 0, 'NOTA', '', '#cfe0f7', 28, '', 'GF', 0),
(1231, 28, 6, 393, 0, 'PORCENTAJE', 'SUMA CALIDAD', '#cfe0f7', 29, '', 'GF', 0),
(1232, 28, 6, 511, 0, 'PORCENTAJE', 'SUMA CALIDAD', '#cfe0f7', 30, '', 'GF', 0),
(1234, 28, 6, 513, 0, 'PORCENTAJE', 'SUMA CALIDAD', '#cfe0f7', 32, '', 'GF', 0),
(1235, 28, 6, 514, 0, 'PORCENTAJE', 'SUMA CALIDAD', '#cfe0f7', 33, '', 'GF', 0),
(1236, 28, 6, 145, 0, 'PORCENTAJE', 'SUMA CALIDAD', '#cfe0f7', 34, '', 'GF', 0),
(1237, 28, 6, 140, 0, 'PORCENTAJE', 'SUMA CALIDAD', '#cfe0f7', 35, '', 'GF', 0),
(1238, 28, 6, 503, 0, 'PORCENTAJE', 'SUMA CALIDAD', '#cfe0f7', 36, '', 'GF', 0),
(1239, 28, 6, 515, 0, 'PORCENTAJE', 'SUMA CALIDAD', '#cfe0f7', 37, '', 'GF', 0),
(1240, 28, 6, 516, 0, 'PORCENTAJE', 'SUMA CALIDAD', '#cfe0f7', 38, '', 'GF', 0),
(1241, 28, 6, 517, 0, 'PORCENTAJE', 'SUMA CALIDAD', '#cfe0f7', 39, '', 'GF', 0),
(1242, 28, 6, 518, 0, 'PORCENTAJE', 'SUMA CALIDAD', '#cfe0f7', 40, '', 'GF', 0),
(1243, 28, 6, 519, 0, 'PORCENTAJE', 'SUMA CALIDAD', '#cfe0f7', 41, '', 'GF', 0),
(1244, 28, 6, 520, 0, 'PORCENTAJE', 'SUMA CALIDAD', '#cfe0f7', 42, '', 'GF', 0),
(1245, 28, 6, 521, 0, 'PORCENTAJE', 'SUMA CALIDAD', '#cfe0f7', 43, '', 'GF', 0),
(1246, 28, 6, 522, 0, 'PORCENTAJE', 'SUMA CALIDAD', '#cfe0f7', 44, '', 'GF', 0),
(1247, 28, 6, 523, 0, 'PORCENTAJE', 'SUMA CALIDAD', '#cfe0f7', 45, '', 'GF', 0),
(1248, 28, 6, 524, 0, 'PORCENTAJE', 'SUMA CALIDAD', '#cfe0f7', 46, '', 'GF', 0),
(1249, 28, 6, 525, 0, 'PORCENTAJE', 'SUMA CALIDAD', '#cfe0f7', 47, '', 'GF', 0),
(1250, 28, 6, 403, 0, 'SUMA CALIDAD', '', '#cfe0f7', 48, '', 'GF', 0),
(1251, 28, 6, 146, 0, 'NOTA CALIDAD', '', '#cfe0f7', 49, '', 'GF', 0),
(1252, 28, 7, 159, 0, 'PORCENTAJE', 'SUMA CONDICION', '#f0e6c2', 50, '', 'GF', 0),
(1253, 28, 7, 526, 0, 'PORCENTAJE', 'SUMA CONDICION', '#f0e6c2', 51, '', 'GF', 0),
(1254, 28, 7, 527, 0, 'PORCENTAJE', 'SUMA CONDICION', '#f0e6c2', 52, '', 'GF', 0),
(1255, 28, 7, 528, 0, 'PORCENTAJE', 'SUMA CONDICION', '#f0e6c2', 53, '', 'GF', 0),
(1256, 28, 7, 502, 0, 'PORCENTAJE', 'SUMA CONDICION', '#f0e6c2', 54, '', 'GF', 0),
(1257, 28, 7, 529, 0, 'PORCENTAJE', 'SUMA CONDICION', '#f0e6c2', 55, '', 'GF', 0),
(1258, 28, 7, 530, 0, 'PORCENTAJE', 'SUMA CONDICION', '#f0e6c2', 56, '', 'GF', 0),
(1259, 28, 7, 531, 0, 'PORCENTAJE', 'SUMA CONDICION', '#f0e6c2', 57, '', 'GF', 0),
(1260, 28, 7, 532, 0, 'PORCENTAJE', 'SUMA CONDICION', '#f0e6c2', 58, '', 'GF', 0),
(1261, 28, 7, 533, 0, 'PORCENTAJE', 'SUMA CONDICION', '#f0e6c2', 59, '', 'GF', 0),
(1262, 28, 7, 443, 0, 'PORCENTAJE', 'SUMA CONDICION', '#f0e6c2', 60, '', 'GF', 0),
(1263, 28, 7, 534, 0, 'PORCENTAJE', 'SUMA CONDICION', '#f0e6c2', 61, '', 'GF', 0),
(1264, 28, 7, 535, 0, 'PORCENTAJE', 'SUMA CONDICION', '#f0e6c2', 62, '', 'GF', 0),
(1265, 28, 7, 536, 0, 'PORCENTAJE', 'SUMA CONDICION', '#f0e6c2', 63, '', 'GF', 0),
(1266, 28, 7, 408, 0, 'PORCENTAJE', 'SUMA CONDICION', '#f0e6c2', 64, '', 'GF', 0),
(1267, 28, 7, 141, 0, 'PORCENTAJE', 'SUMA CONDICION', '#f0e6c2', 65, '', 'GF', 0),
(1268, 28, 7, 537, 0, 'PORCENTAJE', 'SUMA CONDICION', '#f0e6c2', 66, '', 'GF', 0),
(1269, 28, 7, 538, 0, 'PORCENTAJE', 'SUMA CONDICION', '#f0e6c2', 67, '', 'GF', 0),
(1270, 28, 7, 539, 0, 'PORCENTAJE', 'SUMA CONDICION', '#f0e6c2', 68, '', 'GF', 0),
(1271, 28, 7, 540, 0, 'PORCENTAJE', 'SUMA CONDICION', '#f0e6c2', 69, '', 'GF', 0),
(1272, 28, 7, 541, 0, 'PORCENTAJE', 'SUMA CONDICION', '#f0e6c2', 70, '', 'GF', 0),
(1273, 28, 7, 542, 0, 'PORCENTAJE', 'SUMA CONDICION', '#f0e6c2', 71, '', 'GF', 0),
(1274, 28, 7, 543, 0, 'PORCENTAJE', 'SUMA CONDICION', '#f0e6c2', 72, '', 'GF', 0),
(1275, 28, 7, 404, 0, 'SUMA CONDICION', '', '#f0e6c2', 73, '', 'GF', 0),
(1276, 28, 7, 156, 0, 'NOTA CONDICION', '', '#f0e6c2', 74, '', 'GF', 0),
(1277, 28, 12, 163, 0, 'SUMA TOTAL', '', '#cad6ff', 75, '', 'GF', 0),
(1278, 27, 8, 116, 0, 'HORA', '', '#9e9e9e', 1, '', 'GF', 0),
(1279, 27, 8, 419, 0, 'NPROCESO', '', '#9e9e9e', 2, '', 'GF', 0),
(1280, 27, 8, 421, 0, 'TEXTO', '', '#9e9e9e', 3, '', 'GF', 0),
(1281, 29, 8, 116, 0, 'HORA', '', '#9e9e9e', 1, '', 'GF', 0),
(1282, 29, 8, 419, 0, 'NPROCESO', '', '#9e9e9e', 2, '', 'GF', 0),
(1283, 29, 8, 421, 0, 'TEXTO', '', '#9e9e9e', 3, '', 'GF', 0),
(1284, 27, 6, 500, 0, 'NUMERICO', 'SUMA', '#cfe0f7', 4, '', 'GF', 0),
(1285, 27, 6, 393, 0, 'NUMERICO', 'SUMA', '#cfe0f7', 5, '', 'GF', 0),
(1286, 27, 6, 501, 0, 'NUMERICO', 'SUMA', '#cfe0f7', 6, '', 'GF', 0),
(1287, 27, 6, 502, 0, 'NUMERICO', 'SUMA', '#cfe0f7', 7, '', 'GF', 0),
(1288, 27, 6, 503, 0, 'NUMERICO', 'SUMA', '#cfe0f7', 8, '', 'GF', 0),
(1289, 27, 6, 140, 0, 'NUMERICO', 'SUMA', '#cfe0f7', 9, '', 'GF', 0),
(1290, 27, 6, 430, 0, 'NUMERICO', 'SUMA', '#cfe0f7', 10, '', 'GF', 0),
(1291, 27, 6, 504, 0, 'NUMERICO', 'SUMA', '#cfe0f7', 11, '', 'GF', 0),
(1292, 27, 6, 392, 0, 'NUMERICO', 'SUMA', '#cfe0f7', 12, '', 'GF', 0),
(1293, 26, 6, 145, 0, 'NUMERICO', 'SUMA', '#cfe0f7', 13, '', 'GF', 0),
(1294, 27, 7, 159, 0, 'NUMERICO', 'SUMA', '#f0e6c2', 14, '', 'GF', 0),
(1295, 27, 7, 505, 0, 'NUMERICO', 'SUMA', '#f0e6c2', 15, '', 'GF', 0),
(1296, 27, 7, 444, 0, 'NUMERICO', 'SUMA', '#f0e6c2', 16, '', 'GF', 0),
(1297, 27, 7, 408, 0, 'NUMERICO', 'SUMA', '#f0e6c2', 17, '', 'GF', 0),
(1298, 27, 7, 141, 0, 'NUMERICO', 'SUMA', '#f0e6c2', 18, '', 'GF', 0),
(1299, 27, 7, 411, 0, 'NUMERICO', 'SUMA', '#f0e6c2', 19, '', 'GF', 0),
(1300, 27, 7, 506, 0, 'NUMERICO', 'SUMA', '#f0e6c2', 20, '', 'GF', 0),
(1301, 27, 12, 163, 0, 'SUMA', '', '#cad6ff', 21, '', 'GF', 0),
(1302, 27, 12, 422, 0, 'FRUTOS EXPORTABLES', '', '#cad6ff', 22, '', 'GF', 0),
(1303, 29, 6, 509, 0, 'NUMERICO', 'SUMA', '#cfe0f7', 4, '', 'GF', 0),
(1304, 29, 6, 510, 0, 'NUMERICO', 'SUMA', '#cfe0f7', 5, '', 'GF', 0),
(1305, 29, 6, 393, 0, 'NUMERICO', 'SUMA', '#cfe0f7', 29, '', 'GF', 0),
(1306, 29, 6, 511, 0, 'NUMERICO', 'SUMA', '#cfe0f7', 30, '', 'GF', 0),
(1307, 29, 6, 513, 0, 'NUMERICO', 'SUMA', '#cfe0f7', 32, '', 'GF', 0),
(1308, 29, 6, 514, 0, 'NUMERICO', 'SUMA', '#cfe0f7', 33, '', 'GF', 0),
(1309, 29, 6, 145, 0, 'NUMERICO', 'SUMA', '#cfe0f7', 34, '', 'GF', 0),
(1310, 29, 6, 140, 0, 'NUMERICO', 'SUMA', '#cfe0f7', 35, '', 'GF', 0),
(1311, 29, 6, 503, 0, 'NUMERICO', 'SUMA', '#cfe0f7', 36, '', 'GF', 0),
(1312, 29, 6, 515, 0, 'NUMERICO', 'SUMA', '#cfe0f7', 37, '', 'GF', 0),
(1313, 29, 6, 516, 0, 'NUMERICO', 'SUMA', '#cfe0f7', 38, '', 'GF', 0),
(1314, 29, 6, 517, 0, 'NUMERICO', 'SUMA', '#cfe0f7', 39, '', 'GF', 0),
(1315, 29, 6, 518, 0, 'NUMERICO', 'SUMA', '#cfe0f7', 40, '', 'GF', 0),
(1316, 29, 6, 519, 0, 'NUMERICO', 'SUMA', '#cfe0f7', 41, '', 'GF', 0),
(1317, 29, 6, 520, 0, 'NUMERICO', 'SUMA', '#cfe0f7', 42, '', 'GF', 0),
(1318, 29, 6, 521, 0, 'NUMERICO', 'SUMA', '#cfe0f7', 43, '', 'GF', 0),
(1319, 29, 6, 522, 0, 'NUMERICO', 'SUMA', '#cfe0f7', 44, '', 'GF', 0),
(1320, 29, 6, 523, 0, 'NUMERICO', 'SUMA', '#cfe0f7', 45, '', 'GF', 0),
(1321, 29, 6, 524, 0, 'NUMERICO', 'SUMA', '#cfe0f7', 46, '', 'GF', 0),
(1322, 29, 6, 525, 0, 'NUMERICO', 'SUMA', '#cfe0f7', 47, '', 'GF', 0),
(1323, 29, 7, 159, 0, 'NUMERICO', 'SUMA', '#f0e6c2', 50, '', 'GF', 0),
(1324, 29, 7, 526, 0, 'NUMERICO', 'SUMA', '#f0e6c2', 51, '', 'GF', 0),
(1325, 29, 7, 527, 0, 'NUMERICO', 'SUMA', '#f0e6c2', 52, '', 'GF', 0),
(1326, 29, 7, 528, 0, 'NUMERICO', 'SUMA', '#f0e6c2', 53, '', 'GF', 0),
(1327, 29, 7, 502, 0, 'NUMERICO', 'SUMA', '#f0e6c2', 54, '', 'GF', 0),
(1328, 29, 7, 529, 0, 'NUMERICO', 'SUMA', '#f0e6c2', 55, '', 'GF', 0),
(1329, 29, 7, 530, 0, 'NUMERICO', 'SUMA', '#f0e6c2', 56, '', 'GF', 0),
(1330, 29, 7, 531, 0, 'NUMERICO', 'SUMA', '#f0e6c2', 57, '', 'GF', 0),
(1331, 29, 7, 532, 0, 'NUMERICO', 'SUMA', '#f0e6c2', 58, '', 'GF', 0),
(1332, 29, 7, 533, 0, 'NUMERICO', 'SUMA', '#f0e6c2', 59, '', 'GF', 0),
(1333, 29, 7, 443, 0, 'NUMERICO', 'SUMA', '#f0e6c2', 60, '', 'GF', 0),
(1334, 29, 7, 534, 0, 'NUMERICO', 'SUMA', '#f0e6c2', 61, '', 'GF', 0),
(1335, 29, 7, 535, 0, 'NUMERICO', 'SUMA', '#f0e6c2', 62, '', 'GF', 0),
(1336, 29, 7, 536, 0, 'NUMERICO', 'SUMA', '#f0e6c2', 63, '', 'GF', 0),
(1337, 29, 7, 408, 0, 'NUMERICO', 'SUMA', '#f0e6c2', 64, '', 'GF', 0),
(1338, 29, 7, 141, 0, 'NUMERICO', 'SUMA', '#f0e6c2', 65, '', 'GF', 0),
(1339, 29, 7, 537, 0, 'NUMERICO', 'SUMA', '#f0e6c2', 66, '', 'GF', 0),
(1340, 29, 7, 538, 0, 'NUMERICO', 'SUMA', '#f0e6c2', 67, '', 'GF', 0),
(1341, 29, 7, 539, 0, 'NUMERICO', 'SUMA', '#f0e6c2', 68, '', 'GF', 0),
(1342, 29, 7, 540, 0, 'NUMERICO', 'SUMA', '#f0e6c2', 69, '', 'GF', 0),
(1343, 29, 7, 541, 0, 'NUMERICO', 'SUMA', '#f0e6c2', 70, '', 'GF', 0),
(1344, 29, 7, 542, 0, 'NUMERICO', 'SUMA', '#f0e6c2', 71, '', 'GF', 0),
(1345, 29, 7, 543, 0, 'NUMERICO', 'SUMA', '#f0e6c2', 72, '', 'GF', 0),
(1348, 29, 12, 163, 0, 'SUMA', '', '#cad6ff', 73, '', 'GF', 0),
(1349, 29, 12, 422, 0, 'FRUTOS EXPORTABLES', '', '#cad6ff', 74, '', 'GF', 0),
(1350, 19, 6, 427, 0, 'NUMERICO', 'SUMA', '#cfe0f7', 3.1, '', 'GF', 0),
(1351, 20, 6, 427, 0, 'NUMERICO', 'SUMA', '#cfe0f7', 3.1, '', 'GF', 0),
(1352, 27, 6, 145, 0, 'NUMERICO', 'SUMA', '#cfe0f7', 12.1, '', 'GF', 0),
(1353, 30, 8, 114, 0, 'FOLIO PALLET', '', '#9e9e9e', 1, '', 'GF', 0),
(1354, 30, 8, 115, 0, 'CANT CAJAS', '', '#9e9e9e', 2, '', 'GF', 0),
(1355, 30, 8, 116, 0, 'HORA', '', '#9e9e9e', 3, '', 'GF', 0),
(1356, 30, 8, 419, 0, 'NPROCESO', '', '#9e9e9e', 4, '', 'GF', 0),
(1357, 30, 8, 421, 0, 'NUMERICO', '', '#9e9e9e', 5, '', 'GF', 0),
(1358, 30, 8, 117, 0, 'TEXTO', '', '#9e9e9e', 6, '', 'GF', 0),
(1359, 30, 8, 425, 0, 'NUMERICO OBLIGATORIO', '', '#9e9e9e', 7, '', 'GF', 0),
(1360, 30, 8, 118, 0, 'CALIBRE', '', '#9e9e9e', 8, '', 'GF', 0),
(1361, 30, 8, 119, 0, 'PESO NETO', '', '#9e9e9e', 9, '', 'GF', 0),
(1362, 30, 8, 120, 0, 'NUMERICO', '', '#9e9e9e', 10, '', 'GF', 0),
(1363, 30, 8, 389, 0, 'NFRUTOS', '', '#9e9e9e', 11, '', 'GF', 0),
(1364, 30, 8, 121, 0, 'NOTA', '', '#9e9e9e', 12, '', 'GF', 0),
(1365, 30, 8, 122, 0, 'NOTA', '', '#9e9e9e', 13, '', 'GF', 0),
(1366, 30, 6, 549, 0, 'PORCENTAJE', 'SUMA CALIDAD', '#cfe0f7', 23, '', 'GF', 0),
(1367, 30, 8, 123, 0, 'NOTA', '', '#9e9e9e', 14, '', 'GF', 0),
(1368, 30, 8, 124, 0, 'NOTA', '', '#9e9e9e', 15, '', 'GF', 0),
(1369, 30, 9, 497, 0, 'PORCENTAJE', '', '#a1b1ba', 16, '', 'GF', 0),
(1370, 30, 9, 390, 0, 'PORCENTAJE', '', '#a1b1ba', 17, '', 'GF', 0),
(1371, 30, 9, 544, 0, 'NUMERICO', '', '#a1b1ba', 18, '', 'GF', 0),
(1372, 30, 9, 545, 0, 'NUMERICO', '', '#a1b1ba', 19, '', 'GF', 0),
(1373, 30, 9, 428, 0, 'FIRMEZA1_PROM', '', '#a1b1ba', 20, '', 'GF', 0),
(1374, 30, 9, 429, 0, 'FIRMEZA2_PROM', '', '#a1b1ba', 20.1, '', 'GF', 0),
(1375, 30, 9, 546, 0, 'BRIX2', '', '#a1b1ba', 21, '', 'GF', 0),
(1376, 30, 9, 547, 0, 'BRIX2', '', '#a1b1ba', 22, '', 'GF', 0),
(1377, 30, 9, 548, 0, 'PROM BRIX2', '', '#a1b1ba', 23, '', 'GF', 0),
(1378, 30, 6, 430, 0, 'PORCENTAJE', 'SUMA CALIDAD', '#cfe0f7', 24, '', 'GF', 0),
(1379, 30, 6, 140, 0, 'PORCENTAJE', 'SUMA CALIDAD', '#cfe0f7', 25, '', 'GF', 0),
(1380, 30, 6, 143, 0, 'PORCENTAJE', 'SUMA CALIDAD', '#cfe0f7', 26, '', 'GF', 0),
(1381, 30, 6, 551, 0, 'PORCENTAJE', 'SUMA CALIDAD', '#cfe0f7', 27, '', 'GF', 0),
(1382, 30, 6, 145, 0, 'PORCENTAJE', 'SUMA CALIDAD', '#cfe0f7', 28, '', 'GF', 0),
(1383, 30, 6, 552, 0, 'PORCENTAJE', 'SUMA CALIDAD', '#cfe0f7', 29, '', 'GF', 0),
(1384, 30, 6, 553, 0, 'PORCENTAJE', 'SUMA CALIDAD', '#cfe0f7', 30, '', 'GF', 0),
(1385, 30, 6, 554, 0, 'PORCENTAJE', 'SUMA CALIDAD', '#cfe0f7', 31, '', 'GF', 0),
(1386, 30, 6, 510, 0, 'PORCENTAJE', 'SUMA CALIDAD', '#cfe0f7', 32, '', 'GF', 0),
(1387, 30, 6, 403, 0, 'SUMA CALIDAD', '', '#cfe0f7', 33, '', 'GF', 0),
(1388, 30, 6, 146, 0, 'NOTA CALIDAD', '', '#cfe0f7', 34, '', 'GF', 0),
(1389, 30, 7, 159, 0, 'PORCENTAJE', 'SUMA CONDICION', '#f0e6c2', 35, '', 'GF', 0),
(1390, 30, 7, 555, 0, 'PORCENTAJE', 'SUMA CONDICION', '#f0e6c2', 36, '', 'GF', 0),
(1391, 30, 7, 556, 0, 'PORCENTAJE', 'SUMA CONDICION', '#f0e6c2', 37, '', 'GF', 0),
(1392, 30, 7, 408, 0, 'PORCENTAJE', 'SUMA CONDICION', '#f0e6c2', 38, '', 'GF', 0),
(1393, 30, 7, 557, 0, 'PORCENTAJE', 'SUMA CONDICION', '#f0e6c2', 39, '', 'GF', 0),
(1394, 30, 7, 142, 0, 'PORCENTAJE', 'SUMA CONDICION', '#f0e6c2', 40, '', 'GF', 0),
(1395, 30, 7, 558, 0, 'PORCENTAJE', 'SUMA CONDICION', '#f0e6c2', 41, '', 'GF', 0),
(1396, 30, 7, 534, 0, 'PORCENTAJE', 'SUMA CONDICION', '#f0e6c2', 42, '', 'GF', 0),
(1397, 30, 7, 407, 0, 'PORCENTAJE', 'SUMA CONDICION', '#f0e6c2', 43, '', 'GF', 0),
(1398, 30, 7, 405, 0, 'PORCENTAJE', 'SUMA CONDICION', '#f0e6c2', 44, '', 'GF', 0),
(1399, 30, 7, 411, 0, 'PORCENTAJE', 'SUMA CONDICION', '#f0e6c2', 45, '', 'GF', 0),
(1400, 30, 7, 404, 0, 'SUMA CONDICION', '', '#f0e6c2', 46, '', 'GF', 0),
(1401, 30, 7, 156, 0, 'NOTA CONDICION', '', '#f0e6c2', 47, '', 'GF', 0),
(1402, 30, 12, 163, 0, 'SUMA TOTAL', '', '#cad6ff', 48, '', 'GF', 0),
(1403, 31, 8, 116, 0, 'HORA', '', '#9e9e9e', 3, '', 'GF', 0),
(1404, 31, 8, 419, 0, 'NPROCESO', '', '#9e9e9e', 4, '', 'GF', 0),
(1405, 31, 8, 421, 0, 'TEXTO', '', '#9e9e9e', 5, '', 'GF', 0),
(1406, 31, 9, 497, 0, 'NUMERICO', 'SUMA', '#a1b1ba', 16, '', 'GF', 0),
(1407, 31, 9, 390, 0, 'NUMERICO', 'SUMA', '#a1b1ba', 17, '', 'GF', 0),
(1408, 31, 9, 544, 0, 'NUMERICO', 'SUMA', '#a1b1ba', 18, '', 'GF', 0),
(1409, 31, 9, 545, 0, 'NUMERICO', 'SUMA', '#a1b1ba', 19, '', 'GF', 0),
(1410, 31, 6, 430, 0, 'NUMERICO', 'SUMA', '#cfe0f7', 24, '', 'GF', 0),
(1411, 31, 6, 140, 0, 'NUMERICO', 'SUMA', '#cfe0f7', 25, '', 'GF', 0),
(1412, 31, 6, 143, 0, 'NUMERICO', 'SUMA', '#cfe0f7', 26, '', 'GF', 0),
(1413, 31, 6, 551, 0, 'NUMERICO', 'SUMA', '#cfe0f7', 27, '', 'GF', 0),
(1414, 31, 6, 145, 0, 'NUMERICO', 'SUMA', '#cfe0f7', 28, '', 'GF', 0),
(1415, 31, 6, 552, 0, 'NUMERICO', 'SUMA', '#cfe0f7', 29, '', 'GF', 0),
(1416, 31, 6, 553, 0, 'NUMERICO', 'SUMA', '#cfe0f7', 30, '', 'GF', 0),
(1417, 31, 6, 554, 0, 'NUMERICO', 'SUMA', '#cfe0f7', 31, '', 'GF', 0),
(1418, 31, 6, 510, 0, 'NUMERICO', 'SUMA', '#cfe0f7', 32, '', 'GF', 0),
(1419, 31, 7, 159, 0, 'NUMERICO', 'SUMA', '#f0e6c2', 35, '', 'GF', 0),
(1420, 31, 7, 555, 0, 'NUMERICO', 'SUMA', '#f0e6c2', 36, '', 'GF', 0),
(1421, 31, 7, 556, 0, 'NUMERICO', 'SUMA', '#f0e6c2', 37, '', 'GF', 0),
(1422, 31, 7, 408, 0, 'NUMERICO', 'SUMA', '#f0e6c2', 38, '', 'GF', 0),
(1423, 31, 7, 557, 0, 'NUMERICO', 'SUMA', '#f0e6c2', 39, '', 'GF', 0),
(1424, 31, 7, 142, 0, 'NUMERICO', 'SUMA', '#f0e6c2', 40, '', 'GF', 0),
(1425, 31, 7, 558, 0, 'NUMERICO', 'SUMA', '#f0e6c2', 41, '', 'GF', 0),
(1426, 31, 7, 534, 0, 'NUMERICO', 'SUMA', '#f0e6c2', 42, '', 'GF', 0),
(1427, 31, 7, 407, 0, 'NUMERICO', 'SUMA', '#f0e6c2', 43, '', 'GF', 0),
(1428, 31, 7, 405, 0, 'NUMERICO', 'SUMA', '#f0e6c2', 44, '', 'GF', 0),
(1429, 31, 7, 411, 0, 'NUMERICO', 'SUMA', '#f0e6c2', 45, '', 'GF', 0),
(1430, 31, 12, 163, 0, 'SUMA', '', '#cad6ff', 46, '', 'GF', 0),
(1431, 31, 12, 422, 0, 'FRUTOS EXPORTABLES', '', '#cad6ff', 47, '', 'GF', 0),
(1432, 30, 9, 446, 0, 'PORCENTAJE', '', '#a1b1ba', 15.1, '', 'GF', 0),
(1433, 30, 9, 493, 0, 'PORCENTAJE', '', '#a1b1ba', 15.2, '', 'GF', 0),
(1531, 22, 7, 629, 0, 'PORCENTAJE', '', '#f0e6c2', 43.1, '', 'GF', 0),
(1533, 35, 8, 114, 0, 'FOLIO PALLET', '', '#9e9e9e', 1, '', 'GF', 0),
(1534, 35, 8, 115, 0, 'CANT CAJAS', '', '#9e9e9e', 2, '', 'GF', 0),
(1535, 35, 8, 116, 0, 'HORA', '', '#9e9e9e', 3, '', 'GF', 0),
(1536, 35, 8, 419, 0, 'NPROCESO', '', '#9e9e9e', 4, '', 'GF', 0),
(1537, 35, 8, 421, 0, 'TEXTO', '', '#9e9e9e', 5, '', 'GF', 0),
(1538, 35, 8, 117, 0, 'TEXTO', '', '#9e9e9e', 6, '', 'GF', 0),
(1539, 35, 8, 425, 0, 'NUMERICO OBLIGATORIO', '', '#9e9e9e', 7, '', 'GF', 0),
(1540, 35, 8, 118, 0, 'CALIBRE', '', '#9e9e9e', 8, '', 'GF', 0),
(1541, 35, 8, 119, 0, 'PESO NETO', '', '#9e9e9e', 9, '', 'GF', 0),
(1542, 35, 8, 120, 0, 'NUMERICO', '', '#9e9e9e', 10, '', 'GF', 0),
(1543, 35, 8, 389, 0, 'NFRUTOS', '', '#9e9e9e', 11, '', 'GF', 0),
(1544, 35, 8, 121, 0, 'NOTA', '', '#9e9e9e', 12, '', 'GF', 0),
(1545, 35, 8, 122, 0, 'NOTA', '', '#9e9e9e', 13, '', 'GF', 0),
(1546, 35, 8, 123, 0, 'NOTA', '', '#9e9e9e', 14, '', 'GF', 0),
(1547, 35, 8, 124, 0, 'NOTA', '', '#9e9e9e', 15, '', 'GF', 0),
(1548, 35, 9, 126, 0, 'NOTA', '', '#a1b1ba', 16, '', 'GF', 0),
(1549, 35, 9, 632, 0, 'PORCENTAJE', '', '#a1b1ba', 17, '', 'GF', 0),
(1550, 35, 9, 633, 0, 'PORCENTAJE', '', '#a1b1ba', 18, '', 'GF', 0),
(1551, 35, 9, 634, 0, 'NOTA', '', '#a1b1ba', 19, '', 'GF', 0),
(1552, 35, 9, 499, 0, 'PORCENTAJE', '', '#a1b1ba', 20, '', 'GF', 0),
(1553, 35, 9, 128, 0, 'BRIX', '', '#a1b1ba', 21, '', 'GF', 0),
(1554, 35, 9, 428, 0, 'FIRMEZA1_PROM', '', '#a1b1ba', 22, '', 'GF', 0),
(1555, 35, 9, 429, 0, 'FIRMEZA2_PROM', '', '#a1b1ba', 23, '', 'GF', 0),
(1556, 35, 9, 635, 0, 'NUMERICO OBLIGATORIO', '', '#a1b1ba', 24, '', 'GF', 0),
(1557, 35, 9, 636, 0, 'PORCENTAJE', '', '#a1b1ba', 25, '', 'GF', 0),
(1558, 35, 6, 637, 0, 'PORCENTAJE', 'SUMA CALIDAD', '#cfe0f7', 26, '', 'GF', 0),
(1559, 35, 6, 513, 0, 'PORCENTAJE', 'SUMA CALIDAD', '#cfe0f7', 27, '', 'GF', 0),
(1560, 35, 6, 511, 0, 'PORCENTAJE', 'SUMA CALIDAD', '#cfe0f7', 28, '', 'GF', 0),
(1561, 35, 6, 520, 0, 'PORCENTAJE', 'SUMA CALIDAD', '#cfe0f7', 29, '', 'GF', 0),
(1562, 35, 6, 522, 0, 'PORCENTAJE', 'SUMA CALIDAD', '#cfe0f7', 30, '', 'GF', 0),
(1563, 35, 6, 638, 0, 'PORCENTAJE', 'SUMA CALIDAD', '#cfe0f7', 31, '', 'GF', 0),
(1564, 35, 6, 523, 0, 'PORCENTAJE', 'SUMA CALIDAD', '#cfe0f7', 32, '', 'GF', 0),
(1565, 35, 6, 639, 0, 'PORCENTAJE', 'SUMA CALIDAD', '#cfe0f7', 33, '', 'GF', 0),
(1566, 35, 6, 525, 0, 'PORCENTAJE', 'SUMA CALIDAD', '#cfe0f7', 34, '', 'GF', 0),
(1567, 35, 6, 521, 0, 'PORCENTAJE', 'SUMA CALIDAD', '#cfe0f7', 35, '', 'GF', 0),
(1568, 35, 6, 640, 0, 'PORCENTAJE', 'SUMA CALIDAD', '#cfe0f7', 36, '', 'GF', 0),
(1569, 35, 6, 141, 0, 'PORCENTAJE', 'SUMA CALIDAD', '#cfe0f7', 37, '', 'GF', 0),
(1570, 35, 6, 647, 0, 'PORCENTAJE', 'SUMA CALIDAD', '#cfe0f7', 38, '', 'GF', 0),
(1571, 35, 6, 518, 0, 'PORCENTAJE', 'SUMA CALIDAD', '#cfe0f7', 39, '', 'GF', 0),
(1572, 35, 6, 539, 0, 'PORCENTAJE', 'SUMA CALIDAD', '#cfe0f7', 40, '', 'GF', 0),
(1573, 35, 6, 641, 0, 'PORCENTAJE', 'SUMA CALIDAD', '#cfe0f7', 41, '', 'GF', 0),
(1574, 35, 6, 397, 0, 'PORCENTAJE', 'SUMA CALIDAD', '#cfe0f7', 42, '', 'GF', 0),
(1575, 35, 6, 642, 0, 'PORCENTAJE', 'SUMA CALIDAD', '#cfe0f7', 43, '', 'GF', 0),
(1576, 35, 6, 643, 0, 'PORCENTAJE', 'SUMA CALIDAD', '#cfe0f7', 44, '', 'GF', 0),
(1577, 35, 6, 517, 0, 'PORCENTAJE', 'SUMA CALIDAD', '#cfe0f7', 45, '', 'GF', 0),
(1578, 35, 6, 645, 0, 'PORCENTAJE', 'SUMA CALIDAD', '#cfe0f7', 46, '', 'GF', 0),
(1579, 35, 6, 646, 0, 'PORCENTAJE', 'SUMA CALIDAD', '#cfe0f7', 47, '', 'GF', 0),
(1580, 35, 6, 519, 0, 'PORCENTAJE', 'SUMA CALIDAD', '#cfe0f7', 48, '', 'GF', 0),
(1581, 35, 6, 403, 0, 'SUMA CALIDAD', '', '#cfe0f7', 49, '', 'GF', 0),
(1582, 35, 6, 146, 0, 'NOTA CALIDAD', '', '#cfe0f7', 50, '', 'GF', 0),
(1583, 35, 7, 530, 0, 'PORCENTAJE', 'SUMA CONDICION', '#f0e6c2', 51, '', 'GF', 0),
(1584, 35, 7, 648, 0, 'PORCENTAJE', 'SUMA CONDICION', '#f0e6c2', 52, '', 'GF', 0),
(1585, 35, 7, 649, 0, 'PORCENTAJE', 'SUMA CONDICION', '#f0e6c2', 52, '', 'GF', 0),
(1586, 35, 7, 542, 0, 'PORCENTAJE', 'SUMA CONDICION', '#f0e6c2', 54, '', 'GF', 0),
(1587, 35, 7, 541, 0, 'PORCENTAJE', 'SUMA CONDICION', '#f0e6c2', 55, '', 'GF', 0),
(1588, 35, 7, 159, 0, 'PORCENTAJE', 'SUMA CONDICION', '#f0e6c2', 56, '', 'GF', 0),
(1589, 35, 7, 538, 0, 'PORCENTAJE', 'SUMA CONDICION', '#f0e6c2', 57, '', 'GF', 0),
(1590, 35, 7, 650, 0, 'PORCENTAJE', 'SUMA CONDICION', '#f0e6c2', 58, '', 'GF', 0),
(1591, 35, 7, 651, 0, 'PORCENTAJE', 'SUMA CONDICION', '#f0e6c2', 59, '', 'GF', 0),
(1592, 35, 7, 540, 0, 'PORCENTAJE', 'SUMA CONDICION', '#f0e6c2', 60, '', 'GF', 0),
(1593, 35, 7, 652, 0, 'PORCENTAJE', 'SUMA CONDICION', '#f0e6c2', 61, '', 'GF', 0),
(1594, 35, 7, 528, 0, 'PORCENTAJE', 'SUMA CONDICION', '#f0e6c2', 62, '', 'GF', 0);
INSERT INTO `cal_planilla_defectos` (`id_planilla_defecto`, `planilla_id`, `id_parametro`, `id_defecto`, `clasificacion_id`, `tipo_medicion`, `hijos_de`, `color`, `orden_planilla`, `codigo_defecto_interno`, `cliente_id`, `part_sincro`) VALUES
(1595, 35, 7, 502, 0, 'PORCENTAJE', 'SUMA CONDICION', '#f0e6c2', 63, '', 'GF', 0),
(1596, 35, 7, 529, 0, 'PORCENTAJE', 'SUMA CONDICION', '#f0e6c2', 64, '', 'GF', 0),
(1597, 35, 7, 404, 0, 'SUMA CONDICION', '', '#f0e6c2', 65, '', 'GF', 0),
(1598, 35, 7, 156, 0, 'NOTA CONDICION', '', '#f0e6c2', 66, '', 'GF', 0),
(1599, 35, 12, 163, 0, 'SUMA TOTAL', '', '#cad6ff', 67, '', 'GF', 0),
(1667, 35, 7, 431, 0, 'PORCENTAJE', 'SUMA CONDICION', '#f0e6c2', 50.1, '', 'GF', 0),
(1721, 28, 7, 672, 0, 'PORCENTAJE', 'SUMA CONDICION', '#f0e6c2', 52.1, '', 'GF', 0),
(1722, 28, 7, 673, 0, 'PORCENTAJE', 'SUMA CONDICION', '#f0e6c2', 52.2, '', 'GF', 0),
(1723, 29, 7, 672, 0, 'NUMERICO', 'SUMA', '#f0e6c2', 52.1, '', 'GF', 0),
(1724, 29, 7, 673, 0, 'NUMERICO', 'SUMA', '#f0e6c2', 52.2, '', 'GF', 0),
(1819, 28, 7, 431, 0, 'PORCENTAJE', 'SUMA CONDICION', '#f0e6c2', 52.3, '', 'GF', 0),
(1822, 30, 6, 679, 0, 'PORCENTAJE', 'SUMA CALIDAD', '#cfe0f7', 32.1, '', 'GF', 0),
(1823, 31, 6, 679, 0, 'NUMERICO', 'SUMA', '#cfe0f7', 32.1, '', 'GF', 0),
(1824, 39, 38, 681, 0, 'FECHA', '', '#ffa3a3', 1, '', 'GF', 0),
(1827, 39, 38, 684, 0, 'TIPO BOLSA', '', '#ffa3a3', 4, '', 'GF', 0),
(1828, 39, 38, 421, 0, 'LINEAS GF', '', '#ffa3a3', 5, '', 'GF', 0),
(1829, 39, 38, 687, 0, 'TEXTO', '', '#ffa3a3', 6, '', 'GF', 0),
(1830, 39, 38, 119, 0, 'PESO NETO', '', '#ffa3a3', 7, '', 'GF', 0),
(1831, 39, 38, 419, 0, 'NPROCESO', '', '#ffa3a3', 8, '', 'GF', 0),
(1832, 39, 38, 708, 0, 'NLOTE', '', '#ffa3a3', 9, '', 'GF', 0),
(1833, 39, 38, 692, 0, 'APTITUD LOTE', '', '#ffa3a3', 10, '', 'GF', 0),
(1839, 39, 38, 698, 0, 'NUMERICO', '', '#ffa3a3', 16, '', 'GF', 0),
(1840, 39, 38, 699, 0, 'NUMERICO', '', '#ffa3a3', 17, '', 'GF', 0),
(1841, 39, 38, 389, 0, 'NFRUTOS', '', '#ffa3a3', 18, '', 'GF', 0),
(1842, 39, 38, 686, 0, 'FOLIO PALLET', '', '#ffa3a3', 5.2, '', 'GF', 0),
(1851, 39, 9, 425, 0, 'NUMERICO', '', '#a1b1ba', 47, '', 'GF', 0),
(1852, 39, 9, 496, 0, 'PORCENTAJE', '', '#a1b1ba', 48, '', 'GF', 0),
(1853, 39, 9, 133, 0, 'PORCENTAJE', '', '#a1b1ba', 49, '', 'GF', 0),
(1854, 39, 9, 709, 0, 'COLOR', '', '#a1b1ba', 50, '', 'GF', 0),
(1855, 39, 6, 710, 0, 'PORCENTAJE', 'SUMA CALIDAD', '#cfe0f7', 51, '', 'GF', 0),
(1856, 39, 6, 713, 0, 'PORCENTAJE', 'SUMA CALIDAD', '#cfe0f7', 52, '', 'GF', 0),
(1857, 39, 6, 711, 0, 'PORCENTAJE', 'SUMA CALIDAD', '#cfe0f7', 54, '', 'GF', 0),
(1858, 39, 6, 549, 0, 'PORCENTAJE', 'SUMA CALIDAD', '#cfe0f7', 55, '', 'GF', 0),
(1859, 39, 6, 712, 0, 'PORCENTAJE', 'SUMA CALIDAD', '#cfe0f7', 56, '', 'GF', 0),
(1860, 39, 6, 714, 0, 'PORCENTAJE', 'SUMA CALIDAD', '#cfe0f7', 57, '', 'GF', 0),
(1861, 39, 6, 715, 0, 'PORCENTAJE', 'SUMA CALIDAD', '#cfe0f7', 58, '', 'GF', 0),
(1862, 39, 6, 716, 0, 'PORCENTAJE', 'SUMA CALIDAD', '#cfe0f7', 59, '', 'GF', 0),
(1863, 39, 6, 430, 0, 'PORCENTAJE', 'SUMA CALIDAD', '#cfe0f7', 60, '', 'GF', 0),
(1864, 39, 6, 717, 0, 'PORCENTAJE', 'SUMA CALIDAD', '#cfe0f7', 61, '', 'GF', 0),
(1865, 39, 6, 145, 0, 'PORCENTAJE', 'SUMA CALIDAD', '#cfe0f7', 62, '', 'GF', 0),
(1866, 39, 6, 722, 0, 'PORCENTAJE', 'SUMA CALIDAD', '#cfe0f7', 63, '', 'GF', 0),
(1867, 39, 6, 723, 0, 'PORCENTAJE', 'SUMA CALIDAD', '#cfe0f7', 64, '', 'GF', 0),
(1868, 39, 6, 718, 0, 'PORCENTAJE', 'SUMA CALIDAD', '#cfe0f7', 65, '', 'GF', 0),
(1869, 39, 6, 140, 0, 'PORCENTAJE', 'SUMA CALIDAD', '#cfe0f7', 66, '', 'GF', 0),
(1870, 39, 6, 719, 0, 'PORCENTAJE', 'SUMA CALIDAD', '#cfe0f7', 67, '', 'GF', 0),
(1871, 39, 6, 720, 0, 'PORCENTAJE', 'SUMA CALIDAD', '#cfe0f7', 68, '', 'GF', 0),
(1872, 39, 6, 721, 0, 'PORCENTAJE', 'SUMA CALIDAD', '#cfe0f7', 69, '', 'GF', 0),
(1873, 39, 6, 679, 0, 'PORCENTAJE', 'SUMA CALIDAD', '#cfe0f7', 70, '', 'GF', 0),
(1874, 39, 7, 724, 0, 'PORCENTAJE', 'SUMA CONDICION', '#f0e6c2', 71, '', 'GF', 0),
(1875, 39, 7, 536, 0, 'PORCENTAJE', 'SUMA CONDICION', '#f0e6c2', 72, '', 'GF', 0),
(1876, 39, 7, 407, 0, 'PORCENTAJE', 'SUMA CONDICION', '#f0e6c2', 73, '', 'GF', 0),
(1877, 39, 7, 725, 0, 'PORCENTAJE', 'SUMA CONDICION', '#f0e6c2', 74, '', 'GF', 0),
(1878, 39, 7, 408, 0, 'PORCENTAJE', 'SUMA CONDICION', '#f0e6c2', 75, '', 'GF', 0),
(1879, 39, 7, 411, 0, 'PORCENTAJE', 'SUMA CONDICION', '#f0e6c2', 76, '', 'GF', 0),
(1880, 39, 7, 159, 0, 'PORCENTAJE', 'SUMA CONDICION', '#f0e6c2', 77, '', 'GF', 0),
(1881, 39, 7, 142, 0, 'PORCENTAJE', 'SUMA CONDICION', '#f0e6c2', 78, '', 'GF', 0),
(1882, 26, 7, 726, 0, 'PORCENTAJE', 'SUMA CONDICION', '#f0e6c2', 43.1, '', 'GF', 0),
(1883, 27, 7, 726, 0, 'NUMERICO', 'SUMA', '#f0e6c2', 20.1, '', 'GF', 0),
(1884, 39, 38, 118, 0, 'CALIBRE', '', '#ffa3a3', 1.1, '', 'GF', 0),
(1885, 39, 38, 680, 0, 'NMUESTRA', '', '#ffa3a3', 5.1, '', 'GF', 0),
(1886, 30, 6, 727, 0, 'PORCENTAJE', 'SUMA CALIDAD', '#cfe0f7', 32.1, '', 'GF', 0),
(1887, 39, 38, 728, 0, 'FECHA', '', '#ffa3a3', 1.01, '', 'GF', 0),
(1888, 39, 6, 729, 0, 'PORCENTAJE', 'SUMA CALIDAD', '#cfe0f7', 53, '', 'GF', 0),
(1982, 42, 38, 681, 0, 'FECHA', '', '#ffa3a3', 1, '', 'GF', 0),
(1983, 42, 38, 728, 0, 'FECHA', '', '#ffa3a3', 2, '', 'GF', 0),
(1984, 42, 38, 118, 0, 'CALIBRE', '', '#ffa3a3', 3, '', 'GF', 0),
(1987, 42, 38, 684, 0, 'TIPO BOLSA', '', '#ffa3a3', 6, '', 'GF', 0),
(1988, 42, 38, 421, 0, 'LINEAS GF', '', '#ffa3a3', 7, '', 'GF', 0),
(1989, 42, 38, 680, 0, 'NMUESTRA', '', '#ffa3a3', 8, '', 'GF', 0),
(1990, 42, 38, 686, 0, 'FOLIO PALLET', '', '#ffa3a3', 9, '', 'GF', 0),
(1991, 42, 38, 687, 0, 'TEXTO', '', '#ffa3a3', 10, '', 'GF', 0),
(1992, 42, 38, 862, 0, 'PESO NETO', '', '#ffa3a3', 11, '', 'GF', 0),
(1993, 42, 38, 419, 0, 'NPROCESO', '', '#ffa3a3', 12, '', 'GF', 0),
(1994, 42, 38, 708, 0, 'NLOTE', '', '#ffa3a3', 13, '', 'GF', 0),
(1995, 42, 38, 692, 0, 'APTITUD LOTE', '', '#ffa3a3', 14, '', 'GF', 0),
(2001, 42, 38, 698, 0, 'NUMERICO', '', '#ffa3a3', 20, '', 'GF', 0),
(2002, 42, 38, 699, 0, 'NUMERICO', '', '#ffa3a3', 21, '', 'GF', 0),
(2003, 42, 38, 389, 0, 'NFRUTOS', '', '#ffa3a3', 22, '', 'GF', 0),
(2013, 42, 9, 826, 0, 'NUMERICO', '', '#a1b1ba', 32, '', 'GF', 0),
(2014, 42, 9, 827, 0, 'NUMERICO', '', '#a1b1ba', 33, '', 'GF', 0),
(2015, 42, 45, 128, 0, 'BRIX', '', '#ffa3a3', 34, '', 'GF', 0),
(2020, 42, 6, 828, 0, 'PORCENTAJE', 'SUMA CALIDAD', '#cfe0f7', 39, '', 'GF', 0),
(2021, 42, 6, 398, 0, 'PORCENTAJE', 'SUMA CALIDAD', '#cfe0f7', 40, '', 'GF', 0),
(2022, 42, 6, 829, 0, 'PORCENTAJE', 'SUMA CALIDAD', '#cfe0f7', 41, '', 'GF', 0),
(2024, 42, 6, 399, 0, 'PORCENTAJE', 'SUMA CALIDAD', '#cfe0f7', 43, '', 'GF', 0),
(2025, 42, 6, 830, 0, 'PORCENTAJE', 'SUMA CALIDAD', '#cfe0f7', 44, '', 'GF', 0),
(2026, 42, 6, 831, 0, 'PORCENTAJE', 'SUMA CALIDAD', '#cfe0f7', 45, '', 'GF', 0),
(2027, 42, 6, 832, 0, 'PORCENTAJE', 'SUMA CALIDAD', '#cfe0f7', 46, '', 'GF', 0),
(2028, 42, 6, 833, 0, 'PORCENTAJE', 'SUMA CALIDAD', '#cfe0f7', 47, '', 'GF', 0),
(2029, 42, 6, 834, 0, 'PORCENTAJE', 'SUMA CALIDAD', '#cfe0f7', 48, '', 'GF', 0),
(2030, 42, 6, 835, 0, 'PORCENTAJE', 'SUMA CALIDAD', '#cfe0f7', 49, '', 'GF', 0),
(2031, 42, 6, 805, 0, 'PORCENTAJE', 'SUMA CALIDAD', '#cfe0f7', 50, '', 'GF', 0),
(2032, 42, 6, 806, 0, 'PORCENTAJE', 'SUMA CALIDAD', '#cfe0f7', 51, '', 'GF', 0),
(2033, 42, 6, 859, 0, 'PORCENTAJE', 'SUMA CALIDAD', '#cfe0f7', 52, '', 'GF', 0),
(2034, 42, 6, 808, 0, 'PORCENTAJE', 'SUMA CALIDAD', '#cfe0f7', 53, '', 'GF', 0),
(2035, 42, 6, 810, 0, 'PORCENTAJE', 'SUMA CALIDAD', '#cfe0f7', 54, '', 'GF', 0),
(2036, 42, 6, 809, 0, 'PORCENTAJE', 'SUMA CALIDAD', '#cfe0f7', 55, '', 'GF', 0),
(2037, 42, 6, 836, 0, 'PORCENTAJE', 'SUMA CALIDAD', '#cfe0f7', 56, '', 'GF', 0),
(2038, 42, 7, 838, 0, 'PORCENTAJE', 'SUMA CONDICION', '#f0e6c2', 58, '', 'GF', 0),
(2039, 42, 7, 811, 0, 'PORCENTAJE', 'SUMA CONDICION', '#f0e6c2', 59, '', 'GF', 0),
(2040, 42, 7, 405, 0, 'PORCENTAJE', 'SUMA CONDICION', '#f0e6c2', 60, '', 'GF', 0),
(2041, 42, 7, 534, 0, 'PORCENTAJE', 'SUMA CONDICION', '#f0e6c2', 61, '', 'GF', 0),
(2043, 42, 7, 840, 0, 'PORCENTAJE', 'SUMA CONDICION', '#f0e6c2', 63, '', 'GF', 0),
(2044, 42, 7, 409, 0, 'PORCENTAJE', 'SUMA CONDICION', '#f0e6c2', 64, '', 'GF', 0),
(2045, 42, 7, 841, 0, 'PORCENTAJE', 'SUMA CONDICION', '#f0e6c2', 65, '', 'GF', 0),
(2047, 42, 7, 812, 0, 'PORCENTAJE', 'SUMA CONDICION', '#f0e6c2', 67, '', 'GF', 0),
(2048, 42, 7, 813, 0, 'PORCENTAJE', 'SUMA CONDICION', '#f0e6c2', 68, '', 'GF', 0),
(2049, 42, 7, 413, 0, 'PORCENTAJE', 'SUMA CONDICION', '#f0e6c2', 69, '', 'GF', 0),
(2051, 42, 7, 814, 0, 'PORCENTAJE', 'SUMA CONDICION', '#f0e6c2', 71, '', 'GF', 0),
(2052, 42, 7, 517, 0, 'PORCENTAJE', 'SUMA CONDICION', '#f0e6c2', 72, '', 'GF', 0),
(2053, 42, 7, 843, 0, 'PORCENTAJE', 'SUMA CONDICION', '#f0e6c2', 73, '', 'GF', 0),
(2054, 42, 7, 815, 0, 'PORCENTAJE', 'SUMA CONDICION', '#f0e6c2', 74, '', 'GF', 0),
(2055, 42, 7, 844, 0, 'PORCENTAJE', 'SUMA CONDICION', '#f0e6c2', 75, '', 'GF', 0),
(2056, 42, 7, 816, 0, 'PORCENTAJE', 'SUMA CONDICION', '#f0e6c2', 74.1, '', 'GF', 0),
(2057, 42, 7, 817, 0, 'PORCENTAJE', 'SUMA CONDICION', '#f0e6c2', 74.2, '', 'GF', 0),
(2058, 42, 7, 416, 0, 'PORCENTAJE', 'SUMA CONDICION', '#f0e6c2', 74.3, '', 'GF', 0),
(2059, 42, 7, 415, 0, 'PORCENTAJE', 'SUMA CONDICION', '#f0e6c2', 74.4, '', 'GF', 0),
(2060, 42, 9, 819, 0, 'PORCENTAJE', 'SUMA4 CONDICION', '#a1b1ba', 81, '', 'GF', 0),
(2061, 42, 9, 820, 0, 'PORCENTAJE', 'SUMA4 CONDICION', '#a1b1ba', 86, '', 'GF', 0),
(2062, 42, 9, 821, 0, 'PORCENTAJE', 'SUMA4 CONDICION', '#a1b1ba', 88, '', 'GF', 0),
(2063, 42, 9, 822, 0, 'PORCENTAJE', 'SUMA4 CONDICION', '#a1b1ba', 89, '', 'GF', 0),
(2064, 42, 9, 823, 0, 'PORCENTAJE', 'SUMA4 CONDICION', '#a1b1ba', 90, '', 'GF', 0),
(2065, 42, 9, 824, 0, 'PORCENTAJE', 'SUMA4 CONDICION', '#a1b1ba', 77, '', 'GF', 0),
(2066, 42, 9, 402, 0, 'PORCENTAJE', 'SUMA4 CONDICION', '#a1b1ba', 76, '', 'GF', 0),
(2196, 42, 9, 848, 0, 'NUMERICO', '', '#a1b1ba', 82, '', 'GF', 0),
(2197, 42, 9, 849, 0, 'NUMERICO', '', '#a1b1ba', 83, '', 'GF', 0),
(2199, 42, 9, 851, 0, 'NUMERICO', '', '#a1b1ba', 84, '', 'GF', 0),
(2200, 42, 9, 852, 0, 'NUMERICO', '', '#a1b1ba', 85, '', 'GF', 0),
(2205, 16, 6, 827, 0, 'NUMERICO', 'SUMA', '#cfe0f7', 4.1, '', 'GF', 0),
(2206, 16, 6, 424, 0, 'NUMERICO', 'SUMA', '#cfe0f7', 16.1, '', 'GF', 0),
(2207, 16, 7, 423, 0, 'NUMERICO', 'SUMA', '#f0e6c2', 30.1, '', 'GF', 0),
(2212, 42, 6, 403, 0, 'SUMA CALIDAD', '', '#cfe0f7', 56.1, '', 'GF', 0),
(2213, 42, 7, 404, 0, 'SUMA CONDICION', '', '#f0e6c2', 75.1, '', 'GF', 0),
(2214, 42, 38, 858, 0, 'FECHA', '', '#ffa3a3', 2.1, '', 'GF', 0),
(2215, 42, 9, 162, 0, 'SUMA4 CONDICION', '', '#a1b1ba', 91, '', 'GF', 0),
(2217, 42, 9, 861, 0, 'NUMERICO', '', '#a1b1ba', 80, '', 'GF', 0),
(2218, 42, 38, 689, 0, 'NUMERICO', '', '#ffa3a3', 11.1, '', 'GF', 0),
(2258, 42, 7, 907, 0, 'PORCENTAJE', 'SUMA CONDICION', '#f0e6c2', 75.1, '', 'GF', 0),
(2259, 15, 9, 422, 0, 'NUMERICO', '', '#a1b1ba', 17.1, '', 'GF', 0),
(2280, 47, 38, 681, 0, 'FECHA', '', '#ffa3a3', 1, '', 'GF', 0),
(2281, 48, 38, 681, 0, 'FECHA', '', '#ffa3a3', 1, '', 'GF', 0),
(2282, 48, 38, 728, 0, 'FECHA', '', '#ffa3a3', 2, '', 'GF', 0),
(2284, 47, 38, 728, 0, 'FECHA', '', '#ffa3a3', 2, '', 'GF', 0),
(2285, 47, 38, 118, 0, 'CALIBRE', '', '#ffa3a3', 3, '', 'GF', 0),
(2288, 47, 38, 684, 0, 'TIPO BOLSA', '', '#ffa3a3', 6, '', 'GF', 0),
(2289, 47, 38, 421, 0, 'LINEAS GF', '', '#ffa3a3', 7, '', 'GF', 0),
(2290, 48, 38, 858, 0, 'FECHA', '', '#ffa3a3', 3, '', 'GF', 0),
(2291, 48, 38, 118, 0, 'CALIBRE', '', '#ffa3a3', 3, '', 'GF', 0),
(2292, 47, 38, 680, 0, 'NMUESTRA', '', '#ffa3a3', 8, '', 'GF', 0),
(2293, 47, 38, 686, 0, 'FOLIO PALLET', '', '#ffa3a3', 9, '', 'GF', 0),
(2294, 47, 38, 687, 0, 'NUMERICO', '', '#ffa3a3', 10, '', 'GF', 0),
(2297, 47, 38, 688, 0, 'PESO NETO', '', '#ffa3a3', 11, '', 'GF', 0),
(2298, 47, 38, 419, 0, 'NPROCESO', '', '#ffa3a3', 12, '', 'GF', 0),
(2299, 47, 38, 708, 0, 'NLOTE', '', '#ffa3a3', 13, '', 'GF', 0),
(2300, 47, 38, 692, 0, 'APTITUD LOTE', '', '#ffa3a3', 14, '', 'GF', 0),
(2301, 48, 38, 684, 0, 'TIPO BOLSA', '', '#ffa3a3', 6, '', 'GF', 0),
(2303, 48, 38, 421, 0, 'LINEAS GF', '', '#ffa3a3', 7, '', 'GF', 0),
(2306, 48, 38, 680, 0, 'NMUESTRA', '', '#ffa3a3', 8, '', 'GF', 0),
(2308, 48, 38, 686, 0, 'FOLIO PALLET', '', '#ffa3a3', 9, '', 'GF', 0),
(2309, 48, 38, 687, 0, 'NUMERICO', '', '#ffa3a3', 10, '', 'GF', 0),
(2310, 48, 38, 688, 0, 'PESO NETO', '', '#ffa3a3', 11, '', 'GF', 0),
(2311, 47, 38, 698, 0, 'NUMERICO', '', '#ffa3a3', 19, '', 'GF', 0),
(2312, 48, 38, 689, 0, 'NUMERICO', '', '#ffa3a3', 12, '', 'GF', 0),
(2313, 47, 38, 699, 0, 'NUMERICO', '', '#ffa3a3', 20, '', 'GF', 0),
(2314, 47, 38, 389, 0, 'NFRUTOS', '', '#ffa3a3', 21, '', 'GF', 0),
(2315, 47, 38, 858, 0, 'FECHA', '', '#ffa3a3', 2.1, '', 'GF', 0),
(2316, 47, 38, 863, 0, 'NUMERICO', '', '#ffa3a3', 11.1, '', 'GF', 0),
(2317, 48, 38, 419, 0, 'NPROCESO', '', '#ffa3a3', 13, '', 'GF', 0),
(2318, 48, 38, 708, 0, 'NLOTE', '', '#ffa3a3', 14, '', 'GF', 0),
(2319, 48, 38, 692, 0, 'APTITUD LOTE', '', '#ffa3a3', 15, '', 'GF', 0),
(2324, 48, 38, 698, 0, 'TEXTO', '', '#ffa3a3', 20, '', 'GF', 0),
(2325, 48, 38, 699, 0, 'TEXTO', '', '#ffa3a3', 21, '', 'GF', 0),
(2326, 48, 38, 389, 0, 'NFRUTOS', '', '#ffa3a3', 22, '', 'GF', 0),
(2335, 47, 39, 856, 0, 'NOTA APERTURA', '', '#ce8282', 30, '', 'GF', 0),
(2361, 47, 6, 807, 0, 'PORCENTAJE', 'SUMA CALIDAD', '#cfe0f7', 63, '', 'GF', 0),
(2362, 47, 6, 828, 0, 'PORCENTAJE', 'SUMA CALIDAD', '#cfe0f7', 64, '', 'GF', 0),
(2363, 47, 6, 909, 0, 'PORCENTAJE', 'SUMA CALIDAD', '#cfe0f7', 65, '', 'GF', 0),
(2364, 47, 6, 845, 0, 'PORCENTAJE', 'SUMA CALIDAD', '#cfe0f7', 66, '', 'GF', 0),
(2365, 47, 6, 836, 0, 'PORCENTAJE', 'SUMA CALIDAD', '#cfe0f7', 67, '', 'GF', 0),
(2366, 47, 6, 830, 0, 'PORCENTAJE', 'SUMA CALIDAD', '#cfe0f7', 68, '', 'GF', 0),
(2367, 47, 6, 913, 0, 'PORCENTAJE', 'SUMA CALIDAD', '#cfe0f7', 69, '', 'GF', 0),
(2369, 47, 6, 915, 0, 'PORCENTAJE', 'SUMA CALIDAD', '#cfe0f7', 72, '', 'GF', 0),
(2370, 47, 6, 916, 0, 'PORCENTAJE', 'SUMA CALIDAD', '#cfe0f7', 73, '', 'GF', 0),
(2371, 47, 6, 917, 0, 'PORCENTAJE', 'SUMA CALIDAD', '#cfe0f7', 74, '', 'GF', 0),
(2372, 47, 6, 834, 0, 'PORCENTAJE', 'SUMA CALIDAD', '#cfe0f7', 75, '', 'GF', 0),
(2373, 48, 6, 807, 0, 'PORCENTAJE', 'SUMA CALIDAD', '#cfe0f7', 40, '', 'GF', 0),
(2374, 47, 6, 919, 0, 'PORCENTAJE', 'SUMA CALIDAD', '#cfe0f7', 76, '', 'GF', 0),
(2375, 47, 6, 920, 0, 'PORCENTAJE', 'SUMA CALIDAD', '#cfe0f7', 77, '', 'GF', 0),
(2376, 47, 6, 921, 0, 'PORCENTAJE', 'SUMA CALIDAD', '#cfe0f7', 78, '', 'GF', 0),
(2377, 48, 6, 828, 0, 'PORCENTAJE', 'SUMA CALIDAD', '#cfe0f7', 41, '', 'GF', 0),
(2378, 47, 6, 922, 0, 'PORCENTAJE', 'SUMA CALIDAD', '#cfe0f7', 79, '', 'GF', 0),
(2379, 48, 6, 909, 0, 'PORCENTAJE', 'SUMA CALIDAD', '#cfe0f7', 42, '', 'GF', 0),
(2380, 48, 6, 825, 0, 'PORCENTAJE', 'SUMA CALIDAD', '#cfe0f7', 43, '', 'GF', 0),
(2381, 48, 6, 836, 0, 'PORCENTAJE', 'SUMA CALIDAD', '#cfe0f7', 44, '', 'GF', 0),
(2382, 48, 6, 830, 0, 'PORCENTAJE', 'SUMA CALIDAD', '#cfe0f7', 45, '', 'GF', 0),
(2383, 48, 6, 913, 0, 'PORCENTAJE', 'SUMA CALIDAD', '#cfe0f7', 46, '', 'GF', 0),
(2384, 48, 6, 914, 0, 'PORCENTAJE', 'SUMA CALIDAD', '#cfe0f7', 47, '', 'GF', 0),
(2385, 48, 6, 915, 0, 'PORCENTAJE', 'SUMA CALIDAD', '#cfe0f7', 48, '', 'GF', 0),
(2386, 48, 6, 916, 0, 'PORCENTAJE', 'SUMA CALIDAD', '#cfe0f7', 49, '', 'GF', 0),
(2387, 48, 6, 917, 0, 'PORCENTAJE', 'SUMA CALIDAD', '#cfe0f7', 50, '', 'GF', 0),
(2388, 48, 6, 834, 0, 'PORCENTAJE', 'SUMA CALIDAD', '#cfe0f7', 51, '', 'GF', 0),
(2389, 47, 6, 923, 0, 'PORCENTAJE', 'SUMA CALIDAD', '#cfe0f7', 79.1, '', 'GF', 0),
(2390, 48, 6, 919, 0, 'PORCENTAJE', 'SUMA CALIDAD', '#cfe0f7', 52, '', 'GF', 0),
(2391, 48, 6, 920, 0, 'PORCENTAJE', 'SUMA CALIDAD', '#cfe0f7', 53, '', 'GF', 0),
(2392, 48, 6, 921, 0, 'PORCENTAJE', 'SUMA CALIDAD', '#cfe0f7', 54, '', 'GF', 0),
(2393, 48, 6, 922, 0, 'PORCENTAJE', 'SUMA CALIDAD', '#cfe0f7', 55, '', 'GF', 0),
(2394, 47, 7, 924, 0, 'PORCENTAJE', 'SUMA CONDICION', '#f0e6c2', 82, '', 'GF', 0),
(2395, 47, 7, 925, 0, 'PORCENTAJE', 'SUMA CONDICION', '#f0e6c2', 83, '', 'GF', 0),
(2396, 47, 7, 926, 0, 'PORCENTAJE', 'SUMA CONDICION', '#f0e6c2', 84, '', 'GF', 0),
(2397, 47, 7, 927, 0, 'PORCENTAJE', 'SUMA CONDICION', '#f0e6c2', 85, '', 'GF', 0),
(2398, 47, 7, 928, 0, 'PORCENTAJE', 'SUMA CONDICION', '#f0e6c2', 86, '', 'GF', 0),
(2399, 47, 7, 840, 0, 'PORCENTAJE', 'SUMA CONDICION', '#f0e6c2', 87, '', 'GF', 0),
(2400, 47, 7, 929, 0, 'PORCENTAJE', 'SUMA CONDICION', '#f0e6c2', 88, '', 'GF', 0),
(2401, 47, 7, 930, 0, 'PORCENTAJE', 'SUMA CONDICION', '#f0e6c2', 89, '', 'GF', 0),
(2402, 48, 6, 403, 0, 'SUMA CALIDAD', '', '#cfe0f7', 56, '', 'GF', 0),
(2403, 47, 7, 841, 0, 'PORCENTAJE', 'SUMA CONDICION', '#f0e6c2', 90, '', 'GF', 0),
(2404, 47, 7, 931, 0, 'PORCENTAJE', 'SUMA CONDICION', '#f0e6c2', 91, '', 'GF', 0),
(2405, 47, 7, 932, 0, 'PORCENTAJE', 'SUMA CONDICION', '#f0e6c2', 92, '', 'GF', 0),
(2406, 47, 7, 907, 0, 'PORCENTAJE', 'SUMA CONDICION', '#f0e6c2', 93, '', 'GF', 0),
(2407, 47, 7, 933, 0, 'PORCENTAJE', 'SUMA CONDICION', '#f0e6c2', 94, '', 'GF', 0),
(2408, 48, 6, 923, 0, 'PORCENTAJE', 'SUMA CALIDAD', '#cfe0f7', 55.1, '', 'GF', 0),
(2409, 47, 7, 934, 0, 'PORCENTAJE', 'SUMA CONDICION', '#f0e6c2', 95, '', 'GF', 0),
(2410, 48, 7, 924, 0, 'PORCENTAJE', 'SUMA CONDICION', '#f0e6c2', 58, '', 'GF', 0),
(2411, 47, 7, 935, 0, 'PORCENTAJE', 'SUMA CONDICION', '#f0e6c2', 96, '', 'GF', 0),
(2412, 48, 7, 925, 0, 'PORCENTAJE', 'SUMA CONDICION', '#f0e6c2', 59, '', 'GF', 0),
(2413, 47, 7, 936, 0, 'PORCENTAJE', 'SUMA CONDICION', '#f0e6c2', 97, '', 'GF', 0),
(2414, 47, 7, 937, 0, 'PORCENTAJE', 'SUMA CONDICION', '#f0e6c2', 98, '', 'GF', 0),
(2415, 48, 7, 926, 0, 'PORCENTAJE', 'SUMA CONDICION', '#f0e6c2', 60, '', 'GF', 0),
(2417, 48, 7, 927, 0, 'PORCENTAJE', 'SUMA CONDICION', '#f0e6c2', 61, '', 'GF', 0),
(2418, 48, 7, 928, 0, 'PORCENTAJE', 'SUMA CONDICION', '#f0e6c2', 62, '', 'GF', 0),
(2419, 48, 7, 840, 0, 'PORCENTAJE', 'SUMA CONDICION', '#f0e6c2', 63, '', 'GF', 0),
(2420, 48, 7, 929, 0, 'PORCENTAJE', 'SUMA CONDICION', '#f0e6c2', 64, '', 'GF', 0),
(2421, 48, 7, 930, 0, 'PORCENTAJE', 'SUMA CONDICION', '#f0e6c2', 65, '', 'GF', 0),
(2422, 48, 7, 841, 0, 'PORCENTAJE', 'SUMA CONDICION', '#f0e6c2', 66, '', 'GF', 0),
(2423, 48, 7, 931, 0, 'PORCENTAJE', 'SUMA CONDICION', '#f0e6c2', 67, '', 'GF', 0),
(2424, 47, 9, 826, 0, 'PORCENTAJE', '', '#a1b1ba', 101, '', 'GF', 0),
(2425, 48, 7, 159, 0, 'PORCENTAJE', 'SUMA CONDICION', '#f0e6c2', 68, '', 'GF', 0),
(2426, 47, 9, 827, 0, 'PORCENTAJE', '', '#a1b1ba', 102, '', 'GF', 0),
(2427, 48, 7, 932, 0, 'PORCENTAJE', 'SUMA CONDICION', '#f0e6c2', 69, '', 'GF', 0),
(2428, 48, 7, 907, 0, 'PORCENTAJE', 'SUMA CONDICION', '#f0e6c2', 70, '', 'GF', 0),
(2429, 48, 7, 933, 0, 'PORCENTAJE', 'SUMA CONDICION', '#f0e6c2', 71, '', 'GF', 0),
(2430, 48, 7, 404, 0, 'SUMA CONDICION', '', '#f0e6c2', 72, '', 'GF', 0),
(2431, 48, 7, 934, 0, 'PORCENTAJE', 'SUMA CONDICION', '#f0e6c2', 73, '', 'GF', 0),
(2432, 48, 7, 935, 0, 'PORCENTAJE', 'SUMA CONDICION', '#f0e6c2', 74, '', 'GF', 0),
(2433, 48, 7, 936, 0, 'PORCENTAJE', 'SUMA CONDICION', '#f0e6c2', 75, '', 'GF', 0),
(2434, 48, 7, 937, 0, 'PORCENTAJE', 'SUMA CONDICION', '#f0e6c2', 76, '', 'GF', 0),
(2435, 48, 7, 938, 0, 'PORCENTAJE', 'SUMA CONDICION', '#f0e6c2', 77, '', 'GF', 0),
(2436, 47, 9, 425, 0, 'PORCENTAJE', '', '#a1b1ba', 103, '', 'GF', 0),
(2437, 47, 38, 949, 0, 'COLOR', '', '#ffa3a3', 24, '', 'GF', 0),
(2438, 48, 9, 425, 0, 'PORCENTAJE', '', '#a1b1ba', 78, '', 'GF', 0),
(2439, 48, 9, 826, 0, 'PORCENTAJE', '', '#a1b1ba', 79, '', 'GF', 0),
(2440, 47, 6, 403, 0, 'SUMA CALIDAD', '', '#cfe0f7', 80, '', 'GF', 0),
(2441, 48, 9, 827, 0, 'PORCENTAJE', '', '#a1b1ba', 80, '', 'GF', 0),
(2442, 47, 7, 404, 0, 'SUMA CONDICION', '', '#f0e6c2', 100, '', 'GF', 0),
(2443, 48, 9, 939, 0, 'NUMERICO', '', '#a1b1ba', 81, '', 'GF', 0),
(2444, 48, 9, 829, 0, 'PORCENTAJE', '', '#a1b1ba', 82, '', 'GF', 0),
(2445, 48, 38, 949, 0, 'COLOR', '', '#ffa3a3', 22.1, '', 'GF', 0),
(2491, 49, 38, 681, 0, 'FECHA', '', '#ffa3a3', 1, '', 'GF', 0),
(2492, 49, 38, 728, 0, 'FECHA', '', '#ffa3a3', 2, '', 'GF', 0),
(2493, 49, 38, 858, 0, 'FECHA', '', '#ffa3a3', 3, '', 'GF', 0),
(2494, 49, 38, 118, 0, 'CALIBRE', '', '#ffa3a3', 3, '', 'GF', 0),
(2497, 49, 38, 684, 0, 'TIPO BOLSA', '', '#ffa3a3', 6, '', 'GF', 0),
(2498, 49, 38, 421, 0, 'LINEAS GF', '', '#ffa3a3', 7, '', 'GF', 0),
(2499, 49, 38, 680, 0, 'NMUESTRA', '', '#ffa3a3', 8, '', 'GF', 0),
(2500, 49, 38, 686, 0, 'FOLIO PALLET', '', '#ffa3a3', 9, '', 'GF', 0),
(2501, 49, 38, 687, 0, 'NUMERICO', '', '#ffa3a3', 10, '', 'GF', 0),
(2502, 49, 38, 688, 0, 'PESO NETO', '', '#ffa3a3', 11, '', 'GF', 0),
(2503, 49, 38, 689, 0, 'NUMERICO', '', '#ffa3a3', 12, '', 'GF', 0),
(2504, 49, 38, 419, 0, 'NPROCESO', '', '#ffa3a3', 13, '', 'GF', 0),
(2505, 49, 38, 708, 0, 'NLOTE', '', '#ffa3a3', 14, '', 'GF', 0),
(2506, 49, 38, 692, 0, 'APTITUD LOTE', '', '#ffa3a3', 15, '', 'GF', 0),
(2511, 49, 38, 698, 0, 'TEXTO', '', '#ffa3a3', 20, '', 'GF', 0),
(2512, 49, 38, 699, 0, 'TEXTO', '', '#ffa3a3', 21, '', 'GF', 0),
(2513, 49, 38, 389, 0, 'NFRUTOS', '', '#ffa3a3', 22, '', 'GF', 0),
(2514, 49, 38, 949, 0, 'COLOR', '', '#ffa3a3', 22.1, '', 'GF', 0),
(2554, 49, 6, 807, 0, 'PORCENTAJE', 'SUMA CALIDAD', '#cfe0f7', 40, '', 'GF', 0),
(2555, 49, 6, 828, 0, 'PORCENTAJE', 'SUMA CALIDAD', '#cfe0f7', 41, '', 'GF', 0),
(2556, 49, 6, 909, 0, 'PORCENTAJE', 'SUMA CALIDAD', '#cfe0f7', 42, '', 'GF', 0),
(2557, 49, 6, 825, 0, 'PORCENTAJE', 'SUMA CALIDAD', '#cfe0f7', 43, '', 'GF', 0),
(2558, 49, 6, 836, 0, 'PORCENTAJE', 'SUMA CALIDAD', '#cfe0f7', 44, '', 'GF', 0),
(2559, 49, 6, 830, 0, 'PORCENTAJE', 'SUMA CALIDAD', '#cfe0f7', 45, '', 'GF', 0),
(2560, 49, 6, 913, 0, 'PORCENTAJE', 'SUMA CALIDAD', '#cfe0f7', 46, '', 'GF', 0),
(2561, 49, 6, 914, 0, 'PORCENTAJE', 'SUMA CALIDAD', '#cfe0f7', 47, '', 'GF', 0),
(2562, 49, 6, 915, 0, 'PORCENTAJE', 'SUMA CALIDAD', '#cfe0f7', 48, '', 'GF', 0),
(2563, 49, 6, 916, 0, 'PORCENTAJE', 'SUMA CALIDAD', '#cfe0f7', 49, '', 'GF', 0),
(2564, 49, 6, 917, 0, 'PORCENTAJE', 'SUMA CALIDAD', '#cfe0f7', 50, '', 'GF', 0),
(2565, 49, 6, 834, 0, 'PORCENTAJE', 'SUMA CALIDAD', '#cfe0f7', 51, '', 'GF', 0),
(2566, 49, 6, 919, 0, 'PORCENTAJE', 'SUMA CALIDAD', '#cfe0f7', 52, '', 'GF', 0),
(2567, 49, 6, 920, 0, 'PORCENTAJE', 'SUMA CALIDAD', '#cfe0f7', 53, '', 'GF', 0),
(2568, 49, 6, 921, 0, 'PORCENTAJE', 'SUMA CALIDAD', '#cfe0f7', 54, '', 'GF', 0),
(2569, 49, 6, 922, 0, 'PORCENTAJE', 'SUMA CALIDAD', '#cfe0f7', 55, '', 'GF', 0),
(2570, 49, 6, 403, 0, 'SUMA CALIDAD', '', '#cfe0f7', 56, '', 'GF', 0),
(2571, 49, 6, 923, 0, 'PORCENTAJE', 'SUMA CALIDAD', '#cfe0f7', 55.1, '', 'GF', 0),
(2572, 49, 7, 924, 0, 'PORCENTAJE', 'SUMA CONDICION', '#f0e6c2', 58, '', 'GF', 0),
(2573, 49, 7, 925, 0, 'PORCENTAJE', 'SUMA CONDICION', '#f0e6c2', 59, '', 'GF', 0),
(2574, 49, 7, 926, 0, 'PORCENTAJE', 'SUMA CONDICION', '#f0e6c2', 60, '', 'GF', 0),
(2575, 49, 7, 927, 0, 'PORCENTAJE', 'SUMA CONDICION', '#f0e6c2', 61, '', 'GF', 0),
(2576, 49, 7, 928, 0, 'PORCENTAJE', 'SUMA CONDICION', '#f0e6c2', 62, '', 'GF', 0),
(2577, 49, 7, 840, 0, 'PORCENTAJE', 'SUMA CONDICION', '#f0e6c2', 63, '', 'GF', 0),
(2578, 49, 7, 929, 0, 'PORCENTAJE', 'SUMA CONDICION', '#f0e6c2', 64, '', 'GF', 0),
(2579, 49, 7, 930, 0, 'PORCENTAJE', 'SUMA CONDICION', '#f0e6c2', 65, '', 'GF', 0),
(2580, 49, 7, 841, 0, 'PORCENTAJE', 'SUMA CONDICION', '#f0e6c2', 66, '', 'GF', 0),
(2581, 49, 7, 931, 0, 'PORCENTAJE', 'SUMA CONDICION', '#f0e6c2', 67, '', 'GF', 0),
(2582, 49, 7, 159, 0, 'PORCENTAJE', 'SUMA CONDICION', '#f0e6c2', 68, '', 'GF', 0),
(2583, 49, 7, 932, 0, 'PORCENTAJE', 'SUMA CONDICION', '#f0e6c2', 69, '', 'GF', 0),
(2584, 49, 7, 907, 0, 'PORCENTAJE', 'SUMA CONDICION', '#f0e6c2', 70, '', 'GF', 0),
(2585, 49, 7, 933, 0, 'PORCENTAJE', 'SUMA CONDICION', '#f0e6c2', 71, '', 'GF', 0),
(2586, 49, 7, 404, 0, 'SUMA CONDICION', '', '#f0e6c2', 72, '', 'GF', 0),
(2587, 49, 7, 934, 0, 'PORCENTAJE', 'SUMA CONDICION', '#f0e6c2', 73, '', 'GF', 0),
(2588, 49, 7, 935, 0, 'PORCENTAJE', 'SUMA CONDICION', '#f0e6c2', 74, '', 'GF', 0),
(2589, 49, 7, 936, 0, 'PORCENTAJE', 'SUMA CONDICION', '#f0e6c2', 75, '', 'GF', 0),
(2590, 49, 7, 937, 0, 'PORCENTAJE', 'SUMA CONDICION', '#f0e6c2', 76, '', 'GF', 0),
(2591, 49, 7, 938, 0, 'PORCENTAJE', 'SUMA CONDICION', '#f0e6c2', 77, '', 'GF', 0),
(2592, 49, 9, 425, 0, 'PORCENTAJE', '', '#a1b1ba', 78, '', 'GF', 0),
(2593, 49, 9, 826, 0, 'PORCENTAJE', '', '#a1b1ba', 79, '', 'GF', 0),
(2594, 49, 9, 827, 0, 'PORCENTAJE', '', '#a1b1ba', 80, '', 'GF', 0),
(2595, 49, 9, 939, 0, 'NUMERICO', '', '#a1b1ba', 81, '', 'GF', 0),
(2596, 49, 9, 829, 0, 'PORCENTAJE', '', '#a1b1ba', 82, '', 'GF', 0),
(2598, 16, 7, 955, 0, 'NUMERICO', 'SUMA', '#f0e6c2', 31.2, '', 'GF', 0),
(2834, 49, 6, 972, 0, 'PORCENTAJE', 'SUMA CALIDAD', '#cfe0f7', 55.2, '', 'GF', 0),
(2835, 47, 6, 972, 0, 'PORCENTAJE', 'SUMA CALIDAD', '#cfe0f7', 79.2, '', 'GF', 0),
(2836, 48, 6, 972, 0, 'PORCENTAJE', 'SUMA CALIDAD', '#cfe0f7', 55.2, '', 'GF', 0),
(2882, 47, 7, 159, 0, 'PORCENTAJE', 'SUMA CONDICION', '#f0e6c2', 95.1, '', 'GF', 0),
(2883, 47, 7, 994, 0, 'PORCENTAJE', 'SUMA CONDICION', '#f0e6c2', 94.1, '', 'GF', 0),
(2884, 48, 7, 994, 0, 'PORCENTAJE', 'SUMA CONDICION', '#f0e6c2', 71.1, '', 'GF', 0),
(2885, 49, 7, 994, 0, 'PORCENTAJE', 'SUMA CONDICION', '#f0e6c2', 71.1, '', 'GF', 0),
(2889, 47, 9, 945, 0, 'NUMERICO', '', '#a1b1ba', 103.2, '', 'GF', 0),
(2890, 48, 9, 944, 0, 'NUMERICO', '', '#a1b1ba', 78.1, '', 'GF', 0),
(2891, 49, 9, 944, 0, 'NUMERICO', '', '#a1b1ba', 78.1, '', 'GF', 0),
(2915, 47, 6, 427, 0, 'PORCENTAJE', 'SUMA CALIDAD', '#cfe0f7', 71.1, '', 'GF', 0),
(2916, 48, 6, 427, 0, 'PORCENTAJE', 'SUMA CALIDAD', '#cfe0f7', 47.1, '', 'GF', 0),
(2917, 49, 6, 427, 0, 'PORCENTAJE', 'SUMA CALIDAD', '#cfe0f7', 47.1, '', 'GF', 0),
(2918, 47, 7, 1166, 0, 'PORCENTAJE', 'SUMA CONDICION', '#f0e6c2', 99.2, '', 'GF', 0),
(2919, 48, 7, 833, 0, 'PORCENTAJE', 'SUMA CONDICION', '#f0e6c2', 71.2, '', 'GF', 0),
(2920, 49, 7, 833, 0, 'PORCENTAJE', 'SUMA CONDICION', '#f0e6c2', 71.2, '', 'GF', 0),
(2921, 58, 38, 681, 0, 'FECHA', '', '#ffa3a3', 1, '', 'GF', 0),
(2922, 58, 38, 728, 0, 'FECHA', '', '#ffa3a3', 2, '', 'GF', 0),
(2923, 58, 38, 858, 0, 'FECHA', '', '#ffa3a3', 3, '', 'GF', 0),
(2924, 58, 38, 118, 0, 'CALIBRE', '', '#ffa3a3', 4, '', 'GF', 0),
(2927, 58, 38, 684, 0, 'TIPO BOLSA', '', '#ffa3a3', 7, '', 'GF', 0),
(2928, 58, 38, 680, 0, 'NMUESTRA', '', '#ffa3a3', 8, '', 'GF', 0),
(2929, 58, 38, 686, 0, 'FOLIO PALLET', '', '#ffa3a3', 9, '', 'GF', 0),
(2930, 58, 38, 687, 0, 'NUMERICO', '', '#ffa3a3', 10, '', 'GF', 0),
(2931, 58, 38, 119, 0, 'PESO NETO', '', '#ffa3a3', 11, '', 'GF', 0),
(2939, 58, 38, 127, 0, 'TEXTO', '', '#ffa3a3', 19, '', 'GF', 0),
(2955, 58, 6, 1010, 0, 'PORCENTAJE RACIMOS', 'SUMA CALIDAD BAYA RACIMO', '#cfe0f7', 39, '', 'GF', 0),
(2957, 58, 38, 1000, 0, 'NUMERICO', '', '#ffa3a3', 9.1, '', 'GF', 0),
(2959, 47, 7, 814, 0, 'PORCENTAJE', 'SUMA CONDICION', '#f0e6c2', 95.2, '', 'GF', 0),
(2960, 48, 7, 814, 0, 'PORCENTAJE', 'SUMA CONDICION', '#f0e6c2', 68.1, '', 'GF', 0),
(2961, 49, 7, 814, 0, 'PORCENTAJE', 'SUMA CONDICION', '#f0e6c2', 68.1, '', 'GF', 0),
(2962, 58, 6, 1002, 0, 'PORCENTAJE RACIMOS', 'SUMA CALIDAD BAYA RACIMO', '#cfe0f7', 40, '', 'GF', 0),
(2963, 58, 6, 1003, 0, 'PORCENTAJE RACIMOS', 'SUMA CALIDAD BAYA RACIMO', '#cfe0f7', 41, '', 'GF', 0),
(2964, 58, 6, 1008, 0, 'PORCENTAJE RACIMOS', 'SUMA CALIDAD BAYA RACIMO', '#cfe0f7', 42, '', 'GF', 0),
(2965, 58, 6, 1009, 0, 'PORCENTAJE RACIMOS', 'SUMA CALIDAD BAYA RACIMO', '#cfe0f7', 43, '', 'GF', 0),
(2966, 58, 6, 1004, 0, 'PORCENTAJE RACIMOS', 'SUMA CALIDAD BAYA RACIMO', '#cfe0f7', 44, '', 'GF', 0),
(2967, 58, 6, 1011, 0, 'PORCENTAJE RACIMOS', 'SUMA CALIDAD BAYA RACIMO', '#cfe0f7', 45, '', 'GF', 0),
(2968, 58, 6, 1012, 0, 'PORCENTAJE RACIMOS', 'SUMA CALIDAD BAYA RACIMO', '#cfe0f7', 46, '', 'GF', 0),
(2969, 58, 6, 1005, 0, 'PORCENTAJE RACIMOS', 'SUMA CALIDAD BAYA RACIMO', '#cfe0f7', 47, '', 'GF', 0),
(2970, 58, 6, 1006, 0, 'PORCENTAJE RACIMOS', 'SUMA CALIDAD BAYA RACIMO', '#cfe0f7', 48, '', 'GF', 0),
(2971, 58, 6, 1014, 0, 'PORCENTAJE RACIMOS', 'SUMA CALIDAD BAYA RACIMO', '#cfe0f7', 49, '', 'GF', 0),
(2972, 58, 6, 1007, 0, 'PORCENTAJE RACIMOS', 'SUMA CALIDAD BAYA RACIMO', '#cfe0f7', 50, '', 'GF', 0),
(2973, 58, 6, 1016, 0, 'PORCENTAJE RACIMOS', 'SUMA CALIDAD BAYA RACIMO', '#cfe0f7', 51, '', 'GF', 0),
(2974, 58, 6, 1017, 0, 'PORCENTAJE RACIMOS', 'SUMA CALIDAD BAYA RACIMO', '#cfe0f7', 52, '', 'GF', 0),
(2975, 58, 6, 1018, 0, 'PORCENTAJE RACIMOS', 'SUMA CALIDAD BAYA RACIMO', '#cfe0f7', 53, '', 'GF', 0),
(2976, 58, 6, 1019, 0, 'PORCENTAJE RACIMOS', 'SUMA CALIDAD BAYA RACIMO', '#cfe0f7', 54, '', 'GF', 0),
(2977, 58, 6, 1020, 0, 'PORCENTAJE RACIMOS', 'SUMA CALIDAD BAYA RACIMO', '#cfe0f7', 55, '', 'GF', 0),
(2978, 58, 6, 1021, 0, 'PORCENTAJE RACIMOS', 'SUMA CALIDAD BAYA RACIMO', '#cfe0f7', 56, '', 'GF', 0),
(2979, 58, 6, 1022, 0, 'PORCENTAJE RACIMOS', 'SUMA CALIDAD BAYA RACIMO', '#cfe0f7', 57, '', 'GF', 0),
(2983, 58, 38, 129, 0, 'PESO BAYA', '', '#ffa3a3', 11.1, '', 'GF', 0),
(2984, 58, 6, 911, 0, 'PORCENTAJE BAYAS', 'SUMA2 CALIDAD BAYAS', '#cfe0f7', 38.92, '', 'GF', 0),
(2985, 58, 6, 834, 0, 'PORCENTAJE BAYAS', 'SUMA2 CALIDAD BAYAS', '#cfe0f7', 38.93, '', 'GF', 0),
(2986, 58, 7, 841, 0, 'PORCENTAJE BAYAS', 'SUMA CONDICION BAYA RACIMO', '#f0e6c2', 61, '', 'GF', 0),
(2987, 58, 7, 1023, 0, 'PORCENTAJE BAYAS', 'SUMA CONDICION BAYA RACIMO', '#f0e6c2', 62, '', 'GF', 0),
(2988, 58, 7, 1024, 0, 'PORCENTAJE BAYAS', 'SUMA CONDICION BAYA RACIMO', '#f0e6c2', 63, '', 'GF', 0),
(2989, 58, 7, 1025, 0, 'PORCENTAJE BAYAS', 'SUMA CONDICION BAYA RACIMO', '#f0e6c2', 64, '', 'GF', 0),
(2990, 58, 6, 921, 0, 'PORCENTAJE BAYAS', 'SUMA2 CALIDAD BAYAS', '#cfe0f7', 38.94, '', 'GF', 0),
(2991, 58, 7, 837, 0, 'PORCENTAJE BAYAS', 'SUMA CONDICION BAYA RACIMO', '#f0e6c2', 67, '', 'GF', 0),
(2992, 58, 6, 1026, 0, 'PORCENTAJE BAYAS', 'SUMA2 CALIDAD BAYAS', '#cfe0f7', 38.95, '', 'GF', 0),
(2993, 58, 7, 1027, 0, 'PORCENTAJE BAYAS', 'SUMA CONDICION BAYA RACIMO', '#f0e6c2', 69, '', 'GF', 0),
(2994, 58, 7, 1028, 0, 'PORCENTAJE BAYAS', 'SUMA CONDICION BAYA RACIMO', '#f0e6c2', 71, '', 'GF', 0),
(2995, 58, 6, 1029, 0, 'PORCENTAJE BAYAS', 'SUMA2 CALIDAD BAYAS', '#cfe0f7', 38.96, '', 'GF', 0),
(2996, 58, 7, 1030, 0, 'PORCENTAJE BAYAS', 'SUMA CONDICION BAYA RACIMO', '#f0e6c2', 73, '', 'GF', 0),
(2997, 58, 6, 830, 0, 'PORCENTAJE BAYAS', 'SUMA2 CALIDAD BAYAS', '#cfe0f7', 38.97, '', 'GF', 0),
(2998, 58, 7, 1032, 0, 'PORCENTAJE BAYAS', 'SUMA CONDICION BAYA RACIMO', '#f0e6c2', 75, '', 'GF', 0),
(2999, 58, 7, 1033, 0, 'PORCENTAJE BAYAS', 'SUMA CONDICION BAYA RACIMO', '#f0e6c2', 77, '', 'GF', 0),
(3000, 58, 7, 1034, 0, 'PORCENTAJE BAYAS', 'SUMA CONDICION BAYA RACIMO', '#f0e6c2', 78, '', 'GF', 0),
(3001, 58, 7, 840, 0, 'PORCENTAJE BAYAS', 'SUMA CONDICION BAYA RACIMO', '#f0e6c2', 79, '', 'GF', 0),
(3002, 58, 6, 1035, 0, 'PORCENTAJE BAYAS', 'SUMA2 CALIDAD BAYAS', '#cfe0f7', 38.98, '', 'GF', 0),
(3003, 58, 6, 1036, 0, 'PORCENTAJE BAYAS', 'SUMA2 CALIDAD BAYAS', '#cfe0f7', 38.99, '', 'GF', 0),
(3004, 58, 7, 1037, 0, 'PORCENTAJE BAYAS', 'SUMA CONDICION BAYA RACIMO', '#f0e6c2', 82, '', 'GF', 0),
(3005, 58, 7, 161, 0, 'PORCENTAJE RACIMOS', 'SUMA CONDICION', '#f0e6c2', 84, '', 'GF', 0),
(3051, 47, 6, 1041, 0, 'PORCENTAJE', 'SUMA CALIDAD', '#cfe0f7', 63.1, '', 'GF', 0),
(3052, 48, 6, 1041, 0, 'PORCENTAJE', 'SUMA CALIDAD', '#cfe0f7', 40.1, '', 'GF', 0),
(3053, 49, 6, 1041, 0, 'PORCENTAJE', 'SUMA CALIDAD', '#cfe0f7', 40.1, '', 'GF', 0),
(3077, 47, 9, 829, 0, 'NUMERICO', '', '#a1b1ba', 103.3, '', 'GF', 0),
(3079, 47, 7, 843, 0, 'PORCENTAJE', 'SUMA CONDICION', '#f0e6c2', 83.1, '', 'GF', 0),
(3080, 48, 7, 843, 0, 'PORCENTAJE', 'SUMA CONDICION', '#f0e6c2', 59.1, '', 'GF', 0),
(3081, 49, 7, 843, 0, 'PORCENTAJE', 'SUMA CONDICION', '#f0e6c2', 59.1, '', 'GF', 0),
(3082, 47, 6, 1044, 0, 'PORCENTAJE', 'SUMA CALIDAD', '#cfe0f7', 71.1, '', 'GF', 0),
(3083, 48, 6, 1044, 0, 'PORCENTAJE', 'SUMA CALIDAD', '#cfe0f7', 47.1, '', 'GF', 0),
(3084, 49, 6, 1044, 0, 'PORCENTAJE', 'SUMA CALIDAD', '#cfe0f7', 47.1, '', 'GF', 0),
(3352, 47, 9, 944, 0, 'NUMERICO', '', '#a1b1ba', 103.4, '', 'GF', 0),
(3353, 22, 7, 407, 0, 'PORCENTAJE', 'SUMA CONDICION', '#f0e6c2', 38.1, '', 'GF', 0),
(3355, 5, 10, 816, 0, 'NUMERICO', 'SUMA NUMERO', '#c5c5c5', 45.1, '', 'GF', 0),
(3356, 5, 10, 1106, 0, 'NUMERICO', 'SUMA NUMERO', '#c5c5c5', 45.2, '', 'GF', 0),
(3357, 5, 10, 1105, 0, 'NUMERICO', 'SUMA NUMERO', '#c5c5c5', 45.3, '', 'GF', 0),
(3358, 69, 38, 681, 0, 'FECHA', '', '#ffa3a3', 1, '', 'GF', 0),
(3359, 69, 38, 728, 0, 'FECHA', '', '#ffa3a3', 2, '', 'GF', 0),
(3360, 69, 38, 858, 0, 'FECHA', '', '#ffa3a3', 3, '', 'GF', 0),
(3361, 69, 38, 118, 0, 'CALIBRE', '', '#ffa3a3', 4, '', 'GF', 0),
(3364, 69, 38, 684, 0, 'TIPO BOLSA', '', '#ffa3a3', 7, '', 'GF', 0),
(3365, 69, 38, 421, 0, 'LINEAS GF', '', '#ffa3a3', 8, '', 'GF', 0),
(3366, 69, 38, 680, 0, 'NMUESTRA', '', '#ffa3a3', 9, '', 'GF', 0),
(3367, 69, 38, 686, 0, 'FOLIO PALLET', '', '#ffa3a3', 10, '', 'GF', 0),
(3368, 69, 38, 687, 0, 'NUMERICO', '', '#ffa3a3', 11, '', 'GF', 0),
(3369, 69, 38, 688, 0, 'NUMERICO', '', '#ffa3a3', 12, '', 'GF', 0),
(3370, 69, 38, 863, 0, 'NUMERICO', '', '#ffa3a3', 13, '', 'GF', 0),
(3371, 69, 38, 419, 0, 'NPROCESO', '', '#ffa3a3', 13, '', 'GF', 0),
(3372, 69, 38, 708, 0, 'NLOTE', '', '#ffa3a3', 14, '', 'GF', 0),
(3373, 69, 38, 692, 0, 'APTITUD LOTE', '', '#ffa3a3', 15, '', 'GF', 0),
(3378, 69, 38, 698, 0, 'TEXTO', '', '#ffa3a3', 20, '', 'GF', 0),
(3379, 69, 38, 699, 0, 'TEXTO', '', '#ffa3a3', 21, '', 'GF', 0),
(3380, 69, 38, 949, 0, 'COLOR', '', '#ffa3a3', 22, '', 'GF', 0),
(3412, 69, 6, 1107, 0, 'PORCENTAJE', 'SUMA CALIDAD', '#cfe0f7', 54, '', 'GF', 0),
(3413, 69, 6, 516, 0, 'PORCENTAJE', 'SUMA CALIDAD', '#cfe0f7', 55, '', 'GF', 0),
(3414, 69, 6, 1109, 0, 'PORCENTAJE', 'SUMA CALIDAD', '#cfe0f7', 56, '', 'GF', 0),
(3415, 69, 6, 513, 0, 'PORCENTAJE', 'SUMA CALIDAD', '#cfe0f7', 57, '', 'GF', 0),
(3416, 69, 6, 1110, 0, 'PORCENTAJE', 'SUMA CALIDAD', '#cfe0f7', 58, '', 'GF', 0),
(3417, 69, 6, 807, 0, 'PORCENTAJE', 'SUMA CALIDAD', '#cfe0f7', 59, '', 'GF', 0),
(3418, 69, 6, 926, 0, 'PORCENTAJE', 'SUMA CALIDAD', '#cfe0f7', 60, '', 'GF', 0),
(3419, 69, 6, 644, 0, 'PORCENTAJE', 'SUMA CALIDAD', '#cfe0f7', 61, '', 'GF', 0),
(3420, 69, 6, 828, 0, 'PORCENTAJE', 'SUMA CALIDAD', '#cfe0f7', 62, '', 'GF', 0),
(3421, 69, 6, 836, 0, 'PORCENTAJE', 'SUMA CALIDAD', '#cfe0f7', 63, '', 'GF', 0),
(3422, 69, 7, 528, 0, 'PORCENTAJE', 'SUMA CONDICION', '#f0e6c2', 74, '', 'GF', 0),
(3423, 69, 7, 925, 0, 'PORCENTAJE', 'SUMA CONDICION', '#f0e6c2', 75, '', 'GF', 0),
(3424, 69, 7, 1117, 0, 'PORCENTAJE', 'SUMA CONDICION', '#f0e6c2', 76, '', 'GF', 0),
(3425, 69, 7, 1118, 0, 'PORCENTAJE', 'SUMA CONDICION', '#f0e6c2', 77, '', 'GF', 0),
(3426, 69, 7, 909, 0, 'PORCENTAJE', 'SUMA CONDICION', '#f0e6c2', 78, '', 'GF', 0),
(3427, 69, 7, 1119, 0, 'PORCENTAJE', 'SUMA CONDICION', '#f0e6c2', 79, '', 'GF', 0),
(3428, 69, 7, 2126, 0, 'PORCENTAJE', 'SUMA CONDICION', '#f0e6c2', 80, '', 'GF', 0),
(3429, 69, 7, 538, 0, 'PORCENTAJE', 'SUMA CONDICION', '#f0e6c2', 81, '', 'GF', 0),
(3430, 69, 6, 1111, 0, 'PORCENTAJE', 'SUMA CALIDAD', '#cfe0f7', 64, '', 'GF', 0),
(3431, 69, 6, 1112, 0, 'PORCENTAJE', 'SUMA CALIDAD', '#cfe0f7', 65, '', 'GF', 0),
(3432, 69, 6, 830, 0, 'PORCENTAJE', 'SUMA CALIDAD', '#cfe0f7', 66, '', 'GF', 0),
(3433, 69, 6, 1113, 0, 'PORCENTAJE', 'SUMA CALIDAD', '#cfe0f7', 67, '', 'GF', 0),
(3434, 69, 6, 1114, 0, 'PORCENTAJE', 'SUMA CALIDAD', '#cfe0f7', 68, '', 'GF', 0),
(3435, 69, 6, 921, 0, 'PORCENTAJE', 'SUMA CALIDAD', '#cfe0f7', 69, '', 'GF', 0),
(3436, 69, 6, 920, 0, 'PORCENTAJE', 'SUMA CALIDAD', '#cfe0f7', 70, '', 'GF', 0),
(3437, 69, 6, 922, 0, 'PORCENTAJE', 'SUMA CALIDAD', '#cfe0f7', 71, '', 'GF', 0),
(3438, 69, 6, 525, 0, 'PORCENTAJE', 'SUMA CALIDAD', '#cfe0f7', 72, '', 'GF', 0),
(3439, 69, 6, 1116, 0, 'PORCENTAJE', 'SUMA CALIDAD', '#cfe0f7', 73, '', 'GF', 0),
(3440, 69, 7, 840, 0, 'PORCENTAJE', 'SUMA CONDICION', '#f0e6c2', 82, '', 'GF', 0),
(3441, 69, 7, 535, 0, 'PORCENTAJE', 'SUMA CONDICION', '#f0e6c2', 83, '', 'GF', 0),
(3442, 69, 7, 930, 0, 'PORCENTAJE', 'SUMA CONDICION', '#f0e6c2', 84, '', 'GF', 0),
(3443, 69, 7, 539, 0, 'PORCENTAJE', 'SUMA CONDICION', '#f0e6c2', 85, '', 'GF', 0),
(3444, 69, 7, 841, 0, 'PORCENTAJE', 'SUMA CONDICION', '#f0e6c2', 86, '', 'GF', 0),
(3445, 69, 7, 1120, 0, 'PORCENTAJE', 'SUMA CONDICION', '#f0e6c2', 87, '', 'GF', 0),
(3446, 69, 7, 530, 0, 'PORCENTAJE', 'SUMA CONDICION', '#f0e6c2', 88, '', 'GF', 0),
(3447, 69, 7, 512, 0, 'PORCENTAJE', 'SUMA CONDICION', '#f0e6c2', 89, '', 'GF', 0),
(3448, 69, 7, 159, 0, 'PORCENTAJE', 'SUMA CONDICION', '#f0e6c2', 90, '', 'GF', 0),
(3449, 69, 9, 425, 0, 'PORCENTAJE', '', '#a1b1ba', 91, '', 'GF', 0),
(3450, 69, 9, 944, 0, 'NUMERICO', '', '#a1b1ba', 92, '', 'GF', 0),
(3451, 69, 9, 826, 0, 'PORCENTAJE', '', '#a1b1ba', 93, '', 'GF', 0),
(3452, 69, 9, 827, 0, 'PORCENTAJE', '', '#a1b1ba', 94, '', 'GF', 0),
(3453, 69, 9, 939, 0, 'NUMERICO', '', '#a1b1ba', 95, '', 'GF', 0),
(3454, 69, 9, 829, 0, 'PORCENTAJE', '', '#a1b1ba', 96, '', 'GF', 0),
(3455, 69, 38, 389, 0, 'NFRUTOS', '', '#ffa3a3', 21.1, '', 'GF', 0),
(3456, 69, 6, 403, 0, 'SUMA CALIDAD', '', '#cfe0f7', 73.1, '', 'GF', 0),
(3457, 69, 7, 404, 0, 'SUMA CONDICION', '', '#f0e6c2', 90.1, '', 'GF', 0),
(3459, 70, 38, 681, 0, 'FECHA', '', '#ffa3a3', 1, '', 'GF', 0),
(3460, 70, 38, 728, 0, 'FECHA', '', '#ffa3a3', 2, '', 'GF', 0),
(3461, 70, 38, 858, 0, 'FECHA', '', '#ffa3a3', 3, '', 'GF', 0),
(3462, 70, 38, 118, 0, 'CALIBRE', '', '#ffa3a3', 4, '', 'GF', 0),
(3465, 70, 38, 684, 0, 'TIPO BOLSA', '', '#ffa3a3', 7, '', 'GF', 0),
(3466, 70, 38, 421, 0, 'LINEAS GF', '', '#ffa3a3', 8, '', 'GF', 0),
(3467, 70, 38, 680, 0, 'NMUESTRA', '', '#ffa3a3', 9, '', 'GF', 0),
(3468, 70, 38, 686, 0, 'FOLIO PALLET', '', '#ffa3a3', 10, '', 'GF', 0),
(3469, 70, 38, 687, 0, 'NUMERICO', '', '#ffa3a3', 11, '', 'GF', 0),
(3470, 70, 38, 688, 0, 'NUMERICO', '', '#ffa3a3', 12, '', 'GF', 0),
(3471, 70, 38, 689, 0, 'NUMERICO', '', '#ffa3a3', 13, '', 'GF', 0),
(3472, 70, 38, 419, 0, 'NPROCESO', '', '#ffa3a3', 14, '', 'GF', 0),
(3473, 70, 38, 708, 0, 'NLOTE', '', '#ffa3a3', 15, '', 'GF', 0),
(3474, 70, 38, 692, 0, 'APTITUD LOTE', '', '#ffa3a3', 16, '', 'GF', 0),
(3479, 70, 38, 698, 0, 'TEXTO', '', '#ffa3a3', 21, '', 'GF', 0),
(3480, 70, 38, 699, 0, 'TEXTO', '', '#ffa3a3', 22, '', 'GF', 0),
(3481, 70, 38, 389, 0, 'NFRUTOS', '', '#ffa3a3', 23, '', 'GF', 0),
(3482, 70, 38, 949, 0, 'NFRUTOS', '', '#ffa3a3', 24, '', 'GF', 0),
(3494, 70, 9, 425, 0, 'PORCENTAJE', '', '#a1b1ba', 36, '', 'GF', 0),
(3495, 70, 9, 944, 0, 'NUMERICO', '', '#a1b1ba', 37, '', 'GF', 0),
(3496, 70, 9, 826, 0, 'PORCENTAJE', '', '#a1b1ba', 38, '', 'GF', 0),
(3497, 70, 9, 827, 0, 'PORCENTAJE', '', '#a1b1ba', 39, '', 'GF', 0),
(3498, 70, 9, 939, 0, 'NUMERICO', '', '#a1b1ba', 40, '', 'GF', 0),
(3499, 70, 9, 829, 0, 'PORCENTAJE', '', '#a1b1ba', 41, '', 'GF', 0),
(3500, 70, 45, 800, 0, 'PORCENTAJE', '', '#ffa3a3', 42, '', 'GF', 0),
(3501, 70, 45, 839, 0, 'PORCENTAJE', '', '#ffa3a3', 43, '', 'GF', 0),
(3502, 70, 45, 802, 0, 'PORCENTAJE', '', '#ffa3a3', 44, '', 'GF', 0),
(3503, 70, 45, 803, 0, 'PORCENTAJE', '', '#ffa3a3', 45, '', 'GF', 0),
(3504, 70, 6, 1109, 0, 'PORCENTAJE', 'SUMA CALIDAD', '#cfe0f7', 46, '', 'GF', 0),
(3505, 70, 6, 807, 0, 'PORCENTAJE', 'SUMA CALIDAD', '#cfe0f7', 47, '', 'GF', 0),
(3506, 70, 6, 828, 0, 'PORCENTAJE', 'SUMA CALIDAD', '#cfe0f7', 48, '', 'GF', 0),
(3507, 70, 6, 529, 0, 'PORCENTAJE', 'SUMA CALIDAD', '#cfe0f7', 49, '', 'GF', 0),
(3508, 70, 6, 836, 0, 'PORCENTAJE', 'SUMA CALIDAD', '#cfe0f7', 50, '', 'GF', 0),
(3509, 70, 6, 830, 0, 'PORCENTAJE', 'SUMA CALIDAD', '#cfe0f7', 51, '', 'GF', 0),
(3510, 70, 6, 1122, 0, 'PORCENTAJE', 'SUMA CALIDAD', '#cfe0f7', 52, '', 'GF', 0),
(3511, 70, 6, 921, 0, 'PORCENTAJE', 'SUMA CALIDAD', '#cfe0f7', 53, '', 'GF', 0),
(3512, 70, 6, 920, 0, 'PORCENTAJE', 'SUMA CALIDAD', '#cfe0f7', 54, '', 'GF', 0),
(3513, 70, 6, 834, 0, 'PORCENTAJE', 'SUMA CALIDAD', '#cfe0f7', 55, '', 'GF', 0),
(3514, 70, 6, 1123, 0, 'PORCENTAJE', 'SUMA CALIDAD', '#cfe0f7', 56, '', 'GF', 0),
(3515, 70, 6, 403, 0, 'SUMA CALIDAD', '', '#cfe0f7', 57, '', 'GF', 0),
(3516, 70, 7, 843, 0, 'PORCENTAJE', 'SUMA CONDICION', '#f0e6c2', 58, '', 'GF', 0),
(3517, 70, 7, 1124, 0, 'PORCENTAJE', 'SUMA CONDICION', '#f0e6c2', 59, '', 'GF', 0),
(3518, 70, 7, 1125, 0, 'PORCENTAJE', 'SUMA CONDICION', '#f0e6c2', 60, '', 'GF', 0),
(3519, 70, 7, 1126, 0, 'PORCENTAJE', 'SUMA CONDICION', '#f0e6c2', 61, '', 'GF', 0),
(3520, 70, 7, 840, 0, 'PORCENTAJE', 'SUMA CONDICION', '#f0e6c2', 62, '', 'GF', 0),
(3521, 70, 7, 841, 0, 'PORCENTAJE', 'SUMA CONDICION', '#f0e6c2', 63, '', 'GF', 0),
(3522, 70, 7, 543, 0, 'PORCENTAJE', 'SUMA CONDICION', '#f0e6c2', 64, '', 'GF', 0),
(3523, 70, 7, 159, 0, 'PORCENTAJE', 'SUMA CONDICION', '#f0e6c2', 65, '', 'GF', 0),
(3524, 70, 7, 922, 0, 'PORCENTAJE', 'SUMA CONDICION', '#f0e6c2', 66, '', 'GF', 0),
(3525, 70, 7, 404, 0, 'SUMA CONDICION', '', '#f0e6c2', 67, '', 'GF', 0),
(3541, 47, 6, 832, 0, 'PORCENTAJE', 'SUMA CALIDAD', '#cfe0f7', 68.1, '', 'GF', 0),
(3542, 48, 6, 832, 0, 'PORCENTAJE', 'SUMA CALIDAD', '#cfe0f7', 45.1, '', 'GF', 0),
(3543, 49, 6, 832, 0, 'PORCENTAJE', 'SUMA CALIDAD', '#cfe0f7', 45.1, '', 'GF', 0),
(3644, 69, 7, 1166, 0, 'PORCENTAJE', 'SUMA CONDICION', '#f0e6c2', 89.1, '', 'GF', 0),
(3645, 48, 7, 1166, 0, 'PORCENTAJE', 'SUMA CONDICION', '#f0e6c2', 71.3, '', 'GF', 0),
(3646, 49, 7, 1166, 0, 'PORCENTAJE', 'SUMA CONDICION', '#f0e6c2', 71.3, '', 'GF', 0),
(3647, 47, 7, 833, 0, 'PORCENTAJE', 'SUMA CONDICION', '#f0e6c2', 99.1, '', 'GF', 0),
(3650, 22, 6, 1167, 0, 'PORCENTAJE', 'SUMA CALIDAD', '#cfe0f7', 31.2, '', 'GF', 0),
(3651, 22, 6, 1168, 0, 'PORCENTAJE', 'SUMA CALIDAD', '#cfe0f7', 31.3, '', 'GF', 0),
(3652, 23, 6, 1167, 0, 'NUMERICO', 'SUMA', '#cfe0f7', 11.1, '', 'GF', 0),
(3653, 23, 6, 1168, 0, 'NUMERICO', 'SUMA', '#cfe0f7', 11.2, '', 'GF', 0),
(3654, 18, 6, 1167, 0, 'PORCENTAJE', 'SUMA CALIDAD', '#cfe0f7', 31.1, '', 'GF', 0),
(3655, 18, 6, 1168, 0, 'PORCENTAJE', 'SUMA CALIDAD', '#cfe0f7', 31.2, '', 'GF', 0),
(3656, 20, 6, 1167, 0, 'NUMERICO', 'SUMA', '#cfe0f7', 11.1, '', 'GF', 0),
(3657, 20, 6, 1168, 0, 'NUMERICO', 'SUMA', '#cfe0f7', 11.2, '', 'GF', 0),
(3658, 17, 6, 1167, 0, 'PORCENTAJE', 'SUMA CALIDAD', '#cfe0f7', 31.1, '', 'GF', 0),
(3659, 17, 6, 1168, 0, 'PORCENTAJE', 'SUMA CALIDAD', '#cfe0f7', 31.2, '', 'GF', 0),
(3660, 19, 6, 1167, 0, 'NUMERICO', 'SUMA', '#cfe0f7', 11.1, '', 'GF', 0),
(3661, 19, 6, 1168, 0, 'NUMERICO', 'SUMA', '#cfe0f7', 11.2, '', 'GF', 0),
(3662, 58, 7, 1166, 0, 'PORCENTAJE BAYAS', 'SUMA CONDICION BAYA RACIMO', '#f0e6c2', 81.1, '', 'GF', 0),
(3663, 58, 7, 2960, 0, 'PORCENTAJE BAYAS', 'SUMA CONDICION BAYA RACIMO', '#f0e6c2', 61.1, '', 'GF', 0),
(3668, 22, 6, 808, 0, 'PORCENTAJE', 'SUMA CALIDAD', '#cfe0f7', 31.4, '', 'GF', 0),
(3669, 23, 7, 808, 0, 'NUMERICO', 'SUMA', '#f0e6c2', 23.1, '', 'GF', 0),
(3741, 81, 38, 681, 0, 'FECHA', '', '#ffa3a3', 1, '', 'GF', 0),
(3742, 81, 38, 728, 0, 'FECHA', '', '#ffa3a3', 2, '', 'GF', 0),
(3743, 81, 38, 858, 0, 'FECHA', '', '#ffa3a3', 3, '', 'GF', 0),
(3744, 81, 38, 118, 0, 'CALIBRE', '', '#ffa3a3', 4, '', 'GF', 0),
(3747, 81, 38, 684, 0, 'TIPO BOLSA', '', '#ffa3a3', 7, '', 'GF', 0),
(3748, 81, 38, 421, 0, 'LINEAS GF', '', '#ffa3a3', 8, '', 'GF', 0),
(3749, 81, 38, 680, 0, 'NMUESTRA', '', '#ffa3a3', 9, '', 'GF', 0),
(3750, 81, 38, 686, 0, 'FOLIO PALLET', '', '#ffa3a3', 10, '', 'GF', 0),
(3751, 81, 38, 687, 0, 'NUMERICO', '', '#ffa3a3', 11, '', 'GF', 0),
(3752, 81, 38, 688, 0, 'NUMERICO', '', '#ffa3a3', 12, '', 'GF', 0),
(3753, 81, 38, 863, 0, 'NUMERICO', '', '#ffa3a3', 13, '', 'GF', 0),
(3754, 81, 38, 419, 0, 'NPROCESO', '', '#ffa3a3', 14, '', 'GF', 0),
(3755, 81, 38, 708, 0, 'NLOTE', '', '#ffa3a3', 15, '', 'GF', 0),
(3756, 81, 38, 692, 0, 'APTITUD LOTE', '', '#ffa3a3', 16, '', 'GF', 0),
(3761, 81, 38, 698, 0, 'TEXTO', '', '#ffa3a3', 21, '', 'GF', 0),
(3762, 81, 38, 699, 0, 'TEXTO', '', '#ffa3a3', 22, '', 'GF', 0),
(3763, 81, 38, 389, 0, 'NFRUTOS', '', '#ffa3a3', 23, '', 'GF', 0),
(3764, 81, 38, 949, 0, 'COLOR', '', '#ffa3a3', 24, '', 'GF', 0),
(3776, 35, 6, 543, 0, 'PORCENTAJE', 'SUMA CALIDAD', '#cfe0f7', 48.1, '', 'GF', 0),
(3793, 81, 45, 800, 0, 'PORCENTAJE', '', '#ffa3a3', 53, '', 'GF', 0),
(3794, 81, 45, 801, 0, 'PORCENTAJE', '', '#ffa3a3', 54, '', 'GF', 0),
(3795, 81, 45, 802, 0, 'PORCENTAJE', '', '#ffa3a3', 55, '', 'GF', 0),
(3796, 81, 45, 803, 0, 'PORCENTAJE', '', '#ffa3a3', 56, '', 'GF', 0),
(3797, 81, 6, 637, 0, 'PORCENTAJE', 'SUMA CALIDAD', '#cfe0f7', 57, '', 'GF', 0),
(3798, 81, 6, 513, 0, 'PORCENTAJE', 'SUMA CALIDAD', '#cfe0f7', 58, '', 'GF', 0),
(3799, 81, 6, 511, 0, 'PORCENTAJE', 'SUMA CALIDAD', '#cfe0f7', 59, '', 'GF', 0),
(3800, 81, 6, 520, 0, 'PORCENTAJE', 'SUMA CALIDAD', '#cfe0f7', 60, '', 'GF', 0),
(3801, 81, 6, 522, 0, 'PORCENTAJE', 'SUMA CALIDAD', '#cfe0f7', 61, '', 'GF', 0),
(3802, 81, 6, 638, 0, 'PORCENTAJE', 'SUMA CALIDAD', '#cfe0f7', 62, '', 'GF', 0),
(3803, 81, 6, 523, 0, 'PORCENTAJE', 'SUMA CALIDAD', '#cfe0f7', 63, '', 'GF', 0),
(3804, 81, 6, 639, 0, 'PORCENTAJE', 'SUMA CALIDAD', '#cfe0f7', 64, '', 'GF', 0),
(3805, 81, 6, 525, 0, 'PORCENTAJE', 'SUMA CALIDAD', '#cfe0f7', 65, '', 'GF', 0),
(3806, 81, 6, 521, 0, 'PORCENTAJE', 'SUMA CALIDAD', '#cfe0f7', 66, '', 'GF', 0),
(3807, 81, 6, 640, 0, 'PORCENTAJE', 'SUMA CALIDAD', '#cfe0f7', 67, '', 'GF', 0),
(3808, 81, 6, 922, 0, 'PORCENTAJE', 'SUMA CALIDAD', '#cfe0f7', 68, '', 'GF', 0),
(3809, 81, 6, 647, 0, 'PORCENTAJE', 'SUMA CALIDAD', '#cfe0f7', 69, '', 'GF', 0),
(3810, 81, 6, 518, 0, 'PORCENTAJE', 'SUMA CALIDAD', '#cfe0f7', 70, '', 'GF', 0),
(3811, 81, 6, 539, 0, 'PORCENTAJE', 'SUMA CALIDAD', '#cfe0f7', 71, '', 'GF', 0),
(3812, 81, 6, 641, 0, 'PORCENTAJE', 'SUMA CALIDAD', '#cfe0f7', 72, '', 'GF', 0),
(3813, 81, 6, 832, 0, 'PORCENTAJE', 'SUMA CALIDAD', '#cfe0f7', 73, '', 'GF', 0),
(3814, 81, 6, 642, 0, 'PORCENTAJE', 'SUMA CALIDAD', '#cfe0f7', 74, '', 'GF', 0),
(3815, 81, 6, 643, 0, 'PORCENTAJE', 'SUMA CALIDAD', '#cfe0f7', 75, '', 'GF', 0),
(3816, 81, 6, 517, 0, 'PORCENTAJE', 'SUMA CALIDAD', '#cfe0f7', 76, '', 'GF', 0),
(3817, 81, 6, 645, 0, 'PORCENTAJE', 'SUMA CALIDAD', '#cfe0f7', 77, '', 'GF', 0),
(3818, 81, 6, 646, 0, 'PORCENTAJE', 'SUMA CALIDAD', '#cfe0f7', 78, '', 'GF', 0),
(3819, 81, 6, 519, 0, 'PORCENTAJE', 'SUMA CALIDAD', '#cfe0f7', 79, '', 'GF', 0),
(3820, 81, 6, 403, 0, 'SUMA CALIDAD', '', '#cfe0f7', 80, '', 'GF', 0),
(3821, 81, 7, 530, 0, 'PORCENTAJE', 'SUMA CONDICION', '#f0e6c2', 81, '', 'GF', 0),
(3822, 81, 7, 648, 0, 'PORCENTAJE', 'SUMA CONDICION', '#f0e6c2', 82, '', 'GF', 0),
(3823, 81, 7, 649, 0, 'PORCENTAJE', 'SUMA CONDICION', '#f0e6c2', 83, '', 'GF', 0),
(3824, 81, 7, 542, 0, 'PORCENTAJE', 'SUMA CONDICION', '#f0e6c2', 84, '', 'GF', 0),
(3825, 81, 7, 541, 0, 'PORCENTAJE', 'SUMA CONDICION', '#f0e6c2', 85, '', 'GF', 0),
(3826, 81, 7, 159, 0, 'PORCENTAJE', 'SUMA CONDICION', '#f0e6c2', 86, '', 'GF', 0),
(3827, 81, 7, 538, 0, 'PORCENTAJE', 'SUMA CONDICION', '#f0e6c2', 87, '', 'GF', 0),
(3828, 81, 7, 650, 0, 'PORCENTAJE', 'SUMA CONDICION', '#f0e6c2', 88, '', 'GF', 0),
(3829, 81, 7, 651, 0, 'PORCENTAJE', 'SUMA CONDICION', '#f0e6c2', 89, '', 'GF', 0),
(3830, 81, 7, 540, 0, 'PORCENTAJE', 'SUMA CONDICION', '#f0e6c2', 90, '', 'GF', 0),
(3831, 81, 7, 652, 0, 'PORCENTAJE', 'SUMA CONDICION', '#f0e6c2', 91, '', 'GF', 0),
(3832, 81, 7, 528, 0, 'PORCENTAJE', 'SUMA CONDICION', '#f0e6c2', 92, '', 'GF', 0),
(3833, 81, 7, 1123, 0, 'PORCENTAJE', 'SUMA CONDICION', '#f0e6c2', 93, '', 'GF', 0),
(3834, 81, 7, 529, 0, 'PORCENTAJE', 'SUMA CONDICION', '#f0e6c2', 94, '', 'GF', 0),
(3835, 81, 7, 915, 0, 'PORCENTAJE', 'SUMA CONDICION', '#f0e6c2', 95, '', 'GF', 0),
(3836, 81, 7, 404, 0, 'SUMA CONDICION', '', '#f0e6c2', 96, '', 'GF', 0),
(3837, 81, 9, 425, 0, 'PORCENTAJE', '', '#a1b1ba', 98, '', 'GF', 0),
(3838, 81, 9, 425, 0, 'PORCENTAJE', '', '#a1b1ba', 97, '', 'GF', 0),
(3839, 81, 9, 944, 0, 'NUMERICO', '', '#a1b1ba', 98, '', 'GF', 0),
(3840, 81, 9, 826, 0, 'PORCENTAJE', '', '#a1b1ba', 99, '', 'GF', 0),
(3841, 81, 9, 827, 0, 'PORCENTAJE', '', '#a1b1ba', 100, '', 'GF', 0),
(3842, 81, 9, 939, 0, 'NUMERICO', '', '#a1b1ba', 101, '', 'GF', 0),
(3843, 81, 9, 392, 0, 'PORCENTAJE', '', '#a1b1ba', 102, '', 'GF', 0),
(3968, 30, 9, 1278, 0, 'FIRMEZAPROM', '', '#a1b1ba', 20.12, '', 'GF', 0),
(3969, 26, 9, 1278, 0, 'FIRMEZAPROM', '', '#a1b1ba', 21.1, '', 'GF', 0),
(5432, 15, 6, 808, 0, 'PORCENTAJE', 'SUMA CALIDAD', '#cfe0f7', 19.1, '', 'GF', 0),
(5433, 16, 6, 808, 0, 'NUMERICO', 'SUMA', '#cfe0f7', 5.1, '', 'GF', 0),
(5651, 22, 7, 1718, 0, 'PORCENTAJE', 'SUMA CONDICION', '#f0e6c2', 40.1, '', 'GF', 0),
(5652, 17, 7, 1718, 0, 'PORCENTAJE', 'SUMA CONDICION', '#f0e6c2', 40.1, '', 'GF', 0),
(5653, 18, 7, 1718, 0, 'PORCENTAJE', 'SUMA CONDICION', '#f0e6c2', 40.1, '', 'GF', 0),
(5920, 134, 8, 114, 0, 'FOLIO PALLET', '', '#9e9e9e', 1, '', 'GF', 0),
(5921, 134, 8, 115, 0, 'CANT CAJAS', '', '#9e9e9e', 2, '', 'GF', 0),
(5922, 134, 8, 116, 0, 'HORA', '', '#9e9e9e', 3, '', 'GF', 0),
(5923, 134, 8, 419, 0, 'NPROCESO', '', '#9e9e9e', 4, '', 'GF', 0),
(5924, 134, 8, 421, 0, 'TEXTO', '', '#9e9e9e', 5, '', 'GF', 0),
(5925, 134, 8, 117, 0, 'TEXTO', '', '#9e9e9e', 6, '', 'GF', 0),
(5926, 134, 8, 425, 0, 'NUMERICO OBLIGATORIO', '', '#9e9e9e', 7, '', 'GF', 0),
(5927, 134, 8, 118, 0, 'CALIBRE', '', '#9e9e9e', 8, '', 'GF', 0),
(5928, 134, 8, 119, 0, 'PESO NETO', '', '#9e9e9e', 9, '', 'GF', 0),
(5929, 134, 8, 120, 0, 'NUMERICO', '', '#9e9e9e', 10, '', 'GF', 0),
(5930, 134, 8, 389, 0, 'NFRUTOS', '', '#9e9e9e', 11, '', 'GF', 0),
(5931, 134, 8, 121, 0, 'NOTA', '', '#9e9e9e', 12, '', 'GF', 0),
(5932, 134, 8, 122, 0, 'NOTA', '', '#9e9e9e', 13, '', 'GF', 0),
(5933, 134, 8, 123, 0, 'NOTA', '', '#9e9e9e', 14, '', 'GF', 0),
(5934, 134, 8, 124, 0, 'NOTA', '', '#9e9e9e', 15, '', 'GF', 0),
(5935, 134, 9, 446, 0, 'PORCENTAJE', '', '#a1b1ba', 16.1, '', 'GF', 0),
(5936, 134, 9, 493, 0, 'PORCENTAJE', '', '#a1b1ba', 16.2, '', 'GF', 0),
(5937, 134, 9, 426, 0, 'PORCENTAJE', '', '#a1b1ba', 17, '', 'GF', 0),
(5938, 134, 9, 427, 0, 'PORCENTAJE', '', '#a1b1ba', 18, '', 'GF', 0),
(5939, 134, 9, 133, 0, 'PORCENTAJE', '', '#a1b1ba', 19, '', 'GF', 0),
(5940, 134, 9, 391, 0, 'PORCENTAJE', '', '#a1b1ba', 20, '', 'GF', 0),
(5941, 134, 9, 128, 0, 'BRIX', '', '#a1b1ba', 21, '', 'GF', 0),
(5942, 134, 9, 428, 0, 'FIRMEZA1_PROM', '', '#a1b1ba', 22, '', 'GF', 0),
(5943, 134, 9, 429, 0, 'FIRMEZA2_PROM', '', '#a1b1ba', 23, '', 'GF', 0),
(5944, 134, 6, 430, 0, 'PORCENTAJE', 'SUMA CALIDAD', '#cfe0f7', 24, '', 'GF', 0),
(5945, 134, 6, 431, 0, 'PORCENTAJE', 'SUMA CALIDAD', '#cfe0f7', 25, '', 'GF', 0),
(5946, 134, 6, 432, 0, 'PORCENTAJE', 'SUMA CALIDAD', '#cfe0f7', 26, '', 'GF', 0),
(5947, 134, 6, 433, 0, 'PORCENTAJE', 'SUMA CALIDAD', '#cfe0f7', 27, '', 'GF', 0),
(5948, 134, 6, 435, 0, 'PORCENTAJE', 'SUMA CALIDAD', '#cfe0f7', 28, '', 'GF', 0),
(5949, 134, 6, 436, 0, 'PORCENTAJE', 'SUMA CALIDAD', '#cfe0f7', 29, '', 'GF', 0),
(5950, 134, 6, 437, 0, 'PORCENTAJE', 'SUMA CALIDAD', '#cfe0f7', 30, '', 'GF', 0),
(5951, 134, 6, 145, 0, 'PORCENTAJE', 'SUMA CALIDAD', '#cfe0f7', 31, '', 'GF', 0),
(5952, 134, 6, 403, 0, 'SUMA CALIDAD', '', '#cfe0f7', 32, '', 'GF', 0),
(5953, 134, 6, 146, 0, 'NOTA CALIDAD', '', '#cfe0f7', 33, '', 'GF', 0),
(5954, 134, 7, 438, 0, 'PORCENTAJE', 'SUMA CONDICION', '#f0e6c2', 34, '', 'GF', 0),
(5955, 134, 7, 157, 0, 'PORCENTAJE', 'SUMA CONDICION', '#f0e6c2', 35, '', 'GF', 0),
(5956, 134, 7, 439, 0, 'PORCENTAJE', 'SUMA CONDICION', '#f0e6c2', 36, '', 'GF', 0);
INSERT INTO `cal_planilla_defectos` (`id_planilla_defecto`, `planilla_id`, `id_parametro`, `id_defecto`, `clasificacion_id`, `tipo_medicion`, `hijos_de`, `color`, `orden_planilla`, `codigo_defecto_interno`, `cliente_id`, `part_sincro`) VALUES
(5957, 134, 7, 440, 0, 'PORCENTAJE', 'SUMA CONDICION', '#f0e6c2', 37, '', 'GF', 0),
(5958, 134, 7, 441, 0, 'PORCENTAJE', 'SUMA CONDICION', '#f0e6c2', 38, '', 'GF', 0),
(5959, 134, 7, 411, 0, 'PORCENTAJE', 'SUMA CONDICION', '#f0e6c2', 39, '', 'GF', 0),
(5960, 134, 7, 442, 0, 'PORCENTAJE', 'SUMA CONDICION', '#f0e6c2', 40, '', 'GF', 0),
(5961, 134, 7, 1718, 0, 'PORCENTAJE', 'SUMA CONDICION', '#f0e6c2', 40.1, '', 'GF', 0),
(5962, 134, 7, 404, 0, 'SUMA CONDICION', '', '#f0e6c2', 41, '', 'GF', 0),
(5963, 134, 7, 158, 0, 'PORCENTAJE', '', '#f0e6c2', 42, '', 'GF', 0),
(5964, 134, 7, 159, 0, 'PORCENTAJE', '', '#f0e6c2', 43, '', 'GF', 0),
(5965, 134, 7, 443, 0, 'PORCENTAJE', '', '#f0e6c2', 44, '', 'GF', 0),
(5966, 134, 7, 444, 0, 'PORCENTAJE', '', '#f0e6c2', 45, '', 'GF', 0),
(5967, 134, 7, 160, 0, 'NUMERICO', '', '#f0e6c2', 46, '', 'GF', 0),
(5968, 134, 7, 1797, 0, 'NUMERICO', '', '#f0e6c2', 46.1, '', 'GF', 0),
(5969, 134, 7, 1798, 0, 'NUMERICO', '', '#f0e6c2', 46.2, '', 'GF', 0),
(5970, 134, 7, 1799, 0, 'NUMERICO', '', '#f0e6c2', 46.3, '', 'GF', 0),
(5971, 134, 7, 1800, 0, 'NUMERICO', '', '#f0e6c2', 46.4, '', 'GF', 0),
(5972, 134, 7, 156, 0, 'NOTA CONDICION', '', '#f0e6c2', 47, '', 'GF', 0),
(5973, 134, 12, 163, 0, 'SUMA TOTAL', '', '#cad6ff', 48, '', 'GF', 0),
(6492, 39, 9, 944, 0, 'NUMERICO', '', '#a1b1ba', 50.2, '', 'GF', 0),
(6707, 69, 7, 2125, 0, 'PORCENTAJE', 'SUMA CONDICION', '#f0e6c2', 89.1, '', 'GF', 0),
(6708, 81, 7, 2125, 0, 'PORCENTAJE', 'SUMA CONDICION', '#f0e6c2', 86.1, '', 'GF', 0),
(6709, 69, 7, 2127, 0, 'PORCENTAJE', 'SUMA CONDICION', '#f0e6c2', 80.1, '', 'GF', 0),
(6748, 39, 6, 553, 0, 'PORCENTAJE', 'SUMA CALIDAD', '#cfe0f7', 61.1, '', 'GF', 0),
(6749, 39, 7, 2139, 0, 'PORCENTAJE', 'SUMA CONDICION', '#f0e6c2', 77.1, '', 'GF', 0),
(6750, 39, 7, 555, 0, 'PORCENTAJE', 'SUMA CONDICION', '#f0e6c2', 76.1, '', 'GF', 0),
(6751, 39, 7, 557, 0, 'PORCENTAJE', 'SUMA CONDICION', '#f0e6c2', 78.1, '', 'GF', 0),
(6752, 39, 38, 2140, 0, 'TIPO CAJA', '', '#ffa3a3', 1.2, '', 'GF', 0),
(6756, 39, 6, 403, 0, 'SUMA CALIDAD', '', '#cfe0f7', 70.1, '', 'GF', 0),
(6757, 39, 7, 404, 0, 'SUMA CONDICION', '', '#f0e6c2', 78.2, '', 'GF', 0),
(6758, 69, 38, 2140, 0, 'TIPO CAJA', '', '', 1.2, '', 'GF', 0),
(6759, 70, 38, 2140, 0, 'TIPO CAJA', '', '', 1.2, '', 'GF', 0),
(6761, 81, 38, 2140, 0, 'TIPO CAJA', '', '', 1.2, '', 'GF', 0),
(6764, 154, 6, 827, 0, 'PORCENTAJE', '', '#cfe0f7', 14, '54', 'GF', 0),
(6908, 42, 7, 2370, 0, 'TEXTO', '', '#f0e6c2', 74.5, '', 'GF', 0),
(6909, 42, 7, 2371, 0, 'PORCENTAJE', 'SUMA CONDICION', '#f0e6c2', 74.6, '', 'GF', 0),
(6910, 48, 7, 2370, 0, 'TEXTO', '', '#f0e6c2', 77.1, '', 'GF', 0),
(6911, 48, 7, 2371, 0, 'PORCENTAJE', 'SUMA CONDICION', '#f0e6c2', 77.2, '', 'GF', 0),
(6912, 49, 7, 2370, 0, 'TEXTO', '', '#f0e6c2', 77.1, '', 'GF', 0),
(6913, 49, 7, 2371, 0, 'PORCENTAJE', 'SUMA CONDICION', '#f0e6c2', 77.2, '', 'GF', 0),
(6914, 47, 7, 2370, 0, 'TEXTO', '', '#f0e6c2', 99.3, '', 'GF', 0),
(6915, 47, 7, 2369, 0, 'PORCENTAJE', 'SUMA CONDICION', '#f0e6c2', 99.4, '', 'GF', 0),
(6929, 42, 8, 2140, 0, 'TIPO CAJA', '', '', 1.1, '', 'GF', 0),
(6930, 42, 38, 2140, 0, 'TIPO CAJA', '', '', 1.1, '', 'GF', 0),
(6931, 48, 38, 2140, 0, 'TIPO CAJA', '', '', 1.1, '', 'GF', 0),
(6932, 49, 38, 2140, 0, 'TIPO CAJA', '', '', 1.1, '', 'GF', 0),
(6933, 47, 38, 2140, 0, 'TIPO CAJA', '', '', 1.1, '', 'GF', 0),
(6934, 58, 38, 2140, 0, 'TIPO CAJA', '', '', 1.1, '', 'GF', 0),
(9291, 47, 7, 407, 0, 'PORCENTAJE', 'SUMA CONDICION', '#f0e6c2', 91.1, '', 'GF', 0),
(9292, 49, 7, 407, 0, 'PORCENTAJE', 'SUMA CONDICION', '#f0e6c2', 67.1, '', 'GF', 0),
(9293, 48, 7, 407, 0, 'PORCENTAJE', 'SUMA CONDICION', '#f0e6c2', 67.1, '', 'GF', 0),
(9597, 47, 7, 2956, 0, 'PORCENTAJE', 'SUMA CONDICION', '#f0e6c2', 99.22, '', 'GF', 0),
(9598, 48, 7, 2956, 0, 'PORCENTAJE', 'SUMA CONDICION', '#f0e6c2', 71.33, '', 'GF', 0),
(9599, 49, 7, 2956, 0, 'PORCENTAJE', 'SUMA CONDICION', '#f0e6c2', 71.33, '', 'GF', 0),
(9600, 5, 10, 2957, 0, 'SUMA NUMERO', '', '#c5c5c5', 45.4, '', 'GF', 0),
(9608, 58, 6, 832, 0, 'PORCENTAJE BAYAS', 'SUMA2 CALIDAD BAYAS', '#cfe0f7', 38.91, '', 'GF', 0),
(9609, 5, 7, 2961, 0, 'PORCENTAJE BAYAS', 'SUMA4 CONDICION', '#f0e6c2', 40.1, '', 'GF', 0),
(9618, 58, 6, 2966, 0, 'SUMA CALIDAD BAYA RACIMO', '', '#cfe0f7', 57.1, '', 'GF', 0),
(9619, 58, 7, 404, 0, 'SUMA CONDICION BAYA RACIMO', '', '#f0e6c2', 84.1, '', 'GF', 0),
(9620, 58, 6, 2964, 0, 'SUMA2 CALIDAD BAYAS', '', '#cfe0f7', 38.991, '', 'GF', 0),
(12379, 42, 7, 3894, 0, 'PORCENTAJE', 'SUMA CONDICION', '#f0e6c2', 75.1, '', 'GF', 0),
(12380, 42, 7, 1041, 0, 'PORCENTAJE', 'SUMA CONDICION', '#f0e6c2', 75.1, '', 'GF', 0),
(12381, 42, 7, 3896, 0, 'PORCENTAJE', 'SUMA CONDICION', '#f0e6c2', 75.1, '', 'GF', 0),
(12382, 42, 7, 555, 0, 'PORCENTAJE', 'SUMA CONDICION', '#f0e6c2', 75.1, '', 'GF', 0),
(12432, 42, 7, 407, 0, 'PORCENTAJE', 'SUMA CONDICION', '#f0e6c2', 62, '', 'GF', 0),
(12433, 42, 7, 3904, 0, 'PORCENTAJE', 'SUMA CONDICION', '#f0e6c2', 62.1, '', 'GF', 0),
(12599, 42, 7, 494, 0, 'PORCENTAJE', 'SUMA CONDICION', '#f0e6c2', 69.1, '', 'GF', 0),
(12600, 42, 7, 159, 0, 'PORCENTAJE', 'SUMA CONDICION', '#f0e6c2', 69.2, '', 'GF', 0),
(13640, 47, 7, 4226, 0, 'PORCENTAJE', 'SUMA CONDICION', '#f0e6c2', 99.222, '', 'GF', 0),
(13641, 42, 7, 4226, 0, 'PORCENTAJE', 'SUMA CONDICION', '#f0e6c2', 69.22, '', 'GF', 0),
(14662, 5, 9, 1022, 0, 'NUMERICO', '', '#a1b1ba', 18.1, '', 'GF', 0),
(14666, 30, 6, 4407, 0, 'PORCENTAJE', 'SUMA CALIDAD', '#cfe0f7', 30.1, '', 'GF', 0),
(14667, 39, 6, 4407, 0, 'PORCENTAJE', 'SUMA CALIDAD', '#cfe0f7', 61.11, '', 'GF', 0),
(16372, 15, 7, 1114, 0, 'PORCENTAJE', 'SUMA CONDICION', '#f0e6c2', 41.1, '', 'GF', 0),
(16684, 356, 8, 114, 0, 'FOLIO PALLET', '', '', 1, '', 'GF', 0),
(16685, 356, 8, 115, 0, 'CANT CAJAS', '', '', 2, '', 'GF', 0),
(16686, 356, 8, 116, 0, 'HORA', '', '', 3, '', 'GF', 0),
(16687, 356, 8, 419, 0, 'NPROCESO', '', '', 4, '', 'GF', 0),
(16688, 356, 8, 421, 0, 'NUMERICO', '', '', 5, '', 'GF', 0),
(16689, 356, 8, 117, 0, 'TEXTO', '', '', 6, '', 'GF', 0),
(16690, 356, 8, 425, 0, 'NUMERICO OBLIGATORIO', '', '', 7, '', 'GF', 0),
(16691, 356, 8, 118, 0, 'CALIBRE', '', '', 8, '', 'GF', 0),
(16692, 356, 8, 119, 0, 'PESO NETO', '', '', 9, '', 'GF', 0),
(16693, 356, 8, 120, 0, 'NUMERICO', '', '', 10, '', 'GF', 0),
(16694, 356, 8, 389, 0, 'NFRUTOS', '', '', 11, '', 'GF', 0),
(16695, 356, 8, 121, 0, 'NOTA', '', '', 12, '', 'GF', 0),
(16696, 356, 8, 122, 0, 'NOTA', '', '', 13, '', 'GF', 0),
(16697, 356, 8, 123, 0, 'NOTA', '', '', 14, '', 'GF', 0),
(16698, 356, 8, 124, 0, 'NOTA', '', '', 15, '', 'GF', 0),
(16699, 356, 9, 446, 0, 'PORCENTAJE', '', '', 16, '', 'GF', 0),
(16700, 356, 9, 493, 0, 'PORCENTAJE', '', '', 17, '', 'GF', 0),
(16701, 356, 9, 426, 0, 'PORCENTAJE', '', '', 18, '', 'GF', 0),
(16702, 356, 9, 427, 0, 'PORCENTAJE', '', '', 19, '', 'GF', 0),
(16703, 356, 9, 133, 0, 'PORCENTAJE', '', '', 20, '', 'GF', 0),
(16704, 356, 9, 391, 0, 'PORCENTAJE', '', '', 21, '', 'GF', 0),
(16705, 356, 9, 128, 0, 'BRIX', '', '', 22, '', 'GF', 0),
(16706, 356, 6, 553, 0, 'PORCENTAJE', 'SUMA CALIDAD', '#cfe0f7', 23, '', 'GF', 0),
(16707, 356, 6, 497, 0, 'PORCENTAJE', 'SUMA CALIDAD', '#cfe0f7', 24, '', 'GF', 0),
(16708, 356, 6, 834, 0, 'PORCENTAJE', 'SUMA CALIDAD', '#cfe0f7', 25, '', 'GF', 0),
(16709, 356, 6, 5075, 0, 'PORCENTAJE', 'SUMA CALIDAD', '#cfe0f7', 26, '', 'GF', 0),
(16710, 356, 6, 725, 0, 'PORCENTAJE', 'SUMA CALIDAD', '#cfe0f7', 27, '', 'GF', 0),
(16711, 356, 6, 832, 0, 'PORCENTAJE', 'SUMA CALIDAD', '#cfe0f7', 28, '', 'GF', 0),
(16712, 356, 6, 830, 0, 'PORCENTAJE', 'SUMA CALIDAD', '#cfe0f7', 29, '', 'GF', 0),
(16713, 356, 6, 5079, 0, 'PORCENTAJE', 'SUMA CALIDAD', '#cfe0f7', 30, '', 'GF', 0),
(16714, 356, 6, 5080, 0, 'PORCENTAJE', 'SUMA CALIDAD', '#cfe0f7', 31, '', 'GF', 0),
(16715, 356, 6, 5081, 0, 'PORCENTAJE', 'SUMA CALIDAD', '#cfe0f7', 32, '', 'GF', 0),
(16716, 356, 6, 836, 0, 'PORCENTAJE', 'SUMA CALIDAD', '#cfe0f7', 33, '', 'GF', 0),
(16717, 356, 6, 833, 0, 'PORCENTAJE', 'SUMA CALIDAD', '#cfe0f7', 34, '', 'GF', 0),
(16718, 356, 6, 909, 0, 'PORCENTAJE', 'SUMA CALIDAD', '#cfe0f7', 35, '', 'GF', 0),
(16719, 356, 6, 403, 0, 'SUMA CALIDAD', '', '#cfe0f7', 36, '', 'GF', 0),
(16720, 356, 6, 146, 0, 'NOTA CALIDAD', '', '#cfe0f7', 37, '', 'GF', 0),
(16721, 356, 7, 840, 0, 'PORCENTAJE', 'SUMA CONDICION', '#f0e6c2', 38, '', 'GF', 0),
(16722, 356, 7, 1126, 0, 'PORCENTAJE', 'SUMA CONDICION', '#f0e6c2', 39, '', 'GF', 0),
(16723, 356, 7, 841, 0, 'PORCENTAJE', 'SUMA CONDICION', '#f0e6c2', 40, '', 'GF', 0),
(16724, 356, 7, 159, 0, 'PORCENTAJE', 'SUMA CONDICION', '#f0e6c2', 41, '', 'GF', 0),
(16725, 356, 7, 839, 0, 'PORCENTAJE', 'SUMA CONDICION', '#f0e6c2', 42, '', 'GF', 0),
(16726, 356, 7, 550, 0, 'PORCENTAJE', 'SUMA CONDICION', '#f0e6c2', 43, '', 'GF', 0),
(16727, 356, 7, 5082, 0, 'PORCENTAJE', 'SUMA CONDICION', '#f0e6c2', 44, '', 'GF', 0),
(16728, 356, 7, 5083, 0, 'PORCENTAJE', 'SUMA CONDICION', '#f0e6c2', 45, '', 'GF', 0),
(16729, 356, 7, 5085, 0, 'PORCENTAJE', 'SUMA CONDICION', '#f0e6c2', 46, '', 'GF', 0),
(16730, 356, 7, 5086, 0, 'PORCENTAJE', 'SUMA CONDICION', '#f0e6c2', 47, '', 'GF', 0),
(16731, 356, 7, 5087, 0, 'PORCENTAJE', 'SUMA CONDICION', '#f0e6c2', 48, '', 'GF', 0),
(16732, 356, 7, 5088, 0, 'PORCENTAJE', 'SUMA CONDICION', '#f0e6c2', 49, '', 'GF', 0),
(16733, 356, 7, 556, 0, 'PORCENTAJE', 'SUMA CONDICION', '#f0e6c2', 50, '', 'GF', 0),
(16734, 356, 7, 156, 0, 'NOTA CONDICION', '', '#f0e6c2', 51, '', 'GF', 0),
(16735, 356, 12, 163, 0, 'SUMA TOTAL', '', '', 52, '', 'GF', 0),
(16736, 356, 7, 404, 0, 'SUMA CONDICION', '', '#f0e6c2', 50.1, '', 'GF', 0),
(16737, 357, 8, 116, 0, 'HORA', '', '', 1, '', 'GF', 0),
(16738, 357, 8, 419, 0, 'NPROCESO', '', '', 2, '', 'GF', 0),
(16739, 357, 8, 421, 0, 'TEXTO', '', '', 3, '', 'GF', 0),
(16740, 357, 6, 427, 0, 'NUMERICO', 'SUMA', '#cfe0f7', 4, '', 'GF', 0),
(16741, 357, 6, 553, 0, 'NUMERICO', 'SUMA', '#cfe0f7', 5, '', 'GF', 0),
(16742, 357, 6, 834, 0, 'NUMERICO', 'SUMA', '#cfe0f7', 6, '', 'GF', 0),
(16743, 357, 6, 5075, 0, 'NUMERICO', 'SUMA', '#cfe0f7', 7, '', 'GF', 0),
(16744, 357, 6, 725, 0, 'NUMERICO', 'SUMA', '#cfe0f7', 8, '', 'GF', 0),
(16745, 357, 6, 832, 0, 'NUMERICO', 'SUMA', '#cfe0f7', 9, '', 'GF', 0),
(16746, 357, 6, 830, 0, 'NUMERICO', 'SUMA', '#cfe0f7', 10, '', 'GF', 0),
(16747, 357, 6, 5079, 0, 'NUMERICO', 'SUMA', '#cfe0f7', 11, '', 'GF', 0),
(16748, 357, 6, 5080, 0, 'NUMERICO', 'SUMA', '#cfe0f7', 12, '', 'GF', 0),
(16749, 357, 6, 5081, 0, 'NUMERICO', 'SUMA', '#cfe0f7', 13, '', 'GF', 0),
(16750, 357, 6, 836, 0, 'NUMERICO', 'SUMA', '#cfe0f7', 14, '', 'GF', 0),
(16751, 357, 6, 833, 0, 'NUMERICO', 'SUMA', '#cfe0f7', 15, '', 'GF', 0),
(16752, 357, 6, 909, 0, 'NUMERICO', 'SUMA', '#cfe0f7', 16, '', 'GF', 0),
(16753, 357, 7, 840, 0, 'NUMERICO', 'SUMA', '#f0e6c2', 17, '', 'GF', 0),
(16754, 357, 7, 1126, 0, 'NUMERICO', 'SUMA', '#f0e6c2', 18, '', 'GF', 0),
(16755, 357, 7, 841, 0, 'NUMERICO', 'SUMA', '#f0e6c2', 19, '', 'GF', 0),
(16756, 357, 7, 159, 0, 'NUMERICO', 'SUMA', '#f0e6c2', 20, '', 'GF', 0),
(16757, 357, 7, 839, 0, 'NUMERICO', 'SUMA', '#f0e6c2', 21, '', 'GF', 0),
(16758, 357, 7, 142, 0, 'NUMERICO', 'SUMA', '#f0e6c2', 22, '', 'GF', 0),
(16759, 357, 7, 5082, 0, 'NUMERICO', 'SUMA', '#f0e6c2', 23, '', 'GF', 0),
(16760, 357, 7, 5083, 0, 'NUMERICO', 'SUMA', '#f0e6c2', 24, '', 'GF', 0),
(16761, 357, 7, 5085, 0, 'NUMERICO', 'SUMA', '#f0e6c2', 25, '', 'GF', 0),
(16762, 357, 7, 5086, 0, 'NUMERICO', 'SUMA', '#f0e6c2', 26, '', 'GF', 0),
(16763, 357, 7, 5087, 0, 'NUMERICO', 'SUMA', '#f0e6c2', 27, '', 'GF', 0),
(16764, 357, 7, 5088, 0, 'NUMERICO', 'SUMA', '#f0e6c2', 28, '', 'GF', 0),
(16765, 357, 7, 556, 0, 'NUMERICO', 'SUMA', '#f0e6c2', 29, '', 'GF', 0),
(16766, 357, 12, 163, 0, 'SUMA', '', '', 30, '', 'GF', 0),
(16767, 357, 12, 422, 0, 'FRUTOS EXPORTABLES', '', '', 31, '', 'GF', 0),
(16768, 358, 38, 114, 0, 'FOLIO PALLET', '', '', 1, '', 'GF', 0),
(16769, 358, 38, 115, 0, 'CANT CAJAS', '', '', 2, '', 'GF', 0),
(16770, 358, 38, 116, 0, 'HORA', '', '', 3, '', 'GF', 0),
(16771, 358, 38, 419, 0, 'NPROCESO', '', '', 4, '', 'GF', 0),
(16772, 358, 38, 421, 0, 'NUMERICO', '', '', 5, '', 'GF', 0),
(16774, 358, 38, 944, 0, 'NUMERICO OBLIGATORIO', '', '', 7, '', 'GF', 0),
(16775, 358, 38, 118, 0, 'CALIBRE', '', '', 8, '', 'GF', 0),
(16776, 358, 38, 119, 0, 'PESO NETO', '', '', 9, '', 'GF', 0),
(16778, 358, 38, 389, 0, 'NFRUTOS', '', '', 11, '', 'GF', 0),
(16783, 358, 39, 446, 0, 'PORCENTAJE', '', '', 16, '', 'GF', 0),
(16784, 358, 39, 493, 0, 'PORCENTAJE', '', '', 17, '', 'GF', 0),
(16785, 358, 39, 426, 0, 'PORCENTAJE', '', '', 18, '', 'GF', 0),
(16786, 358, 39, 427, 0, 'PORCENTAJE', '', '', 19, '', 'GF', 0),
(16787, 358, 39, 827, 0, 'PORCENTAJE', '', '', 20, '', 'GF', 0),
(16788, 358, 39, 826, 0, 'PORCENTAJE', '', '', 21, '', 'GF', 0),
(16789, 358, 39, 128, 0, 'BRIX', '', '', 22, '', 'GF', 0),
(16790, 358, 6, 553, 0, 'PORCENTAJE', 'SUMA CALIDAD', '#cfe0f7', 23, '', 'GF', 0),
(16791, 358, 6, 497, 0, 'PORCENTAJE', 'SUMA CALIDAD', '#cfe0f7', 24, '', 'GF', 0),
(16792, 358, 6, 834, 0, 'PORCENTAJE', 'SUMA CALIDAD', '#cfe0f7', 25, '', 'GF', 0),
(16793, 358, 6, 5075, 0, 'PORCENTAJE', 'SUMA CALIDAD', '#cfe0f7', 26, '', 'GF', 0),
(16794, 358, 6, 725, 0, 'PORCENTAJE', 'SUMA CALIDAD', '#cfe0f7', 27, '', 'GF', 0),
(16795, 358, 6, 832, 0, 'PORCENTAJE', 'SUMA CALIDAD', '#cfe0f7', 28, '', 'GF', 0),
(16796, 358, 6, 830, 0, 'PORCENTAJE', 'SUMA CALIDAD', '#cfe0f7', 29, '', 'GF', 0),
(16797, 358, 6, 5079, 0, 'PORCENTAJE', 'SUMA CALIDAD', '#cfe0f7', 30, '', 'GF', 0),
(16798, 358, 6, 5080, 0, 'PORCENTAJE', 'SUMA CALIDAD', '#cfe0f7', 31, '', 'GF', 0),
(16799, 358, 6, 5081, 0, 'PORCENTAJE', 'SUMA CALIDAD', '#cfe0f7', 32, '', 'GF', 0),
(16800, 358, 6, 836, 0, 'PORCENTAJE', 'SUMA CALIDAD', '#cfe0f7', 33, '', 'GF', 0),
(16801, 358, 6, 833, 0, 'PORCENTAJE', 'SUMA CALIDAD', '#cfe0f7', 34, '', 'GF', 0),
(16802, 358, 6, 909, 0, 'PORCENTAJE', 'SUMA CALIDAD', '#cfe0f7', 35, '', 'GF', 0),
(16803, 358, 6, 403, 0, 'SUMA CALIDAD', '', '#cfe0f7', 36, '', 'GF', 0),
(16804, 358, 6, 146, 0, 'NOTA CALIDAD', '', '#cfe0f7', 37, '', 'GF', 0),
(16805, 358, 7, 840, 0, 'PORCENTAJE', 'SUMA CONDICION', '#f0e6c2', 38, '', 'GF', 0),
(16806, 358, 7, 1126, 0, 'PORCENTAJE', 'SUMA CONDICION', '#f0e6c2', 39, '', 'GF', 0),
(16807, 358, 7, 841, 0, 'PORCENTAJE', 'SUMA CONDICION', '#f0e6c2', 40, '', 'GF', 0),
(16808, 358, 7, 159, 0, 'PORCENTAJE', 'SUMA CONDICION', '#f0e6c2', 41, '', 'GF', 0),
(16809, 358, 7, 801, 0, 'PORCENTAJE', 'SUMA CONDICION', '#f0e6c2', 42, '', 'GF', 0),
(16810, 358, 7, 142, 0, 'PORCENTAJE', 'SUMA CONDICION', '#f0e6c2', 43, '', 'GF', 0),
(16811, 358, 7, 5082, 0, 'PORCENTAJE', 'SUMA CONDICION', '#f0e6c2', 44, '', 'GF', 0),
(16812, 358, 7, 5083, 0, 'PORCENTAJE', 'SUMA CONDICION', '#f0e6c2', 45, '', 'GF', 0),
(16813, 358, 7, 5085, 0, 'PORCENTAJE', 'SUMA CONDICION', '#f0e6c2', 46, '', 'GF', 0),
(16814, 358, 7, 5086, 0, 'PORCENTAJE', 'SUMA CONDICION', '#f0e6c2', 47, '', 'GF', 0),
(16815, 358, 7, 5087, 0, 'PORCENTAJE', 'SUMA CONDICION', '#f0e6c2', 48, '', 'GF', 0),
(16816, 358, 7, 5088, 0, 'PORCENTAJE', 'SUMA CONDICION', '#f0e6c2', 49, '', 'GF', 0),
(16817, 358, 7, 556, 0, 'PORCENTAJE', 'SUMA CONDICION', '#f0e6c2', 50, '', 'GF', 0),
(16818, 358, 7, 156, 0, 'NOTA CONDICION', '', '#f0e6c2', 51, '', 'GF', 0),
(16819, 358, 7, 404, 0, 'SUMA CONDICION', '', '#f0e6c2', 50.1, '', 'GF', 0),
(16820, 358, 12, 163, 0, 'SUMA TOTAL', '', '', 52, '', 'GF', 0),
(16865, 358, 38, 680, 0, 'NMUESTRA', '', '', 1.1, '', 'GF', 0),
(16871, 358, 38, 681, 0, 'FECHA', '', '', 2.1, '', 'GF', 0),
(16872, 358, 38, 728, 0, 'FECHA', '', '', 2.2, '', 'GF', 0),
(16877, 42, 7, 2956, 0, 'PORCENTAJE', 'SUMA CONDICION', '#f0e6c2', 69.222, '', 'GF', 0),
(16878, 48, 7, 3904, 0, 'PORCENTAJE', 'SUMA CONDICION', '#f0e6c2', 77.22, '', 'GF', 0),
(16879, 48, 7, 3894, 0, 'PORCENTAJE', 'SUMA CONDICION', '#f0e6c2', 77.222, '', 'GF', 0),
(16880, 49, 7, 3904, 0, 'PORCENTAJE', 'SUMA CONDICION', '#f0e6c2', 77.22, '', 'GF', 0),
(16881, 49, 7, 3894, 0, 'PORCENTAJE', 'SUMA CONDICION', '#f0e6c2', 77.222, '', 'GF', 0),
(16883, 47, 7, 3904, 0, 'PORCENTAJE', 'SUMA CONDICION', '#f0e6c2', 99.2222, '', 'GF', 0),
(16884, 47, 7, 3894, 0, 'PORCENTAJE', 'SUMA CONDICION', '#f0e6c2', 99.22222, '', 'GF', 0),
(16885, 39, 7, 3904, 0, 'PORCENTAJE', 'SUMA CONDICION', '#f0e6c2', 78.11, '', 'GF', 0),
(16886, 70, 6, 5099, 0, 'PORCENTAJE', 'SUMA CALIDAD', '#cfe0f7', 56.1, '', 'GF', 0),
(16887, 358, 7, 5093, 0, 'PORCENTAJE', 'SUMA CONDICION', '#f0e6c2', 50.1, '', 'GF', 0),
(16888, 358, 7, 5094, 0, 'PORCENTAJE', 'SUMA CONDICION', '#f0e6c2', 50.11, '', 'GF', 0),
(16889, 358, 7, 5095, 0, 'PORCENTAJE', 'SUMA CONDICION', '#f0e6c2', 50.111, '', 'GF', 0),
(16890, 358, 7, 5096, 0, 'PORCENTAJE', 'SUMA CONDICION', '#f0e6c2', 50.1111, '', 'GF', 0),
(16891, 358, 7, 5097, 0, 'PORCENTAJE', 'SUMA CONDICION', '#f0e6c2', 50.11111, '', 'GF', 0),
(16892, 358, 7, 5098, 0, 'PORCENTAJE', 'SUMA CONDICION', '#f0e6c2', 50.111111, '', 'GF', 0),
(16893, 358, 6, 919, 0, 'PORCENTAJE', 'SUMA CALIDAD', '#cfe0f7', 35.1, '', 'GF', 0);

-- --------------------------------------------------------

--
-- Estructura de tabla para la tabla `cal_planilla_especie`
--

CREATE TABLE `cal_planilla_especie` (
  `planilla_id` int(11) NOT NULL,
  `nombre_planilla` varchar(150) DEFAULT NULL,
  `especie_id` int(11) DEFAULT NULL,
  `tipo_planilla` varchar(50) NOT NULL,
  `anio_planilla` varchar(15) NOT NULL,
  `cliente_id` varchar(100) DEFAULT NULL
) ENGINE=InnoDB DEFAULT CHARSET=latin1;

--
-- Volcado de datos para la tabla `cal_planilla_especie`
--

INSERT INTO `cal_planilla_especie` (`planilla_id`, `nombre_planilla`, `especie_id`, `tipo_planilla`, `anio_planilla`, `cliente_id`) VALUES
(5, 'PLANILLA GEOFRUT UVA 2022', 2, 'CALIDAD', '2019', 'GF'),
(15, 'PLANILLA GEOFRUT CEREZAS 2019', 4, 'CALIDAD', '2019', 'GF'),
(16, 'CEREZA COMERCIAL 2019', 4, 'COMERCIAL', '2019', 'GF'),
(17, 'PLANILLA GEOFRUT DURAZNOS 2019', 6, 'CALIDAD', '2019', 'GF'),
(18, 'PLANILLA GEOFRUT NECTARINES 2019', 9, 'CALIDAD', '2019', 'GF'),
(19, 'PLANILLA COMERCIAL DURAZNOS 2019', 6, 'COMERCIAL', '2019', 'GF'),
(20, 'PLANILLA COMERCIAL NECTARINES 2019', 9, 'COMERCIAL', '2019', 'GF'),
(22, 'PLANILLA GEOFRUT CIRUELAS 2019', 5, 'CALIDAD', '2019', 'GF'),
(23, 'PLANILLA COMERCIAL CIRUELAS 2019', 5, 'COMERCIAL', '2019', 'GF'),
(26, 'PLANILLA GEOFRUT PERAS 2020', 10, 'CALIDAD', '2020', 'GF'),
(27, 'PLANILLA COMERCIAL PERAS 2020', 10, 'COMERCIAL', '2020', 'GF'),
(28, 'PLANILLA GEOFRUT MANZANAS 2020', 8, 'CALIDAD', '2020', 'GF'),
(29, 'PLANILLA GEOFRUT COMERCIAL 2020', 8, 'COMERCIAL', '2020', 'GF'),
(30, 'PLANILLA GEOFRUT KIWIS 2020', 7, 'CALIDAD', '2020', 'GF'),
(31, 'PLANILLA COMERCIAL KIWIS 2020', 7, 'COMERCIAL', '2020', 'GF'),
(35, 'PLANILLA GEOFRUT MANZANAS PINK LADY 2020', 12, 'CALIDAD', '2020', 'GF'),
(39, 'PLANILLA TESTIGO KIWIS', 7, 'TESTIGO', '2020', 'GF'),
(42, 'PLANILLA CEREZAS CAJAS TESTIGOS', 4, 'TESTIGO', '2020', 'GF'),
(47, 'CAJAS TESTIGOS NECTARIN', 9, 'TESTIGO', '2020', 'GF'),
(48, 'CAJAS TESTIGO CIRUELA', 5, 'TESTIGO', '2020', 'GF'),
(49, 'CAJAS TESTIGO DURAZNO', 6, 'TESTIGO', '2020', 'GF'),
(58, 'CAJAS TESTIGO UVA', 2, 'TESTIGO', '2021', 'GF'),
(69, 'CAJAS TESTIGO MANZANA', 8, 'TESTIGO', '2021', 'GF'),
(70, 'CAJAS TESTIGO PERAS', 10, 'TESTIGO', '2021', 'GF'),
(81, 'CAJAS TESTIGO MANZANA PINK LADY', 12, 'TESTIGO', '2021', 'GF'),
(134, 'PLANILLA NECTARIN ALDO', 9, 'CALIDAD', '2022', 'GF'),
(154, 'PRUEBA', 4, 'CALIDAD', '2022', 'GF'),
(356, 'NORMA CALIDAD MANDARINAS', 234, 'CALIDAD', '2024', 'GF'),
(357, 'PLANILLA COMERCIAL MANDARINAS', 234, 'COMERCIAL', '2024', 'GF'),
(358, 'CAJAS TESTIGO MANDARINAS', 234, 'TESTIGO', '2024', 'GF');

-- --------------------------------------------------------

--
-- Estructura de tabla para la tabla `cal_planilla_inspeccion`
--

CREATE TABLE `cal_planilla_inspeccion` (
  `pi_folio` varchar(100) NOT NULL,
  `pi_folio_sin_cambio` varchar(100) NOT NULL,
  `pi_fecha_inspeccion` date DEFAULT NULL,
  `pi_especie_id` int(11) DEFAULT NULL,
  `pi_exportador_cod` varchar(50) DEFAULT NULL,
  `pi_packing_id` varchar(20) DEFAULT NULL,
  `pi_inspector` varchar(12) DEFAULT NULL,
  `pi_zona_id` int(11) DEFAULT NULL,
  `pi_tipo_packing_id` int(11) DEFAULT NULL,
  `tipo_planilla` varchar(20) NOT NULL,
  `turno` int(2) NOT NULL,
  `tipo_inspeccion` varchar(100) NOT NULL,
  `fecha_crea` datetime DEFAULT NULL,
  `pi_estado` varchar(20) DEFAULT NULL,
  `observacion` varchar(600) NOT NULL,
  `usu_crea` varchar(12) NOT NULL,
  `cliente_id` varchar(100) DEFAULT NULL,
  `pi_folio_web` double DEFAULT NULL,
  `sincro` varchar(10) DEFAULT NULL
) ENGINE=InnoDB DEFAULT CHARSET=latin1;

-- --------------------------------------------------------

--
-- Estructura de tabla para la tabla `cal_productores`
--

CREATE TABLE `cal_productores` (
  `productor_id` varchar(20) NOT NULL,
  `productor_nombre` varchar(100) DEFAULT NULL,
  `sag` varchar(20) NOT NULL,
  `especie_id` int(11) DEFAULT NULL,
  `exportador_cod` varchar(50) DEFAULT NULL,
  `cliente_id` varchar(100) DEFAULT NULL
) ENGINE=InnoDB DEFAULT CHARSET=latin1;

--
-- Volcado de datos para la tabla `cal_productores`
--

INSERT INTO `cal_productores` (`productor_id`, `productor_nombre`, `sag`, `especie_id`, `exportador_cod`, `cliente_id`) VALUES
('*GF_320', 'SOC. AGRICOLA SAN CHARBEL LTDA', '', 4, 'GF', 'GF'),
('*GF_322', 'AGRICOLA SANTA MARGARITA S.A', '', 4, 'GF', 'GF'),
('*GF_523', 'BERNARDO DOMINGUEZ COVARRUBIAS', '', 4, 'GF', 'GF'),
('*GF_534', 'TERESA PHILIPPI IRARRAZABAL', '', 4, 'GF', 'GF'),
('*GF_536', 'ALFONSO QUIÑONES DIAZ', '', 4, 'GF', 'GF'),
('*GF_626', 'JOSEFA BUDINICH BORDA', '', 4, 'GF', 'GF'),
('*GF_680', 'AGRICOLA QUINAHUE SPA', '', 4, 'GF', 'GF'),
('*GF_686', 'AGR Y FORESTAL EL PEUMO LTDA', '', 4, 'GF', 'GF'),
('*GF_739', 'AGRICOLA VICTORIA', '', 4, 'GF', 'GF'),
('*GF_812', 'AGR. JOSE MARIA RIVERA Y OTROS', '', 4, 'GF', 'GF'),
('.GF_453', 'HUERTO SANTA ROSA LTDA.', '', 4, 'GF', 'GF'),
('.GF_463', 'SOC. AGRICOLA PATRICIA MARIA LTDA.', '', 4, 'GF', 'GF'),
('.GF_806', 'HUERTO SAN BERNARDO LOS LIRIOS', '', 4, 'GF', 'GF'),
('.GF_R471', 'GEOAGRO TIPAUME', '', 4, 'GF', 'GF'),
('.NEC_825', 'AGRICOLA ARIANA SPA', '', 9, 'GF', 'GF'),
('0624', 'LUIS BROWN MARTINEZ', '', 4, 'GF', 'GF'),
('145', 'GARNHAM ALEJANDRO', '', 5, 'GF', 'GF'),
('348', 'AGRICOLA NUEVA ESPERANZA SPA', '', 4, 'GF', 'GF'),
('470', 'AGRICOLA SAN ANTONIO DE CHIMBARONGO LTDA.', '', 4, 'GF', 'GF'),
('495', 'AGRICOLA BEUNAVENTURA ', '', 4, 'GF', 'GF'),
('520', 'AGRICOLA SAN LUIS SPA', '', 4, 'GF', 'GF'),
('526', 'AGRÍCOLA LAS VIDES LIMITA', '', 5, 'GF', 'GF'),
('538', 'AGRICOLA FRUTRINCADO SPA', '', 4, 'GF', 'GF'),
('549', 'JAIME VENEGAS FUENTES ', '', 4, 'GF', 'GF'),
('557', 'EDUARDO CRUZ UNZUETA ', '', 4, 'GF', 'GF'),
('561', 'SOC. AGRICOLA BROMILIO II LIMITADA', '', 2, 'GF', 'GF'),
('612', 'JOSE RAMON ABATTE PEREZ', '', 4, 'GF', 'GF'),
('615', 'AGRICOLA AGUAS DEL VALLE SPA', '', 5, 'GF', 'GF'),
('739', 'AGRICOLA VICTORIA S.A', '', 4, 'GF', 'GF'),
('779', 'JAIME VENEGAS FUENTES', '', 4, 'GF', 'GF'),
('828', 'RAMON ACHURRA Y COMPAÑIA', '', 5, 'GF', 'GF'),
('CE_407', 'LUIS HERNAN VALENZUELA JARA Y CIA LTDA', '', 4, 'GF', 'GF'),
('CH_256', 'SOC AGRICOLA SAN LUCAS LIMITADA', '', 4, 'GF', 'GF'),
('CI_109', 'SOCIEDAD AGRICOLA CODEGUA LTDA', '', 5, 'GF', 'GF'),
('CI_125', 'SAMUEL FORTUNATO BUDINICH JEROLIMICH', '', 5, 'GF', 'GF'),
('CI_126', 'ANDRES CALVO LARRAIN 3', '', 5, 'GF', 'GF'),
('CI_127', 'ANDRES CALVO LARRAIN 2', '', 5, 'GF', 'GF'),
('CI_129', 'ANDRES CALVO LARRAIN 1', '', 5, 'GF', 'GF'),
('CI_143', 'MANUEL CALVO LARRAIN', '', 5, 'GF', 'GF'),
('CI_144', 'ALEJANDRO GARNHAM', '', 5, 'GF', 'GF'),
('CI_145', 'ALEJANDRO GARNHAM', '', 5, 'GF', 'GF'),
('CI_193', 'PILARES VERDES GEOAGRO', '', 5, 'GF', 'GF'),
('CI_235', 'CASAS VIEJAS GEOAGRO LTDA', '', 5, 'GF', 'GF'),
('CI_245', 'PILARES VERDES AGR. GEOAGRO', '', 5, 'GF', 'GF'),
('CI_255', 'AGRICOLA LAS CALAS LTDA', '', 5, 'GF', 'GF'),
('CI_256', 'SOC AGR SAN LUCAS LTDA', '', 5, 'GF', 'GF'),
('CI_258', 'SOC AGRICOLA LA CANELA LTDA', '', 5, 'GF', 'GF'),
('CI_259', 'SOC AGRICOLA LA CANELA LTDA	', '', 5, 'GF', 'GF'),
('CI_266', 'SOCIEDAD AGRICOLA SANTA ANA LIMITADA', '', 5, 'GF', 'GF'),
('CI_268', 'RAMON ACHURRA Y CIA LTDA EL SAUCE', '', 5, 'GF', 'GF'),
('CI_269', 'SOCIEDAD AGRICOLA SAN RAMON BUENA ESPERANZA', '', 5, 'GF', 'GF'),
('CI_270', 'FUNDO EL MOLINO', '', 5, 'GF', 'GF'),
('CI_272', 'JOSE MANNUEL UNDURRAGA I.', '', 5, 'GF', 'GF'),
('CI_273', 'AGRICOLA EL ARCHIVO LTDA', '', 5, 'GF', 'GF'),
('CI_288', 'AGRICOLA DOS AMALIAS LTDA', '', 5, 'GF', 'GF'),
('CI_293', 'AGRICOLA REQUIAGRO', '', 5, 'GF', 'GF'),
('CI_294', 'SAMUEL BUDINICH SPA', '', 5, 'GF', 'GF'),
('CI_295', 'SOC AGR SANTA TERESITA SPA', '', 5, 'GF', 'GF'),
('CI_313', 'AGRICOLA DOS MARIAS SPA', '', 5, 'GF', 'GF'),
('CI_314', 'SOC AGR SAN GONZALO LTDA', '', 5, 'GF', 'GF'),
('CI_315', 'AGR INV Y ASESORIAS BRAMADERO LIMITADA', '', 5, 'GF', 'GF'),
('CI_328', 'AGRICOLA SANTA MAGDALENA LTDA', '', 5, 'GF', 'GF'),
('CI_329', 'AGRICOLA SANTA MAGDALENA LTDA', '', 5, 'GF', 'GF'),
('CI_330', 'AGR SANTA MAGDALENA LTDA', '', 5, 'GF', 'GF'),
('CI_344', 'SOC. AGRICOLA STA BEATRIZ LTDA', '', 5, 'GF', 'GF'),
('CI_345', 'AGR INMOBILIARIA E INVERSIONES COTA S.A', '', 5, 'GF', 'GF'),
('CI_347', 'INMOBILIARIA DEL ALBA SPA', '', 5, 'GF', 'GF'),
('CI_349', 'SOC AGR LOS ACACIOS LTDA', '', 5, 'GF', 'GF'),
('CI_354', 'AGRICOLA EL REMANSO Y CIA', '', 5, 'GF', 'GF'),
('CI_359', 'AGR LAS DOS AMALIAS LTDA', '', 5, 'GF', 'GF'),
('CI_361', 'SOC AGRICOLA SAN LUCAS', '', 5, 'GF', 'GF'),
('CI_363', 'SOCIEDAD AGRICOLA EL PARQUE LTDA', '', 5, 'GF', 'GF'),
('CI_364', 'SOC AGRICOLA EL PARQUE LTDA', '', 5, 'GF', 'GF'),
('CI_366', 'SOC AGR EL PARQUE LTDA', '', 5, 'GF', 'GF'),
('CI_368', 'SOC AGR EL PARQUE LTDA', '', 5, 'GF', 'GF'),
('CI_369', 'EL PARQUE LTDA', '', 5, 'GF', 'GF'),
('CI_370', 'SOC AGR EL PARQUE LTDA', '', 5, 'GF', 'GF'),
('CI_371', 'COMUNIDAD CORREA SOMAVIA', '', 5, 'GF', 'GF'),
('CI_372', 'CORRETAJES AGRICOLAS BUNSTER Y TAGLE LTDA', '', 5, 'GF', 'GF'),
('CI_386', 'SOCIEDAD AGRICOLA EL PARQUE LTDA', '', 5, 'GF', 'GF'),
('CI_413', 'GEOAGRO EL REMANSO', '', 5, 'GF', 'GF'),
('CI_447', 'AGRICOLA EL ARCHIVO LTDA', '', 5, 'GF', 'GF'),
('CI_448', 'AGRICOLA ECOFRUTA LTDA', '', 5, 'GF', 'GF'),
('CI_449', 'AGRICOLA BELLAVISTA SPA', '', 5, 'GF', 'GF'),
('CI_450', 'JUAN HENRIQUEZ MARICH', '', 5, 'GF', 'GF'),
('CI_452', 'MANUEL CALVO LARRAIN', '', 5, 'GF', 'GF'),
('CI_455', 'FRUTICOLA EL ALBA SPA', '', 5, 'GF', 'GF'),
('CI_464', 'AGRICOLA TALCAREHUE LTDA', '', 5, 'GF', 'GF'),
('CI_478', 'AGRICOLA SAN PIO LTDA', '', 5, 'GF', 'GF'),
('CI_480', 'AGRICOLA SAN PIO LTDA.', '', 5, 'GF', 'GF'),
('CI_482', 'GEOAGRO TIPAUME', '', 5, 'GF', 'GF'),
('CI_488', 'CAROLINE ALEXANDRA SLATER MORALES', '', 5, 'GF', 'GF'),
('CI_498', 'AGRICOLA EL DELIRIO LTDA', '', 5, 'GF', 'GF'),
('CI_507', 'AGRICOLA LAS CALAS LTDA.', '', 5, 'GF', 'GF'),
('CI_510', 'CLARA SOLEDAD ARCE CUEVAS', '', 5, 'GF', 'GF'),
('CI_528', 'AGRIC Y COM LOMAS DEL BALUARTE', '', 5, 'GF', 'GF'),
('CI_529', 'JUAN HENRIQUEZ MARICH', '', 5, 'GF', 'GF'),
('CI_530', 'AGRICOLA AZAPA LTDA', '', 5, 'GF', 'GF'),
('CI_551', 'FDO. SAN ANTONIO SOC AGR LTDA', '', 5, 'GF', 'GF'),
('CI_582', 'INMOBILIARIA DEL ALBA S.A', '', 5, 'GF', 'GF'),
('CI_583', 'INMOBILIARIA DEL ALBA S.A', '', 5, 'GF', 'GF'),
('CI_605', ' AGRICOLA AGUA DEL VALLE S', '', 5, 'GF', 'GF'),
('CI_610', 'AGRICOLA  DOS MARIA SPA', '', 5, 'GF', 'GF'),
('CI_643', 'JOSE GABRIEL HUERTA CONTR', '', 5, 'GF', 'GF'),
('CI_646', 'PAROT URZUA BERNARDITA DE', '', 5, 'GF', 'GF'),
('CI_660', 'AGRICOLA LOS BOLDOS LIMITADA', '', 5, 'GF', 'GF'),
('CI_675', 'JAVIER LOPEZ DEVOTO', '', 5, 'GF', 'GF'),
('CI_733', 'AGRICOLA JAIME ARRAU ERRA', '', 5, 'GF', 'GF'),
('CI_734', 'AGRICOLA EL PEUMO LTDA.', '', 5, 'GF', 'GF'),
('CI_737', 'ESC AGR SAN VICENTE DE PAUL', '', 5, 'GF', 'GF'),
('CI_745', 'AGRICOLA JUAN ESTEBAN VAL', '', 5, 'GF', 'GF'),
('CI_754', 'INMOBILIARIA E INVERSIONES ', '', 5, 'GF', 'GF'),
('CI_801', 'AGROINDUSTRIAL LOS BRONCES LIMITADA', '', 5, 'GF', 'GF'),
('CI_806', 'LOS LIRIOS GEOAGRO LTDA', '', 5, 'GF', 'GF'),
('CI_818', 'RAIMUNDO GARDULSKI BUDINICH', '', 5, 'GF', 'GF'),
('CI_819', 'AGRICOLA LA ESPERANZA LTDA', '', 5, 'GF', 'GF'),
('CI_825', 'ARIANA AG. LTDA', '', 5, 'GF', 'GF'),
('CI_826', 'RAMON ACHURRA Y CIA LTDA LOS BRONCES', '', 5, 'GF', 'GF'),
('CI_826.', 'RAMON ACHURRA Y COMPAÑIA', '', 5, 'GF', 'GF'),
('CI_828', 'RAMON ACHURRA Y CIA LTDA SANTA JULIA', '', 5, 'GF', 'GF'),
('CI_830', 'AGRICOLA RUCAPAINE LTDA', '', 5, 'GF', 'GF'),
('CI_833', 'RAMON ACHURRA Y COMPAÑIA LTDA EL LARGO', '', 5, 'GF', 'GF'),
('CI_845', 'AGR LA CABAÑA DOS LTDA FUNDO HIJUELA 4TA', '', 5, 'GF', 'GF'),
('CI_862', 'AGRICOLA LAS VERTIENTES LTDA 1', '', 5, 'GF', 'GF'),
('CI_863', 'MONICA MATILDE CRUZ UNZUETA', '', 5, 'GF', 'GF'),
('CI_865', 'AGRICOLA SUIZA LIMITADA', '', 5, 'GF', 'GF'),
('CI_870', 'AGRICOLA LAS NIPAS LTDA', '', 5, 'GF', 'GF'),
('CI_874', 'SOC. AGRICOLA SAN RAMON BELLAVISTA', '', 5, 'GF', 'GF'),
('CI_883', 'JUAN HENRIQUEZ MARICH', '', 5, 'GF', 'GF'),
('CI_888', 'JUAN HENRIQUEZ MARICH', '', 5, 'GF', 'GF'),
('CI_893', 'JUAN HENRIQUEZ MARICH', '', 5, 'GF', 'GF'),
('CI_895', 'AGRICOLA SAN NICOLAS LTDA', '', 5, 'GF', 'GF'),
('CI_933', 'SOC AGR GRANT Y GAETE LTDA', '', 5, 'GF', 'GF'),
('CI_934', 'SOCIEDAD AGRÍCOLA Y GANADERA REQUINOA', '', 5, 'GF', 'GF'),
('CI_936', 'AGR LAS VERTIENTES LTDA', '', 5, 'GF', 'GF'),
('CI_B628', 'FINEST FRUIT S.A. EL CARM', '', 5, 'GF', 'GF'),
('CI_B630', 'AGRICOLA SANTA BERNARDITA LTDA', '', 5, 'GF', 'GF'),
('CI_D626', 'FINEST FRUIT S.A EL CARMEN 4', '', 5, 'GF', 'GF'),
('CI_D635', 'AGRICOLA SAN ALFREDO LTDA', '', 5, 'GF', 'GF'),
('CI_D636', 'AGRICOLA SANTA MARGARITA LTDA', '', 5, 'GF', 'GF'),
('CI_G109', 'SOCIEDAD AGRICOLA CODEGUA LTDA', '', 5, 'GF', 'GF'),
('CI_I631', 'AGRIC SAN IGNACIO LTDA	', '', 5, 'GF', 'GF'),
('CI_L457', 'FINEST FRUIT S.A. EL CARMEN', '', 5, 'GF', 'GF'),
('CI_L621', 'FINEST FRUIT S.A CANTERIA', '', 5, 'GF', 'GF'),
('CI_L626', 'FINEST FRUIT S.A SAN TITO', '', 5, 'GF', 'GF'),
('CI_L627', 'FINEST FRUIT S.A EL CARMEN', '', 5, 'GF', 'GF'),
('CI_L631', 'AGRIC SAN IGNACIO LTDA', '', 5, 'GF', 'GF'),
('CI_L633', 'AGRICOLA EL CANELO LTDA', '', 5, 'GF', 'GF'),
('CI_M627', 'FINEST FRUIT S.A EL CARMEN', '', 5, 'GF', 'GF'),
('CI_R110', 'AGRICOLA DOS MARIAS SPA', '', 5, 'GF', 'GF'),
('CI_R113', 'RAMON ACHURRA Y COMPAÑIA', '', 5, 'GF', 'GF'),
('CI_R145', 'CASAS VIEJAS GEOAGRO', '', 5, 'GF', 'GF'),
('CI_R162', 'GEOAGRO TIPAUME', '', 5, 'GF', 'GF'),
('CI_R195', 'AGRIC. Y COM. LOMAS DEL B', '', 5, 'GF', 'GF'),
('CI_R213', 'PILARES VERDES AGR. GEOAGRO', '', 5, 'GF', 'GF'),
('CI_R244', 'ESCUELA AGRICOLA SAN VICENTE DE PAUL', '', 5, 'GF', 'GF'),
('CI_R245', 'ESCUELA AGRICOLA SAN VICENTE DE PAUL', '', 5, 'GF', 'GF'),
('CI_R293', 'GEOAGRO EL REMANSO', '', 5, 'GF', 'GF'),
('CI_R313', 'AGRICOLA AZAPA LTDA.', '', 5, 'GF', 'GF'),
('CI_R344', 'LOS LIRIOS GEOAGRO LTDA', '', 5, 'GF', 'GF'),
('CI_R345', 'LOS LIRIOS GEOAGRO LTDA', '', 5, 'GF', 'GF'),
('CI_R395', 'AGRÍCOLA SAN PIO LTDA.', '', 5, 'GF', 'GF'),
('CI_R405', 'AGRICOLA SAN PIO LTDA.', '', 5, 'GF', 'GF'),
('CI_R437', 'AGRICOLA SAN PIO LTDA', '', 5, 'GF', 'GF'),
('CI_R449', 'GEOAGRO EL REMANSO', '', 5, 'GF', 'GF'),
('CI_R482', 'PILARES VERDES GEOAGRO', '', 5, 'GF', 'GF'),
('CI_R483', 'AGRICOLA LAS DOS AMALIAS LTDA', '', 5, 'GF', 'GF'),
('CI_R500', 'LOS LIRIOS GEOAGRO LTDA', '', 5, 'GF', 'GF'),
('CI_R582', 'GEOAGRO EL REMANSO ', '', 5, 'GF', 'GF'),
('CI_R611', 'SOC. AGRICOLA SANTA TERES', '', 5, 'GF', 'GF'),
('CI_R675', 'LOS LIRIOS GEOAGRO LTDA', '', 5, 'GF', 'GF'),
('CI_R745', 'GEOAGRO TIPAUME', '', 5, 'GF', 'GF'),
('CI_R759', 'GEOAGRO EL REMANSO ', '', 5, 'GF', 'GF'),
('CI_R813', 'LOS LIRIOS GEOAGRO LTDA', '', 5, 'GF', 'GF'),
('CI_R827', 'GEOAGRO EL REMANSO ', '', 5, 'GF', 'GF'),
('CI_R833', 'RAMON ACHURRA Y COMPAÑIA', '', 5, 'GF', 'GF'),
('CI_R837', 'GEOAGRO TIPAUME', '', 5, 'GF', 'GF'),
('CI_R893', 'PILARES VERDES AGR. LTDA', '', 5, 'GF', 'GF'),
('CI_R921', 'SOCIEDAD AGRICOLA SANTA T', '', 5, 'GF', 'GF'),
('CI_R933', 'GRANT Y GAETE SOCIEDAD LTDA', '', 5, 'GF', 'GF'),
('CI_R934', 'CASAS VIEJAS AGR. GEOAGRO LTDA.', '', 5, 'GF', 'GF'),
('CI_S626', 'FINEST FRUIT S.A SAN TITO', '', 5, 'GF', 'GF'),
('CI_S632', 'AGRICOLA SANTA SARA LTDA', '', 5, 'GF', 'GF'),
('CI_S633', 'AGRICOLA SAN ARTURO LTDA.', '', 5, 'GF', 'GF'),
('CI_S634.', 'AGRICOLA SANTA MELITA LTDA', '', 5, 'GF', 'GF'),
('CI_S645', 'AGRICOLA SAN ARTURO LTDA', '', 5, 'GF', 'GF'),
('CI_S648.', 'AGRICOLA SANTA ALICIA LTDA', '', 5, 'GF', 'GF'),
('CI_S651', 'AGRICOLA SANTA PILAR LTDA', '', 5, 'GF', 'GF'),
('CL_646', 'PAROT URZUA BERNARDITA DE', '', 5, 'GF', 'GF'),
('DU_109', 'SOCIEDAD AGRICOLA CODEGUA LTDA', '', 6, 'GF', 'GF'),
('DU_128', 'CAMILLA CARLOS', '', 6, 'GF', 'GF'),
('DU_144', 'ALEJANDRO GARNHAM', '', 6, 'GF', 'GF'),
('DU_144.', 'GARNHAM ALEJANDRO', '', 6, 'GF', 'GF'),
('DU_150', 'AGROBOSQUES', '', 6, 'GF', 'GF'),
('DU_245', 'PILARES VERDES GEOAGRO', '', 6, 'GF', 'GF'),
('DU_251', 'MARIA CONSTANZA GARDUL SKI', '', 6, 'GF', 'GF'),
('DU_256', 'SOC. AGRICOLA SAN LUCAS LI', '', 6, 'GF', 'GF'),
('DU_272', 'JOSE MANUEL UNDURRAGA', '', 6, 'GF', 'GF'),
('DU_288', 'AGRICOLA LAS DOS AMALIAS LTDA', '', 6, 'GF', 'GF'),
('DU_294', 'SAMUEL BUDINICH SPA', '', 6, 'GF', 'GF'),
('DU_295', 'SOC. AGRÍCOLA SANTA TERESITA', '', 6, 'GF', 'GF'),
('DU_316', 'SAMUEL BUDINICH SPA', '', 6, 'GF', 'GF'),
('DU_344', 'SOC AGRICOLA SANTA BEATRIZ LTDA', '', 6, 'GF', 'GF'),
('DU_345', 'AGRICOLA INMOBILIARIA E INV COTA S.A', '', 6, 'GF', 'GF'),
('DU_347', 'INMOBILIARIA EL ALBA S.A', '', 6, 'GF', 'GF'),
('DU_360', 'SOCIEDAD AGRICOLA LA CANELA LTDA', '', 6, 'GF', 'GF'),
('DU_364', 'SOC AGRICOLA EL PARQUE LIMITADA', '', 6, 'GF', 'GF'),
('DU_369', 'SOC AGRICOLA EL PARQUE LIMITADA', '', 6, 'GF', 'GF'),
('DU_370', 'SOC AGR EL PARQUE LTDA', '', 6, 'GF', 'GF'),
('DU_412', 'AGRÍCOLA LOS PINOS SPA', '', 6, 'GF', 'GF'),
('DU_447', 'AGRICOLA EL ARCHIVO LTDA', '', 6, 'GF', 'GF'),
('DU_483', 'ADRIANA RUZ PERRY', '', 6, 'GF', 'GF'),
('DU_498', 'AGR EL DELIRIO LTDA', '', 6, 'GF', 'GF'),
('DU_499', 'GREENEX SPA', '', 6, 'GF', 'GF'),
('DU_522', 'AGRICOLA SAN JUAN S.A', '', 6, 'GF', 'GF'),
('DU_523', 'BERNARDO DOMINGUEZ COVARRUBIAS', '', 6, 'GF', 'GF'),
('DU_529', 'JUAN HENRIQUEZ MARICH', '', 6, 'GF', 'GF'),
('DU_530', 'AGR AZAPA LTDA', '', 6, 'GF', 'GF'),
('DU_551', 'FUNDO SAN ANTONIO', '', 6, 'GF', 'GF'),
('DU_582', 'INMOBILIARIA EL ALBA S.A', '', 6, 'GF', 'GF'),
('DU_583', 'INMOBILIARIA EL ALBA S.A', '', 6, 'GF', 'GF'),
('DU_621', 'AGRICOLA D.O.S LTDA', '', 6, 'GF', 'GF'),
('DU_660', 'AGRICOLA LOS BOLDOS LIMITADA', '', 6, 'GF', 'GF'),
('DU_721', 'AGRICOLA SANTA SARA S.A.', '', 6, 'GF', 'GF'),
('DU_737', 'ESC AGR SAN VICENTE DE PAUL', '', 6, 'GF', 'GF'),
('DU_818', 'RAIMUNDO GARDULSKI BUDINICH', '', 6, 'GF', 'GF'),
('DU_819', 'AGR LA ESPERANZA LTDA', '', 6, 'GF', 'GF'),
('DU_825', 'ARIANA AG. LTDA', '', 6, 'GF', 'GF'),
('DU_828', 'RAMON ACHURRA Y CIA LTDA ', '', 6, 'GF', 'GF'),
('DU_833', 'RAMON ACHURRA Y CIA LTDA EL LARGO', '', 6, 'GF', 'GF'),
('DU_874', 'SOC AGR SAN RAMON BELLAVISTA', '', 6, 'GF', 'GF'),
('DU_883', 'JUAN HENRIQUEZ MARICH', '', 6, 'GF', 'GF'),
('DU_887', 'JUAN HENRIQUEZ MARICH', '', 6, 'GF', 'GF'),
('DU_888', 'JUAN HENRIQUEZ MARICH', '', 6, 'GF', 'GF'),
('DU_893', 'JUAN HENRIQUEZ MARICH', '', 6, 'GF', 'GF'),
('DU_B628', 'FINEST FRUIT S.A EL CARMEN 2', '', 6, 'GF', 'GF'),
('DU_B630', 'AGRICOLA SANTA BERNARDITA LTDA', '', 6, 'GF', 'GF'),
('DU_C624', 'FINEST FRUIT S.A TUNCAHUE', '', 6, 'GF', 'GF'),
('DU_L626', 'FINEST FRUIT S.A SAN TITO', '', 6, 'GF', 'GF'),
('DU_L633', 'AGRICOLA EL CANELO LTDA', '', 6, 'GF', 'GF'),
('DU_L649', 'AGRÍCOLA LOS GUINDOS LTDA', '', 6, 'GF', 'GF'),
('DU_M640', 'AGRICOLA SANTA MERCEDES LTDA', '', 6, 'GF', 'GF'),
('DU_R137', 'GARNHAM ALEJANDRO', '', 6, 'GF', 'GF'),
('DU_R337', 'AGRICOLA LAS DOS AMALIAS LTDA.', '', 6, 'GF', 'GF'),
('DU_R498', 'AGRICOLA AZAPA LTDA.', '', 6, 'GF', 'GF'),
('DU_R738', 'AGRICOLA LA ESPERANZA SPA', '', 6, 'GF', 'GF'),
('DU_S630', 'AGRICOLA SANTA BERNARDITA LTDA', '', 6, 'GF', 'GF'),
('DU_S632', 'AGRICOLA SANTA SARA LTDA', '', 6, 'GF', 'GF'),
('DU_S633', 'AGRICOLA SAN ARTURO LTDA.', '', 6, 'GF', 'GF'),
('DU_S645', 'AGRICOLA SAN ARTURO LTDA', '', 6, 'GF', 'GF'),
('GF206', 'GEOAGRO ROSARIO', '', 4, 'GF', 'GF'),
('GF316', 'SAMUEL BUDINICH SPA.', '', 9, 'GF', 'GF'),
('GF386', 'SOC. AGR. LOMAS DE QUINCH', '', 4, 'R', 'GF'),
('GF_ R513', 'LOS LIRIOS GEOAGRO LTDA', '', 4, 'GF', 'GF'),
('GF_108', 'GEOAGRO EL ESPINO', '', 2, 'GF', 'GF'),
('GF_117', 'GASTON PALMA VALDOVINOS (DOÑA EMILIA)', '', 2, 'GF', 'GF'),
('GF_118', 'AGRICOLA JOSE MARIA Y OTROS LTDA', '', 4, 'GF', 'GF'),
('GF_118.', 'AGRÍCOLA SAN LUIS SPA', '', 4, 'GF', 'GF'),
('GF_123', 'AGRICOLA POTRERO GRANDE S.A', '', 4, 'GF', 'GF'),
('GF_125', 'SAMUEL FORTUNATO BUDINICH JEROLIMICH', '', 4, 'GF', 'GF'),
('GF_129', 'ANDRES CALVO LARRAIN 1', '', 4, 'GF', 'GF'),
('GF_135', 'OSCAR ENRIQUE MATURANA ASTORGA', '', 4, 'GF', 'GF'),
('GF_138', 'SOC. AGRICOLA Y FORESTAL CANTACLARO LTDA', '', 4, 'GF', 'GF'),
('GF_139', 'ENRIQUE FERNANDEZ', '', 4, 'GF', 'GF'),
('GF_144', 'GARNHAM ALEJANDRO', '', 4, 'GF', 'GF'),
('GF_145', 'GARNHAM ALEJANDRO', '', 4, 'GF', 'GF'),
('GF_147', 'GASTON PALMA VALDOVINOS', '', 4, 'GF', 'GF'),
('GF_153', 'AGRICOLA LAS MERCEDES LIMITADA ', '', 4, 'GF', 'GF'),
('GF_154', 'AGRICOLA LAS TINAJAS', '', 2, 'GF', 'GF'),
('GF_155', 'JOSE PABLO MARFAN', '', 2, 'GF', 'GF'),
('GF_160', 'AGR  LUIS ANTONIO HERRERA AVENDAÑO EIRL (SANTA ANA)', '', 2, 'GF', 'GF'),
('GF_160.', 'AGRICOLA LUIS ANTONIO HERRERA', '', 4, 'GF', 'GF'),
('GF_162', 'LOPEZ H. JAVIER ', '', 2, 'GF', 'GF'),
('GF_163', 'LOPEZ H. JAVIER', '', 2, 'GF', 'GF'),
('GF_167', 'GASTON PALMA VALDOVINOS (STA TERESA)', '', 2, 'GF', 'GF'),
('GF_176', 'SOCIEDAD AGRICOLA DALCAHUE LTDA', '', 4, 'GF', 'GF'),
('GF_176.', 'AGRICOLA DALCAHUE SPA', '', 4, 'GF', 'GF'),
('GF_177', 'GASTON PALMA VALDOVINOS', '', 4, 'GF', 'GF'),
('GF_178', 'SOCIEDAD AGRICOLA QUEILEN LTDA', '', 4, 'GF', 'GF'),
('GF_179', 'AGRÍCOLA SAN LUIS LTDA', '', 4, 'GF', 'GF'),
('GF_179.', 'AGRÍCOLA SAN LUIS SPA', '', 4, 'GF', 'GF'),
('GF_193', 'GEOAGRO TUNQUELEN', '', 4, 'GF', 'GF'),
('GF_195', 'PUMANQUE AGR. GEOAGRO LTDA.', '', 2, 'GF', 'GF'),
('GF_200', 'MARIA CONSTANZA GARDULSKI BUDINICH', '', 4, 'GF', 'GF'),
('GF_202', 'AGRICOLA GORA LTDA', '', 4, 'GF', 'GF'),
('GF_203', 'AGR STA INES DE MALLOA LTDA', '', 2, 'GF', 'GF'),
('GF_203.', 'AGRICOLA SANTA INES DE MALLOA LTDA', '', 4, 'GF', 'GF'),
('GF_206', 'GEOAGRO ROSARIO', '', 2, 'GF', 'GF'),
('GF_206.', 'GEOAGRO ROSARIO', '', 4, 'GF', 'GF'),
('GF_208', 'ALFONSO ESTEBAN ARANEDA MAILLET', '', 4, 'GF', 'GF'),
('GF_209', 'AGRICOLA CONTULMO SPA', '', 4, 'GF', 'GF'),
('GF_211', 'AGRICOLA LA TRAPA S.A', '', 4, 'GF', 'GF'),
('GF_213', 'AGRICOLA GORA LTDA ', '', 2, 'GF', 'GF'),
('GF_216', 'INVERSIONES LAS BRISAS DE ANGOSTURA S.A', '', 4, 'GF', 'GF'),
('GF_218', 'FUNDO LA ISLA', '', 4, 'GF', 'GF'),
('GF_226', 'SUC WOLFGANG ALBERT THIELE', '', 4, 'GF', 'GF'),
('GF_229', 'AGR LUIS ANTONIO HERRERA AVENDAÑO EIRL (PARRON CARRETERA)', '', 2, 'GF', 'GF'),
('GF_231', 'SAMUEL FORTUNATO BUDINICH JEROLIMICH', '', 4, 'GF', 'GF'),
('GF_234', 'RAYMUNDO ERRAZURIZ PALACIOS', '', 4, 'GF', 'GF'),
('GF_235', 'CASAS VIEJAS AGR. GEOAGRO LTDA', '', 2, 'GF', 'GF'),
('GF_245', 'PILARES VERDES AGR. GEOAGRO', '', 2, 'GF', 'GF'),
('GF_245.', 'PILARES VERDES AGR. GEOAGRO', '', 4, 'GF', 'GF'),
('GF_251', 'MARIA CONSTANZA GARDULSKI BUDINICH', '', 4, 'GF', 'GF'),
('GF_254', 'AGRICOLA DOS MARIAS SPA', '', 4, 'GF', 'GF'),
('GF_256', 'SOC AGRICOLA SAN LUCAS LI', '', 4, 'GF', 'GF'),
('GF_262', 'AGR. JOSE MARIA RIVERA Y OTROS', '', 2, 'GF', 'GF'),
('GF_264', 'AGR. RIO RAHUE', '', 2, 'GF', 'GF'),
('GF_265', 'LOPEZ H. JAVIER', '', 2, 'GF', 'GF'),
('GF_266', 'SOC AGR SANTA ANA LTDA', '', 2, 'GF', 'GF'),
('GF_268', 'RAMON ACHURRA Y CIA LTDA EL SAUCE', '', 2, 'GF', 'GF'),
('GF_270', 'SOCIEDAD AGRÍCOLA FUNDO EL MOLINO LTDA', '', 2, 'GF', 'GF'),
('GF_271', 'EDUARDO SAA (LOS LINGUES)', '', 2, 'GF', 'GF'),
('GF_274', 'SOC. AGR. ARELLANO LTDA', '', 4, 'GF', 'GF'),
('GF_275.', 'INVERSIONES LAS PEÑAS LTDA', '', 4, 'GF', 'GF'),
('GF_276', 'SOCIEDAD AGRICOLA SANTA AMELIA LTDA', '', 4, 'GF', 'GF'),
('GF_279', 'RAUL GABRIEL HUERTA REYES', '', 4, 'GF', 'GF'),
('GF_284', 'AGRICOLA Y COMERCIAL SANTA MAGDALENA LTDA', '', 4, 'GF', 'GF'),
('GF_285', 'SUC. SERGIO DEL CARMEN VALENZUELA ARROYO', '', 4, 'GF', 'GF'),
('GF_286', 'SUC. SERGIO DEL CARMEN VALENZUELA ARROYO', '', 4, 'GF', 'GF'),
('GF_288', 'AGR LAS DOS AMALIAS LTDA.', '', 2, 'GF', 'GF'),
('GF_288.', 'AGRICOLA LAS DOS AMALIAS LTDA', '', 4, 'GF', 'GF'),
('GF_289', 'HECTOR ARMANDO VALENZUELA FIERRO', '', 4, 'GF', 'GF'),
('GF_290', 'VALENZUELA ARENAS WENCESLAO', '', 4, 'GF', 'GF'),
('GF_292', 'AGRICOLA PORTALES LTDA', '', 4, 'GF', 'GF'),
('GF_293', 'AGRICOLA REQUIAGRO LTDA.', '', 4, 'GF', 'GF'),
('GF_293.', 'AGRICOLA REQUIAGRO LTDA', '', 4, 'GF', 'GF'),
('GF_294', 'SAMUEL BUDINICH SPA', '', 4, 'GF', 'GF'),
('GF_295', 'SOCIEDAD AGRICOLA SANTA TERESITA', '', 4, 'GF', 'GF'),
('GF_298', 'GEOAGRO OLIVETO', '', 4, 'GF', 'GF'),
('GF_299', 'SCO AGRICOLA LTDA', '', 4, 'GF', 'GF'),
('GF_302', 'SOC AGRICOLA ALTUE LTDA', '', 4, 'GF', 'GF'),
('GF_305', 'AGRIC. METROPOLITANA LTDA', '', 4, 'GF', 'GF'),
('GF_306', 'ERWIN RODRIGO WEBER', '', 4, 'GF', 'GF'),
('GF_307', 'AGRICOLA SAN AMBROSIO LIMITADA', '', 4, 'GF', 'GF'),
('GF_309', 'AGRIC. CORREA OCHAGAVIA LTDA', '', 4, 'GF', 'GF'),
('GF_310', 'AGRICOLA LOS RENUEVOS LTDA', '', 4, 'GF', 'GF'),
('GF_311', 'AGRICOLA LOS RETOÑOS LTDA', '', 4, 'GF', 'GF'),
('GF_312', 'AGRICOLA ALTO NILAHUE S.A', '', 4, 'GF', 'GF'),
('GF_313', 'AGRICOLA DOS MARIAS SPA', '', 4, 'GF', 'GF'),
('GF_316', 'SAMUEL BUDINICH SPA', '', 4, 'GF', 'GF'),
('GF_317', 'FERNANDO NICOLAS MANZUR MAJLUF', '', 4, 'GF', 'GF'),
('GF_318', 'FERNANDO NICOLAS MANZUR MAJLUF', '', 4, 'GF', 'GF'),
('GF_319', 'SOCIEDAD AGRICOLA MANFRUT LTDA', '', 4, 'GF', 'GF'),
('GF_320', 'SOC. AGRICOLA SAN CHARBEL LTDA.', '', 2, 'GF', 'GF'),
('GF_321', 'AGRICOLA SANTA MARGARITA', '', 4, 'GF', 'GF'),
('GF_322', 'AGRICOLA SANTA MARGARITA S.A.', '', 2, 'GF', 'GF'),
('GF_323', 'AGRICOLA DON ALEJANDRO LTDA', '', 4, 'GF', 'GF'),
('GF_324', 'SOC. AGRICOLA LAS TINAJAS', '', 4, 'GF', 'GF'),
('GF_325', 'SOC. AGRICOLA MARIA ELENA LIMITADA', '', 4, 'GF', 'GF'),
('GF_325.', 'SOC. AGRICOLA MARIA ELENA LIMITADA', '', 4, 'GF', 'GF'),
('GF_328', 'AGRICOLA SANTA MAGDALENA LIMITADA', '', 4, 'GF', 'GF'),
('GF_329', 'AGRICOLA SANTA MAGDALENA LTDA', '', 4, 'GF', 'GF'),
('GF_330', 'AGRICOLA SANTA MAGDALENA LTDA', '', 5, '', 'GF'),
('GF_337', 'SANTA MARIA DE APALTA LTDA', '', 4, 'GF', 'GF'),
('GF_338', 'SOCIEDAD AGRICOLA SANTA MARIA LTDA', '', 4, 'GF', 'GF'),
('GF_339', 'SAN JOSE DE APALTA', '', 4, 'GF', 'GF'),
('GF_340', 'DAVID MARQUEZ', '', 4, 'GF', 'GF'),
('GF_341', 'AGRICOLA SAN RAMON LTDA', '', 4, 'GF', 'GF'),
('GF_342', 'JUAN PACHECO MEZA', '', 4, 'GF', 'GF'),
('GF_346', 'JAIME EMILIO MANZUR MAJLUF', '', 2, 'GF', 'GF'),
('GF_347', 'INMOBILIARIA DEL ALBA S.A', '', 4, 'GF', 'GF'),
('GF_348', 'AGRICOLA NUEVA ESPERANZA SPA', '', 4, 'GF', 'GF'),
('GF_350', 'AGRICOLA Y FRUTICOLA OLALDE LTDA', '', 4, 'GF', 'GF'),
('GF_352', 'JAIME CARVAJAL H.', '', 4, 'GF', 'GF'),
('GF_353', 'LAS NIEVES SOC. AGR. LTDA', '', 4, 'GF', 'GF'),
('GF_355', 'SERGIO MAURICIO KHAMIS NAZAL', '', 2, 'GF', 'GF'),
('GF_355.', 'JOSE MARIA Y OTROS', '', 4, 'GF', 'GF'),
('GF_356', 'AGR. JOSE MARIA RIVERA Y OTROS', '', 2, 'GF', 'GF'),
('GF_357', 'AGR VIVEBERRY EIRL (CASA DOS NUEVA)LUIS ANTONIO HERRERA AVENDAÑO EIRL (CASA II NUEVO)', '', 2, 'GF', 'GF'),
('GF_359', 'AGRICOLA LAS DOS AMALIAS LTDA.', '', 2, 'GF', 'GF'),
('GF_360', 'SOC AGRICOLA LA CANELA LIMITADA', '', 4, 'GF', 'GF'),
('GF_360.', 'SOC AGRICOLA LA CANELA  LTDA', '', 4, 'GF', 'GF'),
('GF_364', 'SOC. AGRICOLA EL PARQUE LIMITADA', '', 4, 'GF', 'GF'),
('GF_367', 'SOC AGRICOLA EL PARQUE LIMITADA', '', 4, 'GF', 'GF'),
('GF_368', 'SOC AGR EL PARQUE LTDA', '', 4, 'GF', 'GF'),
('GF_370', 'SOC AGR EL PARQUE LIMITADA', '', 4, 'GF', 'GF'),
('GF_373', 'SOC AGRICOLA SANTA ANA LTDA', '', 2, 'GF', 'GF'),
('GF_374', 'SOC AGRICOLA SANTA ANA LTDA', '', 2, 'GF', 'GF'),
('GF_375', 'SOC. AGRICOLA B Y G LIMITADA', '', 2, 'GF', 'GF'),
('GF_376', 'SOC. AGRICOLA B Y G LIMITADA', '', 2, 'GF', 'GF'),
('GF_377', 'GEOAGRO LAS BANDURRIAS', '', 4, 'GF', 'GF'),
('GF_379', 'AGRICOLA BUSTAMANTE Y RIVERA LTDA.', '', 4, 'GF', 'GF'),
('GF_380', 'AGRICOLA MEMBRILLAR LIMITADA', '', 4, 'GF', 'GF'),
('GF_382', 'AGR. THOMAS HENDERSON ESP.', '', 4, 'GF', 'GF'),
('GF_383', 'MARIA DE LA LUZ GONZALEZ JARPA', '', 4, 'GF', 'GF'),
('GF_384', 'AGRICOLA ALTO DE QUITRALMAN S', '', 4, 'GF', 'GF'),
('GF_386', 'SOC. AGR. LOMAS DE QUINCHAMALI LTDA', '', 4, 'GF', 'GF'),
('GF_393', 'SOCIEDAD AGRICOLA Y GANADERA LOS QUILLAYES LTDA', '', 4, 'GF', 'GF'),
('GF_394', 'SOC. AGR. LOS BERRIES LTDA', '', 4, 'GF', 'GF'),
('GF_397', 'SOCIEDAD AGRICOLA LA CANTERA LTDA', '', 4, 'GF', 'GF'),
('GF_399', 'RENE SOTO CORTES', '', 4, 'GF', 'GF'),
('GF_400', 'SOCIEDAD AGRICOLA MORENTI', '', 4, 'GF', 'GF'),
('GF_402', 'LYLIAN MATTIG ROBLES', '', 4, 'GF', 'GF'),
('GF_403', 'AGRÍCOLA SANTA BLANCA SPA', '', 4, 'GF', 'GF'),
('GF_404', 'SOCIEDAD AGRICOLA LAS BRISAS DE ANGOSTURA SPA', '', 4, 'GF', 'GF'),
('GF_405', 'AGRICOLA BROTTA', '', 4, 'GF', 'GF'),
('GF_406', 'AGRICOLA EL HUERTO LTDA', '', 4, 'GF', 'GF'),
('GF_407', 'LUIS HERNAN VALENZUELA JARA Y CIA LTDA', '', 4, 'GF', 'GF'),
('GF_409', 'AGROFRUTICOLA EL SILO', '', 4, 'GF', 'GF'),
('GF_410', 'SILVIA ASTUDILLO VALDES', '', 4, 'GF', 'GF'),
('GF_411', 'PATRICIO SANTIBAÑEZ CARMONA', '', 4, 'GF', 'GF'),
('GF_412', 'AGRICOLA LOS PINOS SPA', '', 4, 'GF', 'GF'),
('GF_413', 'GEOAGRO EL REMANSO', '', 4, 'GF', 'GF'),
('GF_415', 'AGRICOLA LA ISLA LTDA', '', 4, 'GF', 'GF'),
('GF_416', 'ZAAB PROPIEDADES LTDA.', '', 4, 'GF', 'GF'),
('GF_417', 'SOCIEDAD AGRICOLA EL BUREO', '', 4, 'GF', 'GF'),
('GF_418', 'FARIAS PINOCHET WALDO', '', 4, 'GF', 'GF'),
('GF_419', 'AGROVIAL SPA', '', 4, 'GF', 'GF'),
('GF_427', 'GARNHAM OPAZO LTDA', '', 4, 'GF', 'GF'),
('GF_428', 'AGRICOLA SANTA MARGARITA', '', 4, 'GF', 'GF'),
('GF_429', 'AGRICOLA SANTA MARGARITA SPA', '', 2, 'GF', 'GF'),
('GF_430', 'AGRICOLA SANTA MARGARITA SPA', '', 2, 'GF', 'GF'),
('GF_431', 'AGRICOLA SANTA MARGARITA SPA', '', 2, 'GF', 'GF'),
('GF_432', 'AGRICOLA SANTA MARGARITA SPA', '', 2, 'GF', 'GF'),
('GF_433', 'AGRICOLA SANTA MARGARITA SPA', '', 2, 'GF', 'GF'),
('GF_434', 'AGRICOLA SANTA MARGARITA SPA', '', 2, 'GF', 'GF'),
('GF_435', 'AGRICOLA SANTA MARGARITA SPA', '', 2, 'GF', 'GF'),
('GF_437', 'FRUTICOLA FORTALEZA LTDA.', '', 4, 'GF', 'GF'),
('GF_438', 'SERVICIOS PROFESIONALES MENA Y MENA LTDA', '', 4, 'GF', 'GF'),
('GF_439', 'AGRICOLA SANTA ROSARIO LTDA', '', 4, 'GF', 'GF'),
('GF_443', 'AGRICOLA MAGENTA SPA', '', 4, 'GF', 'GF'),
('GF_444', 'MARIA FRANCISCA JHONSON BAUERLE', '', 4, 'GF', 'GF'),
('GF_445', 'AGRICOLA FARFALLA', '', 4, 'GF', 'GF'),
('GF_449.', 'AGRICOLA BELLAVISTA SPA', '', 4, 'GF', 'GF'),
('GF_451', 'SOCIEDAD AGRÍCOLA SAN RAMÓN LTDA SAN ANTONIO', '', 2, 'GF', 'GF'),
('GF_453', '	HUERTO SANTA ROSA LIMITADA', '', 4, 'GF', 'GF'),
('GF_459', 'AGR. TEILLERY LTDA', '', 4, 'GF', 'GF'),
('GF_460', 'FRUTICOLA LA FRAGUITA LTD', '', 4, 'GF', 'GF'),
('GF_461', 'FRUTICOLA CEREZALES LTDA', '', 4, 'GF', 'GF'),
('GF_462', 'AGRICOLA BAUZA LTDA.', '', 4, 'GF', 'GF'),
('GF_463', 'SOC. AGRICOLA PATRICIA MARIA LTDA.', '', 4, 'GF', 'GF'),
('GF_464', 'AGRICOLA TALCAREHUE LTDA', '', 4, 'GF', 'GF'),
('GF_465', 'SOC.AGRICOLA AMANCAI LTDA', '', 4, 'GF', 'GF'),
('GF_467', 'AGRICOLA SANTA CLEMENTINA', '', 4, 'GF', 'GF'),
('GF_468', 'AGRICOLA AB LTDA', '', 4, 'GF', 'GF'),
('GF_469', 'AGRICOLA ADOLFO SAEZ A. EIRL', '', 4, 'GF', 'GF'),
('GF_470', 'AGRICOLA SAN ANTONIO DE C.', '', 4, 'GF', 'GF'),
('GF_471', 'AGRICOLA PERUCCA SPA', '', 4, 'GF', 'GF'),
('GF_473', 'JULIO HERNAN VENEGAS MUÑOZ', '', 4, 'GF', 'GF'),
('GF_474', 'JOAQUIN ALEJANDRI FREDES', '', 4, 'GF', 'GF'),
('GF_476', 'AGRICOLA MONTE RODEO LTDA', '', 4, 'GF', 'GF'),
('GF_477', 'AGRICOLA MONTE VIEJO SPA', '', 4, 'GF', 'GF'),
('GF_481', 'MARIA MAGDALENA ERRAZURIZ', '', 4, 'GF', 'GF'),
('GF_482', 'GEOAGRO TIPAUME', '', 4, 'GF', 'GF'),
('GF_486', 'CAROLINE ALEXANDRA SLATER', '', 6, 'GF', 'GF'),
('GF_487', 'CAROLINE ALEXANDRA SLATER', '', 9, 'GF', 'GF'),
('GF_488', 'CAROLINE ALEXANDRA SLATER', '', 4, 'GF', 'GF'),
('GF_488.', 'CAROLINE ALEXANDRA SLATER,', '', 5, 'GF', 'GF'),
('GF_489', 'CAROLINE ALEXANDRA SLATER', '', 9, 'GF', 'GF'),
('GF_491', 'EXPORTADORA Y COM. PERQUIN FRUIT LTDA.', '', 4, 'GF', 'GF'),
('GF_492', 'TAREK AGR', '', 4, 'GF', 'GF'),
('GF_494', 'OSVALDO ERBETTA MATTIG', '', 4, 'GF', 'GF'),
('GF_495', 'AGRICOLA BEUNAVENTURA ', '', 9, 'R', 'GF'),
('GF_496', 'RAUL BALDEMAR MEDINA PARRA', '', 4, 'GF', 'GF'),
('GF_498', 'AGRICOLA EL DELIRIO LTDA', '', 4, 'GF', 'GF'),
('GF_501', 'AGRICOLA SAN LUIS SPA', '', 4, 'GF', 'GF'),
('GF_502', 'AGRICOLA LA ISLA SPA', '', 4, 'GF', 'GF'),
('GF_503', 'AGRICOLA SANTA MAGDALENA LTDA', '', 4, 'GF', 'GF'),
('GF_509', 'AGRICOLA RIO CORTADERAL', '', 4, 'GF', 'GF'),
('GF_512', 'LOS MOLLES AGR LTDA', '', 2, 'GF', 'GF'),
('GF_514', 'AGRICOLA DOS MARIAS SPA', '', 4, 'GF', 'GF'),
('GF_515', 'AGRÍCOLA JOSE MARIA Y OTROS', '', 4, 'GF', 'GF'),
('GF_517', 'SOC. AGR. LOMAS DE QUINCH', '', 4, 'GF', 'GF'),
('GF_519', 'AGR. MARFAN HNOS', '', 2, 'GF', 'GF'),
('GF_523', 'BERNARDO DOMINGUEZ COVARRUBIAS', '', 2, 'GF', 'GF'),
('GF_526', 'AGRICOLA LAS VIDES LIMITADA', '', 5, 'GF', 'GF'),
('GF_527', 'AGRICOLA LAS VIDES LIMITA', '', 4, 'GF', 'GF'),
('GF_528', 'AGRIC Y COM LOMAS DEL BALUARTE', '', 4, 'GF', 'GF'),
('GF_529', 'JUAN HENRIQUEZ MARICH', '', 4, 'GF', 'GF'),
('GF_530', 'AGRICOLA AZAPA LTDA', '', 4, 'GF', 'GF'),
('GF_530.', 'CAROLINE ALEXANDRA SLATER.', '', 9, 'GF', 'GF'),
('GF_533', 'MARIA ELISA HERREROS', '', 2, 'GF', 'GF'),
('GF_534', 'TERESA PHIILIPPI IRARRAZABAL', '', 2, 'GF', 'GF'),
('GF_537', 'SOC. AGRICOLA CAMPO', '', 4, 'GF', 'GF'),
('GF_538', 'EDUARDO SAA (POLONIA)', '', 2, 'GF', 'GF'),
('GF_539', 'GABRIEL MARFAN Y CIA LTD', '', 2, 'GF', 'GF'),
('GF_545', 'SOC. AGRICOLA Y COM. INAG', '', 4, 'GF', 'GF'),
('GF_546', 'AGRICOLA LA ESPERANZA LTDA', '', 4, 'GF', 'GF'),
('GF_548', 'SOC. AGRICOLA SANTA JUANA LTDA.', '', 4, 'GF', 'GF'),
('GF_553', 'SOC AGR VICENTE HNOS Y CIA LTD', '', 4, 'GF', 'GF'),
('GF_554', 'MONICA FOSTER MARIN', '', 2, 'GF', 'GF'),
('GF_556', 'FUNDO TRAPICHE', '', 9, 'GF', 'GF'),
('GF_558', 'SOCIEDAD AGUAS CLARAS LIMITADA', '', 2, 'GF', 'GF'),
('GF_559', 'AGRICOLA SANTA ELENA', '', 2, 'GF', 'GF'),
('GF_561', 'AGR. JOSE MARIA RIVERA Y OTROS', '', 2, 'GF', 'GF'),
('GF_568', 'AGRICOLA RM LIMITADA ', '', 4, 'GF', 'GF'),
('GF_569', 'ANDES CHERRIES SPA', '', 4, 'GF', 'GF'),
('GF_575', 'AGR. STA ELISA LTDA', '', 2, 'GF', 'GF'),
('GF_576', 'AGRICOLA JOSE MARIA Y OTRO', '', 4, 'GF', 'GF'),
('GF_577', 'AGRICOLA JOSE MARIA Y OTROS', '', 4, 'GF', 'GF'),
('GF_578', 'VICTORIA UNZURRUNZAGA GZ', '', 4, 'GF', 'GF'),
('GF_579', 'SERVICIOS E INVERSIONES K', '', 4, 'GF', 'GF'),
('GF_581', 'SOCIEDAD AGRICOLA MANFRUT', '', 4, 'GF', 'GF'),
('GF_582', 'AGRICOLA SAN PEDRO DE LILAHUE LTDA.', '', 4, 'GF', 'GF'),
('GF_583', 'INMOBILIARIA DEL ALBA S.A', '', 4, 'GF', 'GF'),
('GF_588', 'AGRICOLA LAS DRUPAS ', '', 4, 'GF', 'GF'),
('GF_589', 'AGROCOMERCIAL CODEFRUT LTDA', '', 4, 'GF', 'GF'),
('GF_590', 'AGROCOMERCIAL CODEFRUT LTDA', '', 4, 'GF', 'GF'),
('GF_592', 'FRUTICOLA LOS CUÑADOS LTD', '', 4, 'GF', 'GF'),
('GF_593', 'AGRICOLA EL ESPINO SPA', '', 4, 'GF', 'GF'),
('GF_594', 'ALEJANDRO MILLER FUENTES', '', 4, 'GF', 'GF'),
('GF_596', 'SOC. GALLARDO Y ORDEN', '', 4, 'GF', 'GF'),
('GF_599', 'MILLER ALEJANDRO FUENTES', '', 4, 'GF', 'GF'),
('GF_601', 'MILLER ALEJANDRO FUENTES SALGADO', '', 4, 'GF', 'GF'),
('GF_602', 'AGRICOLA ESPERANZA SPA', '', 4, 'GF', 'GF'),
('GF_605', 'AGRICOLA AGUAS DEL VALLE SPA.', '', 4, 'GF', 'GF'),
('GF_606', 'CARLOS PEREZ RODRIGUEZ', '', 4, 'GF', 'GF'),
('GF_607', 'MAURICIO ALFONSO CUADRA MAYER', '', 4, 'GF', 'GF'),
('GF_608', 'SOC. AGRÍCOLA EL ROSARIO', '', 4, 'GF', 'GF'),
('GF_609', 'SOCIEDAD AGRICOLA BIOMACH', '', 4, 'GF', 'GF'),
('GF_611', 'RODRIGO ABATTE PEREZ', '', 4, 'GF', 'GF'),
('GF_613', 'AGRICOLA RIO CLARO LTDA.', '', 2, 'GF', 'GF'),
('GF_614', 'ABATTE OSORIO HERMANOS', '', 4, 'GF', 'GF'),
('GF_615', 'AGRICOLA AGUA DEL VALLE SPA.', '', 4, 'GF', 'GF'),
('GF_615.', 'AGRICOLA AGUA DEL VALLE S', '', 9, 'GF', 'GF'),
('GF_617', 'AGRICOLA RIO RAHUE LTDA', '', 4, 'GF', 'GF'),
('GF_618', 'SEBASTIAN COVARRUBIAS ', '', 4, 'GF', 'GF'),
('GF_625', 'AGR. Y COM. E INMOB. LOS QUILLAYES LTDA.', '', 4, 'GF', 'GF'),
('GF_629', 'SAMUEL BUNIDICH SPA', '', 4, 'GF', 'GF'),
('GF_630', 'SAMUEL BUDINICH SPA', '', 6, 'GF', 'GF'),
('GF_630.', 'SAMUEL BUDINICH SPA.', '', 4, 'GF', 'GF'),
('GF_632', 'AGR. LYON LTDA.', '', 2, 'GF', 'GF'),
('GF_634', 'SOC. AGRICOLA EL PARQUE LIMITADA', '', 4, 'GF', 'GF'),
('GF_636 ', 'AGRICOLA ESPERANZA SPA', '', 4, 'GF', 'GF'),
('GF_637', 'SOC. AGRICOLA EL OLIVAR DE CHACABUCO', '', 4, 'GF', 'GF'),
('GF_639', 'COMERCIAL VIÑA URETA LTDA', '', 4, 'GF', 'GF'),
('GF_640', 'SOCIEDAD AGRICOLA RANCHIL', '', 4, 'GF', 'GF'),
('GF_643', 'JOSE GABRIEL HUERTA CONTR', '', 4, 'GF', 'GF'),
('GF_646', 'PAROT URZUA BERNARDITA DEL CARMEN', '', 4, 'GF', 'GF'),
('GF_648', 'AGRICOLA GEORUCA SPA ', '', 4, 'GF', 'GF'),
('GF_649', 'SOC. AGRICOLA SANTA VICTORIA LTDA.', '', 4, 'GF', 'GF'),
('GF_650', 'MARCO ANTONIO BARBOSA GELLONA', '', 4, 'GF', 'GF'),
('GF_651', 'AGRICOLA JUTA LTDA', '', 2, 'GF', 'GF'),
('GF_652', 'JOSE FERNANDO FREDES LISBOA', '', 4, 'GF', 'GF'),
('GF_653', 'JAIME ENRIQUE SALAZAR PARRAGUEZ', '', 4, 'GF', 'GF'),
('GF_654', 'AGRICOLA PIUCHEN LTDA', '', 4, 'GF', 'GF'),
('GF_656', 'JAIME ENRIQUE SALAZAR PARRAGUEZ', '', 4, 'GF', 'GF'),
('GF_657', 'AGRICOLA PARAISO SPA.', '', 4, 'GF', 'GF'),
('GF_658', 'SOC. AGRICOLA JUAN LUIS VALDES LTDA.', '', 4, 'GF', 'GF'),
('GF_659', 'AGRO NUÑEZ SPA', '', 4, 'GF', 'GF'),
('GF_660', 'AGRICOLA LOS BOLDOS LIMITADA', '', 4, 'GF', 'GF'),
('GF_661', 'SOC. AGRICOLA PIGNONE SPA', '', 4, 'GF', 'GF'),
('GF_662', 'AGRÍCOLA APÍCOLA FREDES', '', 4, 'GF', 'GF'),
('GF_665', 'INVERSIONES TRICAHUE SPA', '', 4, 'GF', 'GF'),
('GF_666', 'ROBINSON MANUEL VASQUEZ HERNANDEZ', '', 4, 'GF', 'GF'),
('GF_667', 'SOC. AGRIC. Y FORESTAL CASUL LTDA', '', 4, 'GF', 'GF'),
('GF_668', 'AGRICOLA FVM', '', 4, 'GF', 'GF'),
('GF_669', 'AGRICOLA HUERTOS DE LIPAN.', '', 4, 'GF', 'GF'),
('GF_675', 'JAVIER LOPEZ DEVOTO', '', 4, 'GF', 'GF'),
('GF_676', 'DOÑA JAVIERA SPA', '', 4, 'GF', 'GF'),
('GF_678', 'JUAN BAUTISTA LOPEZ VEAS', '', 4, 'GF', 'GF'),
('GF_679', 'AGRICOLA CAFAR LTDA.', '', 4, 'GF', 'GF'),
('GF_681', 'AGRICOLA MANUEL SABINO VALENZUELA OLMEDO EIRL', '', 4, 'GF', 'GF'),
('GF_682', 'AGRICOLA SAN PEDRO DE LIL', '', 4, 'GF', 'GF'),
('GF_683', 'AGRCIOLA BIOENERGIA LTDA.', '', 4, 'GF', 'GF'),
('GF_686', 'AGR Y FORESTAL EL PEUMO LTDA', '', 2, 'GF', 'GF'),
('GF_688', 'AGRICOLA AGUAS CLARAS LIMITADA', '', 4, 'GF', 'GF'),
('GF_689', 'LEOTINA HERMOSINA LUCO B', '', 4, 'GF', 'GF'),
('GF_691', 'PATRICIA LAGOS NUÑEZ', '', 4, 'GF', 'GF'),
('GF_693', 'AGRICOLA BIOENERGIA LTDA', '', 4, 'GF', 'GF'),
('GF_697', 'PICTON EXPLOTACION AGRICOLA', '', 4, 'GF', 'GF'),
('GF_698', 'AGRICOLA Y FORESTAL DADIN', '', 4, 'GF', 'GF'),
('GF_699', 'LUIS ARTEMIO JORQUERA JORQUERA', '', 4, 'GF', 'GF'),
('GF_702', 'SOCIEDAD AGRICOLA EL CHAVAL LTDA.', '', 4, 'GF', 'GF'),
('GF_706', 'LA FORTUNA S. A.', '', 4, 'GF', 'GF'),
('GF_709', 'AGRICOLA PEREZ PENROZ LTD', '', 4, 'GF', 'GF'),
('GF_710', 'AGRICOLA LA TOSCANA S.A.', '', 4, 'GF', 'GF'),
('GF_711', 'AGRICOLA DOS MARIAS SPA', '', 4, 'GF', 'GF'),
('GF_712', 'AVELLANOS BIO BIO SPA', '', 4, 'GF', 'GF'),
('GF_713', 'AVELLANOS BIO BIO SPA', '', 4, 'GF', 'GF'),
('GF_714', 'AGRICOLA DOS MARIAS SPA', '', 4, 'GF', 'GF'),
('GF_715', 'SOC. AGRICOLA ALIAGA LTDA', '', 4, 'GF', 'GF'),
('GF_716', 'SOC. AGRICOLA LOS LEONES', '', 4, 'GF', 'GF'),
('GF_721', 'AGRICOLA SANTA SARA S. A.', '', 4, 'GF', 'GF'),
('GF_723', 'IGNACIO CARDOEN BALDRICH', '', 4, 'GF', 'GF'),
('GF_724', 'CARLOS FABRES ', '', 4, 'GF', 'GF'),
('GF_727', 'CARLOS FABRES', '', 4, 'GF', 'GF'),
('GF_728', 'CARLOS FABRES ', '', 4, 'GF', 'GF'),
('GF_729', 'EXPORT. Y AGR. JOHN SEBASTIAN BOTTO SELAME EIRL', '', 4, 'GF', 'GF'),
('GF_730', 'VIÑA ERRAZURIZ DOMINGUEZ', '', 4, 'GF', 'GF'),
('GF_735', 'NATIVA FOODS S.A', '', 4, 'GF', 'GF'),
('GF_737', 'ESCUELA AGRICOLA SAN VICENTE DE PAUL', '', 4, 'GF', 'GF'),
('GF_738', 'AGRICOLA NEGRETE Y BURGOS ', '', 4, 'GF', 'GF'),
('GF_739', 'AGRICOLA VICTORIA', '', 2, 'GF', 'GF'),
('GF_742', 'SOC. AGR. EL PIDEN LTDA.', '', 2, 'GF', 'GF'),
('GF_743', 'AGRICOLA Y COMERCIAL LAS CANTARIAS LTDA.', '', 4, 'GF', 'GF'),
('GF_744', 'JOAQUIN ALEJANDRI FRDES', '', 4, 'GF', 'GF'),
('GF_746', 'AGRICOLA APICOLA FREDES ', '', 4, 'GF', 'GF'),
('GF_750', 'AGRICOLA DOÑA RAQUEL SPA', '', 4, 'GF', 'GF'),
('GF_752', 'LOMAS DE MENBRILLAR S.A', '', 4, 'GF', 'GF'),
('GF_761', 'SERVICIOS AGRICOLAS LUIS PULGAR LOPEZ EIRL', '', 2, 'GF', 'GF'),
('GF_762', 'LUIS JORQUERA MORALES', '', 2, 'GF', 'GF'),
('GF_777', 'LA COMPAÑIA AGR.', '', 4, 'GF', 'GF'),
('GF_801', 'AGROINDUSTRIAL LOS BRONCES LIMITADA', '', 4, 'GF', 'GF'),
('GF_804', 'ALONSO ANGULO MORENO', '', 4, 'GF', 'GF'),
('GF_806', 'LOS LIRIOS GEOAGRO LTDA', '', 4, 'GF', 'GF'),
('GF_810', 'SERVICIOS E INVERSIONES KOALA S.A.', '', 4, 'GF', 'GF'),
('GF_812', 'AGR. JOSE MARIA RIVERA Y OTROS', '', 2, 'GF', 'GF'),
('GF_813', 'HUGO VON BERNATH', '', 2, 'GF', 'GF'),
('GF_819', 'AGRICOLA LA ESPERANZA SPA', '', 4, 'GF', 'GF'),
('GF_821', 'LA PAZ AGR. GEOAGRO LTDA', '', 4, 'GF', 'GF'),
('GF_825', 'ARIANA AG LTDA', '', 4, 'GF', 'GF'),
('GF_825,', 'AGRÍCOLA ARIANA SPA.', '', 6, 'GF', 'GF'),
('GF_825.', 'AGRÍCOLA ARIANA SPA', '', 4, 'GF', 'GF'),
('GF_834', 'MARIO DIAZ ABARCA', '', 2, 'GF', 'GF'),
('GF_841', 'AGR ESPERANZA LIMITADA', '', 2, 'GF', 'GF'),
('GF_841.', 'AGRICOLA ESPERANZA LIMITADA', '', 4, 'GF', 'GF'),
('GF_844', 'AGR ESPERANZA LIMITADA (SAN ANDRES)', '', 2, 'GF', 'GF'),
('GF_854', 'CARLOS HUMBERTO SOTO CORREA', '', 4, 'GF', 'GF'),
('GF_855', 'SOC. AGR. CANTO DEL AGUA LTDA', '', 4, 'GF', 'GF'),
('GF_857', 'GEOAGRO MORZA', '', 4, 'GF', 'GF'),
('GF_862', 'AGR. LAS VERTIENTES LTDA', '', 4, 'GF', 'GF'),
('GF_870', 'AGRICOLA LAS NIPAS LTDA', '', 2, 'GF', 'GF'),
('GF_875', 'AGR. TUNDRA LTDA', '', 4, 'GF', 'GF'),
('GF_880', 'AGR LUIS ANTONIO HERRERA AVENDAÑO EIRL (PARRON CASA LAS HERAS)', '', 2, 'GF', 'GF'),
('GF_8801', 'AGROINDUSTRIAL LOS BRONCES LTDA', '', 4, 'GF', 'GF'),
('GF_883', 'JUAN HENRIQUEZ MARICH', '', 4, 'GF', 'GF'),
('GF_888', 'JUAN HENRIQUEZ MARICH', '', 4, 'GF', 'GF'),
('GF_893', 'JUAN HENRIQUEZ MARICH', '', 4, 'GF', 'GF'),
('GF_895', 'AGR. SAN NICOLAS LTDA', '', 4, 'GF', 'GF'),
('GF_909', 'GEOAGRO TUNQUELEN', '', 4, 'GF', 'GF'),
('GF_912', 'SOC AGR HUILMAY LTDA', '', 4, 'GF', 'GF'),
('GF_919', 'PRIETO GUILLERMO AGR', '', 2, 'GF', 'GF'),
('GF_920', 'AGR SAN LUIS LTDA', '', 4, 'GF', 'GF'),
('GF_924', 'HUGO VON BERNATH', '', 2, 'GF', 'GF'),
('GF_925', 'FRUTOS DE RANGUIL S.A. ', '', 2, 'GF', 'GF'),
('GF_929', 'LOS ALAMOS SOC. AGR. LTDA.', '', 2, 'GF', 'GF'),
('GF_930', 'AGRICOLA NERQUIAHUE LIMIT', '', 4, 'GF', 'GF'),
('GF_941', 'AGRICOLA PICOLTUE LTDA', '', 4, 'GF', 'GF'),
('GF_943', 'CONSTRUCTORA INCA LTDA', '', 0, 'GF', 'GF'),
('GF_R193', 'GEOAGRO TUNQUELEN', '', 4, 'GF', 'GF'),
('GF_R210', 'ESCUELA AGRICOLA SAN VICENTE', '', 9, 'GF', 'GF'),
('GF_R215', 'RAMON ACHURRA Y COMPAÑIA ', '', 9, 'GF', 'GF'),
('GF_R235', 'LOS LIRIOS GEOAGRO LTDA.', '', 9, 'GF', 'GF'),
('GF_R237', 'GEOAGRO TUNQUELEN', '', 4, 'GF', 'GF'),
('GF_R249', 'GEOAGRO TUNQUELEN', '', 4, 'GF', 'GF'),
('GF_R306', 'GEOAGRO OLIVETO', '', 4, 'GF', 'GF'),
('GF_R310', 'AGRICOLA SAN PIO LTDA.', '', 5, 'GF', 'GF'),
('GF_R311', 'SOC. AGRICOLA PATRICIA MARIA LTDA.', '', 4, 'GF', 'GF'),
('GF_R312', 'ADRIANA RUZ PERRY', '', 9, 'GF', 'GF'),
('GF_R325', 'GEOAGRO OLIVETO', '', 4, 'GF', 'GF'),
('GF_R349', 'GEOAGRO OLIVETO', '', 4, 'GF', 'GF'),
('GF_R430', ' AGRIC. Y COM. LOMAS DEL B', '', 5, 'GF', 'GF'),
('GF_R463', 'GEOAGRO MORZA', '', 4, 'GF', 'GF'),
('GF_R465', 'CASAS VIEJAS AGR. GEOAGRO', '', 5, 'GF', 'GF'),
('GF_R469', 'GEOAGRO MORZA', '', 4, 'GF', 'GF'),
('GF_R470', 'AGRICOLA SAN CHARBEL', '', 4, 'GF', 'GF'),
('GF_R471', 'AGRICOLA ESPERANZA LTDA', '', 4, 'GF', 'GF'),
('GF_R474', 'LOS LIRIOS GEOGRO LTDA.', '', 4, 'GF', 'GF'),
('GF_R477', 'GEOAGRO ROSARIO', '', 4, 'GF', 'GF'),
('GF_R487', 'ADRIANA RUZ PERRY ', '', 9, 'GF', 'GF'),
('GF_R487.', 'ADRIANA RUZ PERRY', '', 6, 'GF', 'GF'),
('GF_R503', 'AGRICOLA Y FORESTAL EL PEUMO', '', 4, 'GF', 'GF'),
('GF_R513', 'LOS LIRIOS ', '', 5, 'GF', 'GF'),
('GF_R515', 'GEOAGRO ROSARIO', '', 9, 'GF', 'GF'),
('GF_R529', 'AGRICOLA SAN NICOLAS LTDA', '', 5, 'GF', 'GF'),
('GF_R547', 'GEOAGRO ROSARIO', '', 4, 'GF', 'GF'),
('GF_R590', 'GEOAGRO MORZA', '', 4, 'GF', 'GF'),
('GF_R593', 'AGRICOLA EL ESPINO SPA', '', 4, 'GF', 'GF'),
('GF_R594', 'AGRICOLA EL ESPINO SPA', '', 4, 'GF', 'GF'),
('GF_R597', 'AGRICOLA EL ESPINO SPA', '', 4, 'GF', 'GF'),
('GF_R605', 'GEOAGRO TIPAUME', '', 4, 'GF', 'GF'),
('GF_R615', 'GEOAGRO TUNQUELEN', '', 4, 'GF', 'GF'),
('GF_R618', 'GEOAGRO TUNQUELEN', '', 4, 'GF', 'GF'),
('GF_R625', 'GEOAGRO TUNQUELEN', '', 4, 'GF', 'GF'),
('GF_R639', 'LA PAZ AGR. GEOAGRO LTDA.', '', 4, 'GF', 'GF'),
('GF_R640', 'LA PAZ AGR. GEOAGRO LTDA.', '', 4, 'GF', 'GF'),
('GF_R661', 'SOC. AGRICOLA ARELLANO LT', '', 4, 'GF', 'GF'),
('GF_R710', 'GEOAGRO TUNQUELEN', '', 4, 'GF', 'GF'),
('GF_R717', 'AGRICOLA LA ESPERANZA SPA', '', 9, 'GF', 'GF'),
('GF_R719', 'LOS LIRIOS AGR GEOAGRO', '', 5, 'GF', 'GF'),
('GF_R728', 'AGRICOLA SAN PIO LTDA', '', 5, 'GF', 'GF'),
('GF_R751', 'GEOAGRO MORZA', '', 4, 'GF', 'GF'),
('GF_R753', 'GEOAGRO TUNQUELEN', '', 4, 'GF', 'GF'),
('GF_R826', 'AGRICOLA SAN PIO LTDA', '', 5, 'GF', 'GF'),
('GF_R845', 'ESCUELA AGRICOLA SAN VICENTE', '', 9, 'GF', 'GF'),
('GF_R865', 'GEOAGRO ROSARIO', '', 9, 'GF', 'GF'),
('GF_R929', 'GEOAGRO EL ESPINO', '', 2, 'GF', 'GF'),
('GF_R930', 'GEOAGRO TIPAUME', '', 4, 'GF', 'GF'),
('GF_S166', 'AGRICOLA EL TORO LTDA', '', 4, 'GF', 'GF'),
('GF_S305', 'AGRIC. METROPOLITANA LTDA.', '', 4, 'GF', 'GF'),
('GU_377', 'GEOAGRO LAS BANDURRIAS', '', 2, 'GF', 'GF'),
('GU_412', 'AGRICOLA LOS PINOS SPA', '', 2, 'GF', 'GF'),
('GU_428', 'AGRICOLA SANTA MARGARITA', '', 2, 'GF', 'GF'),
('GU_438', 'SERVICIOS PROFESIONALES MENA Y MENA LTDA', '', 2, 'GF', 'GF'),
('GU_439', 'AGRICOLA SANTA ROSARIO LTDA.', '', 2, 'GF', 'GF'),
('GU_454', 'AGRICOLA ISABEL MARGARITA BECKER VALDIVIESO EIRL', '', 2, 'GF', 'GF'),
('GU_576', 'AGRICOLA JOSE MARIA RIVERA', '', 2, 'GF', 'GF'),
('GU_S377', 'AGRICOLA ISABEL MARGARITA BECKER VALDIVIESO EIRL', '', 2, 'GF', 'GF'),
('KW_133', 'CORREA ALBERTO', '', 7, 'GF', 'GF'),
('KW_274', 'SOCIEDAD AGRICOLA ARELLANO LTDA', '', 7, 'GF', 'GF'),
('KW_313', 'AGRICOLA DOS MARIAS SPA', '', 7, 'GF', 'GF'),
('KW_320', 'SOC AGRICOLA SAN CHARBEL', '', 7, 'GF', 'GF'),
('KW_323', 'AGRICOLA DON ALEJANDRO LTDA', '', 7, 'GF', 'GF'),
('KW_346', 'JAIME EMILIO MANZUR MAJLUF', '', 7, 'GF', 'GF'),
('KW_377', 'GEOAGRO LAS BANDURRIAS', '', 7, 'GF', 'GF'),
('KW_378', 'FERNANDO NICOLAS MANZUR MAJLUF', '', 7, 'GF', 'GF'),
('KW_457', 'AGRICOLA MES S.A', '', 7, 'GF', 'GF'),
('KW_508', 'MARIA TERESA REYMOND', '', 7, 'GF', 'GF'),
('KW_509', 'AGRICOLA RIO CORTADERAL', '', 7, 'GF', 'GF'),
('KW_511', 'SOC. AGRICOLA SANTA ADRIANA', '', 7, 'GF', 'GF'),
('KW_541', 'BUSTAMANTE AGUIRRE TOMAS', '', 7, 'GF', 'GF'),
('KW_582', 'INMOBILIARIA DEL ALBA S.A', '', 7, 'GF', 'GF'),
('KW_645', 'ASESORIAS Y ADMINISTRACIONES AGRICOLAS LTDA', '', 7, 'GF', 'GF'),
('KW_739', 'AGRICOLA VICTORIA S.A', '', 7, 'GF', 'GF'),
('KW_764', 'AGRICOLA LOS CUERNOS LTDA ', '', 7, 'GF', 'GF'),
('KW_765', 'AGRICOLA SAN FRANCISCO LT	', '', 7, 'GF', 'GF'),
('KW_766', 'AGRICOLA SAN FRANCISCO LT', '', 7, 'GF', 'GF'),
('KW_857', 'GEOAGRO MORZA', '', 7, 'GF', 'GF'),
('KW_943', 'CONSTRUCTORA INCA LTDA', '', 7, 'GF', 'GF'),
('KW_R133', 'GEOAGRO MORZA', '', 7, 'GF', 'GF'),
('KW_R439', 'GEOAGRO MORZA', '', 7, 'GF', 'GF'),
('KW_R457', 'GEOAGRO MORZA', '', 7, 'GF', 'GF'),
('KW_R511', 'SOC. AGR. ARELLANO LTDA.', '', 7, 'GF', 'GF'),
('KW_R512', 'ALBERTO CORREA', '', 7, 'GF', 'GF'),
('MAN_0774', 'RANQUILHUE AGR. GEOAGRO', '', 234, 'GF', 'GF'),
('MPL_275', 'INVERSIONES LAS PEÑAS LTDA', '', 12, 'GF', 'GF'),
('MPL_453', 'HUERTO SANTA ROSA LTDA', '', 12, 'GF', 'GF'),
('MPL_737', 'ESCUELA AGRICOLA SAN VICENTE DE PAUL', '', 12, 'GF', 'GF'),
('MPL_806', 'LOS LIRIOS GROAGRO', '', 12, 'GF', 'GF'),
('MP_PRUEBA', 'PRUEBA', '', 12, 'GF', 'GF'),
('MZ_147', 'GASTON PALMA VALDOVINOS', '', 8, 'GF', 'GF'),
('MZ_275', 'INVERSIONES LAS PEÑAS LTDA', '', 8, 'GF', 'GF'),
('MZ_406', 'AGRICOLA EL HUERTO LTDA', '', 8, 'GF', 'GF'),
('MZ_453', 'HUERTO SANTA ROSA LIMITADA', '', 8, 'GF', 'GF'),
('MZ_564', 'AGRICOLA LOS BRONCES SPA', '', 8, 'GF', 'GF'),
('MZ_603', 'JORGE URRUTIA PALMA', '', 8, 'GF', 'GF'),
('MZ_670', 'FERNANDA URRUTIA PALMA', '', 8, 'GF', 'GF'),
('MZ_737', 'ESC AGR SAN VICENTE DE PAUL', '', 8, 'GF', 'GF'),
('MZ_801', 'AGROINDUSTRIAL LOS BRONCES LIMITADA', '', 8, 'GF', 'GF'),
('MZ_806', 'LOS LIRIOS GEOAGRO LTDA', '', 8, 'GF', 'GF'),
('MZ_857', 'GEOAGRO MORZA', '', 8, 'GF', 'GF'),
('MZ_8801', 'AGROINDUSTRIAL LOS BRONCES LIMITADA', '', 8, 'GF', 'GF'),
('NECT_828', 'RAMON ACHURRA Y COMPAÑIA', '', 9, 'GF', 'GF'),
('NECT_R445', 'CAROLINE ALEXANDRA SLATER', '', 9, 'GF', 'GF'),
('NECT_R600', 'CAROLINE ALEXANDRA SLATER', '', 9, 'GF', 'GF'),
('NEC_0806', 'HUERTO SAN BERNARDO LOS LIRIOS', '', 9, 'GF', 'GF'),
('NEC_105', 'AGR FORESTAL Y GANADERA SANTA ADELA', '', 9, 'GF', 'GF'),
('NEC_117', ' RAMON ACHURRA Y CIA LTD SANTA JULIA ', '', 9, 'GF', 'GF'),
('NEC_140', 'FUNDO SANTA LUISA', '', 9, 'GF', 'GF'),
('NEC_141', 'AGR LA CABAÑA DOS LTDA FUNDO LA ISLA', '', 9, 'GF', 'GF'),
('NEC_145', 'ALEJANDRO GARNHAM', '', 9, 'GF', 'GF'),
('NEC_203', 'AGRICOLA SANTA INES DE MALLOA LTDA', '', 9, 'GF', 'GF'),
('NEC_206', 'GEOAGRO ROSARIO', '', 9, 'GF', 'GF'),
('NEC_231', 'SAMUEL FORTUNATO BUDINICH JEROLIMICH', '', 9, 'GF', 'GF'),
('NEC_235', 'CASAS VIEJAS AGR. GEOAGRO', '', 9, 'GF', 'GF'),
('NEC_245', 'PILARES VERDES GEOAGRO', '', 9, 'GF', 'GF'),
('NEC_255', 'AGRICOLA LAS CALAS LTDA', '', 9, 'GF', 'GF'),
('NEC_256', 'SOC. AGRICOLA SAN LUCAS LTDA', '', 9, 'GF', 'GF'),
('NEC_258', 'SOCIEDAD AGRICOLA LA CANELA LTDA', '', 9, 'GF', 'GF'),
('NEC_259', 'SOC. AGRICOLA LA CANELA LIMITADA', '', 9, 'GF', 'GF'),
('NEC_270', 'SOCIEDAD AGRÍCOLA FUNDO EL MOLINO LTDA', '', 9, 'GF', 'GF'),
('NEC_270.', 'FUNDO EL MOLINO', '', 9, 'GF', 'GF'),
('NEC_273', 'EL ARCHIVO LTDA', '', 9, 'GF', 'GF'),
('NEC_288', 'AGRICOLA DOS AMALIAS LTDA', '', 9, 'GF', 'GF'),
('NEC_294', 'SAMUEL BUDINICH SPA', '', 9, 'GF', 'GF'),
('NEC_295', 'SOCIEDAD AGRICOLA SANTA TERESITA', '', 9, 'GF', 'GF'),
('NEC_316', 'SAMUEL BUDINICH SPA', '', 9, 'GF', 'GF'),
('NEC_325', 'SOC AGRICOLA MARIA ELENA LTDA', '', 9, 'GF', 'GF'),
('NEC_329', 'AGRÍCOLA SANTA MAGDALENA', '', 9, 'GF', 'GF'),
('NEC_337', 'SANTA MARIA DE APALTA LTDA', '', 9, 'GF', 'GF'),
('NEC_345', 'AGRICOLA INMOBILIARIA E INV COTA S.A', '', 9, 'GF', 'GF'),
('NEC_347', 'INMOBILIARIA EL ALBA S.A', '', 9, 'GF', 'GF'),
('NEC_349', 'AGRICOLA LOS ACACIOS LTDA', '', 9, 'GF', 'GF'),
('NEC_360', 'SOCIEDAD AGRICOLA LA CANELA LTDA', '', 9, 'GF', 'GF'),
('NEC_361', 'SOC AGRICOLA SAN LUCAS', '', 9, 'GF', 'GF'),
('NEC_362', 'SOC AGRICOLA EL PARQUE', '', 9, 'GF', 'GF'),
('NEC_364', 'SOC AGRICOLA EL PARQUE LIMITADA', '', 9, 'GF', 'GF'),
('NEC_367', 'SOC AGRICOLA EL PARQUE LIMITADA', '', 9, 'GF', 'GF'),
('NEC_369', 'SOC AGRICOLA EL PARQUE LTDA', '', 9, 'GF', 'GF'),
('NEC_370', 'SOC AGR EL PARQUE LTDA', '', 9, 'GF', 'GF'),
('NEC_412', 'AGRÍCOLA LOS PINOS SPA', '', 9, 'GF', 'GF'),
('NEC_413', 'GEOAGRO EL REMANSO', '', 9, 'GF', 'GF'),
('NEC_414', 'JOSE LUIS GAMBOA PAVEZ', '', 9, 'GF', 'GF'),
('NEC_427', 'GARNHAM OPAZO LTDA', '', 9, 'GF', 'GF'),
('NEC_446', 'SOCIEDAD AGRICOLA Y COMERCIAL SANTA LUISA LTDA.', '', 9, 'GF', 'GF'),
('NEC_455', 'FRUTICOLA EL ALBA SPA', '', 9, 'GF', 'GF'),
('NEC_482', 'GEOAGRO TIPAUME', '', 9, 'GF', 'GF'),
('NEC_483', 'ADRIANA RUZ PERRY', '', 9, 'GF', 'GF'),
('NEC_484', 'ADRIANA RUZ PERRY', '', 9, 'GF', 'GF'),
('NEC_485', 'CAROLINE ALEXANDRA SLATER', '', 9, 'GF', 'GF'),
('NEC_486', 'CAROLINE ALEXANDRA SLATER', '', 9, 'GF', 'GF'),
('NEC_487', 'CAROLINE ALEXANDRA SLATER', '', 9, 'GF', 'GF'),
('NEC_488', 'CAROLINE ALEXANDRA SLATER MORALES', '', 9, 'GF', 'GF'),
('NEC_498', 'AGRICOLA EL DELIRIO LTDA', '', 9, 'GF', 'GF'),
('NEC_499', 'GREENEX SPA', '', 9, 'GF', 'GF'),
('NEC_504', 'AGRICOLA LAS CALAS LTDA', '', 9, 'GF', 'GF'),
('NEC_508', 'MARIA TERESA DE JESUS REY', '', 9, 'GF', 'GF'),
('NEC_523', 'BERNARDO DOMINGUEZ COVARRUBIAS', '', 9, 'GF', 'GF'),
('NEC_528', 'AGRIC Y COM LOMAS DEL BALUARTE', '', 9, 'GF', 'GF'),
('NEC_529', 'JUAN HENRIQUEZ MARICH', '', 9, 'GF', 'GF'),
('NEC_530', 'AGRÍCOLA AZAPA LTDA', '', 9, 'GF', 'GF'),
('NEC_549', 'GEOAGRO EL REMANSO ', '', 9, 'GF', 'GF'),
('NEC_551', 'FUNDO SAN ANTONIO', '', 9, 'GF', 'GF'),
('NEC_583', 'INMOBILIARIA DEL ALBA S.A', '', 9, 'GF', 'GF'),
('NEC_605', 'AGRICOLA AGUA DEL VALLE S', '', 9, 'GF', 'GF'),
('NEC_621', 'AGRICOLA D.O.S LTDA', '', 9, 'GF', 'GF'),
('NEC_634', 'SOC. AGRICOLA EL PARQUE LIMITADA', '', 9, 'GF', 'GF'),
('NEC_637', 'ESCUELA AGR. SAN VICENTE', '', 9, 'GF', 'GF'),
('NEC_720', 'MARIA ALICIA GUTIERREZ OR', '', 9, 'GF', 'GF'),
('NEC_737', 'ESC AGR SAN VICENTE DE PAUL', '', 9, 'GF', 'GF'),
('NEC_806', 'LOS LIRIOS GEOAGRO LTDA', '', 9, 'GF', 'GF'),
('NEC_810', 'PILARES VERDES AGR. GEOAG', '', 9, 'GF', 'GF'),
('NEC_818', 'RAIMANDO GARDULSKI', '', 9, 'GF', 'GF'),
('NEC_819', 'AGR LA ESPERANZA LTDA', '', 9, 'GF', 'GF'),
('NEC_819.', 'AGRICOLA LA ESPERANZA SPA', '', 9, 'GF', 'GF'),
('NEC_825', 'ARIANA AG. LTDA', '', 9, 'GF', 'GF'),
('NEC_828', 'RAMON ACHURRA Y CIA LTDA SANTA JULIA', '', 9, 'GF', 'GF'),
('NEC_830', 'GRUPO RUCARAY_RUCAPAINE', '', 9, 'GF', 'GF'),
('NEC_830.', 'AGRICOLA RUCAPAINE LTDA.', '', 9, 'GF', 'GF'),
('NEC_831', 'AGR LA CABAÑA DOS LTDA FUNDO EL KIWAL', '', 9, 'GF', 'GF'),
('NEC_845', 'AGRICOLA LA CABAÑA DOS LTDA', '', 9, 'GF', 'GF'),
('NEC_854', '	CARLOS HUMBERTO SOTO CORREA', '', 9, '', 'GF'),
('NEC_854.', 'CARLOS HUMBERTO SOTO CORREA', '', 9, 'GF', 'GF'),
('NEC_865', 'AGRICOLA SUIZA LTDA', '', 9, 'GF', 'GF'),
('NEC_874', 'SOCIEDAD AGRICOLA SAN RAMON BELLAVISTA', '', 9, 'GF', 'GF'),
('NEC_876', 'SOC AGR FORESTAL Y GANADERA LOS TRIGALES', '', 9, 'GF', 'GF'),
('NEC_8812', 'AGRICOLA AGUA DEL VALLE SPA', '', 9, 'GF', 'GF'),
('NEC_8814', 'CASAS VIEJAS AGR GEOAGRO LTDA', '', 9, 'GF', 'GF'),
('NEC_883', 'JUAN HENRIQUEZ MARICH', '', 9, 'GF', 'GF'),
('NEC_888', 'JUAN HENRIQUEZ MARICH', '', 9, 'GF', 'GF'),
('NEC_893', 'JUAN HENRIQUEZ MARICH', '', 9, 'GF', 'GF'),
('NEC_895', 'AGRICOLA SAN NICOLAS LTDA', '', 9, 'GF', 'GF'),
('NEC_B630', 'AGRICOLA SANTA BERNARDITA', '', 9, 'GF', 'GF'),
('NEC_C624', 'FINEST FRUIT S.A TUNCAHUE', '', 9, 'GF', 'GF'),
('NEC_E631', 'AGRICOLA JECU LTDA', '', 9, 'GF', 'GF'),
('NEC_I828', 'GEOAGRO ROSARIO', '', 9, 'GF', 'GF'),
('NEC_L649', 'AGRICOLA LOS GUINDOS LTDA', '', 9, 'GF', 'GF'),
('NEC_M627', 'FINEST FRUIT S.A EL CARMEN', '', 9, 'GF', 'GF'),
('NEC_R213', 'PILARES VERDES AGR. GEOAGRO', '', 9, 'GF', 'GF'),
('NEC_R214', 'CAROLINE ALEXANDRA SLATER', '', 9, 'GF', 'GF'),
('NEC_R235', 'LOS LIRIOS GEOAGRO LTDA', '', 9, 'GF', 'GF'),
('NEC_R255', 'CAROLINE ALEXANDRA SLATER', '', 9, '', 'GF'),
('NEC_R255.', 'CAROLINE ALEXANDRA SLATER', '', 9, 'GF', 'GF'),
('NEC_R258', 'AGRICOLA LAS CALAS LTDA.', '', 9, 'GF', 'GF'),
('NEC_R270', 'RAMON ACHURRA Y COMPAÑIA', '', 9, 'GF', 'GF'),
('NEC_R294', 'GEOAGRO EL REMANSO ', '', 9, 'GF', 'GF'),
('NEC_R314', 'AGRICOLA DOS AMALIAS ', '', 9, 'GF', 'GF'),
('NEC_R316', 'LOS LIRIOS GEOAGRO', '', 9, 'GF', 'GF'),
('NEC_R337', 'AGRICOLA LAS DOS AMALIAS LTDA.', '', 9, 'GF', 'GF'),
('NEC_R355', 'AGRICOLA SANTA INES DE MALLOA LTDA', '', 9, 'GF', 'GF'),
('NEC_R361', 'PILARES VERDES AGR. GEOAGRO', '', 9, 'GF', 'GF'),
('NEC_R400', 'CASAS VIEJAS AGR. GEOAGRO', '', 9, 'GF', 'GF'),
('NEC_R410', 'CASAS VIEJAS AG. GEOAGRO', '', 9, 'GF', 'GF'),
('NEC_R412', 'SOCIEDAD AGRÍCOLA SAN RAMÓN', '', 9, 'GF', 'GF'),
('NEC_R412.', 'GEOAGRO ROSARIO', '', 9, 'GF', 'GF'),
('NEC_R415', 'GEOAGRO ROSARIO', '', 9, 'GF', 'GF'),
('NEC_R483', 'AGRICOLA LAS DOS AMALIAS LTDA', '', 9, 'GF', 'GF'),
('NEC_R484', 'CAROLINE ALEXANDRA SLATER', '', 9, 'GF', 'GF'),
('NEC_R500', 'LOS LIRIOS GEOAGRO LTDA', '', 9, 'GF', 'GF'),
('NEC_R509', 'MARIA TERESA DE JESUS REY', '', 9, 'GF', 'GF'),
('NEC_R545', 'LOS LIRIOS GEOAGRO', '', 9, 'GF', 'GF'),
('NEC_R547', 'GEOAGRO ROSARIO', '', 9, 'GF', 'GF'),
('NEC_R549', 'GEOAGRO EL REMANSO ', '', 9, 'GF', 'GF'),
('NEC_R565', 'PILARES VERDES AGR. GEOAGRO', '', 9, 'GF', 'GF'),
('NEC_R613', 'ESCUELA AGRÍCOLA SAN VICENTE', '', 9, 'GF', 'GF'),
('NEC_R614', 'ADRIANA RUZ PERRY Y COMPAÑIA', '', 9, 'GF', 'GF'),
('NEC_R637', 'CASAS VIEJAS GEOAGRO LTDA', '', 9, 'GF', 'GF');
INSERT INTO `cal_productores` (`productor_id`, `productor_nombre`, `sag`, `especie_id`, `exportador_cod`, `cliente_id`) VALUES
('NEC_R645', 'GEOAGRO EL REMANSO ', '', 9, 'GF', 'GF'),
('NEC_R715', 'GEOAGRO EL REMANSO ', '', 9, 'GF', 'GF'),
('NEC_R716', 'GEOAGRO EL REMANSO ', '', 9, 'GF', 'GF'),
('NEC_R725', 'CAROLINE ALEXANDRA SLATER', '', 9, 'GF', 'GF'),
('NEC_R737', 'GEOAGRO ROSARIO', '', 9, 'GF', 'GF'),
('NEC_R748', 'GEOAGRO ROSARIO', '', 9, 'GF', 'GF'),
('NEC_R749', 'GEOAGRO ROSARIO', '', 9, 'GF', 'GF'),
('NEC_R750', 'GEOAGRO EL REMANSO ', '', 9, 'GF', 'GF'),
('NEC_R783', 'ESCUELA AGRÍCOLA SAN VICENTE', '', 9, 'GF', 'GF'),
('NEC_R79', 'GEOAGRO ROSARIO', '', 9, 'GF', 'GF'),
('NEC_R806', 'CASAS VIEJAS AGR. GEOAGRO LTDA.', '', 9, 'GF', 'GF'),
('NEC_R810', 'PILARES VERDES AGR. GEOAG', '', 9, 'GF', 'GF'),
('NEC_R819', 'CASAS VIEJAS GEOAGRO LTDA', '', 9, 'GF', 'GF'),
('NEC_R830', 'RAMON ACHURRA Y CIA LTDA', '', 9, 'GF', 'GF'),
('NEC_R888', 'SOC. AGR. FUNDO SAN ANTONIO', '', 9, 'GF', 'GF'),
('NEC_R910', 'GEOAGRO EL REMANSO ', '', 9, 'GF', 'GF'),
('NEC_R920', 'LOS LIRIOS GEOAGRO LTDA', '', 9, 'GF', 'GF'),
('NEC_R937', 'ADRIANA RUZ PERRY', '', 9, 'GF', 'GF'),
('NEC_S634', 'AGRICOLA SANTA MELITA LTDA', '', 9, 'GF', 'GF'),
('NEC_S648', 'AGRICOLA SANTA ALICIA LTDA', '', 9, 'GF', 'GF'),
('NE_R546', 'ESCUELA AGRICOLA SAN VICENTE ', '', 9, 'GF', 'GF'),
('PE_110', 'SOCIEDAD AGRÍCOLA CODEGUA LTDA', '', 10, 'GF', 'GF'),
('PE_147', 'GASTON PALMA VALDOVINOS', '', 10, 'GF', 'GF'),
('PE_157', 'GASTON PALMA (EL RETIRO)', '', 10, 'GF', 'GF'),
('PE_217', 'GASTON PALMA (EL REFUGIO)', '', 10, 'GF', 'GF'),
('PE_225', 'SOCIEDAD AGRICOLA SANTA PATRICIA', '', 10, 'GF', 'GF'),
('PE_268', 'RAMON ACHURRA Y CIA LTDA EL SAUCE', '', 10, 'GF', 'GF'),
('PE_270', 'SOCIEDAD AGRÍCOLA FUNDO EL MOLINO LTDA', '', 10, 'GF', 'GF'),
('PE_274', 'SOC. AGR. ARELLANO LTDA', '', 10, 'GF', 'GF'),
('PE_451', 'SOCIEDAD AGRÍCOLA SAN RAMÓN LTDA SAN ANTONIO', '', 10, 'GF', 'GF'),
('PE_479', 'AGRICOLA SAN PIO LTDA', '', 10, 'GF', 'GF'),
('PE_501', 'AGRICOLA SAN LUIS SPA', '', 10, 'GF', 'GF'),
('PE_562', 'SOCIEDAD AGRÍCOLA RÍO EBRO', '', 10, 'GF', 'GF'),
('PE_603', 'JORGE URRUTIA PALMA', '', 10, 'GF', 'GF'),
('PE_672', 'FERNANDA URRUTIA PALMA', '', 10, 'GF', 'GF'),
('PE_737', 'ESC AGR SAN VICENTE DE PAUL', '', 10, 'GF', 'GF'),
('PE_801', 'AGROINDUSTRIAL LOS BRONCES LIMITADA', '', 10, 'GF', 'GF'),
('PE_935', 'SOCIEDAD AGRÍCOLA SANTA PATRICIA', '', 10, 'GF', 'GF'),
('PE_S626', 'FINEST FRUIT S.A SAN TITO', '', 10, 'GF', 'GF'),
('PRUEBA', 'PRUEBA', '', 0, 'GF', 'GF'),
('R100', 'AGRÍCOLA LA ESPERANZA SPA', '', 9, 'GF', 'GF'),
('R114', 'CAROLINE ALEXANDRA SLATER MORALES', '', 9, 'GF', 'GF'),
('R200', 'CASAS VIEJAS AGR. GEOAGRO LTDA.', '', 9, 'GF', 'GF'),
('R206', 'GEOAGRO TUNQUELEN', '', 4, 'GF', 'GF'),
('R226', 'GEOAGRO OLIVETO', '', 4, 'GF', 'GF'),
('R292', 'GEOAGRO TUNQUELEN', '', 4, 'GF', 'GF'),
('R295', 'GEOAGRO TUNQUELEN', '', 4, 'GF', 'GF'),
('R298', 'GEOAGRO TUNQUELEN', '', 4, 'GF', 'GF'),
('R305', 'GEOAGRO TUNQUELEN', '', 4, 'GF', 'GF'),
('R308', 'GOAGRO ROSARIO ', '', 9, 'GF', 'GF'),
('R309', 'PILARES VERDES AGR. GEOAGRO LT', '', 9, 'GF', 'GF'),
('R311', 'SOC. AGRICOLA PATRICIA MARIA ', '', 4, '', 'GF'),
('R413', 'PILARES VERDES AGR. GEOAGRO', '', 9, 'GF', 'GF'),
('R414', 'PILARES VERDES AG. GEOAGRO LTDA.', '', 9, 'GF', 'GF'),
('R44', 'CAROLINE ALEXANDRA SLATER', '', 9, 'GF', 'GF'),
('R441', 'GEOAGRO TUNQUELEN', '', 4, 'GF', 'GF'),
('R442', 'GEOAGRO TUNQUELEN', '', 4, 'GF', 'GF'),
('R450', 'LOS LIRIOS GEOAGRO LTDA', '', 5, 'GF', 'GF'),
('R455', 'LOS LIRIOS GEOAGRO LTDA', '', 9, 'GF', 'GF'),
('R510', 'AGRICOLA EL DELIRIO LTDA.', '', 5, 'GF', 'GF'),
('R513', 'LOS LIRIOS', '', 9, 'GF', 'GF'),
('R514', 'AGRICOLA DOS MARIAS SPA', '', 4, 'GF', 'GF'),
('R515', 'AGRÍCOLA SUIZA LIMITADA', '', 4, 'GF', 'GF'),
('R530', 'CAROLINE ALEXANDRA SLATER', '', 9, 'GF', 'GF'),
('R548', 'SOC. AGRICOLA PATRICIA MARIA LTDA.', '', 4, 'GF', 'GF'),
('R555', 'PILARES VERDES AGR. GEOAGRO', '', 9, 'GF', 'GF'),
('R563', 'AGR. THOMAS HENDERSON ESP.', '', 4, '', 'GF'),
('R568', 'GEOAGRO TUNQUELEN', '', 4, 'GF', 'GF'),
('R610', 'GEOAGRO ROSARIO', '', 9, 'GF', 'GF'),
('R613', 'ESCUELA AGRICOLA SAN VICENTE DE PAUL', '', 9, 'GF', 'GF'),
('R642', 'GEOAGRO TUNQUELEN', '', 4, 'GF', 'GF'),
('R735', 'GEOAGRO TUNQUELEN', '', 4, 'GF', 'GF'),
('R828', 'RAMON ACHURRA Y COMPAÑIA', '', 5, 'GF', 'GF'),
('R830', 'RAMON ACHURRA Y CIA. LTDA SANTA JULIA ', '', 4, 'GF', 'GF'),
('R883', 'GEOAGRO OLIVETO', '', 4, 'GF', 'GF'),
('R_135', 'AGRICOLA SUIZA LIMITADA', '', 9, 'GF', 'GF'),
('R_160', 'GEOAGRO TUNQUELEN', '', 4, 'GF', 'GF'),
('R_413', 'PILARES VERDES AGR. GEOAGRO ', '', 9, 'GF', 'GF'),
('R_563', 'AGR. THOMAS HENDERSON ESPOZ E.I.R.L.', '', 4, 'GF', 'GF'),
('R_563.', 'AGR. THOMAS HENDERSON ESP', '', 4, 'GF', 'GF'),
('R_830', 'GEOAGRO ROSARIO', '', 9, 'GF', 'GF'),
('TS_R400', 'ROSA JANINA TAPIA', '', 9, 'GF', 'GF');

-- --------------------------------------------------------

--
-- Estructura de tabla para la tabla `cal_productores_cuartel`
--

CREATE TABLE `cal_productores_cuartel` (
  `id_cuartel` int(11) NOT NULL,
  `productor_id` varchar(20) DEFAULT NULL,
  `productor_cuartel` varchar(30) DEFAULT NULL,
  `cliente_id` varchar(100) DEFAULT NULL
) ENGINE=InnoDB DEFAULT CHARSET=latin1;

-- --------------------------------------------------------

--
-- Estructura de tabla para la tabla `cal_productores_sdp`
--

CREATE TABLE `cal_productores_sdp` (
  `id_sdp` int(11) NOT NULL,
  `productor_id` varchar(20) DEFAULT NULL,
  `productor_sdp` varchar(30) DEFAULT NULL,
  `cliente_id` varchar(100) DEFAULT NULL
) ENGINE=InnoDB DEFAULT CHARSET=latin1;

-- --------------------------------------------------------

--
-- Estructura de tabla para la tabla `cal_tipo_packing`
--

CREATE TABLE `cal_tipo_packing` (
  `tipo_packing_id` int(11) NOT NULL,
  `tipo_packing_nombre` varchar(50) DEFAULT NULL,
  `cliente_id` varchar(100) DEFAULT NULL
) ENGINE=InnoDB DEFAULT CHARSET=latin1;

--
-- Volcado de datos para la tabla `cal_tipo_packing`
--

INSERT INTO `cal_tipo_packing` (`tipo_packing_id`, `tipo_packing_nombre`, `cliente_id`) VALUES
(1, 'PACKING AMERICANO', 'RB'),
(2, 'PACKING CONVENCIONAL', 'RB'),
(3, 'PACKING CONVENCIONAL', 'GF'),
(4, 'PACKING AMERICANO', 'EX'),
(5, 'PACKING CONVENCIONAL', 'EX'),
(6, 'PACKING CONVENCIONAL', 'LZ'),
(7, 'PACKING CONVENCIONAL', 'ASJ'),
(8, 'PACKING CONVENCIONAL', 'TR'),
(9, 'PACKING CONVENCIONAL', 'CT'),
(10, 'PACKING CONVENCIONAL', 'MA'),
(11, 'PACKING CONVENCIONAL', 'PR'),
(12, 'PACKING CONVENCIONAL', 'SF'),
(13, 'PACKING CONVENCIONAL', 'PG'),
(14, 'PACKING CONVENCIONAL', 'LL'),
(15, 'PACKING CONVENCIONAL', 'AS'),
(16, 'PACKING CONVENCIONAL', 'QE'),
(17, 'PACKING AMERICANO', 'RBM'),
(18, 'PACKING CONVENCIONAL', 'RBM'),
(19, 'UNIDAD DE PRODUCCION', 'RBM'),
(20, 'PACKING CONVENCIONAL', 'AGRSUR'),
(21, 'PACKING AMERICANO', 'AF'),
(22, 'PACKING CONVENCIONAL', 'AF'),
(23, 'PACKING CONVENCIONAL', 'SUN'),
(24, 'CONVENCIONAL', 'PV'),
(25, 'CONVENCIONAL', 'QED'),
(26, 'CONVENCIONAL', 'TF');

-- --------------------------------------------------------

--
-- Estructura de tabla para la tabla `cal_variedades`
--

CREATE TABLE `cal_variedades` (
  `variedad_id` int(11) NOT NULL,
  `variedad_cod` varchar(50) DEFAULT NULL,
  `variedad_nombre` varchar(100) DEFAULT NULL,
  `especie_id` int(11) DEFAULT NULL,
  `cliente_id` varchar(100) DEFAULT NULL
) ENGINE=InnoDB DEFAULT CHARSET=latin1;

--
-- Volcado de datos para la tabla `cal_variedades`
--

INSERT INTO `cal_variedades` (`variedad_id`, `variedad_cod`, `variedad_nombre`, `especie_id`, `cliente_id`) VALUES
(91, 'GF_01', 'SUPERIOR', 2, 'GF'),
(92, 'GF_02', 'SUGRAONE', 2, 'GF'),
(93, 'GF_03', 'AUTUMN ROYAL', 2, 'GF'),
(94, 'GF_04', 'BLACK SEEDLESS', 2, 'GF'),
(95, 'GF_05', 'CRIMSON SEEDLESS', 2, 'GF'),
(96, 'GF_06', 'FLAME SEEDLESS', 2, 'GF'),
(97, 'GF_07', 'MOSCATEL SEEDLESS', 2, 'GF'),
(98, 'GF_08', 'RED GLOBE', 2, 'GF'),
(99, 'GF_09', 'RUBY SEEDLESS', 2, 'GF'),
(100, 'GF_10', 'THOMPSON SEEDLESS', 2, 'GF'),
(108, 'GF_11', 'TIMCO', 2, 'GF'),
(109, 'GF_12', 'SWEET CELEBRATION', 2, 'GF'),
(120, 'GF_13', 'ALLISON', 2, 'GF'),
(121, 'GF_14', 'KRISSY', 2, 'GF'),
(122, 'GF_15', 'TIMPSON', 2, 'GF'),
(123, 'GF_16', 'MELODY', 2, 'GF'),
(124, 'GF_17', 'SWEET GLOBE', 2, 'GF'),
(138, 'GF_18', '01BING', 4, 'GF'),
(139, 'GF_19', 'BROOKS', 4, 'GF'),
(140, 'GF_20', 'BING', 4, 'GF'),
(141, 'GF_21', 'CELESTE', 4, 'GF'),
(142, 'GF_22', 'CRISTALINA', 4, 'GF'),
(143, 'GF_23', 'GLEN RED', 4, 'GF'),
(144, 'GF_24', 'KORDIA', 4, 'GF'),
(145, 'GF_25', 'LAMBERT', 4, 'GF'),
(146, 'GF_26', 'LAPINS', 4, 'GF'),
(147, 'GF_27', 'RAINIER', 4, 'GF'),
(148, 'GF_28', 'ROYAL DAWN', 4, 'GF'),
(149, 'GF_29', 'REGINA', 4, 'GF'),
(150, 'GF_30', 'ROYAL RAINIER', 4, 'GF'),
(151, 'GF_31', 'SANTINA', 4, 'GF'),
(152, 'GF_32', 'SWEET HEART', 4, 'GF'),
(153, 'GF_33', 'SKEENA', 4, 'GF'),
(154, 'GF_34', 'STELLA', 4, 'GF'),
(155, 'GF_35', 'SUNBURST', 4, 'GF'),
(156, 'GF_36', 'SUMMIT', 4, 'GF'),
(157, 'GF_37', 'SUPERIOR', 4, 'GF'),
(158, 'GF_38', 'SYLVIA', 4, 'GF'),
(159, 'GF_39', 'VAN', 4, 'GF'),
(160, 'GF_40', 'ANGELENO AC', 5, 'GF'),
(161, 'GF_81', 'SNOW GIANT', 6, 'GF'),
(162, 'GF_41', 'ANGELENO', 5, 'GF'),
(163, 'GF_42', 'AUTUMN PRIDE', 5, 'GF'),
(164, 'GF_43', 'BLACK AMBER', 5, 'GF'),
(165, 'GF_44', 'BLUE GIANT', 5, 'GF'),
(166, 'GF_45', 'BLUE GUSTO', 5, 'GF'),
(167, 'GF_46', 'BLACK HEART', 5, 'GF'),
(168, 'GF_47', 'BIG KAT', 5, 'GF'),
(169, 'GF_48', 'CANDY STRIPE', 5, 'GF'),
(170, 'GF_49', 'DAGEN', 5, 'GF'),
(171, 'GF_50', 'DEEP BLUE', 5, 'GF'),
(172, 'GF_51', 'DAPPLE DELIGHT', 5, 'GF'),
(173, 'GF_52', 'FALLETE', 5, 'GF'),
(174, 'GF_53', 'FORTUNE', 5, 'GF'),
(175, 'GF_54', 'FRIAR', 5, 'GF'),
(176, 'GF_55', 'HAPPY GIANT', 5, 'GF'),
(177, 'GF_56', 'BLACK KAT', 5, 'GF'),
(178, 'GF_57', 'JOHN W', 5, 'GF'),
(179, 'GF_58', 'LAETITTIA', 5, 'GF'),
(180, 'GF_59', 'LARRY ANNE', 5, 'GF'),
(181, 'GF_60', 'LETICIA', 5, 'GF'),
(182, 'GF_61', 'NUBIANA', 5, 'GF'),
(183, 'GF_62', 'OWENT', 5, 'GF'),
(184, 'GF_63', 'PINK DELIGHT', 5, 'GF'),
(185, 'GF_64', 'RED GRANADE', 5, 'GF'),
(186, 'GF_65', 'RED HEART', 5, 'GF'),
(187, 'GF_66', 'CRIMSON FALL', 5, 'GF'),
(188, 'GF_67', 'RR1', 5, 'GF'),
(189, 'GF_68', 'SAPHIRE', 5, 'GF'),
(190, 'GF_69', 'SUGAR PLUMS', 5, 'GF'),
(191, 'GF_70', 'AUGUST PRINCESS', 6, 'GF'),
(192, 'GF_71', 'CROWN PRINCESS', 6, 'GF'),
(193, 'GF_72', 'CAL RED', 6, 'GF'),
(194, 'GF_73', 'DIAMOND PRINCESS', 6, 'GF'),
(195, 'GF_74', 'ELEGANT LADY', 6, 'GF'),
(196, 'GF_75', 'EARLY RICH', 6, 'GF'),
(197, 'GF_76', 'FLAVOR CREST', 6, 'GF'),
(199, 'GF_78', 'OHENRY', 6, 'GF'),
(200, 'GF_79', 'ROYAL GLORY', 6, 'GF'),
(201, 'GF_80', 'RICH LADY', 6, 'GF'),
(202, 'GF_82', 'SNOW KING', 6, 'GF'),
(203, 'GF_83', 'SWEET SEPTEMBER', 6, 'GF'),
(204, 'GF_84', 'DU-88', 6, 'GF'),
(205, 'GF_85', 'ZEE LADY', 6, 'GF'),
(206, 'GF_86', 'HAYWARD AC', 7, 'GF'),
(207, 'GF_87', 'HAYWARD', 7, 'GF'),
(208, 'GF_88', 'GRANNY SMITH (AC)', 8, 'GF'),
(209, 'GF_89', 'BROOK FIELD (AC)', 8, 'GF'),
(210, 'GF_90', 'BROOK FIELD', 8, 'GF'),
(211, 'GF_91', 'ROYAL GALA (AC)', 8, 'GF'),
(212, 'GF_92', 'GALAXY', 8, 'GF'),
(213, 'GF_93', 'GRANNY SMITH', 8, 'GF'),
(214, 'GF_94', 'GALA PREMIUM AC', 8, 'GF'),
(215, 'GF_95', 'PINK LADY° C.V. CRIPPS PINK', 12, 'GF'),
(216, 'GF_96', 'ROYAL GALA', 8, 'GF'),
(217, 'GF_97', 'ROSY GLOW', 8, 'GF'),
(218, 'GF_98', 'SCARLETT', 8, 'GF'),
(219, 'GF_99', 'GALAXY (AC)', 8, 'GF'),
(220, 'GF_100', 'NE-269', 9, 'GF'),
(221, 'GF_101', 'NE-289', 9, 'GF'),
(222, 'GF_102', 'AUGUST BRIGHT', 9, 'GF'),
(223, 'GF_103', 'ARTIC GLO', 9, 'GF'),
(224, 'GF_104', 'ARTIC MIST', 9, 'GF'),
(225, 'GF_105', 'ANDESNECUNO', 9, 'GF'),
(226, 'GF_106', 'ANDESNECDOS', 9, 'GF'),
(227, 'GF_107', 'ANDESNECTRES', 9, 'GF'),
(228, 'GF_108', 'ANDESNECCUATRO', 9, 'GF'),
(229, 'GF_109', 'AUGUST PEARL', 9, 'GF'),
(230, 'GF_110', 'AUGUST RED', 9, 'GF'),
(231, 'GF_111', 'ARCTIC SNOW', 9, 'GF'),
(232, 'GF_112', 'BRIGHT PEARL', 9, 'GF'),
(233, 'GF_113', 'CANATRAN', 9, 'GF'),
(234, 'GF_114', 'FIESTA', 9, 'GF'),
(235, 'GF_115', 'GIANT PEARL', 9, 'GF'),
(236, 'GF_116', 'HONEY BLAZE', 9, 'GF'),
(237, 'GF_117', 'ISI WHITE', 9, 'GF'),
(238, 'GF_118', 'JULY RED', 9, 'GF'),
(239, 'GF_119', 'LATE LE GRAND', 9, 'GF'),
(240, 'GF_120', 'MAGIQUE', 9, 'GF'),
(241, 'GF_121', 'MAGNUM RED', 9, 'GF'),
(242, 'GF_122', 'NE-98', 9, 'GF'),
(243, 'GF_123', 'ORION', 9, 'GF'),
(244, 'GF_124', 'RED DREAM', 9, 'GF'),
(245, 'GF_125', 'ROYAL GLO', 9, 'GF'),
(246, 'GF_126', 'RED JIM', 9, 'GF'),
(247, 'GF_127', 'RUBY DIAMOND', 9, 'GF'),
(248, 'GF_128', 'SUPER AUGUST', 9, 'GF'),
(249, 'GF_129', 'SUMMER DIAMOND', 9, 'GF'),
(250, 'GF_130', 'SEPTEMBER BRIGHT', 9, 'GF'),
(251, 'GF_131', 'SUPER QUEEN', 9, 'GF'),
(252, 'GF_132', 'SUMMER BRIGHT', 9, 'GF'),
(253, 'GF_133', 'VENUS', 9, 'GF'),
(254, 'GF_134', 'PACKHAMS AC', 10, 'GF'),
(255, 'GF_135', 'PACKHAMS', 10, 'GF'),
(256, '257', 'DAPPLE DANDY', 5, 'GF'),
(257, '257', 'DAPPLE DANDY', 5, 'GF'),
(258, 'GF_140', 'BING B', 4, 'GF'),
(259, 'GF_141', 'SOMERSET', 4, 'GF'),
(274, 'NGFA', 'GAROFA', 9, 'GF'),
(275, 'NCTR', 'CANATRAN', 9, 'GF'),
(276, 'GF_140', 'SAM', 4, 'GF'),
(277, 'GF_140', 'SAM', 4, 'GF'),
(278, 'GF_150', 'GARCICA', 9, 'GF'),
(279, 'GF_151', 'GARDETA', 9, 'GF'),
(280, 'GF_152', 'LUCIANA', 9, 'GF'),
(281, 'GF_153', 'SPRING RED', 9, 'GF'),
(282, 'GF_154', 'PEARL PRINCESS', 6, 'GF'),
(283, 'GF_154', 'SCHNEIDER', 4, 'GF'),
(284, 'GF_155', 'RED DIAMOND', 9, 'GF'),
(285, 'GF_156', 'NE-308', 9, 'GF'),
(286, 'GF_157', 'GRAND BRIGHT', 9, 'GF'),
(287, 'GF_158', 'RUBY RED', 9, 'GF'),
(290, 'GF_159', 'ARTIC JAY', 9, 'GF'),
(291, 'GF_141', 'JULY PEARL', 9, 'GF'),
(292, 'GF_160', 'MAJISTIC PEARL', 9, 'GF'),
(293, 'GF_200', 'CANDY RED', 5, 'GF'),
(294, 'GF_161', 'ROBIN NEIL', 6, 'GF'),
(295, 'GF_86', 'ROSS PEACH', 6, 'GF'),
(296, 'GF_162', 'HONEY DIVA', 9, 'GF'),
(298, 'GF_162', 'KING WHITE', 9, 'GF'),
(299, 'GF_18', 'FIRE STAR (TM)  / ICON', 2, 'GF'),
(300, 'GF_164', 'JUNE PEARL', 9, 'GF'),
(301, 'GF_168', ' BLACK MAJESTIC', 5, 'GF'),
(302, 'GF_169', 'SWEET GIANT', 9, 'GF'),
(309, 'GF_170', 'SWEET CANDY', 5, 'GF'),
(310, 'DU_166', 'KAWEAH', 6, 'GF'),
(311, 'GF_190', 'RYAN SUN', 6, 'GF'),
(312, 'GF_70', 'DU-600', 6, 'GF'),
(313, 'GF_191', 'SEPTEMBER SUN', 6, 'GF'),
(314, 'GF_180', 'AUGUST GLO', 9, 'GF'),
(315, 'MA_01', 'RED DELICIOUS', 8, 'GF'),
(316, 'MA_02', 'CRIPPS PINK', 8, 'GF'),
(317, 'GF_180', 'SEPTEMBER YUMMY', 5, 'GF'),
(318, 'GF_71', 'SCARLET SNOW', 6, 'GF'),
(319, 'GF_19', 'MUSCAT BEAUTY', 2, 'GF'),
(320, 'GF_100', 'BUCKEYE', 8, 'GF'),
(321, '', 'GALA PREMIUM', 8, 'GF'),
(322, 'GF_80', 'FLAVOR SWEET', 5, 'GF'),
(323, 'MALO', 'FLAVOR SWEET', 5, 'GF'),
(324, 'MALO', 'FLAVOR SWEET', 5, 'GF'),
(325, 'MALO', 'FLAVOR SWEET', 5, 'GF'),
(336, 'GF_200', '', 5, 'GF'),
(337, 'GF_96', 'PINK LADY C.V. CRIPPS PINK', 8, 'GF'),
(340, 'GF_201', 'ROSY GLOW', 12, 'GF'),
(381, 'GF_156', 'ROYAL LEE', 4, 'GF'),
(382, 'GF_0002', 'FRISCO', 4, 'GF'),
(383, 'GF_500', 'TULARE', 4, 'GF'),
(384, 'GF_500', 'TULARE', 4, 'GF'),
(388, 'GF_200', 'BRITTNEY LANE', 6, 'GF'),
(389, '02', 'ROYAL EDIE', 4, 'GF'),
(469, 'GF_203', 'WHITE  ANGEL', 9, 'GF'),
(470, 'GF_204', 'PERLICIUS V', 9, 'GF'),
(472, 'GF_220', 'SWEET SNOW', 6, 'GF'),
(489, 'GF_205', 'YUMMY GIANT', 5, 'GF'),
(490, 'MALO', 'MALO', 5, 'GF'),
(491, 'GF_202', 'SWEET QUEEN', 9, 'GF'),
(492, 'GF_203', 'SWEET QUEEN', 9, 'GF'),
(494, 'GF_210', 'PEACE WHITE', 9, 'GF'),
(495, 'GF_211', 'FLAME KIST', 9, 'GF'),
(496, 'GF_220', 'CRIMSON DAWN', 5, 'GF'),
(498, 'GF_207', 'SNOW SWEET ', 9, 'GF'),
(499, 'GF_212', 'FIRE PEARL', 9, 'GF'),
(512, 'GF_20', 'ICON', 2, 'GF'),
(517, 'GF_215', 'EARLY ANGELENO', 5, 'GF'),
(518, 'GF_216', 'FLAVOR HEART', 5, 'GF'),
(520, 'GF_42', 'CRIMSON KAT', 5, 'GF'),
(521, 'GF_47', 'SWEET GARNET', 5, 'GF'),
(522, 'GF_223', 'NE-215', 9, 'GF'),
(523, 'GF_224', 'AUTUMN ZEE', 6, 'GF'),
(542, 'GF_21', 'SHEEGENE 13', 2, 'GF'),
(544, 'GF_100', 'LATE LARRY ANNE', 5, 'GF'),
(651, 'GF_301', 'ROYAL LYNN', 4, 'GF'),
(653, '', 'DARK SWEET CHERRIES', 4, 'GF'),
(675, '', 'SIERRA SNOW', 6, 'GF'),
(704, 'GF_509', 'GRAND BRIGHT', 9, 'GF'),
(705, '', 'NE-308', 9, 'GF'),
(762, 'GF_511', 'BLACK MAGUC', 5, 'GF'),
(773, 'GF_694', 'ARTIC PRIDE ', 9, 'GF'),
(774, 'GF_954', 'BLACK MAGIC', 5, 'GF'),
(778, 'GF_534', 'SWEET JOY', 5, 'GF'),
(779, 'GF_678', 'SWEET MARY', 5, 'GF'),
(781, 'GF_22', 'CANDY HEARTS', 2, 'GF'),
(782, 'GF_210', 'CANDY HEARTS', 2, 'GF'),
(790, 'GF_18', 'ITUM SEVEN', 2, 'GF'),
(796, '', 'ANGELINO', 5, 'GF'),
(797, '', 'CRIMSON ANN', 5, 'GF'),
(929, '', 'ROYAL HAZEL', 4, 'GF'),
(1015, 'GF_599', 'WHITE FLESH', 9, 'GF'),
(1016, '', 'WHITE CANDY', 9, 'GF'),
(1022, '', 'NE_484', 9, 'GF'),
(1108, 'GF_50', 'EBONY SWEET', 5, 'GF'),
(1109, '', 'TIFANY', 9, 'GF'),
(1122, 'GF_53', 'NUBIANA', 5, 'GF'),
(1123, 'GF_600', 'CLARISS', 9, 'GF'),
(1130, 'GF_601', 'KINOLEA', 9, 'GF'),
(1137, 'GF_54', 'GRAN ROSA', 5, 'GF'),
(1146, 'GF_54', 'ARTIC QUEEN ', 9, 'GF'),
(1154, 'GF_55', 'SUMMER BREEZE', 5, 'GF'),
(1157, 'GF_56', 'BLACK CAT', 5, 'GF'),
(1161, 'G', 'RIVER PEARL', 9, 'GF'),
(1168, 'GF_58', 'PERLICIUS VI', 9, 'GF'),
(1169, '', 'SWEET ANTONIA', 9, 'GF'),
(1170, '', 'SWEET ANTONIA', 9, 'GF'),
(1173, '', 'RIVER SWEET', 9, 'GF'),
(1174, '', 'SHEEGENE 2', 2, 'GF'),
(1176, 'GF_82', 'ROSARIO RED', 6, 'GF'),
(1189, '', 'IVORY (SHEEGENE 21)', 2, 'GF'),
(1190, '', 'SHEEGENE 21', 2, 'GF'),
(1191, 'GF_50', 'ANGELINO AC', 5, 'GF'),
(1193, 'GF_25', 'AUTUMN CRISP', 2, 'GF'),
(1195, '', 'SHEEGENE 20', 2, 'GF'),
(1391, 'GF_12', 'BOREAL', 9, 'GF'),
(1392, 'GF_13', 'GARTAIRO', 9, 'GF'),
(1431, 'GF40', 'C-14', 4, 'GF'),
(1536, 'GF_51', 'SAPPHIRE', 5, 'GF'),
(1537, 'GF_52', 'ARCTIC RED', 9, 'GF'),
(1552, 'GF_52', 'RED PHOENIX', 5, 'GF'),
(1555, 'CI_66', 'GIANT PHOENIX', 5, 'GF'),
(1557, 'GF_58', 'LARRY BLACK HEART', 5, 'GF'),
(1579, 'GF_230', 'SWEET GARNET 1 ', 5, 'GF'),
(1586, '', 'IFG THREE', 2, 'GF'),
(1588, 'GF_61', 'SHEEGENE 21', 2, 'GF'),
(1590, 'GF_62', 'ARRA 15', 2, 'GF'),
(1591, '', 'CRUNCHY POP™ (ITUM 7)', 2, 'GF'),
(1598, 'GF_60', 'AFRICAN DELIGHT', 5, 'GF'),
(1599, 'GF_64', 'IFG TEN', 2, 'GF'),
(1603, 'GF_65', 'SUGARTHIRTYFIVE', 2, 'GF'),
(1605, 'GF_56', 'CRIMSON RED', 5, 'GF'),
(1639, 'GF_666', 'W.MURCOTT', 234, 'GF');

-- --------------------------------------------------------

--
-- Estructura de tabla para la tabla `cal_zona`
--

CREATE TABLE `cal_zona` (
  `zona_id` int(11) NOT NULL,
  `zona_nombre` varchar(50) DEFAULT NULL,
  `cliente_id` varchar(100) DEFAULT NULL,
  `orden` int(11) NOT NULL
) ENGINE=InnoDB DEFAULT CHARSET=latin1;

--
-- Volcado de datos para la tabla `cal_zona`
--

INSERT INTO `cal_zona` (`zona_id`, `zona_nombre`, `cliente_id`, `orden`) VALUES
(1, 'ACONCAGUA', 'RB', 0),
(2, 'COPIAPO', 'RB', 0),
(3, 'COQUIMBO', 'RB', 0),
(4, 'OVALLE', 'RB', 0),
(5, 'SUR RANCAGUA', 'RB', 0),
(6, 'VICUÑA', 'RB', 0),
(7, 'SUR', 'GF', 0),
(8, 'FRIGORIFICO', 'GF', 0),
(9, 'SUR', 'EX', 0),
(10, 'SUR', 'LZ', 0),
(11, 'NORTE', 'LZ', 0),
(12, 'NORTE PERU', 'ASJ', 0),
(13, 'SUR', 'TR', 0),
(14, 'SUR', 'CT', 0),
(15, 'SUR', 'MA', 0),
(16, 'CENTRO', 'MA', 0),
(17, 'SUR', 'PR', 0),
(18, 'SUR', 'SF', 0),
(19, 'NORTE PERU', 'PG', 0),
(20, 'CENTRO', 'LL', 0),
(21, 'SUR', 'LL', 0),
(22, 'CENTRO', 'AS', 0),
(23, 'CENTRO', 'QE', 0),
(24, 'MEXICO', 'RBM', 0),
(25, 'SUR', 'AGRSUR', 0),
(26, 'CENTRO', 'AF', 0),
(27, 'CENTRO', 'SUN', 0),
(28, 'SUR', 'SUN', 0),
(29, 'CENTRO', 'PV', 0),
(30, 'NORTE', 'PV', 0),
(31, 'ASIA', 'QED', 0),
(32, 'SUR', 'TF', 0),
(33, 'NORTE', 'AF', 0),
(34, 'SUR', 'AF', 0),
(35, 'NORTE', 'EX', 0),
(36, 'ACONCAGUA', 'EX', 0);

-- --------------------------------------------------------

--
-- Estructura de tabla para la tabla `cliente_tablet`
--

CREATE TABLE `cliente_tablet` (
  `id` int(11) NOT NULL,
  `cliente_id` varchar(100) DEFAULT NULL
) ENGINE=MyISAM DEFAULT CHARSET=latin1;

--
-- Volcado de datos para la tabla `cliente_tablet`
--

INSERT INTO `cliente_tablet` (`id`, `cliente_id`) VALUES
(2, 'GF');

-- --------------------------------------------------------

--
-- Estructura de tabla para la tabla `detalle_validar`
--

CREATE TABLE `detalle_validar` (
  `id_detalle_validar` int(11) NOT NULL,
  `nombre_detalle` varchar(800) DEFAULT NULL
) ENGINE=InnoDB DEFAULT CHARSET=latin1;

-- --------------------------------------------------------

--
-- Estructura de tabla para la tabla `powerbi`
--

CREATE TABLE `powerbi` (
  `id_power` int(11) NOT NULL,
  `link` varchar(500) DEFAULT NULL,
  `cliente_id` varchar(100) NOT NULL
) ENGINE=MyISAM DEFAULT CHARSET=latin1;

-- --------------------------------------------------------

--
-- Estructura de tabla para la tabla `productor_reporte`
--

CREATE TABLE `productor_reporte` (
  `id` int(11) NOT NULL,
  `num` int(11) DEFAULT NULL,
  `productor_cod` varchar(50) NOT NULL,
  `variedad_cod` varchar(50) NOT NULL,
  `pro` varchar(10) NOT NULL,
  `var` varchar(10) NOT NULL,
  `var_pag3` varchar(100) NOT NULL,
  `pi_folio` varchar(20) NOT NULL,
  `foto_nombre` varchar(150) DEFAULT NULL,
  `defecto` varchar(100) NOT NULL,
  `estado` varchar(10) NOT NULL,
  `fecha_desde` varchar(15) NOT NULL,
  `fecha_hasta` varchar(15) NOT NULL,
  `ip` varchar(30) NOT NULL,
  `id_sesion` int(11) NOT NULL
) ENGINE=MyISAM DEFAULT CHARSET=latin1;

-- --------------------------------------------------------

--
-- Estructura de tabla para la tabla `pro_norma_detalle`
--

CREATE TABLE `pro_norma_detalle` (
  `id_norma_detalle` int(11) NOT NULL,
  `norma_id` int(11) DEFAULT NULL,
  `id_parametro` int(11) DEFAULT NULL,
  `defecto_id` int(11) DEFAULT NULL,
  `norma_det_valor1` varchar(10) DEFAULT NULL,
  `norma_det_valor2` varchar(10) DEFAULT NULL,
  `norma_det_valor3` varchar(10) NOT NULL,
  `norma_det_valor4` varchar(10) NOT NULL,
  `norma_det_valor_tipo` varchar(50) DEFAULT NULL,
  `tipo_dato` varchar(30) NOT NULL,
  `estado` varchar(45) DEFAULT NULL,
  `norma_det_orden` double DEFAULT NULL,
  `sincro` varchar(2) NOT NULL,
  `cliente_id` varchar(100) NOT NULL
) ENGINE=InnoDB DEFAULT CHARSET=latin1;

--
-- Volcado de datos para la tabla `pro_norma_detalle`
--

INSERT INTO `pro_norma_detalle` (`id_norma_detalle`, `norma_id`, `id_parametro`, `defecto_id`, `norma_det_valor1`, `norma_det_valor2`, `norma_det_valor3`, `norma_det_valor4`, `norma_det_valor_tipo`, `tipo_dato`, `estado`, `norma_det_orden`, `sincro`, `cliente_id`) VALUES
(52, 2, 137, 2217, '', '', '', '', 'OBLIGATORIO', 'NLOTE', 'ACTIVO', 1, 'N', 'GF'),
(53, 2, 137, 2218, '', '', '', '', 'OBLIGATORIO', 'OBSERVACION', 'ACTIVO', 2, 'N', 'GF'),
(54, 2, 137, 2219, 'SI', '', 'NO', '', 'CHECK SINO', 'SINO', 'ACTIVO', 3, 'N', 'GF'),
(55, 2, 137, 2220, '0', '45.01', '45.01', '', 'NUMERICO MENOR MAYOR', 'MINUTOS', 'ACTIVO', 4, 'N', 'GF'),
(56, 2, 137, 2221, '0', '55.01', '55.01', '', 'NUMERICO MENOR MAYOR', 'MINUTOS', 'ACTIVO', 5, 'N', 'GF'),
(57, 2, 137, 2222, '0', '25.01', '25.01', '', 'NUMERICO MENOR MAYOR', 'MINUTOS', 'ACTIVO', 6, 'N', 'GF'),
(58, 2, 137, 2223, '0', '30.01', '30.01', '', 'NUMERICO MENOR MAYOR', 'MINUTOS', 'ACTIVO', 7, 'N', 'GF'),
(59, 2, 137, 2225, '4', '4', '25', '25', 'NUMERICO DOBLE RANGO', 'TEMPERATURA', 'ACTIVO', 9, 'N', 'GF'),
(60, 2, 137, 2226, '100', '89.9', '89.9', '', 'NUMERICO MAYOR MENOR', 'PORCENTAJE', 'ACTIVO', 10, 'N', 'GF'),
(61, 2, 137, 2227, '0', '60.01', '60.01', '', 'NUMERICO MENOR MAYOR', 'MINUTOS', 'ACTIVO', 11, 'N', 'GF'),
(62, 2, 137, 2228, 'SI', '', 'NO', '', 'CHECK SINO', 'SINO', 'ACTIVO', 12, 'N', 'GF'),
(63, 2, 137, 2229, 'SI', '', 'NO', '', 'CHECK SINO', 'SINO', 'ACTIVO', 13, 'N', 'GF'),
(64, 2, 137, 2224, '0', '30.01', '30.01', '', 'NUMERICO MENOR MAYOR', 'MINUTOS', 'ACTIVO', 8, 'N', 'GF'),
(65, 2, 138, 2230, '', '', '', '', 'OBLIGATORIO', 'NLOTE', 'ACTIVO', 1, 'N', 'GF'),
(66, 2, 138, 2231, '', '', '', '', 'OBLIGATORIO', 'OBSERVACION', 'ACTIVO', 2, 'N', 'GF'),
(67, 2, 138, 2232, '3', '3', '8', '8', 'NUMERICO DOBLE RANGO', 'TEMPERATURA', 'ACTIVO', 3, 'N', 'GF'),
(68, 2, 138, 2233, '80', '80', '150.1', '150.1', 'NUMERICO DOBLE RANGO', 'NUMERICO', 'ACTIVO', 4, 'N', 'GF'),
(69, 2, 138, 2234, '50', '50', '70.1', '70.1', 'NUMERICO DOBLE RANGO', 'NUMERICO', 'ACTIVO', 5, 'N', 'GF'),
(70, 2, 138, 2235, '0', '0', '10', '10', 'NUMERICO DOBLE RANGO', 'PH', 'ACTIVO', 6, 'N', 'GF'),
(71, 2, 138, 2236, '0', '0', '1', '1', 'NUMERICO DOBLE RANGO', 'TEMPERATURA', 'ACTIVO', 7, 'N', 'GF'),
(72, 2, 138, 2237, 'SI', '', 'NO', '', 'CHECK SINO', 'SINO', 'ACTIVO', 8, 'N', 'GF'),
(73, 2, 138, 2238, '0', '0', '1', '1', 'NUMERICO DOBLE RANGO', 'MINUTOS', 'ACTIVO', 9, 'N', 'GF'),
(74, 2, 138, 2239, '0', '0', '3', '3', 'NUMERICO DOBLE RANGO', 'MINUTOS', 'ACTIVO', 10, 'N', 'GF'),
(75, 2, 138, 2240, '0', '0', '3', '3', 'NUMERICO DOBLE RANGO', 'MINUTOS', 'ACTIVO', 11, 'N', 'GF'),
(76, 2, 139, 2241, '', '', '', '', 'OBLIGATORIO', 'NCAMARA', 'ACTIVO', 1, 'N', 'GF'),
(77, 2, 139, 2242, '', '', '', '', 'OBLIGATORIO', 'NLOTE', 'ACTIVO', 2, 'N', 'GF'),
(78, 2, 139, 2243, '', '', '', '', 'OBLIGATORIO', 'OBSERVACION', 'ACTIVO', 3, 'N', 'GF'),
(79, 2, 139, 2244, 'SI', '', 'NO', '', 'CHECK SINO', 'SINO', 'ACTIVO', 4, 'N', 'GF'),
(80, 2, 139, 2245, '0', '0', '4', '4', 'NUMERICO DOBLE RANGO', 'TEMPERATURA', 'ACTIVO', 5, 'N', 'GF'),
(81, 2, 139, 2246, '0', '0', '2', '2', 'NUMERICO DOBLE RANGO', 'TEMPERATURA', 'ACTIVO', 6, 'N', 'GF'),
(82, 2, 139, 2247, '-0.5', '-0.5', '0.5', '0.5', 'NUMERICO DOBLE RANGO', 'TEMPERATURA', 'ACTIVO', 7, 'N', 'GF'),
(83, 2, 139, 2248, '100', '89.9', '89.9', '', 'NUMERICO MAYOR MENOR', 'PORCENTAJE', 'ACTIVO', 8, 'N', 'GF'),
(84, 2, 139, 2249, 'SI', '', 'NO', '', 'CHECK SINO', 'SINO', 'ACTIVO', 9, 'N', 'GF'),
(85, 2, 139, 2250, '0', '48.01', '48.01', '', 'NUMERICO MENOR MAYOR', 'HRS', 'ACTIVO', 10, 'N', 'GF'),
(86, 2, 140, 2251, '', '', '', '', 'OBLIGATORIO', 'NPROCESO', 'ACTIVO', 1, 'N', 'GF'),
(87, 2, 140, 2252, '', '', '', '', 'OBLIGATORIO', 'NLINEA', 'ACTIVO', 2, 'N', 'GF'),
(88, 2, 140, 2253, '', '', '', '', 'OBLIGATORIO', 'OBSERVACION', 'ACTIVO', 3, 'N', 'GF'),
(89, 2, 140, 2254, '5', '5', '15', '15', 'NUMERICO DOBLE RANGO', 'TEMPERATURA', 'ACTIVO', 4, 'N', 'GF'),
(90, 2, 140, 2255, '2', '2', '100', '100', 'NUMERICO DOBLE RANGO', 'TEMPERATURA', 'ACTIVO', 5, 'N', 'GF'),
(91, 2, 140, 2256, '80', '80', '120.1', '120.1', 'NUMERICO DOBLE RANGO', 'NUMERICO', 'ACTIVO', 6, 'N', 'GF'),
(92, 2, 140, 2257, '80', '80', '120.1', '120.1', 'NUMERICO DOBLE RANGO', 'NUMERICO', 'ACTIVO', 7, 'N', 'GF'),
(93, 2, 140, 2258, '50', '50', '70.1', '70.1', 'NUMERICO DOBLE RANGO', 'NUMERICO', 'ACTIVO', 8, 'N', 'GF'),
(94, 2, 140, 2259, '4', '4', '6', '6', 'NUMERICO DOBLE RANGO', 'TEMPERATURA', 'ACTIVO', 9, 'N', 'GF'),
(95, 2, 140, 2260, '0', '0', '10', '10', 'NUMERICO DOBLE RANGO', 'PH', 'ACTIVO', 10, 'N', 'GF'),
(96, 2, 140, 2261, '0', '10.01', '10.01', '', 'NUMERICO MENOR MAYOR', 'PORCENTAJE', 'ACTIVO', 11, 'N', 'GF'),
(97, 2, 140, 2262, '0', '4.01', '4.01', '', 'NUMERICO MENOR MAYOR', 'PORCENTAJE', 'ACTIVO', 12, 'N', 'GF'),
(98, 2, 140, 2263, '0', '10.01', '10.01', '', 'NUMERICO MENOR MAYOR', 'PORCENTAJE', 'ACTIVO', 13, 'N', 'GF'),
(99, 2, 140, 2264, '0', '4.01', '4.01', '', 'NUMERICO MENOR MAYOR', 'PORCENTAJE', 'ACTIVO', 14, 'N', 'GF'),
(100, 2, 140, 2265, '0', '0', '2', '2', 'NUMERICO DOBLE RANGO', 'TEMPERATURA', 'ACTIVO', 15, 'N', 'GF'),
(101, 2, 140, 2266, '6', '6', '7.5', '7.5', 'NUMERICO DOBLE RANGO', 'PH', 'ACTIVO', 16, 'N', 'GF'),
(102, 2, 140, 2256, '5', '5', '10.1', '10.1', 'NUMERICO DOBLE RANGO', 'NUMERICO', 'ACTIVO', 17, 'N', 'GF'),
(103, 2, 140, 2268, '0', '0', '10.1', '10.1', 'NUMERICO DOBLE RANGO', 'TEMPERATURA', 'ACTIVO', 18, 'N', 'GF'),
(104, 2, 140, 2269, '4', '4', '6', '6', 'NUMERICO DOBLE RANGO', 'TEMPERATURA', 'ACTIVO', 19, 'N', 'GF'),
(105, 2, 140, 2270, '100', '100', '100', '100', 'NUMERICO DOBLE RANGO', 'PORCENTAJE', 'ACTIVO', 20, 'N', 'GF'),
(106, 2, 140, 2271, 'BUENO', '', 'MALO', '', 'CHECK BUENO MALO', 'BUENOMALO', 'ACTIVO', 21, 'N', 'GF'),
(107, 2, 140, 2272, '4', '4', '10', '10', 'NUMERICO DOBLE RANGO', 'TEMPERATURA', 'ACTIVO', 22, 'N', 'GF'),
(108, 2, 140, 2273, '4', '4', '6', '6', 'NUMERICO DOBLE RANGO', 'TEMPERATURA', 'ACTIVO', 23, 'N', 'GF'),
(109, 2, 140, 2274, '0', '2.01', '2.01', '', 'NUMERICO DOBLE RANGO', 'HRS', 'ACTIVO', 24, 'N', 'GF'),
(110, 2, 141, 2275, '', '', '', '', 'OBLIGATORIO', 'NFRIO', 'ACTIVO', 1, 'N', 'GF'),
(111, 2, 141, 2276, '', '', '', '', 'OBLIGATORIO', 'NPALLET', 'ACTIVO', 2, 'N', 'GF'),
(112, 2, 141, 2277, '', '', '', '', 'OBLIGATORIO', 'OBSERVACION', 'ACTIVO', 3, 'N', 'GF'),
(113, 2, 141, 2278, '0', '0', '0.5', '0.5', 'NUMERICO DOBLE RANGO', 'TEMPERATURA', 'ACTIVO', 4, 'N', 'GF'),
(114, 2, 141, 2279, '0', '0', '5', '5', 'NUMERICO DOBLE RANGO', 'TEMPERATURA', 'ACTIVO', 5, 'N', 'GF'),
(115, 2, 141, 2280, '-0.5', '-0.5', '0.5', '0.5', 'NUMERICO DOBLE RANGO', 'TEMPERATURA', 'ACTIVO', 6, 'N', 'GF'),
(116, 2, 141, 2281, '-1', '-1', '0.5', '0.5', 'NUMERICO DOBLE RANGO', 'TEMPERATURA', 'ACTIVO', 7, 'N', 'GF'),
(117, 2, 141, 2282, '-1.5', '-1.5', '0.5', '0.5', 'NUMERICO DOBLE RANGO', 'TEMPERATURA', 'ACTIVO', 8, 'N', 'GF'),
(118, 2, 142, 2283, '', '', '', '', 'OBLIGATORIO', 'NCAMARA', 'ACTIVO', 1, 'N', 'GF'),
(119, 2, 142, 2284, '', '', '', '', 'OBLIGATORIO', 'NPALLET', 'ACTIVO', 2, 'N', 'GF'),
(120, 2, 142, 2285, '', '', '', '', 'OBLIGATORIO', 'OBSERVACION', 'ACTIVO', 3, 'N', 'GF'),
(121, 2, 142, 2286, '-1.5', '-1.5', '0.5', '0.5', 'NUMERICO DOBLE RANGO', 'TEMPERATURA', 'ACTIVO', 4, 'N', 'GF'),
(122, 2, 142, 2287, '-1', '-1', '0.5', '0.5', 'NUMERICO DOBLE RANGO', 'TEMPERATURA', 'ACTIVO', 5, 'N', 'GF'),
(123, 2, 142, 2288, '-0.5', '-0.5', '5', '5', 'NUMERICO DOBLE RANGO', 'TEMPERATURA', 'ACTIVO', 6, 'N', 'GF'),
(124, 2, 142, 2289, '100', '0', '0', '', 'NUMERICO DOBLE RANGO', 'PORCENTAJE', 'ACTIVO', 7, 'N', 'GF'),
(125, 2, 143, 2290, '', '', '', '', 'OBLIGATORIO', 'NEMBARQUE', 'ACTIVO', 1, 'N', 'GF'),
(126, 2, 143, 2291, '', '', '', '', 'OBLIGATORIO', 'NPALLET', 'ACTIVO', 2, 'N', 'GF'),
(127, 2, 143, 2292, '', '', '', '', 'OBLIGATORIO', 'OBSERVACION', 'ACTIVO', 3, 'N', 'GF'),
(128, 2, 143, 2293, '-1.5', '0.89', '0.89', '', 'NUMERICO MENOR MAYOR', 'TEMPERATURA', 'ACTIVO', 4, 'N', 'GF'),
(129, 2, 143, 2294, '-1.5', '4.99', '4.99', '', 'NUMERICO MENOR MAYOR', 'TEMPERATURA', 'ACTIVO', 5, 'N', 'GF'),
(130, 2, 143, 2295, 'BUENO', '', 'MALO', '', 'CHECK BUENO MALO', 'BUENOMALO', 'ACTIVO', 6, 'N', 'GF'),
(131, 2, 143, 2296, 'BUENO', '', 'MALO', '', 'CHECK BUENO MALO', 'BUENOMALO', 'ACTIVO', 7, 'N', 'GF'),
(132, 2, 143, 2297, 'BUENO', '', 'MALO', '', 'CHECK BUENO MALO', 'BUENOMALO', 'ACTIVO', 8, 'N', 'GF'),
(133, 2, 143, 2298, '10', '10', '10', '10', 'NUMERICO DOBLE RANGO', 'NUMERICO', 'ACTIVO', 9, 'N', 'GF'),
(134, 2, 143, 2299, '-0.5', '-0.5', '-0.5', '-0.5', 'NUMERICO DOBLE RANGO', 'TEMPERATURA', 'ACTIVO', 10, 'N', 'GF'),
(135, 2, 143, 2300, '-0.2', '-0.2', '-0.2', '-0.2', 'NUMERICO DOBLE RANGO', 'TEMPERATURA', 'ACTIVO', 11, 'N', 'GF'),
(136, 2, 143, 2301, '-0.5', '-0.5', '-0.5', '-0.5', 'NUMERICO DOBLE RANGO', 'TEMPERATURA', 'ACTIVO', 12, 'N', 'GF'),
(137, 2, 143, 2302, 'BUENO', '', 'MALO', '', 'CHECK BUENO MALO', 'BUENOMALO', 'ACTIVO', 13, 'N', 'GF'),
(138, 2, 143, 2303, '12', '12', '12', '12', 'NUMERICO DOBLE RANGO', 'TEMPERATURA', 'ACTIVO', 14, 'N', 'GF'),
(139, 2, 143, 2304, '0', '0', '2', '2', 'NUMERICO DOBLE RANGO', 'TEMPERATURA', 'ACTIVO', 15, 'N', 'GF'),
(140, 2, 143, 2305, '5', '5', '5', '5', 'NUMERICO DOBLE RANGO', 'TEMPERATURA', 'ACTIVO', 16, 'N', 'GF'),
(141, 2, 143, 2306, '0', '0', '10', '10', 'NUMERICO DOBLE RANGO', 'TEMPERATURA', 'ACTIVO', 17, 'N', 'GF'),
(142, 2, 143, 2307, '0', '0', '5', '5', 'NUMERICO DOBLE RANGO', 'TEMPERATURA', 'ACTIVO', 18, 'N', 'GF'),
(143, 2, 144, 2308, '', '', '', '', 'OBLIGATORIO', 'NPROCESO', 'ACTIVO', 1, 'N', 'GF'),
(144, 2, 144, 2309, '', '', '', '', 'OBLIGATORIO', 'NLINEA', 'ACTIVO', 2, 'N', 'GF'),
(145, 2, 144, 2310, '', '', '', '', 'OBLIGATORIO', 'OBSERVACION', 'ACTIVO', 3, 'N', 'GF'),
(146, 2, 144, 2311, '0', '5.01', '5.01', '', 'NUMERICO MENOR MAYOR', 'PORCENTAJE', 'ACTIVO', 4, 'N', 'GF'),
(147, 2, 144, 2312, '0', '10.01', '10.01', '', 'NUMERICO MENOR MAYOR', 'PORCENTAJE', 'ACTIVO', 5, 'N', 'GF'),
(148, 2, 144, 2313, '0', '0', '2', '2', 'NUMERICO DOBLE RANGO', 'NUMERICO', 'ACTIVO', 6, 'N', 'GF'),
(149, 2, 144, 2314, '0', '0', '2', '2', 'NUMERICO DOBLE RANGO', 'NUMERICO', 'ACTIVO', 7, 'N', 'GF'),
(185, 4, 173, 0, '', '', '', '', 'CHECK SINO', 'BUENOMALO', 'ACTIVO', 2, 'N', 'GF'),
(456, 14, 140, 419, '', '', '', '', 'OBLIGATORIO', 'NPROCESO', 'ACTIVO', 1, 'N', 'GF'),
(457, 14, 140, 421, '', '', '', '', 'OBLIGATORIO', 'NLINEA', 'ACTIVO', 2, 'N', 'GF'),
(458, 14, 140, 4188, '', '', '', '', 'OBLIGATORIO', 'NESPECIE', 'ACTIVO', 3, 'N', 'GF'),
(459, 14, 140, 4189, '50', '80', '150', '150', 'NUMERICO DOBLE RANGO', 'NUMERICO', 'ACTIVO', 4, 'N', 'GF'),
(460, 14, 140, 4190, '4', '4', '6', '6', 'NUMERICO DOBLE RANGO', 'TEMPERATURA', 'ACTIVO', 5, 'N', 'GF'),
(461, 14, 140, 2218, '', '', '', '', 'OBLIGATORIO', 'OBSERVACION', 'ACTIVO', 6, 'N', 'GF'),
(462, 14, 142, 2283, '', '', '', '', 'OBLIGATORIO', 'NCAMARA', 'ACTIVO', 1, 'N', 'GF'),
(463, 14, 142, 2284, '', '', '', '', 'OBLIGATORIO', 'NPALLET', 'ACTIVO', 2, 'N', 'GF'),
(464, 14, 142, 4192, '-1', '-1', '0.5', '0.5', 'NUMERICO DOBLE RANGO', 'TEMPERATURA', 'ACTIVO', 3, 'N', 'GF'),
(470, 14, 139, 2241, '', '', '', '', 'OBLIGATORIO', 'NCAMARA', 'ACTIVO', 1, 'N', 'GF'),
(471, 14, 139, 2242, '', '', '', '', 'OBLIGATORIO', 'NLOTE', 'ACTIVO', 2, 'N', 'GF'),
(472, 14, 139, 4193, '0', '0', '100', '100', 'NUMERICO DOBLE RANGO', 'TEMPERATURA', 'ACTIVO', 3, 'N', 'GF'),
(473, 14, 139, 2247, '-0.5', '-0,5', '0.5', '0.5', 'NUMERICO DOBLE RANGO', 'TEMPERATURA', 'ACTIVO', 4, 'N', 'GF'),
(474, 14, 139, 2243, '', '', '', '', 'OBLIGATORIO', 'OBSERVACION', 'ACTIVO', 5, 'N', 'GF'),
(475, 14, 139, 4191, '', '', '', '', 'OBLIGATORIO', 'NESPECIE', 'ACTIVO', 4.1, 'N', 'GF'),
(476, 14, 142, 2286, '-1.5', '-1.5', '0.5', '0.5', 'NUMERICO DOBLE RANGO', 'TEMPERATURA', 'ACTIVO', 4, 'N', 'GF'),
(477, 14, 142, 2292, '', '', '', '', 'OBLIGATORIO', 'OBSERVACION', 'ACTIVO', 5, 'N', 'GF'),
(478, 14, 139, 4194, '0', '0', '2', '2', 'NUMERICO DOBLE RANGO', 'NUMERICO', 'ACTIVO', 4.2, 'N', 'GF'),
(479, 14, 277, 2308, '', '', '', '', 'OBLIGATORIO', 'NPROCESO', 'ACTIVO', 1, 'N', 'GF'),
(480, 14, 277, 4195, '', '', '', '', 'OBLIGATORIO', 'NESPECIE', 'ACTIVO', 2, 'N', 'GF'),
(481, 14, 277, 4196, '', '', '', '', 'OBLIGATORIO', 'NUMERICO', 'ACTIVO', 3, 'N', 'GF'),
(482, 14, 277, 4197, '', '', '', '', 'OBLIGATORIO', 'NUMERICO', 'ACTIVO', 4, 'N', 'GF'),
(483, 14, 277, 4198, '', '', '', '', 'OBLIGATORIO', 'NUMERICO', 'ACTIVO', 5, 'N', 'GF'),
(484, 14, 277, 4199, '', '', '', '', 'OBLIGATORIO', 'NUMERICO', 'ACTIVO', 6, 'N', 'GF'),
(485, 14, 277, 4200, '', '', '', '', 'OBLIGATORIO', 'NUMERICO', 'ACTIVO', 7, 'N', 'GF'),
(486, 14, 277, 4201, '', '', '', '', 'OBLIGATORIO', 'NUMERICO', 'ACTIVO', 8, 'N', 'GF'),
(487, 14, 277, 4202, '', '', '', '', 'OBLIGATORIO', 'OBSERVACION', 'ACTIVO', 9, 'N', 'GF'),
(488, 14, 277, 4203, '0.02', '0.02', '0.10', '0.10', 'NUMERICO DOBLE RANGO', 'NUMERICO', 'ACTIVO', 10, 'N', 'GF'),
(489, 15, 139, 2241, '', '', '', '', 'OBLIGATORIO', 'NCAMARA', 'ACTIVO', 1, 'N', 'GF'),
(490, 15, 139, 2242, '', '', '', '', 'OBLIGATORIO', 'NLOTE', 'ACTIVO', 2, 'N', 'GF'),
(491, 15, 139, 4193, '0', '0', '100', '100', 'NUMERICO DOBLE RANGO', 'TEMPERATURA', 'ACTIVO', 3, 'N', 'GF'),
(492, 15, 139, 2247, '-0.5', '-0.5', '0.5', '0.5', 'NUMERICO DOBLE RANGO', 'TEMPERATURA', 'ACTIVO', 4, 'N', 'GF'),
(493, 15, 139, 2243, '', '', '', '', 'OBLIGATORIO', 'OBSERVACION', 'ACTIVO', 5, 'N', 'GF'),
(494, 15, 139, 4191, '', '', '', '', 'OBLIGATORIO', 'NESPECIE', 'ACTIVO', 4.1, 'N', 'GF'),
(495, 15, 139, 4194, '0', '0', '2', '2', 'NUMERICO DOBLE RANGO', 'NLOTE', 'ACTIVO', 4.2, 'N', 'GF'),
(496, 15, 140, 419, '', '', '', '', 'OBLIGATORIO', 'NPROCESO', 'ACTIVO', 1, 'N', 'GF'),
(497, 15, 140, 421, '', '', '', '', 'OBLIGATORIO', 'NLINEA', 'ACTIVO', 2, 'N', 'GF'),
(498, 15, 140, 4188, '', '', '', '', 'OBLIGATORIO', 'NESPECIE', 'ACTIVO', 3, 'N', 'GF'),
(499, 15, 140, 4189, '50', '80', '150', '150', 'NUMERICO DOBLE RANGO', 'NUMERICO', 'ACTIVO', 4, 'N', 'GF'),
(500, 15, 140, 4190, '4', '4', '6', '6', 'NUMERICO DOBLE RANGO', 'TEMPERATURA', 'ACTIVO', 5, 'N', 'GF'),
(501, 15, 140, 2218, '', '', '', '', 'OBLIGATORIO', 'OBSERVACION', 'ACTIVO', 6, 'N', 'GF'),
(502, 15, 277, 2308, '', '', '', '', 'OBLIGATORIO', 'NPROCESO', 'ACTIVO', 1, 'N', 'GF'),
(503, 15, 277, 4195, '', '', '', '', 'OBLIGATORIO', 'NESPECIE', 'ACTIVO', 2, 'N', 'GF'),
(504, 15, 277, 4196, '', '', '', '', 'OBLIGATORIO', 'NUMERICO', 'ACTIVO', 3, 'N', 'GF'),
(505, 15, 277, 4197, '', '', '', '', 'OBLIGATORIO', 'NUMERICO', 'ACTIVO', 4, 'N', 'GF'),
(506, 15, 277, 4198, '', '', '', '', 'OBLIGATORIO', 'NUMERICO', 'ACTIVO', 5, 'N', 'GF'),
(507, 15, 277, 4199, '', '', '', '', 'OBLIGATORIO', 'NUMERICO', 'ACTIVO', 6, 'N', 'GF'),
(508, 15, 277, 4200, '', '', '', '', 'OBLIGATORIO', 'NUMERICO', 'ACTIVO', 7, 'N', 'GF'),
(509, 15, 277, 4201, '', '', '', '', 'OBLIGATORIO', 'NUMERICO', 'ACTIVO', 8, 'N', 'GF'),
(510, 15, 277, 4202, '', '', '', '', 'OBLIGATORIO', 'OBSERVACION', 'ACTIVO', 9, 'N', 'GF'),
(511, 15, 277, 4203, '0.03', '0.03', '0.07', '0.07', 'NUMERICO DOBLE RANGO', 'NUMERICO', 'ACTIVO', 10, 'N', 'GF'),
(512, 15, 142, 2283, '', '', '', '', 'OBLIGATORIO', 'NCAMARA', 'ACTIVO', 1, 'N', 'GF'),
(513, 15, 142, 2284, '', '', '', '', 'OBLIGATORIO', 'NPALLET', 'ACTIVO', 2, 'N', 'GF'),
(514, 15, 142, 4192, '-1', '-1', '0.5', '0.5', 'NUMERICO DOBLE RANGO', 'TEMPERATURA', 'ACTIVO', 3, 'N', 'GF'),
(515, 15, 142, 2286, '-1.5', '-1.5', '0.5', '0.5', 'NUMERICO DOBLE RANGO', 'TEMPERATURA', 'ACTIVO', 4, 'N', 'GF'),
(516, 15, 142, 2292, '', '', '', '', 'OBLIGATORIO', 'OBSERVACION', 'ACTIVO', 5, 'N', 'GF'),
(517, 16, 139, 2241, '', '', '', '', 'OBLIGATORIO', 'NCAMARA', 'ACTIVO', 1, 'N', 'GF'),
(518, 16, 139, 2242, '', '', '', '', 'OBLIGATORIO', 'NLOTE', 'ACTIVO', 2, 'N', 'GF'),
(519, 16, 139, 4193, '0', '0', '100', '100', 'NUMERICO DOBLE RANGO', 'TEMPERATURA', 'ACTIVO', 3, 'N', 'GF'),
(520, 16, 139, 2247, '-0.5', '-0.5', '0.5', '0.5', 'NUMERICO DOBLE RANGO', 'TEMPERATURA', 'ACTIVO', 4, 'N', 'GF'),
(521, 16, 139, 2243, '', '', '', '', 'OBLIGATORIO', 'OBSERVACION', 'ACTIVO', 5, 'N', 'GF'),
(522, 16, 139, 4191, '', '', '', '', 'OBLIGATORIO', 'NESPECIE', 'ACTIVO', 4.1, 'N', 'GF'),
(523, 16, 139, 4194, '0', '0', '2', '2', 'NUMERICO DOBLE RANGO', 'NLOTE', 'ACTIVO', 4.2, 'N', 'GF'),
(524, 16, 140, 420, '', '', '', '', 'OBLIGATORIO', 'NPROCESO', 'ACTIVO', 1, 'N', 'GF'),
(525, 16, 140, 421, '', '', '', '', 'OBLIGATORIO', 'NLINEA', 'ACTIVO', 2, 'N', 'GF'),
(526, 16, 140, 4188, '', '', '', '', 'OBLIGATORIO', 'NESPECIE', 'ACTIVO', 3, 'N', 'GF'),
(527, 16, 140, 4189, '50', '80', '150', '150', 'NUMERICO DOBLE RANGO', 'NUMERICO', 'ACTIVO', 4, 'N', 'GF'),
(528, 16, 140, 4190, '4', '4', '100', '100', 'NUMERICO DOBLE RANGO', 'TEMPERATURA', 'ACTIVO', 5, 'N', 'GF'),
(529, 16, 140, 2218, '', '', '', '', 'OBLIGATORIO', 'OBSERVACION', 'ACTIVO', 6, 'N', 'GF'),
(530, 16, 277, 2308, '', '', '', '', 'OBLIGATORIO', 'NPROCESO', 'ACTIVO', 1, 'N', 'GF'),
(531, 16, 277, 4195, '', '', '', '', 'OBLIGATORIO', 'NESPECIE', 'ACTIVO', 2, 'N', 'GF'),
(532, 16, 277, 4196, '', '', '', '', 'OBLIGATORIO', 'NUMERICO', 'ACTIVO', 3, 'N', 'GF'),
(533, 16, 277, 4197, '', '', '', '', 'OBLIGATORIO', 'NUMERICO', 'ACTIVO', 4, 'N', 'GF'),
(534, 16, 277, 4198, '', '', '', '', 'OBLIGATORIO', 'NUMERICO', 'ACTIVO', 5, 'N', 'GF'),
(535, 16, 277, 4199, '', '', '', '', 'OBLIGATORIO', 'NUMERICO', 'ACTIVO', 6, 'N', 'GF'),
(536, 16, 277, 4200, '', '', '', '', 'OBLIGATORIO', 'NUMERICO', 'ACTIVO', 7, 'N', 'GF'),
(537, 16, 277, 4201, '', '', '', '', 'OBLIGATORIO', 'NUMERICO', 'ACTIVO', 8, 'N', 'GF'),
(538, 16, 277, 4202, '', '', '', '', 'OBLIGATORIO', 'NUMERICO', 'ACTIVO', 9, 'N', 'GF'),
(539, 16, 277, 4203, '0.02', '0.02', '0.07', '0.07', 'NUMERICO DOBLE RANGO', 'NUMERICO', 'ACTIVO', 10, 'N', 'GF'),
(540, 16, 142, 2283, '', '', '', '', 'OBLIGATORIO', 'NCAMARA', 'ACTIVO', 1, 'N', 'GF'),
(541, 16, 142, 2284, '', '', '', '', 'OBLIGATORIO', 'NPALLET', 'ACTIVO', 2, 'N', 'GF'),
(542, 16, 142, 4192, '-1', '-1', '100', '100', 'NUMERICO DOBLE RANGO', 'TEMPERATURA', 'ACTIVO', 3, 'N', 'GF'),
(543, 16, 142, 2286, '-1.5', '-1.5', '100', '100', 'NUMERICO DOBLE RANGO', 'TEMPERATURA', 'ACTIVO', 4, 'N', 'GF'),
(544, 16, 142, 2292, '', '', '', '', 'OBLIGATORIO', 'OBSERVACION', 'ACTIVO', 5, 'N', 'GF');

-- --------------------------------------------------------

--
-- Estructura de tabla para la tabla `pro_norma_detalle_parametro`
--

CREATE TABLE `pro_norma_detalle_parametro` (
  `id_detalle` int(11) NOT NULL,
  `id_parametro` int(11) DEFAULT NULL,
  `norma_id` int(11) DEFAULT NULL,
  `orden_parametro` double DEFAULT NULL,
  `sincro` varchar(2) NOT NULL,
  `cliente_id` varchar(100) NOT NULL
) ENGINE=InnoDB DEFAULT CHARSET=latin1;

--
-- Volcado de datos para la tabla `pro_norma_detalle_parametro`
--

INSERT INTO `pro_norma_detalle_parametro` (`id_detalle`, `id_parametro`, `norma_id`, `orden_parametro`, `sincro`, `cliente_id`) VALUES
(9, 137, 2, 1, 'N', 'GF'),
(10, 138, 2, 2, 'N', 'GF'),
(11, 139, 2, 3, 'N', 'GF'),
(12, 140, 2, 4, 'N', 'GF'),
(13, 141, 2, 5, 'N', 'GF'),
(14, 142, 2, 6, 'N', 'GF'),
(15, 143, 2, 7, 'N', 'GF'),
(16, 144, 2, 8, 'N', 'GF'),
(61, 140, 14, 2, 'N', 'GF'),
(62, 142, 14, 4, 'N', 'GF'),
(63, 139, 14, 1, 'N', 'GF'),
(64, 277, 14, 3, 'N', 'GF'),
(65, 139, 15, 1, 'N', 'GF'),
(66, 140, 15, 2, 'N', 'GF'),
(67, 277, 15, 3, 'N', 'GF'),
(68, 142, 15, 4, 'N', 'GF'),
(69, 139, 16, 1, 'N', 'GF'),
(70, 140, 16, 2, 'N', 'GF'),
(71, 277, 16, 3, 'N', 'GF'),
(72, 142, 16, 4, 'N', 'GF');

-- --------------------------------------------------------

--
-- Estructura de tabla para la tabla `pro_norma_plantilla`
--

CREATE TABLE `pro_norma_plantilla` (
  `norma_id` int(11) NOT NULL,
  `norma_descripcion` varchar(50) DEFAULT NULL,
  `exportador_cod` varchar(12) DEFAULT NULL,
  `especie_cod` varchar(50) DEFAULT NULL,
  `num_norma` int(11) NOT NULL,
  `anio_norma` varchar(20) NOT NULL,
  `estado` varchar(45) DEFAULT NULL,
  `tipo_norma` varchar(20) NOT NULL,
  `sincro` varchar(2) NOT NULL,
  `cliente_id` varchar(100) NOT NULL
) ENGINE=InnoDB DEFAULT CHARSET=latin1;

--
-- Volcado de datos para la tabla `pro_norma_plantilla`
--

INSERT INTO `pro_norma_plantilla` (`norma_id`, `norma_descripcion`, `exportador_cod`, `especie_cod`, `num_norma`, `anio_norma`, `estado`, `tipo_norma`, `sincro`, `cliente_id`) VALUES
(2, 'NORMA PROCESO CEREZAS 2022-2023', 'GF', '4', 0, '0', 'ACTIVA', 'CALIDAD', 'N', 'GF'),
(14, 'NORMA PROCESO CIRUELAS (JHM)', 'GF', '5', 0, '0', 'ACTIVA', 'CALIDAD', 'N', 'GF'),
(15, 'NORMA PROCESO NECTARIN (JHM)', 'GF', '9', 0, '0', 'ACTIVA', 'CALIDAD', 'N', 'GF'),
(16, 'NORMA PROCESO DURAZNOS (JHM)', 'GF', '6', 0, '0', 'ACTIVA', 'CALIDAD', 'N', 'GF'),
(17, 'NORMA PERAS', 'GF', '10', 0, '0', 'ACTIVA', 'CALIDAD', 'N', 'GF');

-- --------------------------------------------------------

--
-- Estructura de tabla para la tabla `pro_planilla_control`
--

CREATE TABLE `pro_planilla_control` (
  `folio_planilla` varchar(20) NOT NULL,
  `cliente_cod` varchar(11) DEFAULT NULL,
  `exportador_cod` varchar(12) DEFAULT NULL,
  `packing_cod` varchar(11) DEFAULT NULL,
  `especie_cod` varchar(50) DEFAULT NULL,
  `usuario_rut` varchar(12) DEFAULT NULL,
  `fecha_inspeccion` date DEFAULT NULL,
  `norma_id` int(11) DEFAULT NULL,
  `turno` varchar(20) NOT NULL,
  `usu_crea` varchar(12) DEFAULT NULL,
  `fecha_crea` datetime DEFAULT NULL,
  `estado` varchar(10) NOT NULL,
  `obs` varchar(500) NOT NULL,
  `sincro` varchar(10) NOT NULL,
  `cliente_id` varchar(100) NOT NULL
) ENGINE=InnoDB DEFAULT CHARSET=latin1;

-- --------------------------------------------------------

--
-- Estructura de tabla para la tabla `pro_planilla_datos`
--

CREATE TABLE `pro_planilla_datos` (
  `planilla_id` int(11) NOT NULL,
  `folio_planilla` varchar(20) DEFAULT NULL,
  `hora_registro` datetime DEFAULT NULL,
  `valor1_ingresado` varchar(100) DEFAULT NULL,
  `valor2_ingresado` varchar(100) DEFAULT NULL,
  `id_norma_detalle` int(11) DEFAULT NULL,
  `defecto_id` int(11) DEFAULT NULL,
  `norma_id` int(11) DEFAULT NULL,
  `cumple_norma` varchar(20) DEFAULT NULL,
  `a_correctiva` varchar(500) NOT NULL,
  `nlote` varchar(50) NOT NULL,
  `npallet` varchar(20) NOT NULL,
  `nproceso` varchar(20) NOT NULL,
  `nhidro` varchar(10) NOT NULL,
  `nfrio` varchar(20) NOT NULL,
  `ncamara` varchar(20) NOT NULL,
  `nembarque` varchar(20) NOT NULL,
  `nlinea` varchar(20) NOT NULL,
  `nsalida` varchar(20) NOT NULL,
  `nespecie` varchar(20) NOT NULL,
  `observacion` varchar(500) NOT NULL,
  `productor` varchar(100) NOT NULL,
  `predio` varchar(100) NOT NULL,
  `cosechero_modulo` varchar(100) NOT NULL,
  `cuadrilla_contratista` varchar(100) NOT NULL,
  `foto` varchar(200) NOT NULL,
  `usu_crea` varchar(12) DEFAULT NULL,
  `fecha_crea` datetime DEFAULT NULL,
  `sincro` varchar(10) DEFAULT NULL
) ENGINE=InnoDB DEFAULT CHARSET=latin1;

-- --------------------------------------------------------

--
-- Estructura de tabla para la tabla `pro_planilla_dia`
--

CREATE TABLE `pro_planilla_dia` (
  `id_planilla_dia` varchar(20) NOT NULL,
  `cliente_cod` varchar(11) DEFAULT NULL,
  `exportador_cod` varchar(12) DEFAULT NULL,
  `packing_cod` varchar(11) DEFAULT NULL,
  `fecha_proceso` date DEFAULT NULL,
  `estado` varchar(20) DEFAULT NULL,
  `usu_crea` varchar(12) DEFAULT NULL,
  `fecha_crea` datetime DEFAULT NULL,
  `sincro` varchar(10) DEFAULT NULL
) ENGINE=InnoDB DEFAULT CHARSET=latin1;

-- --------------------------------------------------------

--
-- Estructura de tabla para la tabla `pro_planilla_proceso_dia`
--

CREATE TABLE `pro_planilla_proceso_dia` (
  `id_planilla_proceso_dia` int(11) NOT NULL,
  `contador` int(11) NOT NULL,
  `id_planilla_dia` varchar(20) DEFAULT NULL,
  `nproceso` int(11) DEFAULT NULL,
  `productor_cod` varchar(50) DEFAULT NULL,
  `especie_cod` varchar(50) DEFAULT NULL,
  `variedad_cod` varchar(20) DEFAULT NULL,
  `kilos` varchar(15) DEFAULT NULL,
  `bandejas` varchar(15) DEFAULT NULL,
  `estado` varchar(20) DEFAULT NULL,
  `sincro` varchar(10) DEFAULT NULL
) ENGINE=InnoDB DEFAULT CHARSET=latin1;

-- --------------------------------------------------------

--
-- Estructura de tabla para la tabla `sys_cliente`
--

CREATE TABLE `sys_cliente` (
  `cliente_id` varchar(100) NOT NULL,
  `cliente_nombre` varchar(200) DEFAULT NULL,
  `usu_crea` varchar(12) DEFAULT NULL,
  `fecha_crea` datetime DEFAULT NULL,
  `estado` varchar(10) DEFAULT NULL
) ENGINE=InnoDB DEFAULT CHARSET=latin1;

--
-- Volcado de datos para la tabla `sys_cliente`
--

INSERT INTO `sys_cliente` (`cliente_id`, `cliente_nombre`, `usu_crea`, `fecha_crea`, `estado`) VALUES
('AF', 'AGROFRUTA', '17.433.723-3', '2023-06-05 15:43:00', 'ACTIVO'),
('AGRSUR', 'AGRÍCOLA DEL SUR', '17.433.723-3', '2022-11-18 15:43:00', 'ACTIVO'),
('AS', 'AGUA SANTA', '17.433.723-3', '2022-01-11 15:43:00', 'ACTIVO'),
('ASJ', 'AGR. SAN JOSE', '17.433.723-3', '2019-09-02 15:43:00', 'INACTIVO'),
('CT', 'CALINT', '17.433.723-3', '2020-03-27 15:43:00', 'ACTIVO'),
('EX', 'EXSER', '17.433.723-3', '2018-07-30 20:43:00', 'INACTIVO'),
('FA', 'FRUTA DE AUTOR', '17.433.723-3', '2023-05-26 15:43:00', 'ACTIVO'),
('GF', 'GEOFRUT', '17.433.723-3', '2018-07-30 20:43:00', 'ACTIVO'),
('GW', 'GROWER FRUITS', '17.433.723-3', '2023-02-16 15:43:00', 'INACTIVO'),
('LF', 'LIFEFRIENDS', '17.433.723-3', '2020-03-27 15:43:00', 'INACTIVO'),
('LL', 'LOS LIRIOS', '17.433.723-3', '2020-10-06 15:43:00', 'ACTIVO'),
('LZ', 'INGLOBOCHILE', '17.433.723-3', '2018-07-30 20:43:00', 'ACTIVO'),
('MA', 'MONTE ALTO', '17.433.723-3', '2020-10-06 15:43:00', 'ACTIVO'),
('MF', 'MONFRUT', '17.433.723-3', '2020-03-27 15:43:00', 'INACTIVO'),
('PG', 'PURA GESEX', '17.433.723-3', '2021-09-16 15:43:00', 'INACTIVO'),
('PR', 'PRUNESCO', '17.433.723-3', '2021-01-22 15:43:00', 'ACTIVO'),
('PV', 'PROVEX', '17.433.723-3', '2023-10-04 15:43:00', 'ACTIVO'),
('QE', 'QUELEN', '17.433.723-3', '2020-03-27 15:43:00', 'ACTIVO'),
('QED', 'QUELEN DESTINO', '17.433.723-3', '2020-03-27 15:43:00', 'ACTIVO'),
('RB', 'RIO BLANCO', '17.433.723-3', '2018-07-30 20:43:00', 'ACTIVO'),
('RBM', 'RIO BLANCO MEXICO', '17.433.723-3', '2022-11-15 20:43:00', 'ACTIVO'),
('SF', 'SOFRUCO', '17.433.723-3', '2020-10-06 15:43:00', 'ACTIVO'),
('SL', 'SUBSOLE', '17.433.723-3', '2022-01-11 15:43:00', 'ACTIVO'),
('SUN', 'SUNFRUITS', '17.433.723-3', '2023-06-05 15:43:00', 'ACTIVO'),
('TF', 'TRIOFRUT', '17.433.723-3', '2023-11-15 14:13:00', 'ACTIVO'),
('TR', 'TRUMAO', '17.433.723-3', '2018-11-28 15:43:00', 'INACTIVO');

-- --------------------------------------------------------

--
-- Estructura de tabla para la tabla `sys_detalle_cliente_programas`
--

CREATE TABLE `sys_detalle_cliente_programas` (
  `detalle_id` int(11) NOT NULL,
  `cliente_id` varchar(100) DEFAULT NULL,
  `programa_id` int(11) DEFAULT NULL,
  `link_sincro_planillas` varchar(400) NOT NULL,
  `link_sincro_fotos` varchar(400) NOT NULL,
  `link_sincro_a_tablet` varchar(400) NOT NULL
) ENGINE=InnoDB DEFAULT CHARSET=latin1;

--
-- Volcado de datos para la tabla `sys_detalle_cliente_programas`
--

INSERT INTO `sys_detalle_cliente_programas` (`detalle_id`, `cliente_id`, `programa_id`, `link_sincro_planillas`, `link_sincro_fotos`, `link_sincro_a_tablet`) VALUES
(1, 'GF', 1, 'http://rioblanco.inglobochile.cl/sincronizar/sincronizar_planillas_servidor.php', 'http://rioblanco.inglobochile.cl/sincronizar/servidor_fotos.php', 'http://rioblanco.inglobochile.cl/sincronizar/servidor_archivo.php'),
(3, 'RB', 1, 'http://rioblanco.inglobochile.cl/sincronizar/sincronizar_planillas_servidor.php', 'http://rioblanco.inglobochile.cl/sincronizar/servidor_fotos.php', 'http://rioblanco.inglobochile.cl/sincronizar/servidor_archivo.php'),
(4, 'ASJ', 1, 'http://rioblanco.inglobochile.cl/sincronizar/sincronizar_planillas_servidor.php', 'http://rioblanco.inglobochile.cl/sincronizar/servidor_fotos.php', 'http://rioblanco.inglobochile.cl/sincronizar/servidor_archivo.php'),
(5, 'TR', 1, 'http://rioblanco.inglobochile.cl/sincronizar/sincronizar_planillas_servidor.php', 'http://rioblanco.inglobochile.cl/sincronizar/servidor_fotos.php', 'http://rioblanco.inglobochile.cl/sincronizar/servidor_archivo.php'),
(6, 'CT', 1, 'http://inglobochile.cl/Inglobo2018/sincronizar/sincronizar_planillas_servidor.php', 'http://inglobochile.cl/Inglobo2018/sincronizar/servidor_fotos.php', 'http://inglobochile.cl/Inglobo2018/sincronizar/servidor_archivo.php'),
(7, 'PR', 1, 'http://inglobochile.cl/Inglobo2018/sincronizar/sincronizar_planillas_servidor.php', 'http://inglobochile.cl/Inglobo2018/sincronizar/servidor_fotos.php', 'http://inglobochile.cl/Inglobo2018/sincronizar/servidor_archivo.php'),
(8, 'PG', 1, 'http://rioblanco.inglobochile.cl/sincronizar/sincronizar_planillas_servidor.php', 'http://rioblanco.inglobochile.cl/sincronizar/servidor_fotos.php', 'http://rioblanco.inglobochile.cl/sincronizar/servidor_archivo.php'),
(9, 'RBM', 1, 'http://rioblanco.inglobochile.cl/sincronizar/sincronizar_planillas_servidor.php', 'http://rioblanco.inglobochile.cl/sincronizar/servidor_fotos.php', 'http://rioblanco.inglobochile.cl/sincronizar/servidor_archivo.php'),
(10, 'FA', 1, 'http://rioblanco.inglobochile.cl/sincronizar/sincronizar_planillas_servidor.php', 'http://rioblanco.inglobochile.cl/sincronizar/servidor_fotos.php', 'http://rioblanco.inglobochile.cl/sincronizar/servidor_archivo.php'),
(11, 'AF', 1, 'http://rioblanco.inglobochile.cl/sincronizar/sincronizar_planillas_servidor.php', 'http://rioblanco.inglobochile.cl/sincronizar/servidor_fotos.php', 'http://rioblanco.inglobochile.cl/sincronizar/servidor_archivo.php'),
(12, 'SUN', 1, 'http://rioblanco.inglobochile.cl/sincronizar/sincronizar_planillas_servidor.php', 'http://rioblanco.inglobochile.cl/sincronizar/servidor_fotos.php', 'http://rioblanco.inglobochile.cl/sincronizar/servidor_archivo.php'),
(14, 'PV', 1, 'http://rioblanco.inglobochile.cl/sincronizar/sincronizar_planillas_servidor.php', 'http://rioblanco.inglobochile.cl/sincronizar/servidor_fotos.php', 'http://rioblanco.inglobochile.cl/sincronizar/servidor_archivo.php'),
(15, 'QE', 1, 'http://rioblanco.inglobochile.cl/sincronizar/sincronizar_planillas_servidor.php', 'http://rioblanco.inglobochile.cl/sincronizar/servidor_fotos.php', 'http://rioblanco.inglobochile.cl/sincronizar/servidor_archivo.php'),
(16, 'QED', 1, 'http://rioblanco.inglobochile.cl/sincronizar/sincronizar_planillas_servidor.php', 'http://rioblanco.inglobochile.cl/sincronizar/servidor_fotos.php', 'http://rioblanco.inglobochile.cl/sincronizar/servidor_archivo.php'),
(17, 'TF', 1, 'http://rioblanco.inglobochile.cl/sincronizar/sincronizar_planillas_servidor.php', 'http://rioblanco.inglobochile.cl/sincronizar/servidor_fotos.php', 'http://rioblanco.inglobochile.cl/sincronizar/servidor_archivo.php'),
(18, 'EX', 1, 'http://rioblanco.inglobochile.cl/sincronizar/sincronizar_planillas_servidor.php', 'http://rioblanco.inglobochile.cl/sincronizar/servidor_fotos.php', 'http://rioblanco.inglobochile.cl/sincronizar/servidor_archivo.php');

-- --------------------------------------------------------

--
-- Estructura de tabla para la tabla `sys_programas`
--

CREATE TABLE `sys_programas` (
  `programa_id` int(11) NOT NULL,
  `programa_nombre` varchar(50) DEFAULT NULL,
  `estado` varchar(10) DEFAULT NULL
) ENGINE=InnoDB DEFAULT CHARSET=latin1;

--
-- Volcado de datos para la tabla `sys_programas`
--

INSERT INTO `sys_programas` (`programa_id`, `programa_nombre`, `estado`) VALUES
(1, 'CALIDAD', 'ACTIVO'),
(2, 'CONTROL DE PROCESO', 'ACTIVO'),
(3, 'CONTENEDORES', 'ACTIVO');

-- --------------------------------------------------------

--
-- Estructura de tabla para la tabla `sys_sesion`
--

CREATE TABLE `sys_sesion` (
  `id_sesion` int(11) NOT NULL,
  `usuario` varchar(12) DEFAULT NULL,
  `fecha_inicio` datetime DEFAULT NULL,
  `cliente_id` varchar(100) DEFAULT NULL
) ENGINE=InnoDB DEFAULT CHARSET=latin1;

-- --------------------------------------------------------

--
-- Estructura de tabla para la tabla `sys_sincro_sistema`
--

CREATE TABLE `sys_sincro_sistema` (
  `id` int(11) NOT NULL,
  `programa_id` int(11) DEFAULT NULL,
  `link_guardado` varchar(300) DEFAULT NULL,
  `archivo` longblob,
  `nombre_archivo` varchar(150) NOT NULL
) ENGINE=MyISAM DEFAULT CHARSET=latin1;

-- --------------------------------------------------------

--
-- Estructura de tabla para la tabla `sys_sincro_sistema_contenedores`
--

CREATE TABLE `sys_sincro_sistema_contenedores` (
  `id` int(11) NOT NULL,
  `link_guardado` varchar(300) DEFAULT NULL,
  `archivo` longblob,
  `nombre_archivo` varchar(150) DEFAULT NULL
) ENGINE=InnoDB DEFAULT CHARSET=latin1;

-- --------------------------------------------------------

--
-- Estructura de tabla para la tabla `sys_tipo_usuario`
--

CREATE TABLE `sys_tipo_usuario` (
  `id_tipousuario` int(11) NOT NULL,
  `nombre_tipousuario` varchar(25) DEFAULT NULL
) ENGINE=InnoDB DEFAULT CHARSET=latin1;

--
-- Volcado de datos para la tabla `sys_tipo_usuario`
--

INSERT INTO `sys_tipo_usuario` (`id_tipousuario`, `nombre_tipousuario`) VALUES
(1, 'SUPER ADMIN'),
(2, 'ADMINISTRADOR'),
(3, 'SUPERVISOR'),
(4, 'INSPECTOR'),
(5, 'CLIENTE'),
(6, 'CLIENTE ZONAL'),
(7, 'CLIENTE PRODUCTOR'),
(8, 'CLIENTE PACKING'),
(9, 'GERENCIA'),
(10, 'HUERTO'),
(11, 'SUPER INGLOBO'),
(12, 'CLIENTE GRUPO PRODUCTOR');

-- --------------------------------------------------------

--
-- Estructura de tabla para la tabla `sys_usuario`
--

CREATE TABLE `sys_usuario` (
  `usuario_rut` varchar(12) NOT NULL,
  `usuario_nombre` varchar(100) DEFAULT NULL,
  `usuario_apepaterno` varchar(100) DEFAULT NULL,
  `usuario_apematerno` varchar(100) DEFAULT NULL,
  `usuario_clave` varchar(20) DEFAULT NULL,
  `id_tipousuario` int(11) DEFAULT NULL,
  `usuario_fechaingreso` datetime DEFAULT NULL,
  `usuario_intentos` int(11) DEFAULT NULL,
  `usuario_estado` varchar(10) DEFAULT NULL,
  `usuario_mail` varchar(150) DEFAULT NULL,
  `usuario_telefono` varchar(15) DEFAULT NULL,
  `usuario_folio` double DEFAULT NULL,
  `ultimo_folio` double NOT NULL,
  `usuario_foto` varchar(50) DEFAULT NULL,
  `cliente_zonal` int(11) NOT NULL,
  `cliente_id` varchar(100) DEFAULT NULL
) ENGINE=InnoDB DEFAULT CHARSET=latin1;

--
-- Volcado de datos para la tabla `sys_usuario`
--

INSERT INTO `sys_usuario` (`usuario_rut`, `usuario_nombre`, `usuario_apepaterno`, `usuario_apematerno`, `usuario_clave`, `id_tipousuario`, `usuario_fechaingreso`, `usuario_intentos`, `usuario_estado`, `usuario_mail`, `usuario_telefono`, `usuario_folio`, `ultimo_folio`, `usuario_foto`, `cliente_zonal`, `cliente_id`) VALUES
('10.351.841-5', 'CRISTIAN', 'LATORRE', 'HUERTA', '123', 4, '0000-00-00 00:00:00', 0, 'ACTIVO', '', '', 881.0061, 0, '', 0, 'GF'),
('10.853.631-8', 'VICENTE', 'ROJAS', 'ROJAS', 'geo', 4, '0000-00-00 00:00:00', 0, 'INACTIVO', '', '', 189, 0, '', 0, 'GF'),
('10.867.843-7', 'CAROLINA', 'HERNANDEZ', 'MURA', '123', 4, '2022-12-20 16:07:04', 0, 'INACTIVO', '', '', 244.0115, 0, '', 0, 'GF'),
('10.883.423-4', 'MANUEL HERNAN', 'DIAZ', 'PALMA', '123', 4, '2024-02-29 15:17:44', 0, 'ACTIVO', '', '', 857.0009, 0, '', 0, 'GF'),
('11.759.969-8', 'IGNACIO SEGUNDO', 'DIAZ', 'GALAZ', '123', 4, '2024-03-07 09:04:44', 0, 'ACTIVO', '', '', 686.0063, 0, '', 0, 'GF'),
('11.888.031-5', 'GLORIA ', 'HERRERA', 'MONCADA', 'geo', 4, '2023-11-15 08:28:19', 0, 'ACTIVO', '', '', 181.0001, 0, '', 0, 'GF'),
('11.981.507-K', 'RICARDO ANDRES', 'MIRANDA', 'BRAVO', '123', 4, '2024-03-22 20:52:29', 0, 'ACTIVO', '', '', 891.0001, 0, '', 0, 'GF'),
('12.355.044-7', 'Alexis', 'Donoso', 'Orellana', '123', 4, '2023-12-16 08:53:06', 0, 'ACTIVO', '', '', 737.0011, 0, '', 0, 'GF'),
('12.777.871-K', 'HECTOR', 'GAETE', 'ROMO', '123', 4, '2023-12-11 09:45:32', 0, 'ACTIVO', '', '', 731.0007, 0, '', 0, 'GF'),
('12.778.748-4', 'VANESSA', 'SOBARZO', '', '123', 4, '2024-02-16 20:25:43', 0, 'ACTIVO', '', '', 611.0038, 0, '', 0, 'GF'),
('13.200.586-9', 'CLAUDIO ANTONIO', 'SUAREZ ', 'GAETE', '123', 4, '0000-00-00 00:00:00', 0, 'ACTIVO', '', '', 883, 0, '', 0, 'GF'),
('13.342.985-9', 'BEATRIZ MACARENA', 'ROJAS', 'MORENO', '123', 4, '2024-04-04 19:11:04', 0, 'ACTIVO', '', '', 448.0171, 0, '', 0, 'GF'),
('13.344.531-5', 'MARIELA', 'MALUENDA', 'BECERRA', 'geo', 4, '2022-08-03 20:22:02', 0, 'ACTIVO', '', '', 182, 0, '', 0, 'GF'),
('13.346.571-5', 'MARCELO ANTONIO', 'MARDONES', 'ORELLANA', '123', 4, '2022-07-13 18:12:55', 2, 'INACTIVO', '', '', 56.0241, 0, '', 0, 'GF'),
('13.510.038-2', 'PAOLA HORTENSIA', 'COLOMA', 'CASTILLA', '123', 4, '0000-00-00 00:00:00', 0, 'ACTIVO', '', '', 507.0026, 0, '', 0, 'GF'),
('13.717.901-6', 'PAULA', 'CONTRERAS', 'ROJAS', '123', 4, '2024-06-18 10:01:55', 0, 'ACTIVO', '', '', 215.0291, 0, '', 0, 'GF'),
('13.781.463-3', 'MARIA CECILIA', 'ACUÑA', 'BRAVO', '123', 4, '2022-03-18 00:20:54', 0, 'ACTIVO', '', '', 343.0109, 0, '', 0, 'GF'),
('13.883.616-1', 'JUAN FRANCISCO', 'OLIVARES', 'MORALES', 'GEO', 4, '0000-00-00 00:00:00', 0, 'INACTIVO', '', '', 103, 0, '', 0, 'GF'),
('13.883.616-9', 'JUAN FRANCISCO', 'OLIVARES', 'MORALES', 'geo', 4, '2023-04-19 09:58:04', 0, 'ACTIVO', '', '', 104.003, 0, '', 0, 'GF'),
('13.944.932-0', 'DANIEL', 'REYES', '', '123', 4, '2024-02-16 12:01:31', 0, 'ACTIVO', '', '', 246.007, 0, '', 0, 'GF'),
('14.048.776-7', 'VERONICA', 'BARROS', 'PINO', '123', 4, '2022-08-02 16:24:18', 0, 'ACTIVO', '', '', 404.0018, 0, '', 0, 'GF'),
('14.242.117-8', 'JUAN ANDRES', 'GALVEZ', 'GUZMAN', 'geo', 4, '2022-08-10 10:45:43', 0, 'ACTIVO', '', '', 82.0067, 0, '', 0, 'GF'),
('14.333.556-9', 'Alicia ', 'Lazo ', 'Varela', '123', 4, '2023-12-16 17:44:23', 0, 'ACTIVO', '', '', 736.005, 0, '', 0, 'GF'),
('14.526.769-2', 'TERESA', 'OSORIO', 'PEREZ', '123', 5, '2023-11-29 12:02:56', 0, 'ACTIVO', '', '', 64.0006, 0, '', 0, 'GF'),
('15.104.675-4', 'CAROLINA', 'MORALES ', 'MORALES', 'geo', 4, '2021-03-29 09:31:05', 0, 'ACTIVO', '', '', 148.0075, 0, '', 0, 'GF'),
('15.107.300-K', 'JHANS', 'NUÑEZ', 'PEREZ', '123', 4, '0000-00-00 00:00:00', 0, 'ACTIVO', '', '', 323, 0, '', 0, 'GF'),
('15.107.579-7', 'ERIKA', 'BARAHONA', 'LLANOS', '123', 4, '2022-02-25 17:18:35', 0, 'ACTIVO', '', '', 114.0233, 0, '', 0, 'GF'),
('15.108.028-6', 'MANUEL', 'GUZMAN', 'TAMAYO', '123', 4, '2024-01-03 11:05:29', 0, 'ACTIVO', '', '', 529.014, 0, '', 0, 'GF'),
('15.125.288-5', 'MARIA JOSE', 'MORENO', 'BRICEÑO', '123', 4, '0000-00-00 00:00:00', 0, 'ACTIVO', '', '', 828.0001, 0, '', 0, 'GF'),
('15.125.929-4', 'FELIPE', 'TOLEDO', 'PINTO', '123', 4, '2023-12-13 21:36:24', 0, 'ACTIVO', '', '', 729.0023, 0, '', 0, 'GF'),
('15.128.849-9', 'RENE', 'BURGOS ', 'ESPINOZA', '123', 4, '0000-00-00 00:00:00', 0, 'ACTIVO', '', '', 287, 0, '', 0, 'GF'),
('15.488.917-5', 'SANDRA XIMENA', 'ARROYO', 'ALVARADO', '123', 4, '0000-00-00 00:00:00', 0, 'ACTIVO', '', '', 660.0004, 0, '', 0, 'GF'),
('15.524.027-k', 'ALDO', 'MILLAR', 'OSORIO', '123', 4, '2021-03-10 19:29:19', 0, 'ACTIVO', '', '', 203, 0, '', 0, 'GF'),
('15.527.176-0', 'MARIA JOSE FRANCISCA', 'LOPEZ', 'QUIROZ', 'geo', 4, '2021-02-25 11:28:41', 0, 'ACTIVO', '', '', 188, 0, '', 0, 'GF'),
('15.567,533-0', 'IVÁN ANDRÉS', 'SÁNCHEZ', 'RAMOS', '123', 4, '0000-00-00 00:00:00', 0, 'ACTIVO', '', '', 564, 0, '', 0, 'GF'),
('15.567.533-0', 'IVÁN ANDRÉS', 'ZÁNCHES', 'RAMOS', '123', 4, '0000-00-00 00:00:00', 0, 'ACTIVO', '', '', 565.0014, 0, '', 0, 'GF'),
('15.640.457-8', 'FRANCISCO JAVIER', 'CORCUERA', 'URZUA', '123', 4, '0000-00-00 00:00:00', 0, 'ACTIVO', '', '', 771.0002, 0, '', 0, 'GF'),
('15.731.246-4', 'FRANCISCO', 'JELDREZ', 'JELDREZ', '123', 4, '2024-02-12 16:25:22', 0, 'ACTIVO', '', '', 758.004, 0, '', 0, 'GF'),
('15.738.667-0', 'JAQUELINE', 'RODRIGUEZ', 'VILLACURA', '123', 4, '0000-00-00 00:00:00', 0, 'ACTIVO', '', '', 538.0035, 0, '', 0, 'GF'),
('15.750.630-7', 'CARLA ANDREA', ' ALBORNOZ ', 'CABRERA', '123', 4, '0000-00-00 00:00:00', 0, 'ACTIVO', '', '', 607.0021, 0, '', 0, 'GF'),
('15.842.741-9', 'RODOLFO', 'PAREDES', 'VALDOVINOS', '123', 4, '2024-04-12 11:05:17', 0, 'ACTIVO', '', '', 87.0474, 0, '', 0, 'GF'),
('15.922.069-9', 'ANGELA KARINA', 'CÁCERES ', 'SEREÑO', '123', 4, '0000-00-00 00:00:00', 0, 'ACTIVO', '', '', 489.0042, 0, '', 0, 'GF'),
('15.922.540-2', 'KAREN LORENA', 'CIFUENTES', 'FARIAS', '123', 4, '0000-00-00 00:00:00', 0, 'ACTIVO', '', '', 740.0022, 0, '', 0, 'GF'),
('15.991.866-1', 'Brigida ', 'Carriel', 'Galvez', '123', 4, '0000-00-00 00:00:00', 0, 'ACTIVO', '', '', 896.0001, 0, '', 0, 'GF'),
('15.994.991-5', 'JUAN PABLO', 'MARTINEZ', 'MOYA', '123', 4, '2023-02-01 08:42:49', 0, 'ACTIVO', '', '', 566.0022, 0, '', 0, 'GF'),
('15.995.883-3', 'ELIZABETH CARMEN', 'VERGARA', 'PEREZ', '123', 4, '0000-00-00 00:00:00', 0, 'ACTIVO', '', '', 400.0053, 0, '', 0, 'GF'),
('16.189.619-5', 'EDUARDO ANDRES', 'VILLEGAS', 'ACEVEDO', '123', 4, '0000-00-00 00:00:00', 0, 'ACTIVO', '', '', 890.0001, 0, '', 0, 'GF'),
('16.254.998-7', 'LUIS', 'AVALOS', 'YAÑES', '1234', 4, '0000-00-00 00:00:00', 0, 'ACTIVO', '', '', 514.003, 0, '', 0, 'GF'),
('16.310.019-3', 'OSCAR ANDRES', 'GONZALEZ', 'CAMPOS', '123', 4, '0000-00-00 00:00:00', 0, 'ACTIVO', '', '', 893.0007, 0, '', 0, 'GF'),
('16.310.222-6', 'ANDREA', 'NILO', 'VALENZUELA', '123', 4, '0000-00-00 00:00:00', 0, 'ACTIVO', '', '', 395.0013, 0, '', 0, 'GF'),
('16.315.274-6', 'LEONARDO', 'MARTINEZ', 'REYES', '123', 4, '0000-00-00 00:00:00', 0, 'ACTIVO', '', '', 451.0002, 0, '', 0, 'GF'),
('16.374.658-1', 'SINDY ANGELICA', 'FUENTEALBA', 'BUSTOS', '123', 4, '0000-00-00 00:00:00', 0, 'ACTIVO', '', '', 591.0045, 0, '', 0, 'GF'),
('16.385.098-2', 'NATALIE', 'MERLET', 'PARRAGUE', '123', 4, '2022-04-05 11:02:09', 0, 'ACTIVO', '', '', 410.004, 0, '', 0, 'GF'),
('16.492.166-2', 'NICOLAS', 'RAMIREZ', 'CARRION', '123', 4, '2023-12-31 16:20:31', 0, 'ACTIVO', '', '', 161.0165, 0, '', 0, 'GF'),
('16.492.366-5', 'ANGELO', 'SEPULVEDA', '', 'geo', 4, '2022-08-24 16:46:21', 0, 'ACTIVO', '', '', 115.0001, 0, '', 0, 'GF'),
('16.493.928-6', 'RUBEN', 'ORELLANA', 'GALVEZ', '123', 4, '2022-11-18 17:47:56', 0, 'ACTIVO', '', '', 437.0074, 0, '', 0, 'GF'),
('16.550.127-6', 'MAGDALENA', 'SILVA', 'COLLADO', '123', 4, '0000-00-00 00:00:00', 0, 'ACTIVO', '', '', 296.0019, 0, '', 0, 'GF'),
('16.554.465-K', 'BARBARA ERIKA', 'VERAS', 'DIAZ', '123', 4, '0000-00-00 00:00:00', 0, 'ACTIVO', '', '', 290.0014, 0, '', 0, 'GF'),
('16.642.254-k', 'MARION ALEJANDRA', 'SILVA', 'CELIS', '123', 4, '0000-00-00 00:00:00', 0, 'ACTIVO', '', '', 818.0069, 0, '', 0, 'GF'),
('16.792.490-5', 'NATALIA', 'ASTORGA', 'MORALES', '123', 4, '0000-00-00 00:00:00', 0, 'ACTIVO', '', '', 769.0016, 0, '', 0, 'GF'),
('16.851.843-9', 'GISELLE', 'MONTENEGRO ', 'TAPIA', '123', 4, '2023-12-13 21:33:33', 0, 'ACTIVO', '', '', 677.0035, 0, '', 0, 'GF'),
('16.881.431-3', 'CONSTANZA', 'ARANGUIZ', '', '123', 4, '2022-01-03 14:52:31', 0, 'ACTIVO', '', '', 289.0011, 0, '', 0, 'GF'),
('16.882.039-9', 'HILDA  DEL CARMEN', 'PALMA', 'VENEGAS', '123', 4, '2024-08-16 00:46:23', 0, 'ACTIVO', '', '', 506.0276, 0, '', 0, 'GF'),
('16.885.162-6', 'GUSTAVO', 'GALAZ', '', '123', 4, '2023-01-26 12:01:42', 0, 'ACTIVO', '', '', 143.0051, 0, '', 0, 'GF'),
('16.930.157-3', 'JOCELYN ', 'SOTO', 'ORTUZAR', '123', 4, '2023-12-13 21:37:52', 0, 'ACTIVO', '', '', 408.0057, 0, '', 0, 'GF'),
('16.943.734-3', 'FABIOLA', 'FLORES', 'NAVARRO', '123', 4, '0000-00-00 00:00:00', 0, 'ACTIVO', '', '', 263, 0, '', 0, 'GF'),
('17.058.862-2', 'EGIDIO A', 'HUENUMAN', 'CABELLO', '123', 4, '2024-03-27 15:56:19', 0, 'ACTIVO', '', '', 862.004, 0, '', 0, 'GF'),
('17.081.208-5', 'VALESKA', 'LOPEZ ', 'SALAS', 'geo', 4, '0000-00-00 00:00:00', 0, 'ACTIVO', '', '', 147, 0, '', 0, 'GF'),
('17.139.524-0', 'MANUEL ELIAS', 'CONTRERAS', 'MORALES', '123', 4, '2024-03-13 14:34:47', 0, 'ACTIVO', '', '', 718.0112, 0, '', 0, 'GF'),
('17.166.716-K', 'ANGELA', 'VARGAS ', 'VASQUEZ', '123', 4, '0000-00-00 00:00:00', 0, 'ACTIVO', '', '', 261, 0, '', 0, 'GF'),
('17.283.135-4', 'DENISSE', 'CAMPOS', 'DUARTE', '123', 4, '0000-00-00 00:00:00', 0, 'ACTIVO', '', '', 754.0028, 0, '', 0, 'GF'),
('17.305.139-5', 'JONATHAN', 'ALBARRACIN', 'GUAJARDO ', '123', 4, '2023-12-10 12:39:20', 0, 'ACTIVO', '', '', 724.0004, 0, '', 0, 'GF'),
('17.393.988-4', 'CARLOS', 'RODRIGUEZ', 'HUAIQUIFILO', '123', 4, '2023-12-18 23:26:43', 0, 'ACTIVO', '', '', 666.018, 0, '', 0, 'GF'),
('17.502.401-8', 'MARIO', 'TERAN', 'CONTRERAS', '123', 4, '0000-00-00 00:00:00', 0, 'ACTIVO', '', '', 262, 0, '', 0, 'GF'),
('17.502.699-1', 'TAMARA', 'OLIVO', 'PEÑA', '123', 4, '0000-00-00 00:00:00', 0, 'ACTIVO', '', '', 259.0055, 0, '', 0, 'GF'),
('17.506.271-8', 'DANIEL ', 'GALINDO', '', '123', 4, '2023-01-10 14:36:52', 0, 'ACTIVO', '', '', 460.0107, 0, '', 0, 'GF'),
('17.507.857-6', 'REINALDO', '', '', '123', 4, '2021-12-11 12:30:10', 0, 'ACTIVO', '', '', 283.0163, 0, '', 0, 'GF'),
('17.510.907-2', 'NICOLAS', 'DIAS', 'HAUSON', '123', 4, '2022-02-23 10:55:02', 0, 'ACTIVO', '', '', 341.0051, 0, '', 0, 'GF'),
('17.519.813-K', 'SEBASTIAN', 'BERRIOS', 'ACEITUNO', '1234', 4, '0000-00-00 00:00:00', 0, 'INACTIVO', '', '', 511.004, 0, '', 0, 'GF'),
('17.521.021-0', 'YERKO NICOLAS', 'MAGAÑA', 'SOTO', '123', 4, '0000-00-00 00:00:00', 0, 'ACTIVO', '', '', 593.0016, 0, '', 0, 'GF'),
('17.523.797-6', 'ARMANDO', 'BAEZA ', 'POZO', 'geo', 4, '2021-06-24 15:18:26', 0, 'ACTIVO', '', '', 201, 0, '', 0, 'GF'),
('17.524.125-6', 'MARIA FERNANDA ', 'CONTRERAS', 'DIAZ', '123', 4, '0000-00-00 00:00:00', 0, 'ACTIVO', '', '', 669.002, 0, '', 0, 'GF'),
('17.525.575-8', 'DIEGO', 'IGNACIO', 'MOYA', '123', 4, '0000-00-00 00:00:00', 0, 'ACTIVO', '', '', 282.0051, 0, '', 0, 'GF'),
('17.525.668-7', 'BELEN', 'GONZALEZ', 'YAÑEZ', 'geo', 4, '0000-00-00 00:00:00', 3, 'BLOQUEADO', '', '', 158, 0, '', 0, 'GF'),
('17.525.757-8', 'DIEGO', 'MOYA', 'GONZALEZ', '123', 4, '2022-01-18 17:47:36', 0, 'INACTIVO', '', '', 68.004, 0, '', 0, 'GF'),
('17.526.280-6', 'CONSTANZA', 'CARRASCO', '', '123', 4, '2022-04-02 13:59:45', 0, 'ACTIVO', '', '', 338.0051, 0, '', 0, 'GF'),
('17.527.328-K', 'Viviana', 'Pino', 'Torres', '123', 4, '0000-00-00 00:00:00', 0, 'ACTIVO', '', '', 717.0001, 0, '', 0, 'GF'),
('17.583.487-7', 'CLAUDIA NICOLE', 'LIZAMA', 'CAYUL', '123', 4, '2024-03-06 17:00:34', 0, 'ACTIVO', '', '', 180.05, 0, '', 0, 'GF'),
('17.651.418-3', 'PATRICIO ', 'PEÑA', 'QUEZADA', '123', 4, '0000-00-00 00:00:00', 0, 'ACTIVO', '', '', 753.0052, 0, '', 0, 'GF'),
('17.652.362-K', 'GUIDO IGNACIO', 'PEREZ', 'CARRASCO', '123', 4, '2022-06-17 10:33:15', 0, 'ACTIVO', '', '', 380.0181, 0, '', 0, 'GF'),
('17.716.505-0', 'ELIZABETH', 'VALENZUELA', 'GONZALEZ', '123', 4, '0000-00-00 00:00:00', 0, 'ACTIVO', '', '', 594.0032, 0, '', 0, 'GF'),
('17.730.262-7', 'GONZALO ANDRES', 'FUENTEALBA ', 'BUSTOS', '123', 4, '2024-04-22 13:09:20', 0, 'ACTIVO', '', '', 863.0036, 0, '', 0, 'GF'),
('17.794.232-4', 'REBECA', 'VILCHEZ', 'NUÑEZ', '123', 4, '0000-00-00 00:00:00', 0, 'ACTIVO', '', '', 488.0043, 0, '', 0, 'GF'),
('17.795.686-4', 'DANIEL', 'RIVAS ', 'ARRIAGADA', '123', 4, '2021-03-18 14:23:53', 0, 'ACTIVO', '', '', 177.0006, 0, '', 0, 'GF'),
('17.887.217-K', 'PABLINA', 'PALMA', 'LIZAMA', '123', 4, '0000-00-00 00:00:00', 0, 'ACTIVO', '', '', 703.0001, 0, '', 0, 'GF'),
('17.967.074-7', 'MIRKO ', 'SILVA', 'GALAZ', '123', 4, '0000-00-00 00:00:00', 0, 'ACTIVO', '', '', 722.0001, 0, '', 0, 'GF'),
('17.968.146-3', 'FERNANDA ARACELLI', 'Cuevas', 'Caro', '123', 4, '0000-00-00 00:00:00', 0, 'ACTIVO', '', '', 590.0031, 0, '', 0, 'GF'),
('17.994.487-1', 'JUAN', 'REINOSO', '', '123', 4, '2021-10-01 09:50:42', 0, 'ACTIVO', '', '', 252.0084, 0, '', 0, 'GF'),
('18.028.742-6', 'ALEXANDRA', 'LEIVA', 'GUAJARDO', '123', 4, '0000-00-00 00:00:00', 0, 'ACTIVO', '', '', 340.0163, 0, '', 0, 'GF'),
('18.039.483-4', 'SEBASTIAN', 'RUBIO', 'MORALES', '123', 4, '2024-03-14 10:16:32', 0, 'ACTIVO', '', '', 149.011, 0, '', 0, 'GF'),
('18.039.913-5', 'ALEJANDRA', 'AMULEF', 'FUENZALIDA', '123', 4, '2023-01-23 16:42:09', 0, 'ACTIVO', '', '', 353.0256, 0, '', 0, 'GF'),
('18.040.284-5', 'GIANNINA', 'MARICIO', 'SANHUEZA', '123', 4, '2022-04-02 15:45:54', 0, 'ACTIVO', '', '', 406.0025, 0, '', 0, 'GF'),
('18.040.704-9', 'LUCIANA ', 'BOZZO', 'LOBOS', '123', 4, '0000-00-00 00:00:00', 0, 'ACTIVO', '', '', 774.0032, 0, '', 0, 'GF'),
('18.041.065-1', 'TAMARA', 'SOTO', 'RÍOS', '123', 4, '0000-00-00 00:00:00', 0, 'INACTIVO', '', '', 525.0004, 0, '', 0, 'GF'),
('18.042.066-5', 'ALEXANDER', 'MARCHANT', '', '123', 4, '0000-00-00 00:00:00', 0, 'ACTIVO', '', '', 668.0023, 0, '', 0, 'GF'),
('18.044.129-8', 'ANDRES ', 'GARCIA', 'OSSES', 'geo', 4, '2021-03-01 15:22:31', 0, 'ACTIVO', '', '', 198, 0, '', 0, 'GF'),
('18.078.811-5', 'JENNIFER', 'MEDINA ', 'VEGA', 'geo', 4, '0000-00-00 00:00:00', 0, 'ACTIVO', '', '', 159, 0, '', 0, 'GF'),
('18.188.486-k', 'VALENTINA', 'ALARCÓN', 'PALACIOS', '123', 4, '2023-12-14 16:36:11', 0, 'ACTIVO', '', '', 728.0062, 0, '', 0, 'GF'),
('18.277.780-3', 'VANESSA NOEMI', 'CASTAÑEDA', 'P', '123', 4, '0000-00-00 00:00:00', 0, 'ACTIVO', '', '', 402, 0, '', 0, 'GF'),
('18.280.943-8', 'LEONARDO', 'BOZA', '.', 'geo', 4, '2021-03-19 09:14:36', 0, 'ACTIVO', '', '', 90, 0, '', 0, 'GF'),
('18.334.745-4', 'FREDDY', 'CEA', 'PARRAGUEZ', '123', 4, '0000-00-00 00:00:00', 0, 'ACTIVO', '', '', 409.0024, 0, '', 0, 'GF'),
('18.371.267-4', 'FRANCISCA MACKARENA', 'PARRA', 'LAZO', '123', 4, '2022-04-02 15:26:43', 0, 'ACTIVO', '', '', 401.0037, 0, '', 0, 'GF'),
('18.375.020-8', 'NINOSKA', 'PEREZ', 'GAJARDO', '123', 4, '2022-03-17 13:19:21', 0, 'ACTIVO', '', '', 354.0118, 0, '', 0, 'GF'),
('18.375.667-2', 'JORGE EDUARDO', 'REYES', 'MIRANDA', '123', 4, '2022-12-07 18:58:09', 0, 'ACTIVO', '', '', 458.0069, 0, '', 0, 'GF'),
('18.376.712-7', 'Joselyn', 'Soto', 'Soto', '123', 4, '2024-03-28 12:06:03', 0, 'ACTIVO', '', '', 734.0109, 0, '', 0, 'GF'),
('18.377.115-9', 'CAROLINA', 'REYES', 'FUENTES', 'geo', 4, '2021-06-24 12:02:15', 0, 'ACTIVO', '', '', 35.0497, 0, '', 0, 'GF'),
('18.378.223-1', 'DIANA', 'ROJAS', '', 'geo', 4, '2021-01-06 18:03:14', 0, 'ACTIVO', '', '', 100.0025, 0, '', 0, 'GF'),
('18.378.407-2', 'VALERIA CONSTANZA', 'ORTIZ', 'QUINTANA', 'geo', 4, '2020-12-08 14:09:21', 0, 'ACTIVO', '', '', 85.0025, 0, '', 0, 'GF'),
('18.379.426-4', 'MARIA JOSE', 'MEDEL ', 'RUBILAR', '123', 4, '0000-00-00 00:00:00', 0, 'ACTIVO', '', '', 599.0001, 0, '', 0, 'GF'),
('18.442.708-7', 'YANARA', 'DURAN', 'VILLAROEL', '123', 4, '2024-03-28 12:07:13', 0, 'ACTIVO', '', '', 852.0038, 0, '', 0, 'GF'),
('18.445.567-6', 'MATIAS GABRIEL', 'QUINTEROS', 'MACIAS', 'geo', 4, '2021-01-12 10:24:03', 0, 'ACTIVO', '', '', 48.0236, 0, '', 0, 'GF'),
('18.445.691-5', 'KATHERINE', 'CISTERNAS', 'HERNANDEZ', '123', 4, '0000-00-00 00:00:00', 0, 'ACTIVO', '', '', 276.0057, 0, '', 0, 'GF'),
('18.446.621-K', 'STEPHENIE CLAIREE', 'FAURE ', 'ALVEAR', '123', 4, '0000-00-00 00:00:00', 0, 'ACTIVO', '', '', 573.0009, 0, '', 0, 'GF'),
('18.448.421-8', 'PEDRO', 'PEREZ', 'RAMIREZ', 'geo', 4, '2021-03-01 08:26:50', 0, 'ACTIVO', '', '', 184.005, 0, '', 0, 'GF'),
('18.539.776-9', 'ALEX', 'FLORES', '', '123', 4, '0000-00-00 00:00:00', 0, 'ACTIVO', '', '', 745, 0, '', 0, 'GF'),
('18.557.914-K', 'ANAHI', 'MADRID', 'MUÑOZ', '1234', 4, '0000-00-00 00:00:00', 0, 'INACTIVO', '', '', 0.0002, 0, '', 0, 'GF'),
('18.558.040-7', 'MILKO BASILIO', 'CARRIZO', 'LEON', '123', 4, '0000-00-00 00:00:00', 0, 'ACTIVO', '', '', 387.0051, 0, '', 0, 'GF'),
('18.558.191-8', 'FRANCISCA', 'OSORIO', 'PEREZ', '123', 4, '2024-03-21 23:55:27', 0, 'ACTIVO', '', '', 96.0487, 0, '', 0, 'GF'),
('18.604.555-6', 'LEONARDO ', 'JAQUE', 'REYES', '123', 4, '0000-00-00 00:00:00', 0, 'ACTIVO', 'areatecnica1', '', 598.0019, 0, '', 0, 'GF'),
('18.609.000-4', 'VALENTINA', 'PAVEZ', 'FUENTEALBA', '123', 4, '0000-00-00 00:00:00', 0, 'ACTIVO', '', '', 436.0076, 0, '', 0, 'GF'),
('18.616.845-3', 'RENATO', 'GONZALEZ', '', 'geo', 4, '2021-03-09 21:18:50', 0, 'ACTIVO', '', '', 185.0021, 0, '', 0, 'GF'),
('18.632.707-1', 'VANESA ESTEFANI', 'PEREZ', 'VASQUEZ', '123', 4, '2022-09-12 09:40:40', 0, 'ACTIVO', '', '', 110.0208, 0, '', 0, 'GF'),
('18.644.961-4', 'EMILIANO OCTAVIO', 'SEGURA', 'ARIAS', '123', 4, '2022-12-30 09:07:26', 0, 'ACTIVO', '', '', 526.0015, 0, '', 0, 'GF'),
('18.646.113-4', 'MERY', 'CERDA', 'BARRA', '123', 4, '2023-12-13 21:37:18', 0, 'ACTIVO', '', '', 733.0008, 0, '', 0, 'GF'),
('18.712.122-1', 'CELINA', 'CASANOVA', 'PEREZ', '123', 4, '2021-03-30 17:15:59', 0, 'ACTIVO', '', '', 66.0126, 0, '', 0, 'GF'),
('18.733.629-5', 'RIGOBERTO', '', '', '123', 4, '2022-02-25 14:36:01', 0, 'ACTIVO', '', '', 284.0151, 0, '', 0, 'GF'),
('18.785.786-4', 'VICTORIA', 'MADRID', 'SERRANO', 'geo', 4, '2021-02-25 23:05:31', 0, 'ACTIVO', '', '', 191, 0, '', 0, 'GF'),
('18.792.680-7', 'Monserrat', 'Segovia ', 'Segovia ', '123', 4, '0000-00-00 00:00:00', 0, 'ACTIVO', '', '', 760, 0, '', 0, 'GF'),
('18.858.727-5', 'BRENDA NICOLE', 'SALAS', 'SALAS', '123', 4, '2022-09-14 10:25:11', 0, 'ACTIVO', '', '', 52.117, 0, '', 0, 'GF'),
('18.905.307-K', 'RODOLFO', 'GAJARDO', 'DURAN', '123', 4, '2024-02-20 19:15:41', 0, 'ACTIVO', '', '', 723.0091, 0, '', 0, 'GF'),
('18.950.406-k', 'MARIA JOSE', 'CORNEJO', '', 'geo', 4, '0000-00-00 00:00:00', 0, 'INACTIVO', '', '', 172, 0, '', 0, 'GF'),
('18.950.456-k', 'MARIA JOSE', 'CORNEJO', '', '123', 4, '2022-01-21 20:02:30', 0, 'ACTIVO', '', '', 173.0079, 0, '', 0, 'GF'),
('18.973.403-4', 'ALFONSO', 'CASANOVA', 'LEON', 'geo', 4, '2020-12-14 08:45:22', 0, 'ACTIVO', '', '', 97.0027, 0, '', 0, 'GF'),
('18.973.788-2', 'NICOLE', 'BARRERA', 'FERNANDINI', '123', 4, '0000-00-00 00:00:00', 0, 'ACTIVO', '', '', 294.0011, 0, '', 0, 'GF'),
('19.017.571-5', 'BASTIAN IVES', 'PALMA', 'VALENCIA', 'geo', 4, '2021-01-08 19:51:26', 0, 'ACTIVO', '', '', 113.002, 0, '', 0, 'GF'),
('19.017.807-2', 'ERIK', 'ANTIÑIR', 'FERNANDEZ', '1234', 4, '0000-00-00 00:00:00', 0, 'ACTIVO', '', '', 510.0014, 0, '', 0, 'GF'),
('19.018.016-6', 'FERNANDA', 'PEÑA', 'DÍAZ', '123', 4, '2024-04-02 19:18:02', 0, 'ACTIVO', '', '', 534.0129, 0, '', 0, 'GF'),
('19.020.004-3', 'LUIS', 'CANCINO', '', '123', 4, '2022-02-15 10:45:30', 0, 'ACTIVO', '', '', 226.0159, 0, '', 0, 'GF'),
('19.048.841-1', 'MATIAS', 'SANHUEZA', 'MARTINEZ', 'geo', 4, '2020-12-12 15:23:35', 0, 'INACTIVO', '', '', 98.0061, 0, '', 0, 'GF'),
('19.149.231-0', 'CLAUDIO ANDRES', 'PISMANTE', 'TAPIA', '123', 4, '0000-00-00 00:00:00', 0, 'ACTIVO', '', '', 297.0001, 0, '', 0, 'GF'),
('19.160.383-4', 'JAZMIN', 'GUTIERREZ ', 'QUINTANA', '123', 4, '0000-00-00 00:00:00', 0, 'ACTIVO', '', '', 764.0025, 0, '', 0, 'GF'),
('19.254.642-7', 'FRANCISCA', 'ARRIAGADA', '', '123', 4, '0000-00-00 00:00:00', 0, 'ACTIVO', '', '', 851.0048, 0, '', 0, 'GF'),
('19.262.195-K', 'GERMAN ', 'ZAMBRANO', 'INOSTROZA', '123', 4, '0000-00-00 00:00:00', 0, 'ACTIVO', '', '', 721.0002, 0, '', 0, 'GF'),
('19.263.716-3', 'Liz', 'Saldaña', 'Moya ', '123', 4, '2023-12-24 08:49:06', 0, 'ACTIVO', '', '', 749.0012, 0, '', 0, 'GF'),
('19.264.281-7', 'DAMIAN', 'MARTINEZ', 'ELIZONDO', '123', 4, '0000-00-00 00:00:00', 0, 'ACTIVO', '', '', 767.0005, 0, '', 0, 'GF'),
('19.264.589-1', 'FRANCISCA BELEN', 'CHAVEZ', 'PEÑALOZA', 'geo', 4, '2021-02-09 19:19:43', 0, 'ACTIVO', '', '', 49.004, 0, '', 0, 'GF'),
('19.264.690-1', 'DIEGO', 'CORREA', '', '123', 4, '2022-04-05 18:46:08', 0, 'ACTIVO', '', '', 350.0049, 0, '', 0, 'GF'),
('19.265.252-9', 'NATALIA', 'CAMILLA', 'FUENTES', '123', 4, '2022-10-27 16:48:42', 0, 'ACTIVO', '', '', 392.0017, 0, '', 0, 'GF'),
('19.282.327-7', 'JORDAN', 'FICA', 'MUÑOZ', '123', 4, '0000-00-00 00:00:00', 0, 'ACTIVO', '', '', 732.0006, 0, '', 0, 'GF'),
('19.287.221-9', 'DANIELA', 'PIZARRO', 'ABARCA', '123', 4, '0000-00-00 00:00:00', 0, 'ACTIVO', '', '', 895.0025, 0, '', 0, 'GF'),
('19.306.572-4', 'BENJAMIN', 'ZORRILLA', 'TORO', '123', 4, '0000-00-00 00:00:00', 0, 'ACTIVO', '', '', 878.0026, 0, '', 0, 'GF'),
('19.310.457-6', 'PABLO FERNANDO ', 'PERALTA', 'URZUA', '123', 4, '2024-03-12 10:05:15', 0, 'ACTIVO', '', '', 853.0039, 0, '', 0, 'GF'),
('19.351.772-2', 'JAVIERA', 'ROJAS', 'TRIGO', '123', 4, '2022-06-02 09:10:38', 0, 'ACTIVO', '', '', 281.0162, 0, '', 0, 'GF'),
('19.359.837-4', 'FRANCISCA ALICIA', 'VALDES', 'CONTRERAS', '123', 4, '2024-02-29 12:46:49', 0, 'ACTIVO', '', '', 389.0122, 0, '', 0, 'GF'),
('19.441.226-2', 'RICHARD', 'MORA', 'MALLEA', '123', 4, '0000-00-00 00:00:00', 0, 'ACTIVO', '', '', 372.0045, 0, '', 0, 'GF'),
('19.452.422-6', 'CONSTANZA', 'SAA', 'IRRABAZABAL', '123', 4, '0000-00-00 00:00:00', 0, 'ACTIVO', '', '', 474.0044, 0, '', 0, 'GF'),
('19.505.564-5', 'EDISON', 'JOFRE', 'MEDRANO', '123', 4, '0000-00-00 00:00:00', 0, 'ACTIVO', '', '', 298.001, 0, '', 0, 'GF'),
('19.513.045-0', 'MAILEN', 'VASQUEZ', 'GONZALEZ', '123', 4, '0000-00-00 00:00:00', 0, 'ACTIVO', '', '', 367.0032, 0, '', 0, 'GF'),
('19.551.096-2', 'NICOLAS HERNAN', 'VARGAS', 'GONZALEZ', '123', 4, '0000-00-00 00:00:00', 0, 'ACTIVO', '', '', 869.0008, 0, '', 0, 'GF'),
('19.588.834-5', 'CAMILA', 'ROMO ', 'ROMO', '123', 4, '2022-03-09 13:51:38', 0, 'ACTIVO', '', '', 313.0546, 0, '', 0, 'GF'),
('19.589.178-8', 'GERALDINE ARLETTE', 'CONCHA', 'CARDENAS', 'geo', 4, '0000-00-00 00:00:00', 0, 'ACTIVO', '', '', 54, 0, '', 0, 'GF'),
('19.592.042-7', 'IVAN', 'CORTEZ ', 'FUENTES', '123', 4, '0000-00-00 00:00:00', 0, 'ACTIVO', '', '', 756.0004, 0, '', 0, 'GF'),
('19.592.606-9', 'JOSE', 'MENESES', '', '123', 4, '2024-01-02 21:20:10', 0, 'ACTIVO', '', '', 765.006, 0, '', 0, 'GF'),
('19.592.665-4', 'JACQUELINE GABRIELA DOMINIC', 'MOLINA', 'LARA', 'geo', 4, '0000-00-00 00:00:00', 0, 'ACTIVO', '', '', 53.007, 0, '', 0, 'GF'),
('19.679.344-5', 'NICOLAS ESTEBAN', 'DELSO', 'CORTES', '123', 4, '2023-11-29 11:42:03', 0, 'ACTIVO', '', '', 670.0019, 0, '', 0, 'GF'),
('19.680.553-2', 'CAROLINA ', 'QUIJADA', 'LOPEZ', '123', 4, '2022-12-30 18:35:03', 0, 'ACTIVO', '', '', 541.0029, 0, '', 0, 'GF'),
('19.773.401-9', 'VICTORIA', 'PALOME', 'MONTENEGRO', 'geo', 4, '2021-01-05 12:10:24', 0, 'ACTIVO', '', '', 99.0021, 0, '', 0, 'GF'),
('19.792.768-2', 'VANIA', 'MENARES', 'CASTRO', '123', 4, '0000-00-00 00:00:00', 0, 'ACTIVO', '', '', 770.0002, 0, '', 0, 'GF'),
('19.830.041-1', 'JORGE MARIO', 'YAÑEZ', '', 'geo', 4, '0000-00-00 00:00:00', 0, 'ACTIVO', '', '', 116.0001, 0, '', 0, 'GF'),
('19.851.205-2', 'BRANDON LUCAS', 'MUÑOZ', 'MARTINEZ', '123', 4, '0000-00-00 00:00:00', 0, 'ACTIVO', '', '', 405.0013, 0, '', 0, 'GF'),
('19.851.806-9', 'MISAEL ANDRES', 'DURAN', 'BECERRA', '123', 4, '0000-00-00 00:00:00', 0, 'ACTIVO', '', '', 610.0023, 0, '', 0, 'GF'),
('19.853.631-8', 'VICENTE', 'ROJAS', 'ROJAS', 'geo', 4, '2021-02-25 10:27:43', 0, 'ACTIVO', '', '', 190, 0, '', 0, 'GF'),
('19.853.697-0', 'CRISTIAN ', 'ALONSO ', 'MALIQUEO', '123', 4, '0000-00-00 00:00:00', 0, 'ACTIVO', '', '', 579.0018, 0, '', 0, 'GF'),
('19.865.970-3', 'ALEXIS', 'PARRAGUEZ', 'GUAJARDO', 'geo', 4, '0000-00-00 00:00:00', 0, 'ACTIVO', '', '', 197, 0, '', 0, 'GF'),
('19.876.256-3', 'JAVIERA', 'PEREIRA', 'DIAZ', 'geo', 4, '0000-00-00 00:00:00', 0, 'ACTIVO', '', '', 164, 0, '', 0, 'GF'),
('19.914.453-7', 'CAMILA LETICIA', 'GONZALEZ', 'MALDONADO', '123', 4, '0000-00-00 00:00:00', 0, 'ACTIVO', '', '', 875.0039, 0, '', 0, 'GF'),
('19.985.199-3', 'JOSE LUIS', 'OYANEDEL', 'FERNANDEZ', '123', 4, '2022-06-14 10:43:40', 0, 'ACTIVO', '', '', 413.0112, 0, '', 0, 'GF'),
('19.987.792-5', 'EMELLY PATRICIA', 'CABEZAS', 'JORQUERA', '123', 4, '2021-12-14 11:13:55', 0, 'ACTIVO', '', '', 89.0031, 0, '', 0, 'GF'),
('19.987.810-7', 'JOSELIN ANDREA', 'REYES', 'CARREÑO', '123', 4, '0000-00-00 00:00:00', 0, 'ACTIVO', '', '', 59, 0, '', 0, 'GF'),
('19.987.940-5', 'VALENTINA', 'OLAVE', '', '123', 4, '2022-10-06 16:43:23', 0, 'ACTIVO', '', '', 268.0383, 0, '', 0, 'GF'),
('19.991.461-8', 'DAMARIS ANDREA', 'RIQUELME', 'FIGUEROA', '123', 4, '0000-00-00 00:00:00', 0, 'ACTIVO', '', '', 57.0001, 0, '', 0, 'GF'),
('20.028.147-0', 'PABLINA ', 'PASTENES ', 'PEREZ', '123', 4, '0000-00-00 00:00:00', 0, 'ACTIVO', '', '', 355.0042, 0, '', 0, 'GF'),
('20.057.790-6', 'LEYLA', 'SAEZ', 'BAHAMONDES', '123', 4, '2021-12-28 19:39:33', 0, 'ACTIVO', '', '', 277.0112, 0, '', 0, 'GF'),
('20.133.010-6', 'PEDRO', 'MONTENEGRO', '', '123', 4, '2021-12-05 13:56:56', 0, 'ACTIVO', '', '', 270.0039, 0, '', 0, 'GF'),
('20.177.729-1', 'SEBASTIÁN PATRICIO', 'VOCAR', 'OLIVARES', '123', 4, '2023-12-13 21:39:52', 0, 'ACTIVO', '', '', 549.0185, 0, '', 0, 'GF'),
('20.179.191-K', 'LUIS ALBERTO', 'LAGOS', 'OSORIO', '123', 4, '0000-00-00 00:00:00', 0, 'ACTIVO', '', '', 870.0032, 0, '', 0, 'GF'),
('20.180.019-6', 'KATHERINE ANDREA', 'HUENUMAN', 'CABELLO', '123', 4, '2024-03-10 12:37:16', 0, 'ACTIVO', '', '', 874.0017, 0, '', 0, 'GF'),
('20.185.438-5', 'DANIELA', 'LEIVA', '', '123', 4, '2021-12-03 21:03:41', 0, 'ACTIVO', '', '', 279.0016, 0, '', 0, 'GF'),
('20.193.571-7', 'DANIELA BELEN', 'JIMENEZ', 'HUENCHUÑIR', 'geo', 4, '0000-00-00 00:00:00', 0, 'ACTIVO', '', '', 55.0039, 0, '', 0, 'GF'),
('20.214.847-6', 'ROCÍO BELÉN', ' PÉREZ ', 'VIDELA', '123', 4, '0000-00-00 00:00:00', 0, 'ACTIVO', '', '', 493.0014, 0, '', 0, 'GF'),
('20.263.314-5', 'MARCELO IGNACIO', 'DROGUETT', 'CASTILLO', '123', 4, '2024-07-30 22:59:42', 0, 'ACTIVO', '', '', 859.008, 0, '', 0, 'GF'),
('20.304.405-4', 'SCARLETH', 'MUÑOZ', 'CUBILLOS', '123', 4, '2022-12-15 16:27:17', 0, 'ACTIVO', '', '', 476.0084, 0, '', 0, 'GF'),
('20.304.495-4', 'SCARLETH', 'MUÑOZ', 'CUBILLOS', '123', 4, '0000-00-00 00:00:00', 0, 'ACTIVO', '', '', 475, 0, '', 0, 'GF'),
('20.304.699-5', 'REMIGIO GABRIEL', 'URZUA', 'HERNANDEZ', '123', 4, '2024-01-01 21:46:34', 0, 'ACTIVO', '', '', 382.0104, 0, '', 0, 'GF'),
('20.342.806-5', 'JUAN ANDRES', 'MONTEROS', 'PALACIOS', '123', 4, '0000-00-00 00:00:00', 0, 'ACTIVO', '', '', 393.0013, 0, '', 0, 'GF'),
('20.369.745-7', 'MANUEL', 'LARA', 'ACUÑA', 'geo', 4, '2021-03-20 09:09:30', 0, 'ACTIVO', '', '', 194.0073, 0, '', 0, 'GF'),
('20.370.369-4', 'SOLANGE ALMENDRA', 'GONZALEZ', 'GALAZ', '123', 4, '0000-00-00 00:00:00', 0, 'ACTIVO', '', '', 894.0001, 0, '', 0, 'GF'),
('20.370.677-4', 'ANTONIA', 'ACEVEDO', '', '123', 4, '0000-00-00 00:00:00', 0, 'ACTIVO', '', '', 575.0001, 0, '', 0, 'GF'),
('20.371.730-K', 'MIRIAM', 'RAMIREZ', 'LORCA', '123', 4, '2022-02-25 15:49:36', 0, 'ACTIVO', '', '', 337.0028, 0, '', 0, 'GF'),
('20.371.759-8', 'CATALINA FRANCISCA', 'MERCADO ', 'CANTILLANA ', '123', 4, '2023-02-09 12:28:02', 0, 'ACTIVO', '', '', 584.0026, 0, '', 0, 'GF'),
('20.372.751-8', 'DANIEL MAURICIO', 'HORTA', 'ARAO', 'geo', 4, '0000-00-00 00:00:00', 0, 'ACTIVO', '', '', 94, 0, '', 0, 'GF'),
('20.392.628-6', 'JUAN CRISTOBAL', 'LOPEZ ', 'FIGUEROA', '123', 4, '2022-01-15 21:36:37', 0, 'ACTIVO', '', '', 314.0045, 0, '', 0, 'GF'),
('20.444.143-K', 'ALEJANDRO', 'CERDA', 'ALCAFUZ', '123', 4, '2021-12-10 19:52:28', 0, 'ACTIVO', '', '', 288.0009, 0, '', 0, 'GF'),
('20.515.193-1', 'SCARLETH', 'FLORES', 'ORELLANA', 'geo', 4, '2020-12-21 13:15:44', 0, 'ACTIVO', '', '', 111.0008, 0, '', 0, 'GF'),
('20.524.736-K', 'KRISHNA AMAYA', 'AVILES', 'ARROYO', '123', 4, '0000-00-00 00:00:00', 0, 'ACTIVO', '', '', 661.0004, 0, '', 0, 'GF'),
('20.540.238-1', 'Ricardo Andres', 'Leiva', 'Fuentes', '123', 4, '0000-00-00 00:00:00', 0, 'ACTIVO', '', '', 886.0024, 0, '', 0, 'GF'),
('20.658.478-5', 'CRISTIAN ', 'SEPULVEDA', 'RUBIO', '123', 4, '0000-00-00 00:00:00', 0, 'ACTIVO', '', '', 786.0069, 0, '', 0, 'GF'),
('20.658.604-4', 'DEYANIRA', 'NUÑEZ', 'RETAMAL ', '123', 4, '0000-00-00 00:00:00', 0, 'ACTIVO', '', '', 715.0001, 0, '', 0, 'GF'),
('20.659.694-5', 'VALENTINA', 'LIZANA', '', '123', 4, '0000-00-00 00:00:00', 0, 'ACTIVO', '', '', 576.0039, 0, '', 0, 'GF'),
('20.661.805-1', 'CONSTANZA', 'REYES', 'MATUS', '123', 4, '2024-02-28 12:36:10', 0, 'ACTIVO', '', '', 822, 0, '', 0, 'GF'),
('20.837.439-7', 'DEBORA ESTER', 'MUÑOZ', 'JARA', '123', 4, '0000-00-00 00:00:00', 0, 'ACTIVO', '', '', 386.0001, 0, '', 0, 'GF'),
('20.853.111-5', 'FRANCHESCA', 'MORENO', 'MIRANDA', '123', 4, '0000-00-00 00:00:00', 0, 'ACTIVO', '', '', 726.0001, 0, '', 0, 'GF'),
('20.853.177-8', 'JESUS ALBERTO DANIEL', 'MELLA', 'VALENZUELA', 'geo', 4, '0000-00-00 00:00:00', 0, 'ACTIVO', '', '', 109, 0, '', 0, 'GF'),
('20.909.991-8', 'AGUSTIN IGNACIO', 'VON GELDERN', 'FARIAS', '123', 4, '0000-00-00 00:00:00', 0, 'ACTIVO', '', '', 509, 0, '', 0, 'GF'),
('20.941.739-1', 'ROCIO', 'BASTIAS', 'RIFFO', '123', 4, '2022-01-15 21:38:32', 0, 'ACTIVO', '', '', 307.0021, 0, '', 0, 'GF'),
('20.949.477-9', 'VANIA', 'CARRASCO', 'AHUMADA', '123', 4, '2024-02-23 18:55:23', 0, 'ACTIVO', '', '', 578.0115, 0, '', 0, 'GF'),
('20.993.305-5', 'ISABELLA CATALINA', 'CRUZ', 'BOZZO', '123', 4, '0000-00-00 00:00:00', 0, 'ACTIVO', '', '', 889.0022, 0, '', 0, 'GF'),
('21.127.016-0', 'SOL AMARU', 'SILVA', 'HERNÁNDEZ', '123', 4, '0000-00-00 00:00:00', 0, 'ACTIVO', '', '', 524.0105, 0, '', 0, 'GF'),
('21.130.111-2', 'JHON', 'RIVEROS', 'MARABOLI', '123', 4, '2023-12-30 21:42:34', 0, 'ACTIVO', '', '', 752.0025, 0, '', 0, 'GF'),
('21.138.623-1', 'PATRICIO', 'VALENZUELA', '', '123', 4, '0000-00-00 00:00:00', 0, 'ACTIVO', '', '', 727.0002, 0, '', 0, 'GF'),
('21.165.075-3', 'CRISTOPHER', 'LUDUEÑA', '', '123', 4, '0000-00-00 00:00:00', 0, 'ACTIVO', '', '', 301.0038, 0, '', 0, 'GF'),
('21.175.493-1', 'DENISSE', 'MUÑOZ', 'LOPEZ', '123', 4, '0000-00-00 00:00:00', 0, 'ACTIVO', '', '', 725.0001, 0, '', 0, 'GF'),
('21.181.137-4', 'MARTIN', 'PAVEZ', 'CÁCERES', '123', 4, '2023-12-28 11:12:50', 0, 'ACTIVO', '', '', 539.0053, 0, '', 0, 'GF'),
('21.186.942-9', 'NAYARETH', 'ESCOBEDO', '', '123', 4, '0000-00-00 00:00:00', 0, 'ACTIVO', '', '', 744.0026, 0, '', 0, 'GF'),
('21.210.033-1', 'FRANCISCO', 'CHAVEZ', '', '123', 4, '0000-00-00 00:00:00', 0, 'ACTIVO', '', '', 292.0074, 0, '', 0, 'GF'),
('21.213.945-9', 'LUIS ', 'NUÑEZ', 'CORNEJO', '123', 4, '2023-12-09 09:39:19', 0, 'ACTIVO', '', '', 735, 0, '', 0, 'GF'),
('21.245.969-0', 'CARLA ', 'REINOSO', 'PEREZ', '123', 4, '2024-02-02 12:53:40', 0, 'ACTIVO', '', '', 787.0009, 0, '', 0, 'GF'),
('21.245.969-6', 'CARLA ', 'REINOSO', 'PEREZ', '123', 4, '0000-00-00 00:00:00', 0, 'ACTIVO', '', '', 766, 0, '', 0, 'GF'),
('21.254.885-5', 'CARLA', 'VIDAL', 'MEYA', '123', 4, '0000-00-00 00:00:00', 0, 'ACTIVO', '', '', 535.0016, 0, '', 0, 'GF'),
('21.269.577-7', 'FRANCISCO ', 'LEON ', 'CANALES', '123', 4, '0000-00-00 00:00:00', 0, 'ACTIVO', '', '', 762, 0, '', 0, 'GF'),
('21.287.762-k', 'ARIAN', 'LOBOS', 'BUSTOS', '123', 4, '2021-12-11 12:55:29', 0, 'ACTIVO', '', '', 291.0118, 0, '', 0, 'GF'),
('21.366.470-0', 'DEMIAN EDUARDO', 'GARCES', 'COBARRUBIAS', '123', 4, '0000-00-00 00:00:00', 0, 'ACTIVO', '', '', 508.0017, 0, '', 0, 'GF'),
('21.371.730-K', 'MIRIAM', 'RAMIREZ', 'LORCA', '123', 4, '0000-00-00 00:00:00', 0, 'INACTIVO', '', '', 336, 0, '', 0, 'GF'),
('21.401.690-7', 'ALAN SAMUEL', 'ALVAREZ', 'SILVA', '123', 4, '2022-11-14 15:14:08', 0, 'ACTIVO', '', '', 303.0028, 0, '', 0, 'GF'),
('21.428.093-0', 'NADIA', 'JIMENEZ', 'VILLAROEL', '123', 4, '0000-00-00 00:00:00', 0, 'ACTIVO', '', '', 750.0024, 0, '', 0, 'GF'),
('21.508.041-2', 'ELISEO', 'IGLESIAS', '', '123', 4, '2023-10-15 00:47:05', 0, 'ACTIVO', '', '', 300.0004, 0, '', 0, 'GF'),
('21.589.256-5', 'VALENTINA AURORA', 'ESPINOZA', 'ULLOA', '123', 4, '0000-00-00 00:00:00', 0, 'ACTIVO', '', '', 843.0045, 0, '', 0, 'GF'),
('21.653.051-9', 'Matilda', 'Salinas', 'Moya ', '123', 4, '0000-00-00 00:00:00', 0, 'ACTIVO', '', '', 751.0008, 0, '', 0, 'GF'),
('21.663.511-6', 'PATRICIO', 'SOTO', 'ORTUZAR', '123', 4, '2022-12-07 19:25:21', 0, 'ACTIVO', '', '', 531.006, 0, '', 0, 'GF'),
('21.706.948-3', 'CAROLAINE', 'MUÑOZ ', 'ZANZANA', '123', 4, '0000-00-00 00:00:00', 0, 'ACTIVO', '', '', 811.0041, 0, '', 0, 'GF'),
('21.773.017-1', 'IXIA', 'ELMEZ', 'ZAMORANO', '123', 4, '2024-01-02 17:31:45', 0, 'ACTIVO', '', '', 759.0016, 0, '', 0, 'GF'),
('21.854.839-3', 'ALAN', 'SALAZAR', 'VERGARA', '123', 4, '2024-01-05 18:44:32', 0, 'ACTIVO', '', '', 716.0031, 0, '', 0, 'GF'),
('21.984.996-6', 'VANESSA NICOLE', 'PROLEON', 'CANAHUIRE', '123', 4, '0000-00-00 00:00:00', 0, 'ACTIVO', '', '', 572.0019, 0, '', 0, 'GF'),
('22.222.222-2', 'INVITADO', '.', '.', '123', 4, '2024-10-24 01:26:46', 0, 'ACTIVO', '', '', 34.0334, 0, '', 0, 'GF'),
('23.113.969-9', 'Patrik', 'Acuña', 'Alfaro', '123', 4, '0000-00-00 00:00:00', 0, 'ACTIVO', '', '', 741.0001, 0, '', 0, 'GF'),
('25.725.546-8', 'KATHERINE', 'HERNANDEZ', '', '123', 4, '2023-01-28 12:14:50', 0, 'ACTIVO', '', '', 574.0034, 0, '', 0, 'GF'),
('25.794.491-3', 'MELISA', 'TESEN', 'REYES', '1234', 4, '0000-00-00 00:00:00', 0, 'ACTIVO', '', '', 513.0054, 0, '', 0, 'GF'),
('25.996.124-6', 'MIGUEL', 'DESOUSA', '', '123', 4, '2024-01-08 08:37:47', 0, 'ACTIVO', '', '', 768.0015, 0, '', 0, 'GF'),
('27.013.790-3', 'PEDRO', 'RAMOS', 'NUÑEZ', '123', 4, '0000-00-00 00:00:00', 0, 'INACTIVO', '', '', 503.0036, 0, '', 0, 'GF'),
('7.572.140-4', 'ADOLFO', 'FERNANDEZ', 'SILVA', '123', 4, '2022-10-24 11:47:21', 0, 'ACTIVO', '', '', 187.0001, 0, '', 0, 'GF'),
('9.784.920-K', 'MARCO ANTONIO', 'ZUÑIGA', 'ESPINA', '123', 4, '0000-00-00 00:00:00', 0, 'ACTIVO', '', '', 278.0014, 0, '', 0, 'GF'),
('ANIBAL', 'ANIBAL', 'VASQUEZ', 'VILLAGRAN', '123', 2, '2023-10-31 14:02:49', 0, 'ACTIVO', '', '', 0, 0, '', 0, 'GF'),
('contegf', 'JORGE', 'INOSTROZA', '', '123', 4, '0000-00-00 00:00:00', 0, 'ACTIVO', '', '', 518.0018, 0, '', 0, 'GF'),
('contenedor', 'INGLOBO', 'CHILE', '', '123', 4, '2023-03-30 18:07:40', 0, 'ACTIVO', '', '', 456.0038, 0, '', 0, 'GF'),
('cproceso1', 'CONTROL PROCESO', 'GEOAGRO MORZA', '', '123', 4, '2022-12-19 11:28:35', 0, 'ACTIVO', '', '', 491.0022, 0, '', 0, 'GF'),
('geoagro', 'GEOAGRO.', '.', '.', 'geoagro123', 7, '2022-10-04 13:26:13', 0, 'ACTIVO', '', '', 0, 0, '', 0, 'GF'),
('geofrut', 'geofrut', 'geo', 'geo', 'geo2019', 5, '2024-10-18 08:18:22', 3, 'BLOQUEADO', 'PAULA.TOBAR02@GMAIL.COM', '', 0.0001, 0, '', 0, 'GF'),
('gerenciageo', 'GEOFRUT', '.', '.', 'geo2019', 9, '2022-10-04 13:26:00', 0, 'ACTIVO', '', '', 0, 0, '', 0, 'GF'),
('gfhuerto', 'HUERTO', '.', '.', '123', 10, '2022-09-20 09:39:21', 0, 'ACTIVO', '', '', 8, 0, '', 0, 'GF'),
('ingloboadmin', 'ADMIN', 'GEO', '', 'admin1234', 2, '2024-10-23 11:04:23', 0, 'ACTIVO', 'PAULA.TOBAR02@GMAIL.COM', '985112933', 5.0001, 0, '', 0, 'GF'),
('pantallageo', 'PANTALLA', '', '', 'pantalla', 9, '2023-11-20 17:52:43', 0, 'ACTIVO', '', '', 662, 0, '', 0, 'GF'),
('plantageoser', 'MARIA', 'JOSE', 'CORDOVA', '123', 4, '2023-11-14 11:56:29', 0, 'ACTIVO', '', '', 329.0011, 0, '', 0, 'GF'),
('pruebacont', 'PRUEBAS', 'CONTENEDORES', '', '123', 4, '2023-12-12 12:54:10', 0, 'ACTIVO', '', '', 713.0008, 0, '', 0, 'GF'),
('pruebagf', 'PRUEBA ', 'GF', '', '123', 4, '2024-10-18 18:13:07', 0, 'ACTIVO', '', '', 500.0016, 0, '', 0, 'GF'),
('satelitegeo', 'CONTENEDORES', 'SATELITE', 'GEOFRUT', '123', 4, '2024-01-19 17:43:03', 0, 'ACTIVO', '', '', 537.0056, 0, '', 0, 'GF'),
('testigo1', 'USUARIO CAJAS', 'TESTIGO', '', '123', 4, '2023-11-08 16:17:28', 0, 'ACTIVO', '', '', 663.0284, 0, '', 0, 'GF'),
('testigo2', 'USUARIO CAJAS', 'TESTIGO', '', '123', 4, '0000-00-00 00:00:00', 0, 'ACTIVO', '', '', 664.0464, 0, '', 0, 'GF');

-- --------------------------------------------------------

--
-- Estructura de tabla para la tabla `sys_usuario_login_especial`
--

CREATE TABLE `sys_usuario_login_especial` (
  `id` int(11) NOT NULL,
  `usuario_rut` varchar(12) DEFAULT NULL,
  `productor_id` varchar(100) NOT NULL,
  `packing_id` varchar(100) NOT NULL
) ENGINE=MyISAM DEFAULT CHARSET=latin1;

--
-- Volcado de datos para la tabla `sys_usuario_login_especial`
--

INSERT INTO `sys_usuario_login_especial` (`id`, `usuario_rut`, `productor_id`, `packing_id`) VALUES
(1, 'benelario', '785', ''),
(2, 'benelario', '3', ''),
(4, 'benelario', '884', ''),
(5, 'benelario', '580', ''),
(6, 'benelario', '413', ''),
(8, 'benelario', '109', ''),
(9, 'tolentino', '212', ''),
(10, 'tolentino', '11', ''),
(11, 'tolentino', '51', ''),
(12, 'tolentino', '121', ''),
(13, 'fruticola', '206', ''),
(14, 'fruticola', '176', ''),
(15, 'fruticola', '104', ''),
(16, 'fruticola', '704', ''),
(17, 'fruticola', '181', ''),
(18, 'fruticola', '804', ''),
(22, 'nicolas', '7', ''),
(21, 'cabrini', '500', ''),
(23, 'peppi', '110', ''),
(24, 'peppi', '60', ''),
(25, 'ombu', '933', ''),
(26, 'acacios', '927', ''),
(27, 'nicolas', '599', ''),
(28, 'cabrini', '285', ''),
(29, 'cabrini', '287', ''),
(30, 'cabrini', '286', ''),
(31, 'cabrini', '288', ''),
(32, 'cabrini', '289', ''),
(33, 'cabrini', '9', ''),
(34, 'cabrini', '492', ''),
(35, 'ranchoblanco', '25', ''),
(37, 'oasis', '920', ''),
(38, 'alpeshuerto', '285', ''),
(39, 'alpeshuerto', '287', ''),
(40, 'alpeshuerto', '286', ''),
(41, 'alpeshuerto', '288', ''),
(42, 'alpeshuerto', '289', ''),
(43, 'alpeshuerto', '9', ''),
(44, 'alpeshuerto', '492', ''),
(45, 'alpeshuerto', '500', ''),
(46, 'losalpes', '286', ''),
(47, 'losalpes', '287', ''),
(48, 'losalpes', '288', ''),
(49, 'losalpes', '289', ''),
(50, 'losalpes', '285', ''),
(51, 'losalpes', '492', ''),
(52, 'losalpes', '500', ''),
(53, 'losalpes', '9', ''),
(54, 'exsering', '4512', ''),
(55, 'exsering', '4421', ''),
(56, 'exser', '4512', ''),
(57, 'exser', '4421', ''),
(58, 'exser', '4501', ''),
(59, 'exsering', '4501', ''),
(60, 'geoagro', 'GF_108', ''),
(61, 'geoagro', 'GF_195', ''),
(62, 'geoagro', 'GF_206', ''),
(63, 'geoagro', 'GF_235', ''),
(64, 'geoagro', 'GF_245', ''),
(65, 'cabrini2', '501', ''),
(66, 'cabrini2', '501.', ''),
(67, 'cabrini2', '502', ''),
(68, 'cabrini2', '503', ''),
(69, 'cabrini2', '504', ''),
(70, 'geohuerto', 'GF_108', ''),
(71, 'geohuerto', 'GF_195', ''),
(72, 'geohuerto', 'GF_206', ''),
(74, 'geohuerto', 'GF_235', ''),
(75, 'geohuerto', 'GF_245', ''),
(76, 'gfhuerto', 'GF_108', ''),
(77, 'gfhuerto', 'GF_195', ''),
(78, 'gfhuerto', 'GF_206', ''),
(79, 'gfhuerto', 'GF_235', ''),
(80, 'gfhuerto', 'GF_245', ''),
(81, 'cabrini', '501', ''),
(82, 'cabrini', '502', ''),
(83, 'cabrini', '503', ''),
(84, 'cabrini', '504', ''),
(86, 'cabrini', '888', ''),
(87, '22.222.222-2', 'GF_375', ''),
(88, 'acacios', '946', ''),
(89, 'acacios', '928', ''),
(94, 'benelario', '6', '');

--
-- Índices para tablas volcadas
--

--
-- Indices de la tabla `cal_cajas`
--
ALTER TABLE `cal_cajas`
  ADD PRIMARY KEY (`caja_id`);

--
-- Indices de la tabla `cal_cajas_det`
--
ALTER TABLE `cal_cajas_det`
  ADD PRIMARY KEY (`cajas_det_id`),
  ADD KEY `caja_id` (`caja_id`);

--
-- Indices de la tabla `cal_cajas_firmeza`
--
ALTER TABLE `cal_cajas_firmeza`
  ADD PRIMARY KEY (`id_firmeza`);

--
-- Indices de la tabla `cal_cajas_fotos`
--
ALTER TABLE `cal_cajas_fotos`
  ADD PRIMARY KEY (`id_foto`);

--
-- Indices de la tabla `cal_caja_brix_fruto`
--
ALTER TABLE `cal_caja_brix_fruto`
  ADD PRIMARY KEY (`id`);

--
-- Indices de la tabla `cal_caja_calibre`
--
ALTER TABLE `cal_caja_calibre`
  ADD PRIMARY KEY (`caja_id_calibre`);

--
-- Indices de la tabla `cal_caja_causal`
--
ALTER TABLE `cal_caja_causal`
  ADD PRIMARY KEY (`cal_caja_causal_id`);

--
-- Indices de la tabla `cal_caja_peso_fijo`
--
ALTER TABLE `cal_caja_peso_fijo`
  ADD PRIMARY KEY (`id`);

--
-- Indices de la tabla `cal_caja_peso_fruto`
--
ALTER TABLE `cal_caja_peso_fruto`
  ADD PRIMARY KEY (`id`);

--
-- Indices de la tabla `cal_caja_peso_fruto_as`
--
ALTER TABLE `cal_caja_peso_fruto_as`
  ADD PRIMARY KEY (`id_peso_as`);

--
-- Indices de la tabla `cal_caja_pla_huerto`
--
ALTER TABLE `cal_caja_pla_huerto`
  ADD PRIMARY KEY (`caja_id`);

--
-- Indices de la tabla `cal_calibre`
--
ALTER TABLE `cal_calibre`
  ADD PRIMARY KEY (`calibre_id`);

--
-- Indices de la tabla `cal_checklist`
--
ALTER TABLE `cal_checklist`
  ADD PRIMARY KEY (`check_id`);

--
-- Indices de la tabla `cal_checklist_embarque`
--
ALTER TABLE `cal_checklist_embarque`
  ADD PRIMARY KEY (`id_embarque`);

--
-- Indices de la tabla `cal_checklist_mantencion`
--
ALTER TABLE `cal_checklist_mantencion`
  ADD PRIMARY KEY (`id_mantencion`);

--
-- Indices de la tabla `cal_checklist_recepcion`
--
ALTER TABLE `cal_checklist_recepcion`
  ADD PRIMARY KEY (`id_recepcion`);

--
-- Indices de la tabla `cal_checklist_transporte`
--
ALTER TABLE `cal_checklist_transporte`
  ADD PRIMARY KEY (`id_check_transporte`);

--
-- Indices de la tabla `cal_clasificacion`
--
ALTER TABLE `cal_clasificacion`
  ADD PRIMARY KEY (`clasificacion_id`);

--
-- Indices de la tabla `cal_contenedor`
--
ALTER TABLE `cal_contenedor`
  ADD PRIMARY KEY (`id_contenedor`);

--
-- Indices de la tabla `cal_defectos`
--
ALTER TABLE `cal_defectos`
  ADD PRIMARY KEY (`id_defecto`);

--
-- Indices de la tabla `cal_detalle_exportador_especie`
--
ALTER TABLE `cal_detalle_exportador_especie`
  ADD PRIMARY KEY (`detalle_id`);

--
-- Indices de la tabla `cal_detalle_packing_especie`
--
ALTER TABLE `cal_detalle_packing_especie`
  ADD PRIMARY KEY (`detalle_id`);

--
-- Indices de la tabla `cal_embalaje`
--
ALTER TABLE `cal_embalaje`
  ADD PRIMARY KEY (`embalaje_cod`);

--
-- Indices de la tabla `cal_especies`
--
ALTER TABLE `cal_especies`
  ADD PRIMARY KEY (`especie_id`);

--
-- Indices de la tabla `cal_etiqueta`
--
ALTER TABLE `cal_etiqueta`
  ADD PRIMARY KEY (`etiqueta_cod`);

--
-- Indices de la tabla `cal_exportadoras`
--
ALTER TABLE `cal_exportadoras`
  ADD PRIMARY KEY (`exportador_cod`);

--
-- Indices de la tabla `cal_filtros`
--
ALTER TABLE `cal_filtros`
  ADD PRIMARY KEY (`filtro_id`);

--
-- Indices de la tabla `cal_filtros_insp`
--
ALTER TABLE `cal_filtros_insp`
  ADD PRIMARY KEY (`id_filtros_insp`);

--
-- Indices de la tabla `cal_filtros_menu`
--
ALTER TABLE `cal_filtros_menu`
  ADD PRIMARY KEY (`id_filtros_menu`);

--
-- Indices de la tabla `cal_fotos`
--
ALTER TABLE `cal_fotos`
  ADD PRIMARY KEY (`id_fotos`);

--
-- Indices de la tabla `cal_norma`
--
ALTER TABLE `cal_norma`
  ADD PRIMARY KEY (`norma_id`);

--
-- Indices de la tabla `cal_norma_detalle`
--
ALTER TABLE `cal_norma_detalle`
  ADD PRIMARY KEY (`norma_detalle_id`);

--
-- Indices de la tabla `cal_packing`
--
ALTER TABLE `cal_packing`
  ADD PRIMARY KEY (`packing_id`);

--
-- Indices de la tabla `cal_parametros`
--
ALTER TABLE `cal_parametros`
  ADD PRIMARY KEY (`id_parametro`);

--
-- Indices de la tabla `cal_parametros_planilla`
--
ALTER TABLE `cal_parametros_planilla`
  ADD PRIMARY KEY (`parametros_planilla_id`);

--
-- Indices de la tabla `cal_planilla_defectos`
--
ALTER TABLE `cal_planilla_defectos`
  ADD PRIMARY KEY (`id_planilla_defecto`);

--
-- Indices de la tabla `cal_planilla_especie`
--
ALTER TABLE `cal_planilla_especie`
  ADD PRIMARY KEY (`planilla_id`);

--
-- Indices de la tabla `cal_planilla_inspeccion`
--
ALTER TABLE `cal_planilla_inspeccion`
  ADD PRIMARY KEY (`pi_folio`);

--
-- Indices de la tabla `cal_productores`
--
ALTER TABLE `cal_productores`
  ADD PRIMARY KEY (`productor_id`);

--
-- Indices de la tabla `cal_productores_cuartel`
--
ALTER TABLE `cal_productores_cuartel`
  ADD PRIMARY KEY (`id_cuartel`);

--
-- Indices de la tabla `cal_productores_sdp`
--
ALTER TABLE `cal_productores_sdp`
  ADD PRIMARY KEY (`id_sdp`);

--
-- Indices de la tabla `cal_tipo_packing`
--
ALTER TABLE `cal_tipo_packing`
  ADD PRIMARY KEY (`tipo_packing_id`);

--
-- Indices de la tabla `cal_variedades`
--
ALTER TABLE `cal_variedades`
  ADD PRIMARY KEY (`variedad_id`);

--
-- Indices de la tabla `cal_zona`
--
ALTER TABLE `cal_zona`
  ADD PRIMARY KEY (`zona_id`);

--
-- Indices de la tabla `cliente_tablet`
--
ALTER TABLE `cliente_tablet`
  ADD PRIMARY KEY (`id`);

--
-- Indices de la tabla `detalle_validar`
--
ALTER TABLE `detalle_validar`
  ADD PRIMARY KEY (`id_detalle_validar`);

--
-- Indices de la tabla `powerbi`
--
ALTER TABLE `powerbi`
  ADD PRIMARY KEY (`id_power`);

--
-- Indices de la tabla `productor_reporte`
--
ALTER TABLE `productor_reporte`
  ADD PRIMARY KEY (`id`);

--
-- Indices de la tabla `pro_norma_detalle`
--
ALTER TABLE `pro_norma_detalle`
  ADD PRIMARY KEY (`id_norma_detalle`);

--
-- Indices de la tabla `pro_norma_detalle_parametro`
--
ALTER TABLE `pro_norma_detalle_parametro`
  ADD PRIMARY KEY (`id_detalle`);

--
-- Indices de la tabla `pro_norma_plantilla`
--
ALTER TABLE `pro_norma_plantilla`
  ADD PRIMARY KEY (`norma_id`);

--
-- Indices de la tabla `pro_planilla_control`
--
ALTER TABLE `pro_planilla_control`
  ADD PRIMARY KEY (`folio_planilla`);

--
-- Indices de la tabla `pro_planilla_datos`
--
ALTER TABLE `pro_planilla_datos`
  ADD PRIMARY KEY (`planilla_id`);

--
-- Indices de la tabla `pro_planilla_dia`
--
ALTER TABLE `pro_planilla_dia`
  ADD PRIMARY KEY (`id_planilla_dia`);

--
-- Indices de la tabla `pro_planilla_proceso_dia`
--
ALTER TABLE `pro_planilla_proceso_dia`
  ADD PRIMARY KEY (`id_planilla_proceso_dia`);

--
-- Indices de la tabla `sys_cliente`
--
ALTER TABLE `sys_cliente`
  ADD PRIMARY KEY (`cliente_id`);

--
-- Indices de la tabla `sys_detalle_cliente_programas`
--
ALTER TABLE `sys_detalle_cliente_programas`
  ADD PRIMARY KEY (`detalle_id`),
  ADD KEY `cliente_id` (`cliente_id`),
  ADD KEY `programa_id` (`programa_id`);

--
-- Indices de la tabla `sys_programas`
--
ALTER TABLE `sys_programas`
  ADD PRIMARY KEY (`programa_id`);

--
-- Indices de la tabla `sys_sesion`
--
ALTER TABLE `sys_sesion`
  ADD PRIMARY KEY (`id_sesion`);

--
-- Indices de la tabla `sys_sincro_sistema`
--
ALTER TABLE `sys_sincro_sistema`
  ADD PRIMARY KEY (`id`);

--
-- Indices de la tabla `sys_sincro_sistema_contenedores`
--
ALTER TABLE `sys_sincro_sistema_contenedores`
  ADD PRIMARY KEY (`id`);

--
-- Indices de la tabla `sys_tipo_usuario`
--
ALTER TABLE `sys_tipo_usuario`
  ADD PRIMARY KEY (`id_tipousuario`);

--
-- Indices de la tabla `sys_usuario`
--
ALTER TABLE `sys_usuario`
  ADD PRIMARY KEY (`usuario_rut`),
  ADD KEY `id_tipousuario` (`id_tipousuario`);

--
-- Indices de la tabla `sys_usuario_login_especial`
--
ALTER TABLE `sys_usuario_login_especial`
  ADD PRIMARY KEY (`id`);

--
-- AUTO_INCREMENT de las tablas volcadas
--

--
-- AUTO_INCREMENT de la tabla `cal_cajas_firmeza`
--
ALTER TABLE `cal_cajas_firmeza`
  MODIFY `id_firmeza` int(11) NOT NULL AUTO_INCREMENT, AUTO_INCREMENT=988775;

--
-- AUTO_INCREMENT de la tabla `cal_caja_brix_fruto`
--
ALTER TABLE `cal_caja_brix_fruto`
  MODIFY `id` int(11) NOT NULL AUTO_INCREMENT;

--
-- AUTO_INCREMENT de la tabla `cal_caja_peso_fijo`
--
ALTER TABLE `cal_caja_peso_fijo`
  MODIFY `id` int(11) NOT NULL AUTO_INCREMENT;

--
-- AUTO_INCREMENT de la tabla `cal_caja_peso_fruto`
--
ALTER TABLE `cal_caja_peso_fruto`
  MODIFY `id` int(11) NOT NULL AUTO_INCREMENT, AUTO_INCREMENT=181863;

--
-- AUTO_INCREMENT de la tabla `cal_caja_peso_fruto_as`
--
ALTER TABLE `cal_caja_peso_fruto_as`
  MODIFY `id_peso_as` int(11) NOT NULL AUTO_INCREMENT, AUTO_INCREMENT=312;

--
-- AUTO_INCREMENT de la tabla `cal_caja_pla_huerto`
--
ALTER TABLE `cal_caja_pla_huerto`
  MODIFY `caja_id` int(11) NOT NULL AUTO_INCREMENT, AUTO_INCREMENT=14;

--
-- AUTO_INCREMENT de la tabla `cal_calibre`
--
ALTER TABLE `cal_calibre`
  MODIFY `calibre_id` int(11) NOT NULL AUTO_INCREMENT, AUTO_INCREMENT=3427;

--
-- AUTO_INCREMENT de la tabla `cal_clasificacion`
--
ALTER TABLE `cal_clasificacion`
  MODIFY `clasificacion_id` int(11) NOT NULL AUTO_INCREMENT, AUTO_INCREMENT=390;

--
-- AUTO_INCREMENT de la tabla `cal_contenedor`
--
ALTER TABLE `cal_contenedor`
  MODIFY `id_contenedor` int(11) NOT NULL AUTO_INCREMENT;

--
-- AUTO_INCREMENT de la tabla `cal_defectos`
--
ALTER TABLE `cal_defectos`
  MODIFY `id_defecto` int(11) NOT NULL AUTO_INCREMENT, AUTO_INCREMENT=5100;

--
-- AUTO_INCREMENT de la tabla `cal_detalle_exportador_especie`
--
ALTER TABLE `cal_detalle_exportador_especie`
  MODIFY `detalle_id` int(11) NOT NULL AUTO_INCREMENT, AUTO_INCREMENT=15;

--
-- AUTO_INCREMENT de la tabla `cal_detalle_packing_especie`
--
ALTER TABLE `cal_detalle_packing_especie`
  MODIFY `detalle_id` int(11) NOT NULL AUTO_INCREMENT, AUTO_INCREMENT=549;

--
-- AUTO_INCREMENT de la tabla `cal_especies`
--
ALTER TABLE `cal_especies`
  MODIFY `especie_id` int(11) NOT NULL AUTO_INCREMENT, AUTO_INCREMENT=235;

--
-- AUTO_INCREMENT de la tabla `cal_etiqueta`
--
ALTER TABLE `cal_etiqueta`
  MODIFY `etiqueta_cod` int(11) NOT NULL AUTO_INCREMENT, AUTO_INCREMENT=182;

--
-- AUTO_INCREMENT de la tabla `cal_filtros`
--
ALTER TABLE `cal_filtros`
  MODIFY `filtro_id` int(11) NOT NULL AUTO_INCREMENT, AUTO_INCREMENT=1120;

--
-- AUTO_INCREMENT de la tabla `cal_filtros_insp`
--
ALTER TABLE `cal_filtros_insp`
  MODIFY `id_filtros_insp` int(11) NOT NULL AUTO_INCREMENT, AUTO_INCREMENT=20;

--
-- AUTO_INCREMENT de la tabla `cal_filtros_menu`
--
ALTER TABLE `cal_filtros_menu`
  MODIFY `id_filtros_menu` int(11) NOT NULL AUTO_INCREMENT, AUTO_INCREMENT=178;

--
-- AUTO_INCREMENT de la tabla `cal_fotos`
--
ALTER TABLE `cal_fotos`
  MODIFY `id_fotos` int(11) NOT NULL AUTO_INCREMENT, AUTO_INCREMENT=2404;

--
-- AUTO_INCREMENT de la tabla `cal_norma`
--
ALTER TABLE `cal_norma`
  MODIFY `norma_id` int(11) NOT NULL AUTO_INCREMENT, AUTO_INCREMENT=422;

--
-- AUTO_INCREMENT de la tabla `cal_norma_detalle`
--
ALTER TABLE `cal_norma_detalle`
  MODIFY `norma_detalle_id` int(11) NOT NULL AUTO_INCREMENT, AUTO_INCREMENT=26642;

--
-- AUTO_INCREMENT de la tabla `cal_parametros`
--
ALTER TABLE `cal_parametros`
  MODIFY `id_parametro` int(11) NOT NULL AUTO_INCREMENT, AUTO_INCREMENT=278;

--
-- AUTO_INCREMENT de la tabla `cal_parametros_planilla`
--
ALTER TABLE `cal_parametros_planilla`
  MODIFY `parametros_planilla_id` int(11) NOT NULL AUTO_INCREMENT, AUTO_INCREMENT=1815;

--
-- AUTO_INCREMENT de la tabla `cal_planilla_defectos`
--
ALTER TABLE `cal_planilla_defectos`
  MODIFY `id_planilla_defecto` int(11) NOT NULL AUTO_INCREMENT, AUTO_INCREMENT=16894;

--
-- AUTO_INCREMENT de la tabla `cal_planilla_especie`
--
ALTER TABLE `cal_planilla_especie`
  MODIFY `planilla_id` int(11) NOT NULL AUTO_INCREMENT, AUTO_INCREMENT=359;

--
-- AUTO_INCREMENT de la tabla `cal_productores_cuartel`
--
ALTER TABLE `cal_productores_cuartel`
  MODIFY `id_cuartel` int(11) NOT NULL AUTO_INCREMENT;

--
-- AUTO_INCREMENT de la tabla `cal_productores_sdp`
--
ALTER TABLE `cal_productores_sdp`
  MODIFY `id_sdp` int(11) NOT NULL AUTO_INCREMENT;

--
-- AUTO_INCREMENT de la tabla `cal_tipo_packing`
--
ALTER TABLE `cal_tipo_packing`
  MODIFY `tipo_packing_id` int(11) NOT NULL AUTO_INCREMENT, AUTO_INCREMENT=27;

--
-- AUTO_INCREMENT de la tabla `cal_variedades`
--
ALTER TABLE `cal_variedades`
  MODIFY `variedad_id` int(11) NOT NULL AUTO_INCREMENT, AUTO_INCREMENT=1640;

--
-- AUTO_INCREMENT de la tabla `cal_zona`
--
ALTER TABLE `cal_zona`
  MODIFY `zona_id` int(11) NOT NULL AUTO_INCREMENT, AUTO_INCREMENT=37;

--
-- AUTO_INCREMENT de la tabla `cliente_tablet`
--
ALTER TABLE `cliente_tablet`
  MODIFY `id` int(11) NOT NULL AUTO_INCREMENT, AUTO_INCREMENT=3;

--
-- AUTO_INCREMENT de la tabla `detalle_validar`
--
ALTER TABLE `detalle_validar`
  MODIFY `id_detalle_validar` int(11) NOT NULL AUTO_INCREMENT;

--
-- AUTO_INCREMENT de la tabla `powerbi`
--
ALTER TABLE `powerbi`
  MODIFY `id_power` int(11) NOT NULL AUTO_INCREMENT;

--
-- AUTO_INCREMENT de la tabla `productor_reporte`
--
ALTER TABLE `productor_reporte`
  MODIFY `id` int(11) NOT NULL AUTO_INCREMENT, AUTO_INCREMENT=1258983;

--
-- AUTO_INCREMENT de la tabla `pro_norma_detalle`
--
ALTER TABLE `pro_norma_detalle`
  MODIFY `id_norma_detalle` int(11) NOT NULL AUTO_INCREMENT, AUTO_INCREMENT=545;

--
-- AUTO_INCREMENT de la tabla `pro_norma_detalle_parametro`
--
ALTER TABLE `pro_norma_detalle_parametro`
  MODIFY `id_detalle` int(11) NOT NULL AUTO_INCREMENT, AUTO_INCREMENT=73;

--
-- AUTO_INCREMENT de la tabla `pro_norma_plantilla`
--
ALTER TABLE `pro_norma_plantilla`
  MODIFY `norma_id` int(11) NOT NULL AUTO_INCREMENT, AUTO_INCREMENT=18;

--
-- AUTO_INCREMENT de la tabla `pro_planilla_datos`
--
ALTER TABLE `pro_planilla_datos`
  MODIFY `planilla_id` int(11) NOT NULL AUTO_INCREMENT;

--
-- AUTO_INCREMENT de la tabla `pro_planilla_proceso_dia`
--
ALTER TABLE `pro_planilla_proceso_dia`
  MODIFY `id_planilla_proceso_dia` int(11) NOT NULL AUTO_INCREMENT;

--
-- AUTO_INCREMENT de la tabla `sys_detalle_cliente_programas`
--
ALTER TABLE `sys_detalle_cliente_programas`
  MODIFY `detalle_id` int(11) NOT NULL AUTO_INCREMENT, AUTO_INCREMENT=19;

--
-- AUTO_INCREMENT de la tabla `sys_programas`
--
ALTER TABLE `sys_programas`
  MODIFY `programa_id` int(11) NOT NULL AUTO_INCREMENT, AUTO_INCREMENT=4;

--
-- AUTO_INCREMENT de la tabla `sys_sincro_sistema`
--
ALTER TABLE `sys_sincro_sistema`
  MODIFY `id` int(11) NOT NULL AUTO_INCREMENT, AUTO_INCREMENT=137;

--
-- AUTO_INCREMENT de la tabla `sys_sincro_sistema_contenedores`
--
ALTER TABLE `sys_sincro_sistema_contenedores`
  MODIFY `id` int(11) NOT NULL AUTO_INCREMENT;

--
-- AUTO_INCREMENT de la tabla `sys_tipo_usuario`
--
ALTER TABLE `sys_tipo_usuario`
  MODIFY `id_tipousuario` int(11) NOT NULL AUTO_INCREMENT, AUTO_INCREMENT=13;

--
-- AUTO_INCREMENT de la tabla `sys_usuario_login_especial`
--
ALTER TABLE `sys_usuario_login_especial`
  MODIFY `id` int(11) NOT NULL AUTO_INCREMENT, AUTO_INCREMENT=95;

--
-- Restricciones para tablas volcadas
--

--
-- Filtros para la tabla `cal_cajas_det`
--
ALTER TABLE `cal_cajas_det`
  ADD CONSTRAINT `cal_cajas_det_ibfk_1` FOREIGN KEY (`caja_id`) REFERENCES `cal_cajas` (`caja_id`);

--
-- Filtros para la tabla `sys_detalle_cliente_programas`
--
ALTER TABLE `sys_detalle_cliente_programas`
  ADD CONSTRAINT `sys_detalle_cliente_programas_ibfk_1` FOREIGN KEY (`cliente_id`) REFERENCES `sys_cliente` (`cliente_id`),
  ADD CONSTRAINT `sys_detalle_cliente_programas_ibfk_2` FOREIGN KEY (`programa_id`) REFERENCES `sys_programas` (`programa_id`);

--
-- Filtros para la tabla `sys_usuario`
--
ALTER TABLE `sys_usuario`
  ADD CONSTRAINT `sys_usuario_ibfk_1` FOREIGN KEY (`id_tipousuario`) REFERENCES `sys_tipo_usuario` (`id_tipousuario`);
COMMIT;

/*!40101 SET CHARACTER_SET_CLIENT=@OLD_CHARACTER_SET_CLIENT */;
/*!40101 SET CHARACTER_SET_RESULTS=@OLD_CHARACTER_SET_RESULTS */;
/*!40101 SET COLLATION_CONNECTION=@OLD_COLLATION_CONNECTION */;
