CREATE TABLE `cal_tipo_packing` (
  `tipo_packing_id` int(11) NOT NULL,
  `tipo_packing_nombre` varchar(50) DEFAULT NULL,
  `cliente_id` varchar(100) DEFAULT NULL
) ENGINE=InnoDB DEFAULT CHARSET=latin1;

--
-- Volcado de datos para la tabla `cal_tipo_packing`
--

INSERT INTO `cal_tipo_packing` (`tipo_packing_id`, `tipo_packing_nombre`, `cliente_id`) VALUES
(1, 'PACKING AMERICANO', 'RB'),
(2, 'PACKING CONVENCIONAL', 'RB'),
(3, 'PACKING CONVENCIONAL', 'GF'),
(4, 'PACKING AMERICANO', 'EX'),
(5, 'PACKING CONVENCIONAL', 'EX'),
(6, 'PACKING CONVENCIONAL', 'LZ'),
(7, 'PACKING CONVENCIONAL', 'ASJ'),
(8, 'PACKING CONVENCIONAL', 'TR'),
(9, 'PACKING CONVENCIONAL', 'CT'),
(10, 'PACKING CONVENCIONAL', 'MA'),
(11, 'PACKING CONVENCIONAL', 'PR'),
(12, 'PACKING CONVENCIONAL', 'SF'),
(13, 'PACKING CONVENCIONAL', 'PG'),
(14, 'PACKING CONVENCIONAL', 'LL'),
(15, 'PACKING CONVENCIONAL', 'AS'),
(16, 'PACKING CONVENCIONAL', 'QE'),
(17, 'PACKING AMERICANO', 'RBM'),
(18, 'PACKING CONVENCIONAL', 'RBM'),
(19, 'UNIDAD DE PRODUCCION', 'RBM'),
(20, 'PACKING CONVENCIONAL', 'AGRSUR'),
(21, 'PACKING AMERICANO', 'AF'),
(22, 'PACKING CONVENCIONAL', 'AF'),
(23, 'PACKING CONVENCIONAL', 'SUN'),
(24, 'CONVENCIONAL', 'PV');

-- --------------------------------------------------------

--
-- Estructura de tabla para la tabla `cal_variedades`
--

CREATE TABLE `cal_variedades` (
  `variedad_id` int(11) NOT NULL,
  `variedad_cod` varchar(50) DEFAULT NULL,
  `variedad_nombre` varchar(100) DEFAULT NULL,
  `especie_id` int(11) DEFAULT NULL,
  `cliente_id` varchar(100) DEFAULT NULL
) ENGINE=InnoDB DEFAULT CHARSET=latin1;

--
-- Volcado de datos para la tabla `cal_variedades`
--

INSERT INTO `cal_variedades` (`variedad_id`, `variedad_cod`, `variedad_nombre`, `especie_id`, `cliente_id`) VALUES
(2, '3', 'SUGRAONE', 11, 'RB'),
(3, '8', 'BING', 21, 'RB'),
(4, '16', 'BROOKS', 21, 'RB'),
(5, '13', 'CELESTE', 21, 'RB'),
(6, '23', 'CRISTALINA', 21, 'RB'),
(7, '30', 'GARNET', 21, 'RB'),
(8, '40', 'GLEN RED', 21, 'RB'),
(9, '10', 'LAMBERT', 21, 'RB'),
(10, '9', 'LAPINS', 21, 'RB'),
(11, '31', 'LATE  MARIA', 21, 'RB'),
(12, '12', 'NEW STAR', 21, 'RB'),
(13, '17', 'RAINIER', 21, 'RB'),
(14, '34', 'REGINA', 21, 'RB'),
(15, '41', 'RITA', 21, 'RB'),
(16, '32', 'ROYAL DOWN', 21, 'RB'),
(17, '33', 'RUBY', 21, 'RB'),
(18, '19', 'SAM', 21, 'RB'),
(19, '29', 'SANTINA', 21, 'RB'),
(20, '35', 'SOMMERSET', 21, 'RB'),
(21, '28', 'SONATA', 21, 'RB'),
(22, '11', 'STELLA', 21, 'RB'),
(23, '24', 'SUMMIT', 21, 'RB'),
(24, '21', 'SWEET HEART', 21, 'RB'),
(25, '4', 'VAN', 21, 'RB'),
(26, '18', 'KORDIA', 21, 'RB'),
(27, '47', 'TULARE', 21, 'RB'),
(28, '4', 'THOMPSON SEEDLESS', 11, 'RB'),
(29, '7', 'BLACK SEEDLESS', 11, 'RB'),
(32, '14', 'RED GLOBE', 11, 'RB'),
(33, '42', 'CRIMSON SEEDLESS', 11, 'RB'),
(34, '44', 'PERLON', 11, 'RB'),
(37, '48', 'AUTUMN ROYAL', 11, 'RB'),
(41, '68', 'CANDY HEARTS™-IFG NINETEEN', 11, 'RB'),
(43, '74', 'TIMCO™-SHEEGENE 13', 11, 'RB'),
(45, '75', 'SWEET JUBILEE™-IFG FIVE', 11, 'RB'),
(47, '78', 'SWEET SAPPHIRE™-IFG SIX', 11, 'RB'),
(49, '80', 'SWEET CELEBRATION™-IFG THREE', 11, 'RB'),
(51, '83', 'KRISSY™-SHEEGENE 12', 11, 'RB'),
(53, '84', 'MAGENTA™- SHEEGENE 3', 11, 'RB'),
(55, '86', 'ARRA SWEETIES™', 11, 'RB'),
(57, '87', 'COTTON CANDY™-IFG SEVEN', 11, 'RB'),
(62, '93', 'SWEET JOY™-IFG SEVENTEEN', 11, 'RB'),
(64, '94', 'SWEET FAVORS™-IFG SIXTEEN', 11, 'RB'),
(66, '102', 'MELODY™-BLAGRATWO', 11, 'RB'),
(68, '133', 'ARRA PASSION FIRE™', 11, 'RB'),
(70, '122', 'JACK`S SALUTE™-IFG NINE', 11, 'RB'),
(72, '123', 'SWEET GLOBE™-IFG TEN', 11, 'RB'),
(74, '124', 'CANDY SNAPS™-IFG TWENTY-ONE', 11, 'RB'),
(76, '125', 'GREAT GREEN™-SHEEGENE 17', 11, 'RB'),
(78, '126', 'IVORY™-SHEEGENE 21', 11, 'RB'),
(80, '85', 'ALLISON™-SHEEGENE 20', 11, 'RB'),
(85, '134', 'ARRA PASSION GLOW™', 11, 'RB'),
(87, '2', 'FLAME SEEDLESS', 11, 'RB'),
(89, '37', 'SILVIA', 21, 'RB'),
(90, '22', 'SKEENA', 21, 'RB'),
(91, 'GF_01', 'SUPERIOR', 2, 'GF'),
(92, 'GF_02', 'SUGRAONE', 2, 'GF'),
(93, 'GF_03', 'AUTUMN ROYAL', 2, 'GF'),
(94, 'GF_04', 'BLACK SEEDLESS', 2, 'GF'),
(95, 'GF_05', 'CRIMSON SEEDLESS', 2, 'GF'),
(96, 'GF_06', 'FLAME SEEDLESS', 2, 'GF'),
(97, 'GF_07', 'MOSCATEL SEEDLESS', 2, 'GF'),
(98, 'GF_08', 'RED GLOBE', 2, 'GF'),
(99, 'GF_09', 'RUBY SEEDLESS', 2, 'GF'),
(100, 'GF_10', 'THOMPSON SEEDLESS', 2, 'GF'),
(101, 'EX1', 'CRIMSON', 22, 'EX'),
(102, 'EX2', 'RED GLOBE', 22, 'EX'),
(103, 'EX3', 'THOMPSON SDLS', 22, 'EX'),
(104, 'EX4', 'TIMCO', 22, 'EX'),
(105, '2', '116', 82, 'RB'),
(106, '4', 'ACCO', 82, 'RB'),
(107, '1', 'WONDERFUL', 82, 'RB'),
(108, 'GF_11', 'TIMCO', 2, 'GF'),
(109, 'GF_12', 'SWEET CELEBRATION', 2, 'GF'),
(110, '1', 'HAYWARD', 41, 'RB'),
(111, '3', 'MORIA', 36, 'RB'),
(112, '4', 'OKITSU', 36, 'RB'),
(113, '2', 'ORRI', 36, 'RB'),
(114, '1', 'W. MURCOTT', 36, 'RB'),
(115, '3', 'FUKUMOTO', 27, 'RB'),
(116, '2', 'LANE LATE', 27, 'RB'),
(117, '1', 'NAVEL LATE', 27, 'RB'),
(118, '5', 'PARENT WASHINGTON', 27, 'RB'),
(119, '4', 'SPRING NAVEL', 27, 'RB'),
(120, 'GF_13', 'ALLISON', 2, 'GF'),
(121, 'GF_14', 'KRISSY', 2, 'GF'),
(122, 'GF_15', 'TIMPSON', 2, 'GF'),
(123, 'GF_16', 'MELODY', 2, 'GF'),
(124, 'GF_17', 'SWEET GLOBE', 2, 'GF'),
(125, 'LZ_05', 'CRIMSON SEEDLESS', 3, 'LZ'),
(126, 'LZ_08', 'RED GLOBE', 3, 'LZ'),
(127, 'LZ_02', 'SUGRAONE', 3, 'LZ'),
(128, 'SCR', 'SUGAR CRISP - IFG ELEVEN', 1, 'ASJ'),
(129, 'SUG', 'SUPERIOR SEEDLESS - SUGRAONE', 1, 'ASJ'),
(130, 'SGL', 'SWEET GLOBE - IFG TEN', 1, 'ASJ'),
(131, 'CRI', 'CRIMSON SEEDLESS', 1, 'ASJ'),
(132, 'SCE', 'SWEET CELEBRATION - IFG THREE', 1, 'ASJ'),
(133, 'SFA', 'SWEET FAVOR - IFG SIXTEEN', 1, 'ASJ'),
(134, 'SJO', 'SWEET JOY - IFG SEVENTEEN', 1, 'ASJ'),
(135, 'SSA', 'SWEET SAPPHIRE - IFG SIX', 1, 'ASJ'),
(136, 'MAY', 'INIA GRAPE ONE - MAYLEN', 1, 'ASJ'),
(137, 'RGB', 'RED GLOBE', 1, 'ASJ'),
(138, 'GF_18', '01BING', 4, 'GF'),
(139, 'GF_19', 'BROOKS', 4, 'GF'),
(140, 'GF_20', 'BING', 4, 'GF'),
(141, 'GF_21', 'CELESTE', 4, 'GF'),
(142, 'GF_22', 'CRISTALINA', 4, 'GF'),
(143, 'GF_23', 'GLEN RED', 4, 'GF'),
(144, 'GF_24', 'KORDIA', 4, 'GF'),
(145, 'GF_25', 'LAMBERT', 4, 'GF'),
(146, 'GF_26', 'LAPINS', 4, 'GF'),
(147, 'GF_27', 'RAINIER', 4, 'GF'),
(148, 'GF_28', 'ROYAL DAWN', 4, 'GF'),
(149, 'GF_29', 'REGINA', 4, 'GF'),
(150, 'GF_30', 'ROYAL RAINIER', 4, 'GF'),
(151, 'GF_31', 'SANTINA', 4, 'GF'),
(152, 'GF_32', 'SWEET HEART', 4, 'GF'),
(153, 'GF_33', 'SKEENA', 4, 'GF'),
(154, 'GF_34', 'STELLA', 4, 'GF'),
(155, 'GF_35', 'SUNBURST', 4, 'GF'),
(156, 'GF_36', 'SUMMIT', 4, 'GF'),
(157, 'GF_37', 'SUPERIOR', 4, 'GF'),
(158, 'GF_38', 'SYLVIA', 4, 'GF'),
(159, 'GF_39', 'VAN', 4, 'GF'),
(160, 'GF_40', 'ANGELENO AC', 5, 'GF'),
(161, 'GF_81', 'SNOW GIANT', 6, 'GF'),
(162, 'GF_41', 'ANGELENO', 5, 'GF'),
(163, 'GF_42', 'AUTUMN PRIDE', 5, 'GF'),
(164, 'GF_43', 'BLACK AMBER', 5, 'GF'),
(165, 'GF_44', 'BLUE GIANT', 5, 'GF'),
(166, 'GF_45', 'BLUE GUSTO', 5, 'GF'),
(167, 'GF_46', 'BLACK HEART', 5, 'GF'),
(168, 'GF_47', 'BIG KAT', 5, 'GF'),
(169, 'GF_48', 'CANDY STRIPE', 5, 'GF'),
(170, 'GF_49', 'DAGEN', 5, 'GF'),
(171, 'GF_50', 'DEEP BLUE', 5, 'GF'),
(172, 'GF_51', 'DAPPLE DELIGHT', 5, 'GF'),
(173, 'GF_52', 'FALLETE', 5, 'GF'),
(174, 'GF_53', 'FORTUNE', 5, 'GF'),
(175, 'GF_54', 'FRIAR', 5, 'GF'),
(176, 'GF_55', 'HAPPY GIANT', 5, 'GF'),
(177, 'GF_56', 'BLACK KAT', 5, 'GF'),
(178, 'GF_57', 'JOHN W', 5, 'GF'),
(179, 'GF_58', 'LAETITTIA', 5, 'GF'),
(180, 'GF_59', 'LARRY ANNE', 5, 'GF'),
(181, 'GF_60', 'LETICIA', 5, 'GF'),
(182, 'GF_61', 'NUBIANA', 5, 'GF'),
(183, 'GF_62', 'OWENT', 5, 'GF'),
(184, 'GF_63', 'PINK DELIGHT', 5, 'GF'),
(185, 'GF_64', 'RED GRANADE', 5, 'GF'),
(186, 'GF_65', 'RED HEART', 5, 'GF'),
(187, 'GF_66', 'CRIMSON FALL', 5, 'GF'),
(188, 'GF_67', 'RR1', 5, 'GF'),
(189, 'GF_68', 'SAPHIRE', 5, 'GF'),
(190, 'GF_69', 'SUGAR PLUMS', 5, 'GF'),
(191, 'GF_70', 'AUGUST PRINCESS', 6, 'GF'),
(192, 'GF_71', 'CROWN PRINCESS', 6, 'GF'),
(193, 'GF_72', 'CAL RED', 6, 'GF'),
(194, 'GF_73', 'DIAMOND PRINCESS', 6, 'GF'),
(195, 'GF_74', 'ELEGANT LADY', 6, 'GF'),
(196, 'GF_75', 'EARLY RICH', 6, 'GF'),
(197, 'GF_76', 'FLAVOR CREST', 6, 'GF'),
(199, 'GF_78', 'OHENRY', 6, 'GF'),
(200, 'GF_79', 'ROYAL GLORY', 6, 'GF'),
(201, 'GF_80', 'RICH LADY', 6, 'GF'),
(202, 'GF_82', 'SNOW KING', 6, 'GF'),
(203, 'GF_83', 'SWEET SEPTEMBER', 6, 'GF'),
(204, 'GF_84', 'DU-88', 6, 'GF'),
(205, 'GF_85', 'ZEE LADY', 6, 'GF'),
(206, 'GF_86', 'HAYWARD AC', 7, 'GF'),
(207, 'GF_87', 'HAYWARD', 7, 'GF'),
(208, 'GF_88', 'GRANNY SMITH (AC)', 8, 'GF'),
(209, 'GF_89', 'BROOK FIELD (AC)', 8, 'GF'),
(210, 'GF_90', 'BROOK FIELD', 8, 'GF'),
(211, 'GF_91', 'ROYAL GALA (AC)', 8, 'GF'),
(212, 'GF_92', 'GALAXY', 8, 'GF'),
(213, 'GF_93', 'GRANNY SMITH', 8, 'GF'),
(214, 'GF_94', 'GALA PREMIUM AC', 8, 'GF'),
(215, 'GF_95', 'PINK LADY° C.V. CRIPPS PINK', 12, 'GF'),
(216, 'GF_96', 'ROYAL GALA', 8, 'GF'),
(217, 'GF_97', 'ROSY GLOW', 8, 'GF'),
(218, 'GF_98', 'SCARLETT', 8, 'GF'),
(219, 'GF_99', 'GALAXY (AC)', 8, 'GF'),
(220, 'GF_100', 'NE-269', 9, 'GF'),
(221, 'GF_101', 'NE-289', 9, 'GF'),
(222, 'GF_102', 'AUGUST BRIGHT', 9, 'GF'),
(223, 'GF_103', 'ARTIC GLO', 9, 'GF'),
(224, 'GF_104', 'ARTIC MIST', 9, 'GF'),
(225, 'GF_105', 'ANDESNECUNO', 9, 'GF'),
(226, 'GF_106', 'ANDESNECDOS', 9, 'GF'),
(227, 'GF_107', 'ANDESNECTRES', 9, 'GF'),
(228, 'GF_108', 'ANDESNECCUATRO', 9, 'GF'),
(229, 'GF_109', 'AUGUST PEARL', 9, 'GF'),
(230, 'GF_110', 'AUGUST RED', 9, 'GF'),
(231, 'GF_111', 'ARCTIC SNOW', 9, 'GF'),
(232, 'GF_112', 'BRIGHT PEARL', 9, 'GF'),
(233, 'GF_113', 'CANATRAN', 9, 'GF'),
(234, 'GF_114', 'FIESTA', 9, 'GF'),
(235, 'GF_115', 'GIANT PEARL', 9, 'GF'),
(236, 'GF_116', 'HONEY BLAZE', 9, 'GF'),
(237, 'GF_117', 'ISI WHITE', 9, 'GF'),
(238, 'GF_118', 'JULY RED', 9, 'GF'),
(239, 'GF_119', 'LATE LE GRAND', 9, 'GF'),
(240, 'GF_120', 'MAGIQUE', 9, 'GF'),
(241, 'GF_121', 'MAGNUM RED', 9, 'GF'),
(242, 'GF_122', 'NE-98', 9, 'GF'),
(243, 'GF_123', 'ORION', 9, 'GF'),
(244, 'GF_124', 'RED DREAM', 9, 'GF'),
(245, 'GF_125', 'ROYAL GLO', 9, 'GF'),
(246, 'GF_126', 'RED JIM', 9, 'GF'),
(247, 'GF_127', 'RUBY DIAMOND', 9, 'GF'),
(248, 'GF_128', 'SUPER AUGUST', 9, 'GF'),
(249, 'GF_129', 'SUMMER DIAMOND', 9, 'GF'),
(250, 'GF_130', 'SEPTEMBER BRIGHT', 9, 'GF'),
(251, 'GF_131', 'SUPER QUEEN', 9, 'GF'),
(252, 'GF_132', 'SUMMER BRIGHT', 9, 'GF'),
(253, 'GF_133', 'VENUS', 9, 'GF'),
(254, 'GF_134', 'PACKHAMS AC', 10, 'GF'),
(255, 'GF_135', 'PACKHAMS', 10, 'GF'),
(256, '257', 'DAPPLE DANDY', 5, 'GF'),
(257, '257', 'DAPPLE DANDY', 5, 'GF'),
(258, 'GF_140', 'BING B', 4, 'GF'),
(259, 'GF_141', 'SOMERSET', 4, 'GF'),
(260, 'TR_01', 'SANTINA', 83, 'TR'),
(261, 'TR_02', 'KORDIA', 83, 'TR'),
(262, 'TR_03', 'STACCATO', 83, 'TR'),
(263, 'TR_04', 'LAPINS', 83, 'TR'),
(264, 'TR_05', 'SWEETHEART', 83, 'TR'),
(265, 'TR_06', 'REGINA', 83, 'TR'),
(274, 'NGFA', 'GAROFA', 9, 'GF'),
(275, 'NCTR', 'CANATRAN', 9, 'GF'),
(276, 'GF_140', 'SAM', 4, 'GF'),
(277, 'GF_140', 'SAM', 4, 'GF'),
(278, 'GF_150', 'GARCICA', 9, 'GF'),
(279, 'GF_151', 'GARDETA', 9, 'GF'),
(280, 'GF_152', 'LUCIANA', 9, 'GF'),
(281, 'GF_153', 'SPRING RED', 9, 'GF'),
(282, 'GF_154', 'PEARL PRINCESS', 6, 'GF'),
(283, 'GF_154', 'SCHNEIDER', 4, 'GF'),
(284, 'GF_155', 'RED DIAMOND', 9, 'GF'),
(285, 'GF_156', 'NE-308', 9, 'GF'),
(286, 'GF_157', 'GRAND BRIGHT', 9, 'GF'),
(287, 'GF_158', 'RUBY RED', 9, 'GF'),
(290, 'GF_159', 'ARTIC JAY', 9, 'GF'),
(291, 'GF_141', 'JULY PEARL', 9, 'GF'),
(292, 'GF_160', 'MAJISTIC PEARL', 9, 'GF'),
(293, 'GF_200', 'CANDY RED', 5, 'GF'),
(294, 'GF_161', 'ROBIN NEIL', 6, 'GF'),
(295, 'GF_86', 'ROSS PEACH', 6, 'GF'),
(296, 'GF_162', 'HONEY DIVA', 9, 'GF'),
(297, '43', 'CRIMSON CH', 11, 'RB'),
(298, 'GF_162', 'KING WHITE', 9, 'GF'),
(299, 'GF_18', 'FIRE STAR (TM)  / ICON', 2, 'GF'),
(300, 'GF_164', 'JUNE PEARL', 9, 'GF'),
(301, 'GF_168', ' BLACK MAJESTIC', 5, 'GF'),
(302, 'GF_169', 'SWEET GIANT', 9, 'GF'),
(309, 'GF_170', 'SWEET CANDY', 5, 'GF'),
(310, 'DU_166', 'KAWEAH', 6, 'GF'),
(311, 'GF_190', 'RYAN SUN', 6, 'GF'),
(312, 'GF_70', 'DU-600', 6, 'GF'),
(313, 'GF_191', 'SEPTEMBER SUN', 6, 'GF'),
(314, 'GF_180', 'AUGUST GLO', 9, 'GF'),
(315, 'MA_01', 'RED DELICIOUS', 8, 'GF'),
(316, 'MA_02', 'CRIPPS PINK', 8, 'GF'),
(317, 'GF_180', 'SEPTEMBER YUMMY', 5, 'GF'),
(318, 'GF_71', 'SCARLET SNOW', 6, 'GF'),
(319, 'GF_19', 'MUSCAT BEAUTY', 2, 'GF'),
(320, 'GF_100', 'BUCKEYE', 8, 'GF'),
(321, '', 'GALA PREMIUM', 8, 'GF'),
(322, 'GF_80', 'FLAVOR SWEET', 5, 'GF'),
(323, 'MALO', 'FLAVOR SWEET', 5, 'GF'),
(324, 'MALO', 'FLAVOR SWEET', 5, 'GF'),
(325, 'MALO', 'FLAVOR SWEET', 5, 'GF'),
(327, 'MZ_01', 'ROYAL GALA', 84, 'CT'),
(328, 'MZ_02', 'GRANNY SMITH', 84, 'CT'),
(329, 'MZ_03', 'BROOKFIELD', 84, 'CT'),
(330, 'MZ_04', 'GALA PREMIUM', 84, 'CT'),
(331, 'MZ_05', 'GALAVAL', 84, 'CT'),
(332, 'MZ_06', 'PACIFIC GALA', 84, 'CT'),
(333, 'MZ_07', 'ULTRA RED GALA', 84, 'CT'),
(334, 'MZ_08', 'PINK LADY', 85, 'CT'),
(335, 'MZ_09', 'FUJI FUBRAX', 84, 'CT'),
(336, 'GF_200', '', 5, 'GF'),
(337, 'GF_96', 'PINK LADY C.V. CRIPPS PINK', 8, 'GF'),
(338, 'MZ_10', 'CRIPPS PINK', 85, 'CT'),
(339, 'MZ_11', 'ROSY GLOW', 85, 'CT'),
(340, 'GF_201', 'ROSY GLOW', 12, 'GF'),
(341, 'MZ_12', 'FUJI RAKU', 84, 'CT'),
(342, 'MZ_13', 'BRAEBURN', 84, 'CT'),
(343, 'CE_01', 'BING', 86, 'CT'),
(344, 'CE_02', 'BROOKS', 86, 'CT'),
(345, 'CE_03', 'KORDIA', 86, 'CT'),
(346, 'CE_04', 'LAPINS', 86, 'CT'),
(347, 'CE_05', 'RAINIER', 86, 'CT'),
(348, 'CE_06', 'REGINA', 86, 'CT'),
(349, 'CE_07', 'SHNEIDER', 86, 'CT'),
(350, 'CE_08', 'SKEENA', 86, 'CT'),
(351, 'CE_09', 'STELLA', 86, ''),
(352, 'CE_09', 'STELLA', 86, 'CT'),
(353, 'CE_10', 'SUMMIT', 86, 'CT'),
(354, 'CE_11', 'SUNBURST', 86, 'CT'),
(355, 'CE_12', 'SWEET HEART', 86, 'CT'),
(356, 'CE_13', 'VAN', 86, 'CT'),
(357, 'CE_14', 'NEW STAR', 86, 'CT'),
(358, 'MA_01', 'VAN', 88, 'MA'),
(359, 'MA_02', 'BROOKS', 88, 'MA'),
(360, 'MA_03', 'ROYAL DAWN', 88, 'MA'),
(361, 'MA_04', 'LAPINS', 88, 'MA'),
(362, 'MA_05', 'BING ', 88, 'MA'),
(363, 'MA_06', 'RAINIER', 88, 'MA'),
(364, 'MA_07', 'SANTINA', 88, 'MA'),
(365, 'DU_01', 'SNOW GIANT', 89, 'LZ'),
(366, 'DU_02', 'RICH LADY', 89, 'LZ'),
(367, 'DU_03', 'ROYAL GLORY', 89, 'LZ'),
(368, 'DU_04', 'ZEE LADY', 89, 'LZ'),
(369, 'CE_15', 'BLACK TARTARIAN', 86, 'CT'),
(370, 'CE_16', 'C-15', 86, 'CT'),
(371, 'CE_17', 'DANNONAY', 86, 'CT'),
(372, 'CE_18', 'LATE MARIA', 86, 'CT'),
(373, 'CE_19', 'ROYAL DAWN', 86, 'CT'),
(374, 'CE_20', 'SAM', 86, 'CT'),
(375, 'CE_21', 'SANTINA', 86, 'CT'),
(376, 'CE_22', 'SYLVIA', 86, 'CT'),
(377, 'CE_23', 'TULARE', 86, 'CT'),
(378, 'CE_24', 'CRISTALINA', 86, 'CT'),
(379, 'CE_25', 'GLEN RED', 86, 'CT'),
(380, 'AUC', 'AUTUMN CRISP', 1, 'ASJ'),
(381, 'GF_156', 'ROYAL LEE', 4, 'GF'),
(382, 'GF_0002', 'FRISCO', 4, 'GF'),
(383, 'GF_500', 'TULARE', 4, 'GF'),
(384, 'GF_500', 'TULARE', 4, 'GF'),
(385, 'MA_8', 'NEW STAR', 88, 'MA'),
(386, 'ITU5', 'ITUM 5', 1, 'ASJ'),
(387, 'ITU9', 'ITUM 9', 1, 'ASJ'),
(388, 'GF_200', 'BRITTNEY LANE', 6, 'GF'),
(389, '02', 'ROYAL EDIE', 4, 'GF'),
(390, 'DU_01', 'BRITNEY LANE', 90, 'CT'),
(391, 'DU_15', 'CROWN PRINCESS', 90, 'CT'),
(392, 'DU_03', 'EARLY BEAUTY', 90, 'CT'),
(393, 'DU_04', 'ELEGANT LADY', 90, 'CT'),
(394, 'DU_05', 'EARLY RICH', 90, 'CT'),
(395, 'DU_06', 'LINDO', 90, 'CT'),
(396, 'DU_07', 'O HENRY', 90, 'CT'),
(397, 'DU_08', 'RICH LADY', 90, 'CT'),
(398, 'DU_09', 'ROBIN NEIL', 90, 'CT'),
(399, 'DU_10', 'ROYAL GLORY', 90, 'CT'),
(400, 'DU_11', 'RICH MAY', 90, 'CT'),
(401, 'DU_12', 'SPRING CREST', 90, 'CT'),
(402, 'DU_13', 'SWEET SEPTEMBER', 90, 'CT'),
(403, 'DU_14', 'ZEE LADY', 90, 'CT'),
(404, 'NEC_01', 'ANDESNEC1', 92, 'CT'),
(405, 'NEC_02', 'ANDESNEC3', 92, 'CT'),
(406, 'NEC_03', 'ANDESNEC4', 92, 'CT'),
(407, 'NEC_04', 'AUGUST FIRE', 92, 'CT'),
(408, 'NEC_05', 'AUGUST GLO', 92, 'CT'),
(409, 'NEC_06', 'AUGUST RED', 92, 'CT'),
(410, 'NEC_07', 'ARTIC MIST', 92, 'CT'),
(411, 'NEC_08', 'ARTIC SNOW', 92, 'CT'),
(412, 'NEC_09', 'AUGUST PEARL', 92, 'CT'),
(413, 'NEC_10', 'BIG BOY', 92, 'CT'),
(414, 'NEC_11', 'BRIGHT PEARL ', 92, 'CT'),
(415, 'NEC_12', 'EARLY JUAN', 92, 'CT'),
(416, 'NEC_13', 'FAIR LANE', 92, 'CT'),
(417, 'NEC_14', 'GIANT PEARL', 92, 'CT'),
(418, 'NEC_15', 'ISI WHITE', 92, 'CT'),
(419, 'NEC_25', 'MAGIQUE', 92, 'CT'),
(420, 'NEC_16', 'NE98', 92, 'CT'),
(421, 'NEC_17', 'NECTARCREST', 92, 'CT'),
(422, 'NEC_18', 'NECTARIANE', 92, 'CT'),
(423, 'NEC_26', 'P.R.RED', 92, 'CT'),
(424, 'NEC_19', 'ROYAL GLO', 92, 'CT'),
(425, 'NEC_20', 'RED DIAMOND', 92, 'CT'),
(426, 'NEC_21', 'RED GLEN', 92, 'CT'),
(427, 'NEC_22', 'RUBY DIAMOND', 92, 'CT'),
(428, 'NEC_23', 'SUMMER BRITE', 92, 'CT'),
(429, 'NEC_24', 'SPRING BRITE', 92, 'CT'),
(430, 'NEC_27', 'SPRING RED', 92, 'CT'),
(431, 'NEC_28', 'SUPER AUGUST', 92, 'CT'),
(432, 'NEC_29', 'SUMMER BRIGHT', 92, 'CT'),
(433, 'NEC_30', 'SUMMER DIAMOND', 92, 'CT'),
(434, 'NEC_31', 'VENUS', 92, 'CT'),
(435, 'CI_01', 'AUTUMN BEAUT', 91, 'CT'),
(436, 'CI_02', 'ANGELENO', 91, 'CT'),
(437, 'CI_03', 'APPLUM', 91, 'CT'),
(438, 'CI_04', 'AUGUST YUMMY', 91, 'CT'),
(439, 'CI_05', 'AUTUMN PRIDE', 91, 'CT'),
(440, 'CI_06', 'AURORA', 91, 'CT'),
(441, 'CI_07', 'BLACK AMBAR', 91, 'CT'),
(442, 'CI_08', 'BLACK DIAMOND ', 91, 'CT'),
(443, 'CI_09', 'BLACK HEART', 91, 'CT'),
(444, 'CI_10', 'BLACK KAT', 91, 'CT'),
(445, 'CI_11', 'BLACK SPLENDOR', 91, 'CT'),
(446, 'CI_12', 'BLUE GUSTO', 91, 'CT'),
(447, 'CI_13', 'CRIMSONFALL ', 91, 'CT'),
(448, 'CI_14', 'CANDY STRIPE', 91, 'CT'),
(449, 'CI_15', 'DAPPLE DELIGHT', 91, 'CT'),
(450, 'CI_16', 'EARLY QUEEN', 91, 'CT'),
(451, 'CI_17', 'D ANGEN', 91, 'CT'),
(452, 'CI_18', 'EARLY QUEEN ', 91, 'CT'),
(453, 'CI_19', 'FLAVOR RICH', 91, 'CT'),
(454, 'CI_20', 'FORTUNE', 91, 'CT'),
(455, 'CI_21', 'FRIAR', 91, 'CT'),
(456, 'CI_22', 'HAPPY GIANT', 91, 'CT'),
(457, 'CI_23', 'HOWARD SUN', 91, 'CT'),
(458, 'CI_24', 'LARRY ANNE', 91, 'CT'),
(459, 'CI_25', 'LETICIA', 91, 'CT'),
(460, 'CI_26', 'OWEN T', 91, 'CT'),
(461, 'CI_27', 'PINK DELIGHT', 91, 'CT'),
(462, 'CI_28', 'RED HEART', 91, 'CT'),
(463, 'CI_29', 'ROYSUM', 91, 'CT'),
(464, 'CI_30', 'RR1', 91, 'CT'),
(465, 'CI_31', 'SUPLUMTHRTYSIX', 91, 'CT'),
(466, 'CI_32', 'SEPTEMBER YUMMY', 91, 'CT'),
(467, 'JST', 'JACKS SALUTE - IFG NINE', 1, 'ASJ'),
(468, 'MA_09', 'SAPPHIRE', 93, 'MA'),
(469, 'GF_203', 'WHITE  ANGEL', 9, 'GF'),
(470, 'GF_204', 'PERLICIUS V', 9, 'GF'),
(471, 'MA_10', 'BLACK AMBER', 93, 'MA'),
(472, 'GF_220', 'SWEET SNOW', 6, 'GF'),
(473, 'MA_11', 'KING BLACK ', 93, 'MA'),
(474, 'MA_12', 'BLACK KAT', 93, 'MA'),
(475, 'MA_12', 'BLACK KAT', 93, 'MA'),
(476, 'MA_13', 'BLACK BEAUT', 93, 'MA'),
(477, 'MA_14', 'AUTUMN PRIDE', 93, 'MA'),
(478, 'MA_15', 'AUTUMN GIAT', 88, 'MA'),
(479, 'MA_16', 'ANGELENO', 93, 'MA'),
(480, 'MA_17', 'BLUE GUSTO', 93, 'MA'),
(481, 'MA_18', 'CASSELMAN', 93, 'MA'),
(482, 'MA_19', 'CATALINA', 93, 'MA'),
(483, 'MA_20', 'D´AGEN', 93, 'MA'),
(484, 'MA_21', 'EARLY BEAUT', 93, 'MA'),
(485, 'MA_22', 'EARLY QUEEN', 93, 'MA'),
(486, 'MA_23', 'FLAVOR RICH', 93, 'MA'),
(487, 'MA_24', 'FORTUNE', 93, 'MA'),
(488, 'MA_25', 'FRIAR', 93, 'MA'),
(489, 'GF_205', 'YUMMY GIANT', 5, 'GF'),
(490, 'MALO', 'MALO', 5, 'GF'),
(491, 'GF_202', 'SWEET QUEEN', 9, 'GF'),
(492, 'GF_203', 'SWEET QUEEN', 9, 'GF'),
(493, 'MA_26', 'OWEN T', 93, 'MA'),
(494, 'GF_210', 'PEACE WHITE', 9, 'GF'),
(495, 'GF_211', 'FLAME KIST', 9, 'GF'),
(496, 'GF_220', 'CRIMSON DAWN', 5, 'GF'),
(497, '26U', 'RED SEEDLESS-GREEN SEEDLESS', 11, 'RB'),
(498, 'GF_207', 'SNOW SWEET ', 9, 'GF'),
(499, 'GF_212', 'FIRE PEARL', 9, 'GF'),
(500, 'MA_27', 'VENUS', 94, 'MA'),
(501, 'MA_28', 'LETICIA', 93, 'MA'),
(502, 'MA_29', 'HAPPY GIANT', 93, 'MA'),
(503, 'MA_30', 'ARCTIC SNOW', 94, 'MA'),
(504, 'NEC_32', 'NECTARIANE', 92, 'CT'),
(505, 'PR_01', 'D AGEN', 95, 'PR'),
(506, 'MA_31', 'LARRY ANNE', 93, 'MA'),
(507, 'MA_32', 'D AGEN', 96, 'MA'),
(508, 'NEC_33', 'NECTAJEWEL', 92, 'CT'),
(509, 'MA_33', 'BRIGTH PEARL', 94, 'MA'),
(510, 'MA_34', 'D ANJOU', 97, 'MA'),
(511, 'DA_01', 'D AGEN', 98, 'CT'),
(512, 'GF_20', 'ICON', 2, 'GF'),
(513, 'MA_35', 'HOSUI', 97, 'MA'),
(514, 'MA_36', 'LATE ROSA', 93, 'MA'),
(515, 'MA_37', 'OWENT', 93, 'MA'),
(516, 'MA_38', 'PINK DELIGHT', 93, 'MA'),
(517, 'GF_215', 'EARLY ANGELENO', 5, 'GF'),
(518, 'GF_216', 'FLAVOR HEART', 5, 'GF'),
(519, 'NEC_34', 'NE 269', 92, 'CT'),
(520, 'GF_42', 'CRIMSON KAT', 5, 'GF'),
(521, 'GF_47', 'SWEET GARNET', 5, 'GF'),
(522, 'GF_223', 'NE-215', 9, 'GF'),
(523, 'GF_224', 'AUTUMN ZEE', 6, 'GF'),
(524, 'MZ_14', 'GALA BUCKEYE', 84, 'CT'),
(525, 'PE_01', 'FORELLE', 99, 'CT'),
(526, 'PE_02', 'PACKHAM S TRIUMPH', 99, 'CT'),
(527, 'MA_39', 'DAWN SEEDLESS', 100, 'MA'),
(528, 'MA_40', 'MUSCAT SEEDLESS', 100, 'MA'),
(529, 'MA_41', 'MOSCATEL ROSADA', 100, 'MA'),
(530, 'MA_42', 'RED GLOBE', 100, 'MA'),
(531, 'MA_43', 'RIBIER', 100, 'MA'),
(532, 'MA_44', 'PRINCESS', 100, 'MA'),
(533, 'MA_45', 'SUGRAONE', 100, 'MA'),
(534, 'MA_46', 'CRIMSON SEEDLESS', 100, 'MA'),
(535, 'MA_47', 'RED SEEDLESS', 100, 'MA'),
(536, 'MA_48', 'PERLETTE', 100, 'MA'),
(537, 'MA_49', 'FLAME SEEDLESS', 100, 'MA'),
(538, 'MA_50', 'THOMPSON SEEDLESS', 100, 'MA'),
(539, 'MA_51', 'BLACK SEEDLESS', 100, 'MA'),
(540, 'MA_52', 'AUTUMN ROYAL', 100, 'MA'),
(541, 'MA_53', 'RUBY SEEDLESS', 100, 'MA'),
(542, 'GF_21', 'SHEEGENE 13', 2, 'GF'),
(543, 'MA_54', 'RR1', 93, 'MA'),
(544, 'GF_100', 'LATE LARRY ANNE', 5, 'GF'),
(545, 'MA_55', 'HAYWARD', 101, 'MA'),
(546, 'SF01', 'HAYWARD', 102, 'SF'),
(547, 'SF02', 'TANGO', 103, 'SF'),
(548, 'SF03', 'W.MURCOTT', 103, 'SF'),
(549, 'SF04', 'FUKUMOTO', 104, 'SF'),
(550, 'SF05', 'LANE LATE', 104, 'SF'),
(551, 'SF06', 'VALENCIA LATE', 104, 'SF'),
(552, 'SF07', 'VALENCIA MIDKNIGHT', 104, 'SF'),
(553, 'SF08', 'GOLDEN', 104, 'SF'),
(554, 'SF09', 'THOMPSON NAVEL', 104, 'SF'),
(555, 'SF10', 'VALENCIA DELTA', 104, 'SF'),
(556, 'SF11', 'VALENCIA OLINDA', 104, 'SF'),
(557, 'SF12', 'STAR RUBY', 105, 'SF'),
(558, 'SF13', 'RED BLUSH', 105, 'SF'),
(559, 'SF14', 'MINEOLA', 106, 'SF'),
(560, 'SF15', 'HASS', 107, 'SF'),
(561, 'SF16', 'EDRANOL', 107, 'SF'),
(562, 'SF17', 'ZUTANO', 107, 'SF'),
(563, 'SF18', 'BACON', 107, 'SF'),
(564, 'SF19', 'CHAMPION', 107, 'SF'),
(565, 'SF20', 'FUERTE', 107, 'SF'),
(566, 'SF21', 'MEXICOLA', 107, 'SF'),
(567, 'SF22', 'NEGRA DE LA CRUZ', 107, 'SF'),
(568, 'SF23', 'HASS', 108, 'SF'),
(569, 'SF24', 'EDRANOL', 108, 'SF'),
(570, 'SF25', 'ZUTANO', 108, 'SF'),
(571, 'SF26', 'BACON', 108, 'SF'),
(572, 'SF27', 'CHAMPION', 108, 'SF'),
(573, 'SF28', 'FUERTE', 108, 'SF'),
(574, 'SF29', 'MEXICOLA', 108, 'SF'),
(575, 'SF30', 'NEGRA DE LA CRUZ', 108, 'SF'),
(576, 'SF31', 'TANGO', 109, 'SF'),
(577, 'SF32', 'W.MURCOTT', 109, 'SF'),
(578, 'UPG_01', 'ALLISON', 111, 'PG'),
(579, 'UPG_03', 'SUGAR CRISP', 111, 'PG'),
(580, 'UPG_02', 'SWEET GLOBE', 111, 'PG'),
(581, 'SF33', 'FINO 49', 110, 'SF'),
(582, 'SF34', 'MESSINA', 110, 'SF'),
(583, 'UPG_04', 'MID NIGTH BEAUTY', 111, 'PG'),
(584, 'UPG_05', 'AUTUMN CRISP', 111, 'PG'),
(585, 'UPG_06', 'MELODY', 111, 'PG'),
(586, 'UPG_07', 'TIMCO', 111, 'PG'),
(587, 'UPG_08', 'IVORY', 111, 'PG'),
(588, 'UPG_09', 'RED GLOBE', 111, 'PG'),
(589, 'UPG_10', 'COTTON CANDY', 111, 'PG'),
(590, 'UPG_11', 'SWEET SAPPHIRE', 111, 'PG'),
(591, 'UPG_12', 'INIA GRAPE ONE', 111, 'PG'),
(592, 'UPG_13', 'SWEET FAVORS', 111, 'PG'),
(593, 'UPG_14', 'SWEET JOY', 111, 'PG'),
(594, 'UPG_15', 'ITUM 9', 111, 'PG'),
(595, 'UPG_16', 'SWEET CELEBRATION', 111, 'PG'),
(596, 'UPG_17', 'SCARLOTTA', 111, 'PG'),
(597, 'UPG_18', 'CANDY HEART', 111, 'PG'),
(598, 'UPG_19', 'JACK S SALUTE', 111, 'PG'),
(599, 'UPG_20', 'SABLE SEEDLESS', 111, 'PG'),
(600, 'SF35', 'DINA', 113, 'SF'),
(601, 'LL_01', 'EARLY BURLAT', 114, 'LL'),
(602, 'LL_02', 'BROOKS', 114, 'LL'),
(603, 'LL_03', 'GARNET', 114, 'LL'),
(604, 'LL_04', 'CELESTE', 114, 'LL'),
(605, 'LL_05', 'NEWSTAR', 114, 'LL'),
(606, 'LL_06', 'SANTINA', 114, 'LL'),
(607, 'LL_07', 'BING', 114, 'LL'),
(608, 'LL_08', 'VAN', 114, 'LL'),
(609, 'LL_09', 'D ANNONEY', 114, 'LL'),
(610, 'LL_10', 'LAMBERT', 114, 'LL'),
(611, 'LL_11', 'STELLA', 114, 'LL'),
(612, 'LL_12', 'SUMMIT', 114, 'LL'),
(613, 'LL_13', 'SYLVIA', 114, 'LL'),
(614, 'LL_14', 'BLACK NAPOLEON', 114, 'LL'),
(615, 'LL_15', 'LAPINS', 114, 'LL'),
(616, 'LL_16', 'KORDIA', 114, 'LL'),
(617, 'LL_17', 'REGINA', 114, 'LL'),
(618, 'LL_18', 'SWEET HEART', 114, 'LL'),
(619, 'LL_19', 'RAINIER', 114, 'LL'),
(620, 'LL_20', 'MARVIN', 114, 'LL'),
(621, 'LL_21', 'SUPERIOR', 114, 'LL'),
(622, 'LL_22', 'SAM ', 114, 'LL'),
(623, 'LL_23', 'CHELAN', 114, 'LL'),
(624, 'LL_24', 'ROYAL DAWN', 114, 'LL'),
(625, 'LL_25', 'SEQUOIA', 114, 'LL'),
(626, 'CEM_01', 'BING', 115, 'CT'),
(627, 'CEM_02', 'BROOKS', 115, 'CT'),
(628, 'CEM_03', 'KORDIA', 115, 'CT'),
(629, 'CEM_04', 'LAPINS', 115, 'CT'),
(630, 'CEM_05', 'RAINIER', 115, 'CT'),
(631, 'CEM_06', 'REGINA', 115, 'CT'),
(632, 'CEM_07', 'SHNEIDER', 115, 'CT'),
(633, 'CEM_08', 'SKEENA', 115, 'CT'),
(634, 'CEM_09', 'STELLA', 115, 'CT'),
(635, 'CEM_10', 'SUMMIT', 115, 'CT'),
(636, 'CEM_11', 'SUNBURST', 115, 'CT'),
(637, 'CEM_12', 'SWEET HEART', 115, 'CT'),
(638, 'CEM_13', 'VAN', 115, 'CT'),
(639, 'CEM_14', 'NEW STAR', 115, 'CT'),
(640, 'CEM_15', 'BLACK TARTARIAN', 115, 'CT'),
(641, 'CEM_16', 'C-15', 115, 'CT'),
(642, 'CEM_17', 'DANNONAY', 115, 'CT'),
(643, 'CEM_18', 'LATE MARIA', 115, 'CT'),
(644, 'CEM_19', 'ROYAL DAWN', 115, 'CT'),
(645, 'CEM_20', 'SAM', 115, 'CT'),
(646, 'CEM_21', 'SANTINA', 115, 'CT'),
(647, 'CEM_22', 'SYLVIA', 115, 'CT'),
(648, 'CEM_23', 'TULARE', 115, 'CT'),
(649, 'CEM_24', 'CRISTALINA', 115, 'CT'),
(650, 'CEM_25', 'GLEN RED', 115, 'CT'),
(651, 'GF_301', 'ROYAL LYNN', 4, 'GF'),
(652, '998', 'TIMPSON™-SHEEGENE 2', 11, 'RB'),
(653, '', 'DARK SWEET CHERRIES', 4, 'GF'),
(654, 'LL_26', 'SOMERSET', 114, 'LL'),
(655, '109', 'ARRA 15', 11, 'RB'),
(656, '108', 'IFG SEVEN', 11, 'RB'),
(657, '104', 'SHEEGENE 3', 11, 'RB'),
(658, '103', 'IFG THREE', 11, 'RB'),
(659, '105', 'SHEEGENE 13', 11, 'RB'),
(660, '106', 'SHEEGENE 12', 11, 'RB'),
(661, '107', 'IFG NINETEEN', 11, 'RB'),
(662, '115', 'BLAGRATWO', 11, 'RB'),
(663, '113', 'IFG SIXTEEN', 11, 'RB'),
(664, '114', 'IFG SEVENTEEN', 11, 'RB'),
(665, '110', 'IFG SIX', 11, 'RB'),
(666, '112', 'IFG FIVE', 11, 'RB'),
(667, '127', 'IFG NINE', 11, 'RB'),
(668, '128', 'IFG TEN', 11, 'RB'),
(669, '130', 'SHEEGENE 17', 11, 'RB'),
(670, '131', 'SHEEGENE 21', 11, 'RB'),
(671, '132', 'SHEEGENE 20', 11, 'RB'),
(672, '135', 'ARRA 19', 11, 'RB'),
(673, '118', 'SHEEGENE 2', 11, 'RB'),
(674, '116', 'ARRA 29', 11, 'RB'),
(675, '', 'SIERRA SNOW', 6, 'GF'),
(676, 'MA_56', 'REGINA', 88, 'MA'),
(677, 'MA_56', 'REGINA', 88, 'MA'),
(678, 'LL_27', 'SKEENA', 114, 'LL'),
(679, 'NEC_35', 'RED JIM ', 92, 'CT'),
(680, 'SF36', 'SUMMER BARTLETT', 116, 'SF'),
(681, 'SF37', 'ABATE FETEL', 116, 'SF'),
(682, 'SF38', 'BEURRE BOSC', 116, 'SF'),
(683, 'SF39', 'WINTER NELLIS', 116, 'SF'),
(684, 'SF40', 'RED BARTLETT', 116, 'SF'),
(685, 'SF41', 'PACKHAMS TRIUMPH', 116, 'SF'),
(686, 'SF42', 'FAVORITA DE CLAPP', 116, 'SF'),
(687, 'SF43', 'EL DORADO', 116, 'SF'),
(688, 'LL_28', 'WINTER NELLIS', 117, 'LL'),
(689, 'LL_29', 'ABATE FETEL', 117, 'LL'),
(690, 'LL_30', 'COMICE', 117, 'LL'),
(691, 'LL_31', 'COSCIA', 117, 'LL'),
(692, 'LL_32', 'FORELLE', 117, 'LL'),
(693, 'LL_33', 'CARMEN', 117, 'LL'),
(694, 'LL_34', 'CONFERENCE', 117, 'LL'),
(695, 'LL_35', 'WINTER BARTLETT', 117, 'LL'),
(696, 'LL_36', 'RED ANJOU', 117, 'LL'),
(697, 'LL_37', 'SUMMER BARTLETT', 117, 'LL'),
(698, 'LL_38', 'RED SENSATION', 117, 'LL'),
(699, 'LL_39', 'STARKRIMSON', 117, 'LL'),
(700, 'LL_40', 'RED BARTLETT', 117, 'LL'),
(701, 'LL_41', 'PACKAM´S TRIUMPH', 117, 'LL'),
(702, 'LL_42', 'BEURRE BOSC', 117, 'LL'),
(703, 'LL_43', 'BEURRE ANJOU', 117, 'LL'),
(704, 'GF_509', 'GRAND BRIGHT', 9, 'GF'),
(705, '', 'NE-308', 9, 'GF'),
(706, 'RB_ST', 'STACCATO', 21, 'RB'),
(707, 'LL_44', 'RED DELICIOUS', 118, 'LL'),
(708, 'LL_45', 'GRANNY SMITH', 118, 'LL'),
(709, 'LL_46', 'ROYAL GALA', 118, 'LL'),
(710, 'LL_47', 'FUJI', 118, 'LL'),
(711, 'LL_48', 'BRAEBURM', 118, 'LL'),
(712, 'LL_49', 'SCARLETT', 118, 'LL'),
(713, 'LL_50', 'GOLDEN DELICIOUS', 118, 'LL'),
(714, 'LL_51', 'RED CHIEF', 118, 'LL'),
(715, 'LL_52', 'PINK LADY', 126, 'LL'),
(716, 'LL_53', 'BROOKFIELD', 118, 'LL'),
(717, 'LL_54', 'CRIPPS PINK', 118, 'LL'),
(718, 'LL_55', 'GALAXY', 118, 'LL'),
(719, 'NEC_36', 'EXTREME RED', 92, 'CT'),
(720, 'NEC_37', 'ANDESNECCINCO', 92, 'CT'),
(721, 'LL_56', 'VENUS', 119, 'LL'),
(722, 'LL_57', 'AUGUST RED', 119, 'LL'),
(723, 'LL_58', 'RED JIM', 119, 'LL'),
(724, 'LL_59', 'SWEET SETEMBER', 120, 'LL'),
(725, 'LL_60', 'BLUE GUSTO', 121, 'LL'),
(726, 'LL_61', 'ANGELENO', 121, 'LL'),
(727, 'CL_01', 'CIRUELA LEMON', 122, 'CT'),
(728, 'CI_33', 'LEMON', 91, 'CT'),
(729, 'NEC_38', 'NECTARIN BLANCO', 92, 'CT'),
(730, 'NEC_02', 'ANDESNECTRES', 123, 'AS'),
(731, 'NEC_01', 'ANDESNECDOS ', 123, 'AS'),
(732, 'NEC_03', 'ANDESNECCUATRO', 123, 'AS'),
(733, 'NEC_04', 'ARTIC SNOW', 123, 'AS'),
(734, 'NEC_05', 'AUGUST RED ', 123, 'AS'),
(735, 'NEC_06', 'BOREAL', 123, 'AS'),
(736, 'NEC_07', 'CLARISS', 123, 'AS'),
(737, 'NEC_08', 'EARLY DIAMOND ', 123, 'AS'),
(738, 'NEC_09', 'EARLY JUAN', 123, 'AS'),
(739, 'NEC_10', 'GARTAIRO', 123, 'AS'),
(740, 'NEC_11', 'GAROFA', 123, 'AS'),
(741, 'NEC_12', 'KINOLEA', 123, 'AS'),
(742, 'NEC_13', 'GARCICA', 123, 'AS'),
(743, 'NEC_14', 'GARDETA', 123, 'AS'),
(744, 'NEC_15', 'JULY RED', 123, 'AS'),
(745, 'NEC_16', 'LUCIANA ', 123, 'AS'),
(746, 'NEC_17', 'MAGIQUE', 123, 'AS'),
(747, 'NEC_18', 'MAY DIAMOND ', 123, 'AS'),
(748, 'NEC_19', 'MAY GLO ', 123, 'AS'),
(749, 'NEC_20', 'PRUNE RED', 123, 'AS'),
(750, 'NEC_21', 'RED GLENN', 123, 'AS'),
(751, 'NEC_22', 'RED ROY ', 123, 'AS'),
(752, 'NEC_23', 'RUBY DIAMOND ', 123, 'AS'),
(753, 'NEC_24', 'SEPTEMBER RED', 123, 'AS'),
(754, 'NEC_25', 'SUMMER BRIGHT ', 123, 'AS'),
(755, 'NEC_26', 'SUMMER DIAMOND', 123, 'AS'),
(756, 'NEC_27', 'SUMMER FIRE ', 123, 'AS'),
(757, 'NEC_28', 'SUN DIAMOND', 123, 'AS'),
(758, 'NEC_29', 'TIFANY', 123, 'AS'),
(759, 'NEC_30', 'VENUS ', 123, 'AS'),
(760, 'NEC_31', 'ZEE FIRE ', 123, 'AS'),
(761, '100', 'THOMPSON GUARDA', 11, 'RB'),
(762, 'GF_511', 'BLACK MAGUC', 5, 'GF'),
(763, 'LL_62', 'SWEET FAVORS', 124, 'LL'),
(764, 'LL_63', 'SWEET CELEBRATION', 124, 'LL'),
(765, 'LL_64', 'JACKS SALUTE', 124, 'LL'),
(766, 'LL_65', 'COTTON CANDY', 124, 'LL'),
(767, 'LL_66', 'RED GLOBE', 124, 'LL'),
(768, 'LL_67', 'SWEET GLOBE', 124, 'LL'),
(769, 'LL_68', 'ICON', 124, 'LL'),
(770, 'DU_15', 'CAL RED', 90, 'CT'),
(771, 'DU_16', 'DU 88', 90, 'CT'),
(772, 'NEC_39', 'SWEET GIANT', 92, 'CT'),
(773, 'GF_694', 'ARTIC PRIDE ', 9, 'GF'),
(774, 'GF_954', 'BLACK MAGIC', 5, 'GF'),
(775, 'LL_69', 'CANDY HEARTS', 124, 'LL'),
(776, 'CI_34', 'BLUE GIANT', 91, 'CT'),
(777, 'CI_35', 'LAETITIA', 92, 'CT'),
(778, 'GF_534', 'SWEET JOY', 5, 'GF'),
(779, 'GF_678', 'SWEET MARY', 5, 'GF'),
(780, 'LL_70', 'THOMPSON SEEDLESS', 124, 'LL'),
(781, 'GF_22', 'CANDY HEARTS', 2, 'GF'),
(782, 'GF_210', 'CANDY HEARTS', 2, 'GF'),
(783, 'LL_71', 'HAYWARD', 125, 'LL'),
(784, 'LL_72', 'CRIMSON SEEDLESS', 124, 'LL'),
(785, 'DA_02', 'SUGAR PLUM', 98, 'CT'),
(786, 'LL_73', 'SWEET SAPPHIRE', 124, 'LL'),
(787, 'LL_74', 'AUTUMN BARTLETT', 117, 'LL'),
(788, 'NEC_40', 'PEARLICIOUS VI', 92, 'CT'),
(789, 'MA_57', 'AUGUST RED', 94, 'MA'),
(790, 'GF_18', 'ITUM SEVEN', 2, 'GF'),
(791, 'CI_35', 'SWETT PEKETTA', 91, 'CT'),
(792, 'LL_75', 'ERCOLINI', 117, 'LL'),
(793, 'MA_58', 'PACKHAMS TRIUMPH', 97, 'MA'),
(794, 'SF44', 'AUTUMN BARTLETT', 116, 'SF'),
(795, 'LL_76', 'GOLDEN BOSC', 117, 'LL'),
(796, '', 'ANGELINO', 5, 'GF'),
(797, '', 'CRIMSON ANN', 5, 'GF'),
(798, 'LL_77', 'BLACK SEEDLESS', 124, 'LL'),
(799, 'LL_78', 'ROSY GLOW', 126, 'LL'),
(800, 'LL_79', 'LADY IN RED', 126, 'LL'),
(801, 'MZ_15', ' FUJI ROYAL', 84, 'CT'),
(802, 'PL_01', 'HASS', 127, 'LZ'),
(803, 'PL_02', 'EDRANOL', 127, 'LZ'),
(804, 'PL_03', 'NEGRA DE LA CRUZ', 127, 'LZ'),
(805, 'PL_04', 'CHAMPION', 127, 'LZ'),
(806, 'SF45', 'SALUSTIANA VALENCIA', 104, 'SF'),
(807, 'TG', 'TANGO', 128, 'LZ'),
(808, 'SF46', 'BACON', 129, 'SF'),
(809, 'SF47', 'CHAMPION', 129, 'SF'),
(810, 'SF48', 'EDRANOL', 129, 'SF'),
(811, 'SF49', 'FUERTE', 129, 'SF'),
(812, 'SF50', 'HASS', 129, 'SF'),
(813, 'CE_01', 'BING', 130, 'AS'),
(814, 'CE_02', 'FRISCO', 130, 'AS'),
(815, 'CE_03', 'KORDIA', 130, 'AS'),
(816, 'CE_04', 'LAPINS', 130, 'AS'),
(817, 'CE_05', 'RAINIER', 130, 'AS'),
(818, 'CE_06', 'REGINA', 130, 'AS'),
(819, 'CE_07', 'SANTINA', 130, 'AS'),
(820, 'CE_08', 'SKEENA', 130, 'AS'),
(821, 'CE_09', 'STELLA', 130, 'AS'),
(822, 'CE_10', 'SWEET HEART', 130, 'AS'),
(823, 'CE_11', 'SYLVIA', 130, 'AS'),
(824, 'CE_12', 'VAN', 130, 'AS'),
(825, 'DA_01', 'FLOPRIA', 131, 'AS'),
(826, 'DA_02', 'CARMEN', 131, 'AS'),
(827, 'DA_03', 'FLOPRIA', 131, 'AS'),
(828, 'DA_04', 'FRESNO', 131, 'AS'),
(829, 'DA_05', 'HELENA', 131, 'AS'),
(830, 'DA_06', 'LORNA', 131, 'AS'),
(831, 'GP_01', 'ARRA 15', 132, 'AS'),
(832, 'GP_02', 'CRIMSON SEEDLESS', 132, 'AS'),
(833, 'GP_03', 'IVORY', 132, 'AS'),
(834, 'GP_04', 'RED GLOBE', 132, 'AS'),
(835, 'GP_05', 'SUPERIOR', 132, 'AS'),
(836, 'GP_06', 'SWEET CELEBRATION', 132, 'AS'),
(837, 'GP_07', 'SWEET GLOBE', 132, 'AS'),
(838, 'GP_08', 'THOMPSON SEEDLESS', 132, 'AS'),
(839, 'GP_09', 'TIMCO', 132, 'AS'),
(840, 'GP_10', 'TIMPSON', 132, 'AS'),
(841, 'KW_01', 'HAYWARD', 133, 'AS'),
(842, 'MAN_01', 'W. MURCOTT', 134, 'AS'),
(843, 'DU_01', 'CARLA', 135, 'AS'),
(844, 'DU_02', 'CROWN PRINCESS', 135, 'AS'),
(845, 'DU_03', 'EARLY MAJESTIC', 135, 'AS'),
(846, 'DU_04', 'ELEGANT LADY', 135, 'AS'),
(847, 'DU_05', 'OHENRY', 135, 'AS'),
(848, 'DU_06', 'RICH LADY', 135, 'AS'),
(849, 'DU_07', 'ROSARIO RED', 135, 'AS'),
(850, 'DU_08', 'ROYAL GLORY', 135, 'AS'),
(851, 'DU_09', 'SAMANTHA', 135, 'AS'),
(852, 'DU_10', 'SEPTEMBER SNOW', 135, 'AS'),
(853, 'DU_11', 'SPRING LADY', 135, 'AS'),
(854, 'DU_12', 'SPRINGCREST', 135, 'AS'),
(855, 'DU_13', 'ZEE LADY', 135, 'AS'),
(856, 'PE_01', 'ABATE FETEL', 137, 'AS'),
(857, 'PE_02', 'CARMEN', 137, 'AS'),
(858, 'PE_03', 'DORADO', 137, 'AS'),
(859, 'PE_04', 'FORELLE', 137, 'AS'),
(860, 'PE_05', 'PACKHAM S TRIUMPH', 137, 'AS'),
(861, 'CI_01', 'AFRICAN DELIGHT', 136, 'AS'),
(862, 'CI_02', 'ANGELENO', 136, 'AS'),
(863, 'CI_03', 'AUTUMN PRIDE', 136, 'AS'),
(864, 'CI_04', 'BLACK SPLENDOR', 136, 'AS'),
(865, 'CI_05', 'LARRY ANNE', 136, 'AS'),
(866, 'CI_06', 'OWEN T', 136, 'AS'),
(867, 'CI_07', 'SAPPHIRE', 136, 'AS'),
(868, 'CI_08', 'SWEET PEKEETAH', 136, 'AS'),
(869, '01', 'BING', 139, 'CT'),
(870, '02', 'KORDIA', 139, 'CT'),
(871, '03', 'REGINA ', 139, 'CT'),
(872, '04', 'LAPINS', 139, 'CT'),
(873, '05', 'SKEENA', 139, 'CT'),
(874, '06', 'SOMMERSET', 139, 'CT'),
(875, '07', 'SANTINA', 139, 'CT'),
(876, '08', 'SWEETHEART', 139, 'CT'),
(877, '09', 'SIMPHONY', 139, 'CT'),
(878, '10', 'STELLA ', 139, 'CT'),
(879, '11', 'BROOKS', 139, 'CT'),
(880, '12', 'GARNET', 139, 'CT'),
(881, '13', 'ROYAL DAWN (C14)', 139, 'CT'),
(882, '14', 'SUPERIOR', 139, 'CT'),
(883, '15', 'STELLA', 139, 'CT'),
(884, '16', 'SUE', 139, 'CT'),
(885, '17', 'VAN', 139, 'CT'),
(886, 'CE_01', 'BING', 140, 'QE'),
(887, 'CE_02', 'KORDIA', 140, 'QE'),
(888, 'CE_03', 'REGINA', 140, 'QE'),
(889, 'CE_04', 'SANTINA', 140, 'QE'),
(890, 'CE_05', 'LAPINS', 140, 'QE'),
(891, 'CE_06', 'AREKO', 140, 'QE'),
(892, 'CE_07', 'PISUE 376', 140, 'QE'),
(893, 'CE_08', 'NIMBA', 140, 'QE'),
(894, 'CE_09', 'PACIFIC RED', 140, 'QE'),
(895, 'CE_10', 'POLKA', 140, 'QE'),
(896, 'CE_11', 'SKEENA', 140, 'QE'),
(897, 'CE_12', 'LAMBERT', 140, 'QE'),
(898, 'CE_13', 'STELLA', 140, 'QE'),
(899, 'CE_14', 'SWEETHEART', 140, 'QE'),
(900, 'CE_15', 'VAN', 140, 'QE'),
(901, 'CE_16', 'SYMPHONY', 140, 'QE'),
(902, 'CE_17', 'ROYAL DAWN', 140, 'QE'),
(903, 'CE_18', 'RAINIER', 140, 'QE'),
(904, 'CE_19', 'FRISCO', 140, 'QE'),
(905, 'CE_20', 'GLEND RED', 140, 'QE'),
(906, 'CE_21', 'BROOKS', 140, 'QE'),
(907, 'CE_22', 'SUMMIT', 140, 'QE'),
(908, 'CE_RN_01', 'BING', 141, 'QE'),
(909, 'CE_RN_02', 'BROOKS', 141, 'QE'),
(910, 'CE_RN_03', 'CHELAN', 141, 'QE'),
(911, 'CE_RN_04', 'CORAL', 141, 'QE'),
(912, 'CE_RN_05', 'GARNET', 141, 'QE'),
(913, 'CE_RN_06', 'GLEN RED', 141, 'QE'),
(914, 'CE_RN_07', 'KORDIA', 141, 'QE'),
(915, 'CE_RN_08', 'LAPINS', 141, 'QE'),
(916, 'CE_RN_09', 'RAINIER', 141, 'QE'),
(917, 'CE_RN_10', 'REGINA', 141, 'QE'),
(918, 'CE_RN_11', 'ROYAL DAWN', 141, 'QE'),
(919, 'CE_RN_12', 'ROYAL LEE', 141, 'QE'),
(920, 'CE_RN_13', 'ROYAL RAINIER', 141, 'QE'),
(921, 'CE_RN_14', 'SAM', 141, 'QE'),
(922, 'CE_RN_15', 'SANTINA', 141, 'QE'),
(923, 'CE_RN_16', 'SKEENA', 141, 'QE'),
(924, 'CE_RN_17', 'SOMERSET', 141, 'QE'),
(925, 'CE_RN_18', 'SONATA', 141, 'QE'),
(926, 'CE_RN_19', 'STELLA', 141, 'QE'),
(927, 'CE_RN_20', 'SWEETHEART', 141, 'QE'),
(928, 'CE_RN_21', 'VAN', 141, 'QE'),
(929, '', 'ROYAL HAZEL', 4, 'GF'),
(930, 'CE_RN_22', 'AREKO', 141, 'QE'),
(931, 'CE_RN_23', 'FRISCO', 141, 'QE'),
(932, 'CE_RN_24', 'BING 11', 141, 'QE'),
(933, 'CE_RN_25', 'TULARE', 141, 'QE'),
(934, 'CE_RN_26', 'SYLVIA', 141, 'QE'),
(935, 'CE_RN_27', 'SUNBURST', 141, 'QE'),
(936, 'CE_RN_28', 'MEDA REX', 141, 'QE'),
(937, 'CE_RN_29', 'IVU-115', 141, 'QE'),
(938, 'CE_LO_01', 'BING', 142, 'QE'),
(939, 'CE_LO_02', 'LAPINS', 142, 'QE'),
(940, 'CE_LO_03', 'ROYAL DAWN', 142, 'QE'),
(941, 'CE_LO_04', 'KORDIA', 142, 'QE'),
(942, 'CE_LO_05', 'SANTINA', 142, 'QE'),
(943, 'CE_LO_06', 'REGINA', 142, 'QE'),
(944, 'CE_LO_10', 'VAN', 142, 'QE'),
(945, 'CE_LO_07', 'SKEENA', 142, 'QE'),
(946, 'CE_LO_08', 'PACIFIC RED', 142, 'QE'),
(947, 'CE_LO_09', 'NIMBA', 142, 'QE'),
(948, 'CE_LO_11', 'SWEET ARYANA', 142, 'QE'),
(949, 'CE_LO_12', 'AREKO', 142, 'QE'),
(950, 'CE_LO_13', 'SWEET HEART', 142, 'QE'),
(951, 'CE_LO_14', 'FRISCO', 142, 'QE'),
(952, 'CE_LO_15', 'PISUE', 142, 'QE'),
(953, 'CE_CF_01', 'BROOKS', 143, 'QE'),
(954, 'CE_CF_02', 'BING 1', 143, 'QE'),
(955, 'CE_CF_03', 'ROYAL DAWN', 143, 'QE'),
(956, 'CE_CF_04', 'SANTINA', 143, 'QE'),
(957, 'CE_CF_05', 'LAPINS', 143, 'QE'),
(958, 'CE_CF_06', 'LAPINS - SANTINA', 143, 'QE'),
(959, 'CE_CF_07', 'BING', 143, 'QE'),
(960, 'CE_CF_08', 'REGINA', 143, 'QE'),
(961, 'CE_CF_09', 'KORDIA', 143, 'QE'),
(962, 'CE_CF_10', 'SWEET HEART', 143, 'QE'),
(963, 'CE_PX_01', 'ROYAL DAWN', 144, 'QE'),
(964, 'CE_PX_02', 'NEW STAR', 144, 'QE'),
(965, 'CE_PX_03', 'GLEN RED', 144, 'QE'),
(966, 'CE_PX_04', 'BROOKS', 144, 'QE'),
(967, 'CE_PX_05', 'BING', 144, 'QE'),
(968, 'CE_PX_06', 'STELLA', 144, 'QE'),
(969, 'CE_PX_07', 'SANTINA', 144, 'QE'),
(970, 'CE_PX_08', 'LAPINS', 144, 'QE'),
(971, 'CE_PX_09', 'SONATA', 144, 'QE'),
(972, 'CE_PX_10', 'RAINIER', 144, 'QE'),
(973, 'CE_PX_12', 'SWEET HEART', 144, 'QE'),
(974, 'CE_PX_13', 'KORDIA', 144, 'QE'),
(975, 'CE_PX_14', 'REGINA', 144, 'QE'),
(976, 'CE_A5_01', 'SONATA', 145, 'QE'),
(977, 'CE_A5_02', 'SUMMIT', 145, 'QE'),
(978, 'CE_A5_03', 'NEWSTAR', 145, 'QE'),
(979, 'CE_A5_04', 'SKEENA', 145, 'QE'),
(980, 'CE_A5_05', 'VAN', 145, 'QE'),
(981, 'CE_A5_06', 'ALEX', 145, 'QE'),
(982, 'CE_A5_07', 'STACATTO', 145, 'QE'),
(983, 'CE_A5_08', 'SWEETHEART', 145, 'QE'),
(984, 'CE_A5_09', 'SENTENNIAL', 145, 'QE'),
(985, 'CE_A5_10', 'RAINIER', 145, 'QE'),
(986, 'CE_A5_11', 'GLEN RED', 145, 'QE'),
(987, 'CE_A5_12', 'LAPINS', 145, 'QE'),
(988, 'CE_A5_13', 'SANTINA', 145, 'QE'),
(989, 'CE_A5_14', 'CRISTALINA', 145, 'QE'),
(990, 'CE_A5_15', 'ROYAL DAWN', 145, 'QE'),
(991, 'CE_A5_16', 'BROOKS', 145, 'QE'),
(992, 'CE_A5_17', 'BING', 145, 'QE'),
(993, 'CE_A5_18', 'REGINA', 145, 'QE'),
(994, 'CE_A5_19', 'KORDIA', 145, 'QE'),
(995, 'CE_A5_20', 'GARNET', 145, 'QE'),
(996, 'CE_14', 'FRISCO', 86, 'CT'),
(997, '01', 'FLAME SEEDLESS', 146, 'RBM'),
(998, '02', 'SWEET CELEBRATION', 146, 'RBM'),
(999, '03', 'ARRA 29', 146, 'RBM'),
(1000, '04', 'CANDY SNAPS', 146, 'RBM'),
(1001, '05', 'CANDY HEARTS', 146, 'RBM'),
(1002, '06', 'ARRA 30', 146, 'RBM'),
(1003, '07', 'SWEET GLOBE', 146, 'RBM'),
(1004, '08', 'TIMPSON', 146, 'RBM'),
(1005, '09', 'IVORY', 146, 'RBM'),
(1006, '10', 'CANDY DREAMS', 146, 'RBM'),
(1007, '11', 'BLACK SEEDLESS', 146, 'RBM'),
(1008, '12', 'SUMMER ROYAL', 146, 'RBM'),
(1009, '48', 'FRISCO', 21, 'RB'),
(1010, 'DA_07', 'AMELIA', 131, 'AS'),
(1011, 'DA_08', 'CASTLE BITTE', 131, 'AS'),
(1012, 'LL_52', 'BING 11', 114, 'LL'),
(1013, 'LL_80', 'BING 7', 114, 'LL'),
(1014, 'CE_LO_16', 'EARLY BING', 142, 'QE'),
(1015, 'GF_599', 'WHITE FLESH', 9, 'GF'),
(1016, '', 'WHITE CANDY', 9, 'GF'),
(1017, 'SP', 'SPRING BRIGHT', 92, 'CT'),
(1018, 'PE_06', 'AUTUMN BARTLETT', 137, 'AS'),
(1019, 'PE_07', 'SUMMER BARTLETT', 137, 'AS'),
(1020, 'CI_00', 'YUMMY GIANT', 149, 'CT'),
(1021, 'CI_101', 'YUMMY GIANT', 91, 'CT'),
(1022, '', 'NE_484', 9, 'GF'),
(1023, 'NE-PX-01', 'MAY GLO', 150, 'QE'),
(1024, 'NE-PX-02', 'ZEE FIRE', 150, 'QE'),
(1025, 'NE-PX-03', 'EARLY GLO', 150, 'QE'),
(1026, 'NE-PX-04', 'GARIBLA', 150, 'QE'),
(1027, 'NE-PX-05', 'NEP 10', 150, 'QE'),
(1028, 'NE-PX-06', 'EARLY JOHN', 150, 'QE'),
(1029, 'NE-PX-07', 'BIG BOY', 150, 'QE'),
(1030, 'NE-PX-08', 'NE-314', 150, 'QE'),
(1031, 'NE-PX-09', 'NECTAR CREST', 150, 'QE'),
(1032, 'NE-PX-10', 'ROYAL GLO', 150, 'QE'),
(1033, 'NE-PX-11', 'APRIL GLO', 150, 'QE'),
(1034, 'NE-PX-12', 'GARNIFOLA', 150, 'QE'),
(1035, 'NE-PX-13', 'GARBAJA', 150, 'QE'),
(1036, 'NE-PX-14', 'MAY GRAND', 150, 'QE'),
(1037, 'NE-PX-15', 'RIO RED', 150, 'QE'),
(1038, 'NE-PX-16', 'SUN FREE', 150, 'QE'),
(1039, 'NE-PX-17', 'SPRING BRIGHT', 150, 'QE'),
(1040, 'NE-PX-18', 'JUNE GLO', 150, 'QE'),
(1041, 'NE-PX-19', 'FIESTA', 150, 'QE'),
(1042, 'NE-PX-20', 'SPRING RED', 150, 'QE'),
(1043, 'NE-PX-21', 'SUN DIAMOND', 150, 'QE'),
(1044, 'NE-PX-22', 'BIG JOHN', 150, 'QE'),
(1045, 'NE-PX-23', 'RED DIAMOND', 150, 'QE'),
(1046, 'NE-PX-24', 'RUBY DIAMOND', 150, 'QE'),
(1047, 'NE-PX-25', 'SWEET RED DIAMOND', 150, 'QE'),
(1048, 'NE-PX-26', 'SWEET RED DIAMOND 2', 150, 'QE'),
(1049, 'NE-PX-27', 'MAY DIAMOND', 150, 'QE'),
(1050, 'NE-PX-28', 'ARCTIC FIRE', 150, 'QE'),
(1051, 'NE-PX-29', 'GARDETA', 150, 'QE'),
(1052, 'NE-PX-30', 'GARDETA 1', 150, 'QE'),
(1053, 'NE-PX-31', 'GARDETA 2', 150, 'QE'),
(1054, 'NE-PX-32', 'HONEY BLAZE', 150, 'QE'),
(1055, 'NE-PX-33', 'SUMMER BRIGHT', 150, 'QE'),
(1056, 'NE-PX-34', 'SUMMER GRAND', 150, 'QE'),
(1057, 'NE-PX-40', 'NECTAVISTA', 150, 'QE'),
(1058, 'NE-PX-35', 'LUCIANA', 150, 'QE'),
(1059, 'NE-PX-36', 'LUCIANA I', 150, 'QE'),
(1060, 'NE-PX-37', 'GARCICA', 150, 'QE'),
(1061, 'NE-PX-38', 'WHITE ROYAL', 150, 'QE'),
(1062, 'NE-PX-39', 'RED GRAND', 150, 'QE'),
(1063, 'NE-PX-81', 'RED CAROLINE', 150, 'QE'),
(1064, 'NE-PX-41', 'MAGIQUE', 150, 'QE'),
(1065, 'NE-PX-42', 'EXTREME RED', 150, 'QE'),
(1066, 'NE-PX-43', 'SUMMER DIAMOND', 150, 'QE'),
(1067, 'NE-PX-44', 'NE-269', 150, 'QE'),
(1068, 'NE-PX-45', 'FLAVOR TOP', 150, 'QE'),
(1069, 'NE-PX-46', 'ROYAL RED', 150, 'QE'),
(1070, 'NE-PX-47', 'ROYAL DELAY', 150, 'QE'),
(1071, 'NE-PX-48', 'HONEY ROYAL', 150, 'QE'),
(1072, 'NE-PX-49', 'FIRE PEARL', 150, 'QE'),
(1073, 'NE-PX-50', 'RED GLENN', 150, 'QE'),
(1074, 'NE-PX-51', 'ZEE GLO', 150, 'QE'),
(1075, 'NE-PX-52', 'JULY RED', 150, 'QE'),
(1076, 'NE-PX-53', 'ARCTIC RED', 150, 'QE'),
(1077, 'NE-PX-54', 'SNOW DIAMOND', 150, 'QE'),
(1078, 'NE-PX-55', 'BRIGHT PEARL', 150, 'QE'),
(1079, 'NE-PX-56', 'RED VENUS', 150, 'QE'),
(1080, 'NE-PX-57', 'SUMMER FIRE', 150, 'QE'),
(1081, 'NE-PX-58', 'LATE LE GRAND', 150, 'QE'),
(1082, 'NE-PX-59', 'AUGUST PEARL', 150, 'QE'),
(1083, 'NE-PX-60', 'AUGUST PEARL II', 150, 'QE'),
(1084, 'NE-PX-61', 'GIANT PEARL', 150, 'QE'),
(1085, 'NE-PX-62', 'AUGUST FIRE', 150, 'QE'),
(1086, 'NE-PX-63', 'HONEY DIVA', 150, 'QE'),
(1087, 'NE-PX-64', 'AUGUST RED', 150, 'QE'),
(1088, 'NE-PX-65', 'FLAME KIST', 150, 'QE'),
(1089, 'NE-PX-66', 'SUPER AUGUST', 150, 'QE'),
(1090, 'NE-PX-67', 'SEPTEMBER RED', 150, 'QE'),
(1091, 'NE-PX-68', 'RUBY RED', 150, 'QE'),
(1092, 'NE-PX-69', 'AUGUST GLO', 150, 'QE'),
(1093, 'NE-PX-70', 'LATE AUGUST RED', 150, 'QE'),
(1094, 'NE-PX-71', 'ARCTIC SNOW', 150, 'QE'),
(1095, 'NE-PX-72', 'RED JIM', 150, 'QE'),
(1096, 'NE-PX-73', 'SEPTEMBER FREE', 150, 'QE'),
(1097, 'NE-PX-74', 'PR-RED', 150, 'QE'),
(1098, 'NE-PX-75', 'NE-215', 150, 'QE'),
(1099, 'NE-PX-76', 'SEPTEMBER BRIGHT', 150, 'QE'),
(1100, 'NE-PX-77', 'ANDESNEC TRES', 150, 'QE'),
(1101, 'NE-PX-78', 'ISI WHITE', 150, 'QE'),
(1102, 'NE-PX-79', 'VENUS', 150, 'QE'),
(1103, 'NE-PX-80', 'NECTAREINE', 150, 'QE'),
(1104, 'NE-PX-82', 'ANDESNEC DOS', 150, 'QE'),
(1105, 'NE-PX-83', 'ANDESNEC CUATRO', 150, 'QE'),
(1106, 'NE-PX-84', 'SWEET NECTAR', 150, 'QE'),
(1107, '156', 'SWEET NECTAR™', 11, 'RB'),
(1108, 'GF_50', 'EBONY SWEET', 5, 'GF'),
(1109, '', 'TIFANY', 9, 'GF'),
(1110, 'CD_LO_01', 'DAGEN', 151, 'QE'),
(1111, 'GP_11', 'SUGRAONE', 132, 'AS'),
(1112, 'GP_12', 'FLAME SEEDLESS', 132, 'AS'),
(1113, 'GP_13', 'ARRA 29', 132, 'AS'),
(1114, 'CD_PN_01', 'DAGEN', 152, 'QE'),
(1115, 'CD_QL_01', 'DAGEN', 153, 'QE'),
(1116, 'CD_A5_01', 'DAGEN', 154, 'QE'),
(1117, 'CD_PV_01', 'DAGEN', 155, 'QE'),
(1119, 'EM', 'EMERALD', 157, 'AGRSUR'),
(1120, 'BO', 'BILOXI', 157, 'AGRSUR'),
(1121, 'CI_09', 'D AGEN', 158, 'AS'),
(1122, 'GF_53', 'NUBIANA', 5, 'GF'),
(1123, 'GF_600', 'CLARISS', 9, 'GF'),
(1124, 'MZ_ST_01', 'PINK LADY', 159, 'QE'),
(1125, 'MZ_ST_02', 'ROYAL GALA', 159, 'QE'),
(1126, 'MZ_ST_03', 'SCARLETT', 159, 'QE'),
(1127, 'MZ_ST_04', 'GRANNY SMITH', 159, 'QE'),
(1128, 'MZ_ST_05', 'BROOKFIELD', 159, 'QE'),
(1129, 'MZ_ST_06', 'BUCKEYE', 159, 'QE'),
(1130, 'GF_601', 'KINOLEA', 9, 'GF'),
(1131, 'MZ_QL_01', 'ROYAL GALA', 160, 'QE'),
(1132, 'MZ_QL_02', 'BROOKFIELD', 160, 'QE'),
(1133, 'MZ_QL_03', 'RED DELICIUS', 160, 'QE'),
(1134, 'MZ_QL_04', 'PINK LADY', 160, 'QE'),
(1135, 'MZ_QL_05', 'FUJI', 160, 'QE'),
(1136, 'MZ_QL_06', 'GRANNY SMITH', 160, 'QE'),
(1137, 'GF_54', 'GRAN ROSA', 5, 'GF'),
(1138, 'PE_LO_01', 'SUMMER BARTLETT', 161, 'QE'),
(1139, 'PE_LO_02', 'PACKHAMS ', 161, 'QE'),
(1140, 'PE_LO_03', 'ABATE FETEL', 161, 'QE'),
(1141, 'PE_LO_04', 'COSCIA', 161, 'QE'),
(1142, 'PE_LO_05', 'FORELLE', 161, 'QE'),
(1143, 'PE_QL_01', 'ABATE FETEL', 162, 'QE'),
(1144, 'PE_QL_02', 'FORELLE', 162, 'QE'),
(1145, 'CD_PN_01', 'SUGAR PLUMS', 152, 'QE'),
(1146, 'GF_54', 'ARTIC QUEEN ', 9, 'GF'),
(1147, 'CD_QL_02', 'SUGAR PLUM', 153, 'QE'),
(1148, 'CD_PV_02', 'SUGAR PLUM', 155, 'QE'),
(1149, 'CD_PV_02', 'SUGAR PLUM', 154, 'QE'),
(1150, 'CD_LO_02', 'SUGAR PLUM', 151, 'QE'),
(1151, 'MA_59', 'SUGAR PLUM', 96, 'MA'),
(1152, 'CI_102', 'D AGEN', 164, 'CT'),
(1153, 'MZ_103', 'SUGAR PLUM', 164, 'CT'),
(1154, 'GF_55', 'SUMMER BREEZE', 5, 'GF'),
(1155, 'GP_14', 'TIMPSON (SHEEGENE 2)', 132, 'AS'),
(1156, 'GP_15', 'SHEEGENE 2', 132, 'AS'),
(1157, 'GF_56', 'BLACK CAT', 5, 'GF'),
(1158, 'GP_16', 'IVORY (SHEEGENE 21)', 132, 'AS'),
(1159, 'GP_17', 'SHEEGENE 21', 132, 'AS'),
(1160, 'MA_60', 'NECTAR CREST', 94, 'MA'),
(1161, 'G', 'RIVER PEARL', 9, 'GF'),
(1162, 'DU_14', 'RYAN SUN', 135, 'AS'),
(1163, 'GP_18', 'ARRA SWEETIES TM', 132, 'AS'),
(1164, 'GP_19', 'ARRA 15', 132, 'AS'),
(1165, 'I15', 'ITUM 15', 146, 'RBM'),
(1166, 'CI_10', 'LARRY PRIDE', 136, 'AS'),
(1167, '999', 'WHITE SEEDLESS', 11, 'RB'),
(1168, '', 'PEARLICIOUS VI', 9, 'GF'),
(1169, '', 'SWEET ANTONIA', 9, 'GF'),
(1170, '', 'SWEET ANTONIA', 9, 'GF'),
(1171, 'GP_20', 'IFG TEN/SWEET GLOBE', 132, 'AS'),
(1172, 'GP_21', 'IFG TEN', 132, 'AS'),
(1173, '', 'RIVER SWEET', 9, 'GF'),
(1174, '', 'SHEEGENE 2', 2, 'GF'),
(1175, 'NEC_32', 'SWEET GIANT', 123, 'AS'),
(1176, 'GF_82', 'ROSARIO RED', 6, 'GF'),
(1177, '1', 'SAPPHIRE', 168, 'CT'),
(1178, '2', 'BLACK AMBER', 168, 'CT'),
(1179, '3', 'AUTUMN PRIDE', 168, 'CT'),
(1180, '4', 'ANGELENO', 168, 'CT'),
(1181, '5', 'BLACK KAT', 168, 'CT'),
(1182, '6', 'LARRY ANNE', 168, 'CT'),
(1183, '7', 'FLAVOR RICH', 168, 'CT'),
(1184, '8', 'BLUE GUSTO', 168, 'CT'),
(1185, '9', 'LETICIA', 168, 'CT'),
(1186, '10', 'HAPPY GIANT	', 168, 'CT'),
(1187, 'CI_11', 'D AGEN', 136, 'AS'),
(1188, 'GP_22', 'SHEEGENE 13', 132, 'AS'),
(1189, '', 'IVORY (SHEEGENE 21)', 2, 'GF'),
(1190, '', 'SHEEGENE 21', 2, 'GF'),
(1191, 'GF_50', 'ANGELINO AC', 5, 'GF'),
(1192, 'MZ_QL_07', 'RED CHIEF', 160, 'QE'),
(1193, 'GF_25', 'AUTUMN CRISP', 2, 'GF'),
(1194, 'GP_23', 'IFG THREE', 132, 'AS'),
(1195, '', 'SHEEGENE 20', 2, 'GF'),
(1196, 'MA_61', 'AUTUMN BEAUT', 93, 'MA'),
(1197, 'MA_62', 'AUTUMN BEAUT', 93, 'MA'),
(1198, 'MA_LO_01', 'PINK LADY', 166, 'QE'),
(1199, 'MA_LO_02', 'CRIPPS PINK', 166, 'QE'),
(1200, 'QLMA_01', 'W. MURCOTT', 172, 'QE'),
(1201, 'QLMA_02', 'CLEMENLUZ', 172, 'QE'),
(1202, 'QLCL_01', 'ORO GRANDE', 173, 'QE'),
(1203, 'QLCL_02', 'CLEMENULE', 173, 'QE'),
(1204, 'QLNA_01', 'FUKUMOTO', 171, 'QE'),
(1205, 'QLNA_02', 'LANE LATE ', 171, 'QE'),
(1206, 'QLNA_03', 'NAVEL LATE ', 171, 'QE'),
(1207, 'QLNA_04', 'ATWOOD', 171, 'QE'),
(1208, 'QLNA_05', 'PARENT WASHINGTON', 171, 'QE'),
(1209, 'QLNA_06', 'CARA CARA', 171, 'QE'),
(1210, 'QLCL_03', 'CLEMENLUZ', 173, 'QE'),
(1211, 'LL_81', 'AMBROSIA', 118, 'LL'),
(1212, 'CL_PV_01', 'CLEMENLUZ', 174, 'QE'),
(1213, 'RG_01', 'ROYAL GALA', 178, 'FA'),
(1214, 'CL_PV_02', 'CLEMENULE', 174, 'QE'),
(1215, 'CL_PV_03', 'ORO GRANDE', 174, 'QE'),
(1216, 'NA_PV_01', 'LANE LATE', 176, 'QE'),
(1217, 'NA_PV_02', 'WASHINGTON', 176, 'QE'),
(1218, 'NA_PV_03', 'CARA CARA', 176, 'QE'),
(1219, 'NA_PV_04', 'FUKUMOTO', 176, 'QE'),
(1220, 'LI_PV_01', 'BENJAMIN ANDES', 177, 'QE'),
(1221, 'LI_PV_02', 'MESSINA', 177, 'QE'),
(1222, 'LI_PV_03', 'GENOVA', 177, 'QE'),
(1223, 'LI_PV_04', 'EUREKA', 177, 'QE'),
(1224, 'LI_PV_05', 'FINO 49', 177, 'QE'),
(1225, 'MA_PV_01', 'W. MURCOTT', 175, 'QE'),
(1226, 'KW_01', 'HAYWARD', 179, 'AF'),
(1227, 'MA_63', 'FUKUMOTO', 180, 'MA'),
(1228, 'MA_64', 'LANE LATE', 180, 'MA'),
(1229, 'MA_65', 'CARA CARA', 180, 'MA'),
(1230, 'RSF_01', 'PACKHAMS TRIUMPH', 181, 'SF'),
(1231, 'RSF_02', 'SUMMER BARTLETT', 181, 'SF'),
(1232, 'RSF_03', 'WINTER NELLIS', 182, 'SF'),
(1233, 'RSF_04', 'BEURRE BOSC', 182, 'SF'),
(1234, 'SF51', 'CARA CARA', 104, 'SF'),
(1235, '01', 'W.MURCOTT', 185, 'SUN'),
(1236, '02', 'TANGO', 185, 'SUN'),
(1237, '03', 'TANGELO MINNEOLA', 185, 'SUN'),
(1238, '04', 'ORONULES', 185, 'SUN'),
(1239, '05', 'OROGRANDE', 185, 'SUN'),
(1240, 'QLNA_07', 'NAVEL', 171, 'QE'),
(1241, 'CB_01', 'CALDERANA', 187, 'LZ'),
(1242, 'CB_02', 'TEXAS GRANO 502', 187, 'LZ'),
(1243, 'CB_03 ', 'CONTESSA', 187, 'LZ'),
(1244, 'CB_04', 'TORONTINA', 187, 'LZ'),
(1245, 'CB_05', 'MAYA', 187, 'LZ'),
(1246, 'CB_06', 'ARMADA', 187, 'LZ'),
(1247, 'CB_07', 'VALENCIANA PETO', 187, 'LZ'),
(1248, 'CB_08', 'VALENCIANA', 187, 'LZ'),
(1249, 'CB_09', 'GRANO DE ORO', 187, 'LZ'),
(1250, 'SF52', 'ORTAÑIQUE', 103, 'SF'),
(1251, 'SF53', 'ORTAÑIQUE', 109, 'SF'),
(1252, 'SF54', 'TANGO', 189, 'SF'),
(1253, 'SF55', 'W. MURCOTT', 189, 'SF'),
(1254, 'SF56', 'ORTAÑIQUE', 189, 'SF'),
(1255, 'SF57', 'FUKUMOTO', 190, 'SF'),
(1256, 'SF58', 'LANE LATE', 190, 'SF'),
(1257, 'SF59', 'VALENCIA LATE', 190, 'SF'),
(1258, 'SF60', 'VALENCIA MIDKNIGHT', 190, 'SF'),
(1259, 'SF61', 'GOLDEN', 190, 'SF'),
(1260, 'SF62', 'THOMPSON NAVEL', 190, 'SF'),
(1261, 'SF63', 'VALENCIA DELTA', 190, 'SF'),
(1262, 'SF64', 'VALENCIA OLINDA', 190, 'SF'),
(1263, 'SF65', 'SALUSTIANA VALENCIA ', 190, 'SF'),
(1264, 'SF66', 'CARA CARA', 190, 'SF');

-- --------------------------------------------------------

--
-- Estructura de tabla para la tabla `cal_zona`
--

CREATE TABLE `cal_zona` (
  `zona_id` int(11) NOT NULL,
  `zona_nombre` varchar(50) DEFAULT NULL,
  `cliente_id` varchar(100) DEFAULT NULL,
  `orden` int(11) NOT NULL
) ENGINE=InnoDB DEFAULT CHARSET=latin1;

--
-- Volcado de datos para la tabla `cal_zona`
--

INSERT INTO `cal_zona` (`zona_id`, `zona_nombre`, `cliente_id`, `orden`) VALUES
(1, 'ACONCAGUA', 'RB', 5),
(2, 'COPIAPO', 'RB', 2),
(3, 'COQUIMBO', 'RB', 1),
(4, 'OVALLE', 'RB', 4),
(5, 'SUR RANCAGUA', 'RB', 6),
(6, 'VICUÑA', 'RB', 3),
(7, 'SUR', 'GF', 1),
(8, 'FRIGORIFICO', 'GF', 2),
(9, 'SUR', 'EX', 1),
(10, 'SUR', 'LZ', 2),
(11, 'NORTE', 'LZ', 1),
(12, 'NORTE PERU', 'ASJ', 1),
(13, 'SUR', 'TR', 1),
(14, 'SUR', 'CT', 1),
(15, 'SUR', 'MA', 1),
(16, 'CENTRO', 'MA', 2),
(17, 'SUR', 'PR', 1),
(18, 'SUR', 'SF', 1),
(19, 'NORTE PERU', 'PG', 1),
(20, 'CENTRO', 'LL', 2),
(21, 'SUR', 'LL', 1),
(22, 'CENTRO', 'AS', 1),
(23, 'CENTRO', 'QE', 1),
(24, 'MEXICO', 'RBM', 1),
(25, 'SUR', 'AGRSUR', 1),
(26, 'CENTRO', 'AF', 1),
(27, 'CENTRO', 'SUN', 2),
(28, 'SUR', 'SUN', 1),
(29, 'CENTRO', 'PV', 0);

-- --------------------------------------------------------

--
-- Estructura de tabla para la tabla `cliente_tablet`
--

CREATE TABLE `cliente_tablet` (
  `id` int(11) NOT NULL,
  `cliente_id` varchar(100) DEFAULT NULL
) ENGINE=MyISAM DEFAULT CHARSET=latin1;

--
-- Volcado de datos para la tabla `cliente_tablet`
--

INSERT INTO `cliente_tablet` (`id`, `cliente_id`) VALUES
(2, 'GF');

-- --------------------------------------------------------

--
-- Estructura de tabla para la tabla `detalle_validar`
--

CREATE TABLE `detalle_validar` (
  `id_detalle_validar` int(11) NOT NULL,
  `nombre_detalle` varchar(800) DEFAULT NULL
) ENGINE=InnoDB DEFAULT CHARSET=latin1;

-- --------------------------------------------------------

--
-- Estructura de tabla para la tabla `powerbi`
--

CREATE TABLE `powerbi` (
  `id_power` int(11) NOT NULL,
  `link` varchar(500) DEFAULT NULL,
  `cliente_id` varchar(100) NOT NULL
) ENGINE=MyISAM DEFAULT CHARSET=latin1;

-- --------------------------------------------------------

--
-- Estructura de tabla para la tabla `productor_reporte`
--

CREATE TABLE `productor_reporte` (
  `id` int(11) NOT NULL,
  `num` int(11) DEFAULT NULL,
  `productor_cod` varchar(50) NOT NULL,
  `variedad_cod` varchar(50) NOT NULL,
  `pro` varchar(10) NOT NULL,
  `var` varchar(10) NOT NULL,
  `var_pag3` varchar(100) NOT NULL,
  `pi_folio` varchar(20) NOT NULL,
  `foto_nombre` varchar(150) DEFAULT NULL,
  `defecto` varchar(100) NOT NULL,
  `estado` varchar(10) NOT NULL,
  `fecha_desde` varchar(15) NOT NULL,
  `fecha_hasta` varchar(15) NOT NULL,
  `ip` varchar(30) NOT NULL,
  `id_sesion` int(11) NOT NULL
) ENGINE=MyISAM DEFAULT CHARSET=latin1;

-- --------------------------------------------------------

--
-- Estructura de tabla para la tabla `pro_norma_detalle`
--

CREATE TABLE `pro_norma_detalle` (
  `id_norma_detalle` int(11) NOT NULL,
  `norma_id` int(11) DEFAULT NULL,
  `id_parametro` int(11) DEFAULT NULL,
  `defecto_id` int(11) DEFAULT NULL,
  `norma_det_valor1` varchar(10) DEFAULT NULL,
  `norma_det_valor2` varchar(10) DEFAULT NULL,
  `norma_det_valor3` varchar(10) NOT NULL,
  `norma_det_valor4` varchar(10) NOT NULL,
  `norma_det_valor_tipo` varchar(50) DEFAULT NULL,
  `tipo_dato` varchar(30) NOT NULL,
  `estado` varchar(45) DEFAULT NULL,
  `norma_det_orden` double DEFAULT NULL,
  `sincro` varchar(2) NOT NULL,
  `cliente_id` varchar(100) NOT NULL
) ENGINE=InnoDB DEFAULT CHARSET=latin1;

--
-- Volcado de datos para la tabla `pro_norma_detalle`
--

INSERT INTO `pro_norma_detalle` (`id_norma_detalle`, `norma_id`, `id_parametro`, `defecto_id`, `norma_det_valor1`, `norma_det_valor2`, `norma_det_valor3`, `norma_det_valor4`, `norma_det_valor_tipo`, `tipo_dato`, `estado`, `norma_det_orden`, `sincro`, `cliente_id`) VALUES
(1, 1, 130, 2156, '', '', '', '', 'OBLIGATORIO', 'NLOTE', 'ACTIVO', 1, 'N', 'RB'),
(2, 1, 130, 2157, '0', '20.1', '30', '', 'NUMERICO MENOR MAYOR', 'MINUTOS', 'ACTIVO', 2, 'N', 'RB'),
(3, 1, 131, 2158, '', '', '', '', 'OBLIGATORIO', 'NLOTE', 'ACTIVO', 1, 'N', 'RB'),
(4, 1, 131, 2159, '', '', '', '', 'OBLIGATORIO', 'NHIDRO', 'ACTIVO', 2, 'N', 'RB'),
(5, 1, 131, 2160, 'SI', '', 'NO', '', 'CHECK SINO', 'SINO', 'ACTIVO', 3, 'N', 'RB'),
(6, 1, 131, 2161, '0', '2.1', '3', '', 'NUMERICO MENOR MAYOR', 'TEXTO', 'ACTIVO', 4, 'N', 'RB'),
(7, 1, 131, 2162, '6', '6.5', '7.5', '8', 'NUMERICO DOBLE RANGO', 'PH', 'ACTIVO', 5, 'N', 'RB'),
(8, 1, 131, 2163, '10000', '800', '650', '', 'NUMERICO MAYOR MENOR', 'MVOLT', 'ACTIVO', 6, 'N', 'RB'),
(9, 1, 131, 2164, '1', '4', '5', '', 'NUMERICO MENOR MAYOR', 'HRS', 'ACTIVO', 7, 'N', 'RB'),
(10, 1, 131, 2165, '3', '4', '8', '10', 'NUMERICO DOBLE RANGO', 'HRS', 'ACTIVO', 8, 'N', 'RB'),
(11, 1, 131, 2166, '1', '3', '4', '7', 'NUMERICO DOBLE RANGO', 'HRS', 'ACTIVO', 9, 'N', 'RB'),
(12, 1, 131, 2167, '', '', '', '', 'NUMERICO TEXTO', 'NUMERICO', 'ACTIVO', 10, 'N', 'RB'),
(13, 1, 131, 2168, '1', '2', '8', '10', 'NUMERICO DOBLE RANGO', 'TEMPERATURA', 'ACTIVO', 11, 'N', 'RB'),
(14, 1, 132, 2198, '', '', '', '', 'OBLIGATORIO', 'NCAMARA', 'ACTIVO', 1, 'N', 'RB'),
(15, 1, 132, 2199, '', '', '', '', 'OBLIGATORIO', 'NLOTE', 'ACTIVO', 2, 'N', 'RB'),
(16, 1, 132, 2169, '-1.5', '-1', '1', '2', 'NUMERICO DOBLE RANGO', 'TEMPERATURA', 'ACTIVO', 3, 'N', 'RB'),
(17, 1, 132, 2170, '87', '90', '100', '', 'NUMERICO MAYOR MENOR', 'TEMPERATURA', 'ACTIVO', 4, 'N', 'RB'),
(18, 1, 132, 2171, '-0.5', '0', '3', '4', 'NUMERICO DOBLE RANGO', 'TEMPERATURA', 'ACTIVO', 5, 'N', 'RB'),
(19, 1, 132, 2172, '-0.5', '0', '1', '2', 'NUMERICO DOBLE RANGO', 'TEMPERATURA', 'ACTIVO', 6, 'N', 'RB'),
(20, 1, 133, 62, '', '', '', '', 'OBLIGATORIO', 'NPROCESO', 'ACTIVO', 1, 'N', 'RB'),
(21, 1, 133, 2173, 'SI', '', 'NO', '', 'CHECK SINO', 'SINO', 'ACTIVO', 2, 'N', 'RB'),
(22, 1, 133, 2174, 'SI', '', 'NO', '', 'CHECK SINO', 'SINO', 'ACTIVO', 3, 'N', 'RB'),
(23, 1, 133, 2175, '2', '3', '4', '5', 'NUMERICO DOBLE RANGO', 'TEMPERATURA', 'ACTIVO', 4, 'N', 'RB'),
(24, 1, 133, 2176, '0', '7', '10', '', 'NUMERICO MENOR MAYOR', 'TEMPERATURA', 'ACTIVO', 5, 'N', 'RB'),
(25, 1, 133, 2177, '0', '0.1', '2', '', 'NUMERICO MENOR MAYOR', 'PORCENTAJE', 'ACTIVO', 6, 'N', 'RB'),
(26, 1, 133, 2178, '0', '6', '10', '', 'NUMERICO MENOR MAYOR', 'PORCENTAJE', 'ACTIVO', 7, 'N', 'RB'),
(27, 1, 133, 2179, '0', '2.1', '4', '', 'NUMERICO MENOR MAYOR', 'TEMPERATURA', 'ACTIVO', 8, 'N', 'RB'),
(28, 1, 133, 2180, '1000', '800', '650', '', 'NUMERICO MAYOR MENOR', 'MVOLT', 'ACTIVO', 9, 'N', 'RB'),
(29, 1, 133, 2181, '6', '6.5', '7.5', '8', 'NUMERICO DOBLE RANGO', 'PH', 'ACTIVO', 10, 'N', 'RB'),
(30, 1, 133, 2182, '-10', '3', '4', '', 'NUMERICO MENOR MAYOR', 'TEMPERATURA', 'ACTIVO', 11, 'N', 'RB'),
(31, 1, 133, 2183, '5', '6', '7', '7.5', 'NUMERICO DOBLE RANGO', 'PH', 'ACTIVO', 12, 'N', 'RB'),
(32, 1, 133, 2184, '0', '16', '20', '', 'NUMERICO MENOR MAYOR', 'TEMPERATURA', 'ACTIVO', 13, 'N', 'RB'),
(33, 1, 133, 2185, '0', '6', '8', '', 'NUMERICO MENOR MAYOR', 'TEMPERATURA', 'ACTIVO', 14, 'N', 'RB'),
(34, 1, 133, 2186, '0', '15.1', '17', '', 'NUMERICO MENOR MAYOR', 'TEMPERATURA', 'ACTIVO', 15, 'N', 'RB'),
(35, 1, 133, 2187, '100', '97.9', '96', '', 'NUMERICO MAYOR MENOR', 'PORCENTAJE', 'ACTIVO', 16, 'N', 'RB'),
(36, 1, 133, 2188, '0', '8', '10', '', 'NUMERICO MENOR MAYOR', 'TEMPERATURA', 'ACTIVO', 17, 'N', 'RB'),
(37, 1, 133, 2189, '0', '2', '6', '', 'NUMERICO MENOR MAYOR', 'PORCENTAJE', 'ACTIVO', 18, 'N', 'RB'),
(38, 1, 134, 2200, '', '', '', '', 'OBLIGATORIO', 'NFRIO', 'ACTIVO', 1, 'N', 'RB'),
(39, 1, 134, 2201, '', '', '', '', 'OBLIGATORIO', 'NPALLET', 'ACTIVO', 2, 'N', 'RB'),
(40, 1, 134, 2190, '-1', '-0.5', '0.5', '1.5', 'NUMERICO DOBLE RANGO', 'TEMPERATURA', 'ACTIVO', 3, 'N', 'RB'),
(41, 1, 134, 2191, '0', '1', '2', '', 'NUMERICO MENOR MAYOR', 'HRS', 'ACTIVO', 4, 'N', 'RB'),
(42, 1, 135, 2202, '', '', '', '', 'OBLIGATORIO', 'NCAMARA', 'ACTIVO', 1, 'N', 'RB'),
(43, 1, 135, 2203, '', '', '', '', 'OBLIGATORIO', 'NPALLET', 'ACTIVO', 2, 'N', 'RB'),
(44, 1, 135, 2192, '-1.5', '-1', '0.5', '1.5', 'NUMERICO DOBLE RANGO', 'TEMPERATURA', 'ACTIVO', 3, 'N', 'RB'),
(45, 1, 135, 2193, '-1.0', '-0.5', '0.5', '1', 'NUMERICO DOBLE RANGO', 'TEMPERATURA', 'ACTIVO', 4, 'N', 'RB'),
(46, 1, 136, 2204, '', '', '', '', 'OBLIGATORIO', 'NEMBARQUE', 'ACTIVO', 1, 'N', 'RB'),
(47, 1, 136, 2205, '', '', '', '', 'OBLIGATORIO', 'NPALLET', 'ACTIVO', 2, 'N', 'RB'),
(48, 1, 136, 2194, 'B', '', 'M', '', 'CHECK BUENO MALO', 'BUENOMALO', 'ACTIVO', 3, 'N', 'RB'),
(49, 1, 136, 2195, 'B', '', 'M', '', 'CHECK BUENO MALO', 'BUENOMALO', 'ACTIVO', 4, 'N', 'RB'),
(50, 1, 136, 2196, 'B', '', 'M', '', 'CHECK BUENO MALO', 'BUENOMALO', 'ACTIVO', 5, 'N', 'RB'),
(51, 1, 136, 2197, '-1.0', '-0.5', '0.5', '1', 'NUMERICO DOBLE RANGO', 'TEMPERATURA', 'ACTIVO', 6, 'N', 'RB'),
(52, 2, 137, 2217, '', '', '', '', 'OBLIGATORIO', 'NLOTE', 'ACTIVO', 1, 'N', 'GF'),
(53, 2, 137, 2218, '', '', '', '', 'OBLIGATORIO', 'OBSERVACION', 'ACTIVO', 2, 'N', 'GF'),
(54, 2, 137, 2219, 'SI', '', 'NO', '', 'CHECK SINO', 'SINO', 'ACTIVO', 3, 'N', 'GF'),
(55, 2, 137, 2220, '0', '45.01', '45.01', '', 'NUMERICO MENOR MAYOR', 'MINUTOS', 'ACTIVO', 4, 'N', 'GF'),
(56, 2, 137, 2221, '0', '55.01', '55.01', '', 'NUMERICO MENOR MAYOR', 'MINUTOS', 'ACTIVO', 5, 'N', 'GF'),
(57, 2, 137, 2222, '0', '25.01', '25.01', '', 'NUMERICO MENOR MAYOR', 'MINUTOS', 'ACTIVO', 6, 'N', 'GF'),
(58, 2, 137, 2223, '0', '30.01', '30.01', '', 'NUMERICO MENOR MAYOR', 'MINUTOS', 'ACTIVO', 7, 'N', 'GF'),
(59, 2, 137, 2225, '4', '4', '25', '25', 'NUMERICO DOBLE RANGO', 'TEMPERATURA', 'ACTIVO', 9, 'N', 'GF'),
(60, 2, 137, 2226, '100', '89.9', '89.9', '', 'NUMERICO MAYOR MENOR', 'PORCENTAJE', 'ACTIVO', 10, 'N', 'GF'),
(61, 2, 137, 2227, '0', '60.01', '60.01', '', 'NUMERICO MENOR MAYOR', 'MINUTOS', 'ACTIVO', 11, 'N', 'GF'),
(62, 2, 137, 2228, 'SI', '', 'NO', '', 'CHECK SINO', 'SINO', 'ACTIVO', 12, 'N', 'GF'),
(63, 2, 137, 2229, 'SI', '', 'NO', '', 'CHECK SINO', 'SINO', 'ACTIVO', 13, 'N', 'GF'),
(64, 2, 137, 2224, '0', '30.01', '30.01', '', 'NUMERICO MENOR MAYOR', 'MINUTOS', 'ACTIVO', 8, 'N', 'GF'),
(65, 2, 138, 2230, '', '', '', '', 'OBLIGATORIO', 'NLOTE', 'ACTIVO', 1, 'N', 'GF'),
(66, 2, 138, 2231, '', '', '', '', 'OBLIGATORIO', 'OBSERVACION', 'ACTIVO', 2, 'N', 'GF'),
(67, 2, 138, 2232, '3', '3', '8', '8', 'NUMERICO DOBLE RANGO', 'TEMPERATURA', 'ACTIVO', 3, 'N', 'GF'),
(68, 2, 138, 2233, '80', '80', '150.1', '150.1', 'NUMERICO DOBLE RANGO', 'NUMERICO', 'ACTIVO', 4, 'N', 'GF'),
(69, 2, 138, 2234, '50', '50', '70.1', '70.1', 'NUMERICO DOBLE RANGO', 'NUMERICO', 'ACTIVO', 5, 'N', 'GF'),
(70, 2, 138, 2235, '0', '0', '10', '10', 'NUMERICO DOBLE RANGO', 'PH', 'ACTIVO', 6, 'N', 'GF'),
(71, 2, 138, 2236, '0', '0', '1', '1', 'NUMERICO DOBLE RANGO', 'TEMPERATURA', 'ACTIVO', 7, 'N', 'GF'),
(72, 2, 138, 2237, 'SI', '', 'NO', '', 'CHECK SINO', 'SINO', 'ACTIVO', 8, 'N', 'GF'),
(73, 2, 138, 2238, '0', '0', '1', '1', 'NUMERICO DOBLE RANGO', 'MINUTOS', 'ACTIVO', 9, 'N', 'GF'),
(74, 2, 138, 2239, '0', '0', '3', '3', 'NUMERICO DOBLE RANGO', 'MINUTOS', 'ACTIVO', 10, 'N', 'GF'),
(75, 2, 138, 2240, '0', '0', '3', '3', 'NUMERICO DOBLE RANGO', 'MINUTOS', 'ACTIVO', 11, 'N', 'GF'),
(76, 2, 139, 2241, '', '', '', '', 'OBLIGATORIO', 'NCAMARA', 'ACTIVO', 1, 'N', 'GF'),
(77, 2, 139, 2242, '', '', '', '', 'OBLIGATORIO', 'NLOTE', 'ACTIVO', 2, 'N', 'GF'),
(78, 2, 139, 2243, '', '', '', '', 'OBLIGATORIO', 'OBSERVACION', 'ACTIVO', 3, 'N', 'GF'),
(79, 2, 139, 2244, 'SI', '', 'NO', '', 'CHECK SINO', 'SINO', 'ACTIVO', 4, 'N', 'GF'),
(80, 2, 139, 2245, '0', '0', '4', '4', 'NUMERICO DOBLE RANGO', 'TEMPERATURA', 'ACTIVO', 5, 'N', 'GF'),
(81, 2, 139, 2246, '0', '0', '2', '2', 'NUMERICO DOBLE RANGO', 'TEMPERATURA', 'ACTIVO', 6, 'N', 'GF'),
(82, 2, 139, 2247, '-0.5', '-0.5', '0.5', '0.5', 'NUMERICO DOBLE RANGO', 'TEMPERATURA', 'ACTIVO', 7, 'N', 'GF'),
(83, 2, 139, 2248, '100', '89.9', '89.9', '', 'NUMERICO MAYOR MENOR', 'PORCENTAJE', 'ACTIVO', 8, 'N', 'GF'),
(84, 2, 139, 2249, 'SI', '', 'NO', '', 'CHECK SINO', 'SINO', 'ACTIVO', 9, 'N', 'GF'),
(85, 2, 139, 2250, '0', '48.01', '48.01', '', 'NUMERICO MENOR MAYOR', 'HRS', 'ACTIVO', 10, 'N', 'GF'),
(86, 2, 140, 2251, '', '', '', '', 'OBLIGATORIO', 'NPROCESO', 'ACTIVO', 1, 'N', 'GF'),
(87, 2, 140, 2252, '', '', '', '', 'OBLIGATORIO', 'NLINEA', 'ACTIVO', 2, 'N', 'GF'),
(88, 2, 140, 2253, '', '', '', '', 'OBLIGATORIO', 'OBSERVACION', 'ACTIVO', 3, 'N', 'GF'),
(89, 2, 140, 2254, '5', '5', '15', '15', 'NUMERICO DOBLE RANGO', 'TEMPERATURA', 'ACTIVO', 4, 'N', 'GF'),
(90, 2, 140, 2255, '2', '2', '100', '100', 'NUMERICO DOBLE RANGO', 'TEMPERATURA', 'ACTIVO', 5, 'N', 'GF'),
(91, 2, 140, 2256, '80', '80', '120.1', '120.1', 'NUMERICO DOBLE RANGO', 'NUMERICO', 'ACTIVO', 6, 'N', 'GF'),
(92, 2, 140, 2257, '80', '80', '120.1', '120.1', 'NUMERICO DOBLE RANGO', 'NUMERICO', 'ACTIVO', 7, 'N', 'GF'),
(93, 2, 140, 2258, '50', '50', '70.1', '70.1', 'NUMERICO DOBLE RANGO', 'NUMERICO', 'ACTIVO', 8, 'N', 'GF'),
(94, 2, 140, 2259, '4', '4', '6', '6', 'NUMERICO DOBLE RANGO', 'TEMPERATURA', 'ACTIVO', 9, 'N', 'GF'),
(95, 2, 140, 2260, '0', '0', '10', '10', 'NUMERICO DOBLE RANGO', 'PH', 'ACTIVO', 10, 'N', 'GF'),
(96, 2, 140, 2261, '0', '10.01', '10.01', '', 'NUMERICO MENOR MAYOR', 'PORCENTAJE', 'ACTIVO', 11, 'N', 'GF'),
(97, 2, 140, 2262, '0', '4.01', '4.01', '', 'NUMERICO MENOR MAYOR', 'PORCENTAJE', 'ACTIVO', 12, 'N', 'GF'),
(98, 2, 140, 2263, '0', '10.01', '10.01', '', 'NUMERICO MENOR MAYOR', 'PORCENTAJE', 'ACTIVO', 13, 'N', 'GF'),
(99, 2, 140, 2264, '0', '4.01', '4.01', '', 'NUMERICO MENOR MAYOR', 'PORCENTAJE', 'ACTIVO', 14, 'N', 'GF'),
(100, 2, 140, 2265, '0', '0', '2', '2', 'NUMERICO DOBLE RANGO', 'TEMPERATURA', 'ACTIVO', 15, 'N', 'GF'),
(101, 2, 140, 2266, '6', '6', '7.5', '7.5', 'NUMERICO DOBLE RANGO', 'PH', 'ACTIVO', 16, 'N', 'GF'),
(102, 2, 140, 2256, '5', '5', '10.1', '10.1', 'NUMERICO DOBLE RANGO', 'NUMERICO', 'ACTIVO', 17, 'N', 'GF'),
(103, 2, 140, 2268, '0', '0', '10.1', '10.1', 'NUMERICO DOBLE RANGO', 'TEMPERATURA', 'ACTIVO', 18, 'N', 'GF'),
(104, 2, 140, 2269, '4', '4', '6', '6', 'NUMERICO DOBLE RANGO', 'TEMPERATURA', 'ACTIVO', 19, 'N', 'GF'),
(105, 2, 140, 2270, '100', '100', '100', '100', 'NUMERICO DOBLE RANGO', 'PORCENTAJE', 'ACTIVO', 20, 'N', 'GF'),
(106, 2, 140, 2271, 'BUENO', '', 'MALO', '', 'CHECK BUENO MALO', 'BUENOMALO', 'ACTIVO', 21, 'N', 'GF'),
(107, 2, 140, 2272, '4', '4', '10', '10', 'NUMERICO DOBLE RANGO', 'TEMPERATURA', 'ACTIVO', 22, 'N', 'GF'),
(108, 2, 140, 2273, '4', '4', '6', '6', 'NUMERICO DOBLE RANGO', 'TEMPERATURA', 'ACTIVO', 23, 'N', 'GF'),
(109, 2, 140, 2274, '0', '2.01', '2.01', '', 'NUMERICO DOBLE RANGO', 'HRS', 'ACTIVO', 24, 'N', 'GF'),
(110, 2, 141, 2275, '', '', '', '', 'OBLIGATORIO', 'NFRIO', 'ACTIVO', 1, 'N', 'GF'),
(111, 2, 141, 2276, '', '', '', '', 'OBLIGATORIO', 'NPALLET', 'ACTIVO', 2, 'N', 'GF'),
(112, 2, 141, 2277, '', '', '', '', 'OBLIGATORIO', 'OBSERVACION', 'ACTIVO', 3, 'N', 'GF'),
(113, 2, 141, 2278, '0', '0', '0.5', '0.5', 'NUMERICO DOBLE RANGO', 'TEMPERATURA', 'ACTIVO', 4, 'N', 'GF'),
(114, 2, 141, 2279, '0', '0', '5', '5', 'NUMERICO DOBLE RANGO', 'TEMPERATURA', 'ACTIVO', 5, 'N', 'GF'),
(115, 2, 141, 2280, '-0.5', '-0.5', '0.5', '0.5', 'NUMERICO DOBLE RANGO', 'TEMPERATURA', 'ACTIVO', 6, 'N', 'GF'),
(116, 2, 141, 2281, '-1', '-1', '0.5', '0.5', 'NUMERICO DOBLE RANGO', 'TEMPERATURA', 'ACTIVO', 7, 'N', 'GF'),
(117, 2, 141, 2282, '-1.5', '-1.5', '0.5', '0.5', 'NUMERICO DOBLE RANGO', 'TEMPERATURA', 'ACTIVO', 8, 'N', 'GF'),
(118, 2, 142, 2283, '', '', '', '', 'OBLIGATORIO', 'NCAMARA', 'ACTIVO', 1, 'N', 'GF'),
(119, 2, 142, 2284, '', '', '', '', 'OBLIGATORIO', 'NPALLET', 'ACTIVO', 2, 'N', 'GF'),
(120, 2, 142, 2285, '', '', '', '', 'OBLIGATORIO', 'OBSERVACION', 'ACTIVO', 3, 'N', 'GF'),
(121, 2, 142, 2286, '-1.5', '-1.5', '0.5', '0.5', 'NUMERICO DOBLE RANGO', 'TEMPERATURA', 'ACTIVO', 4, 'N', 'GF'),
(122, 2, 142, 2287, '-1', '-1', '0.5', '0.5', 'NUMERICO DOBLE RANGO', 'TEMPERATURA', 'ACTIVO', 5, 'N', 'GF'),
(123, 2, 142, 2288, '-0.5', '-0.5', '5', '5', 'NUMERICO DOBLE RANGO', 'TEMPERATURA', 'ACTIVO', 6, 'N', 'GF'),
(124, 2, 142, 2289, '100', '0', '0', '', 'NUMERICO DOBLE RANGO', 'PORCENTAJE', 'ACTIVO', 7, 'N', 'GF'),
(125, 2, 143, 2290, '', '', '', '', 'OBLIGATORIO', 'NEMBARQUE', 'ACTIVO', 1, 'N', 'GF'),
(126, 2, 143, 2291, '', '', '', '', 'OBLIGATORIO', 'NPALLET', 'ACTIVO', 2, 'N', 'GF'),
(127, 2, 143, 2292, '', '', '', '', 'OBLIGATORIO', 'OBSERVACION', 'ACTIVO', 3, 'N', 'GF'),
(128, 2, 143, 2293, '-1.5', '0.89', '0.89', '', 'NUMERICO MENOR MAYOR', 'TEMPERATURA', 'ACTIVO', 4, 'N', 'GF'),
(129, 2, 143, 2294, '-1.5', '4.99', '4.99', '', 'NUMERICO MENOR MAYOR', 'TEMPERATURA', 'ACTIVO', 5, 'N', 'GF'),
(130, 2, 143, 2295, 'BUENO', '', 'MALO', '', 'CHECK BUENO MALO', 'BUENOMALO', 'ACTIVO', 6, 'N', 'GF'),
(131, 2, 143, 2296, 'BUENO', '', 'MALO', '', 'CHECK BUENO MALO', 'BUENOMALO', 'ACTIVO', 7, 'N', 'GF'),
(132, 2, 143, 2297, 'BUENO', '', 'MALO', '', 'CHECK BUENO MALO', 'BUENOMALO', 'ACTIVO', 8, 'N', 'GF'),
(133, 2, 143, 2298, '10', '10', '10', '10', 'NUMERICO DOBLE RANGO', 'NUMERICO', 'ACTIVO', 9, 'N', 'GF'),
(134, 2, 143, 2299, '-0.5', '-0.5', '-0.5', '-0.5', 'NUMERICO DOBLE RANGO', 'TEMPERATURA', 'ACTIVO', 10, 'N', 'GF'),
(135, 2, 143, 2300, '-0.2', '-0.2', '-0.2', '-0.2', 'NUMERICO DOBLE RANGO', 'TEMPERATURA', 'ACTIVO', 11, 'N', 'GF'),
(136, 2, 143, 2301, '-0.5', '-0.5', '-0.5', '-0.5', 'NUMERICO DOBLE RANGO', 'TEMPERATURA', 'ACTIVO', 12, 'N', 'GF'),
(137, 2, 143, 2302, 'BUENO', '', 'MALO', '', 'CHECK BUENO MALO', 'BUENOMALO', 'ACTIVO', 13, 'N', 'GF'),
(138, 2, 143, 2303, '12', '12', '12', '12', 'NUMERICO DOBLE RANGO', 'TEMPERATURA', 'ACTIVO', 14, 'N', 'GF'),
(139, 2, 143, 2304, '0', '0', '2', '2', 'NUMERICO DOBLE RANGO', 'TEMPERATURA', 'ACTIVO', 15, 'N', 'GF'),
(140, 2, 143, 2305, '5', '5', '5', '5', 'NUMERICO DOBLE RANGO', 'TEMPERATURA', 'ACTIVO', 16, 'N', 'GF'),
(141, 2, 143, 2306, '0', '0', '10', '10', 'NUMERICO DOBLE RANGO', 'TEMPERATURA', 'ACTIVO', 17, 'N', 'GF'),
(142, 2, 143, 2307, '0', '0', '5', '5', 'NUMERICO DOBLE RANGO', 'TEMPERATURA', 'ACTIVO', 18, 'N', 'GF'),
(143, 2, 144, 2308, '', '', '', '', 'OBLIGATORIO', 'NPROCESO', 'ACTIVO', 1, 'N', 'GF'),
(144, 2, 144, 2309, '', '', '', '', 'OBLIGATORIO', 'NLINEA', 'ACTIVO', 2, 'N', 'GF'),
(145, 2, 144, 2310, '', '', '', '', 'OBLIGATORIO', 'OBSERVACION', 'ACTIVO', 3, 'N', 'GF'),
(146, 2, 144, 2311, '0', '5.01', '5.01', '', 'NUMERICO MENOR MAYOR', 'PORCENTAJE', 'ACTIVO', 4, 'N', 'GF'),
(147, 2, 144, 2312, '0', '10.01', '10.01', '', 'NUMERICO MENOR MAYOR', 'PORCENTAJE', 'ACTIVO', 5, 'N', 'GF'),
(148, 2, 144, 2313, '0', '0', '2', '2', 'NUMERICO DOBLE RANGO', 'NUMERICO', 'ACTIVO', 6, 'N', 'GF'),
(149, 2, 144, 2314, '0', '0', '2', '2', 'NUMERICO DOBLE RANGO', 'NUMERICO', 'ACTIVO', 7, 'N', 'GF'),
(150, 3, 157, 2361, '', '', '', '', 'OBLIGATORIO', 'NPROCESO', 'ACTIVO', 1, 'N', 'LL'),
(151, 3, 157, 2362, '', '', '', '', 'OBLIGATORIO', 'NLINEA', 'ACTIVO', 2, 'N', 'LL'),
(152, 3, 157, 2363, '', '', '', '', 'OBSERVACION', 'OBSERVACION', 'ACTIVO', 3, 'N', 'LL'),
(153, 3, 157, 2364, '0', '0', '10', '10', 'NUMERICO DOBLE RANGO', 'TEMPERATURA', 'ACTIVO', 4, 'N', 'LL'),
(154, 3, 157, 2365, 'SI', '', 'NO', '', 'CHECK SINO', 'SINO', 'ACTIVO', 5, 'N', 'LL'),
(155, 3, 157, 2366, '4', '4', '4', '4', 'NUMERICO DOBLE RANGO', 'TEMPERATURA', 'ACTIVO', 6, 'N', 'LL'),
(156, 3, 157, 2367, 'BUENO', '', 'MALO', '', 'CHECK BUENO MALO', 'BUENOMALO', 'ACTIVO', 7, 'N', 'LL'),
(157, 3, 157, 2368, 'BUENO', '', 'MALO', '', 'CHECK BUENO MALO', 'BUENOMALO', 'ACTIVO', 8, 'N', 'LL'),
(158, 3, 153, 2361, '', '', '', '', 'OBLIGATORIO', 'NPROCESO', 'ACTIVO', 1, 'N', 'LL'),
(159, 3, 153, 2362, '', '', '', '', 'OBLIGATORIO', 'NLINEA', 'ACTIVO', 2, 'N', 'LL'),
(160, 3, 153, 2386, '', '', '', '', 'OBLIGATORIO', 'OBSERVACION', 'ACTIVO', 3, 'N', 'LL'),
(161, 3, 153, 2387, '0', '0', '6', '6', 'NUMERICO DOBLE RANGO', 'TEMPERATURA', 'ACTIVO', 4, 'N', 'LL'),
(162, 3, 153, 2388, 'BUENO', '', 'MALO', '', 'CHECK BUENO MALO', 'BUENOMALO', 'ACTIVO', 5, 'N', 'LL'),
(163, 3, 153, 2389, 'BUENO', '', 'MALO', '', 'CHECK BUENO MALO', 'BUENOMALO', 'ACTIVO', 6, 'N', 'LL'),
(164, 3, 153, 2390, 'BUENO', '', 'MALO', '', 'CHECK BUENO MALO', 'BUENOMALO', 'ACTIVO', 7, 'N', 'LL'),
(165, 3, 153, 2391, 'BUENO', '', 'MALO', '', 'CHECK BUENO MALO', 'BUENOMALO', 'ACTIVO', 8, 'N', 'LL'),
(166, 3, 153, 2392, 'BUENO', '', 'MALO', '', 'CHECK BUENO MALO', 'BUENOMALO', 'ACTIVO', 9, 'N', 'LL'),
(167, 3, 154, 2361, '', '', '', '', 'OBLIGATORIO', 'NPROCESO', 'ACTIVO', 1, 'N', 'LL'),
(168, 3, 154, 2491, '', '', '', '', 'OBLIGATORIO', 'OBSERVACION', 'ACTIVO', 2, 'N', 'LL'),
(169, 3, 154, 2492, 'BUENO', '', 'MALO', '', 'CHECK BUENO MALO', 'BUENOMALO', 'ACTIVO', 3, 'N', 'LL'),
(170, 3, 154, 2494, 'BUENO', '', 'MALO', '', 'CHECK BUENO MALO', 'BUENOMALO', 'ACTIVO', 4, 'N', 'LL'),
(171, 3, 154, 2493, 'BUENO', '', 'MALO', '', 'CHECK BUENO MALO', 'BUENOMALO', 'ACTIVO', 5, 'N', 'LL'),
(172, 3, 154, 2495, 'BUENO', '', 'MALO', '', 'CHECK BUENO MALO', 'BUENOMALO', 'ACTIVO', 6, 'N', 'LL'),
(173, 3, 154, 2496, 'BUENO', '', 'MALO', '', 'CHECK BUENO MALO', 'BUENOMALO', 'ACTIVO', 7, 'N', 'LL'),
(174, 3, 154, 2497, 'BUENO', '', 'MALO', '', 'CHECK BUENO MALO', 'BUENOMALO', 'ACTIVO', 8, 'N', 'LL'),
(175, 3, 155, 2506, '', '', '', '', 'OBLIGATORIO', 'NCAMARA', 'ACTIVO', 1, 'N', 'LL'),
(176, 3, 155, 2507, '', '', '', '', 'OBLIGATORIO', 'OBSERVACION', 'ACTIVO', 2, 'N', 'LL'),
(177, 3, 155, 2508, '5', '5', '6', '6', 'NUMERICO DOBLE RANGO', 'TEMPERATURA', 'ACTIVO', 3, 'N', 'LL'),
(178, 3, 155, 1637, '100', '100', '100', '100', 'NUMERICO DOBLE RANGO', 'TEMPERATURA', 'ACTIVO', 4, 'N', 'LL'),
(179, 3, 155, 1637, '5', '5', '6', '6', 'NUMERICO DOBLE RANGO', 'NUMERICO', 'ACTIVO', 5, 'N', 'LL'),
(180, 3, 156, 1637, '', '', '', '', 'OBLIGATORIO', 'NPALLET', 'ACTIVO', 1, 'N', 'LL'),
(181, 3, 156, 2512, '', '', '', '', 'OBLIGATORIO', 'OBSERVACION', 'ACTIVO', 2, 'N', 'LL'),
(182, 3, 156, 2513, '0', '3', '5', '5', 'NUMERICO DOBLE RANGO', 'TEMPERATURA', 'ACTIVO', 3, 'N', 'LL'),
(183, 3, 156, 2514, '-0.5', '-0.5', '1', '1', 'NUMERICO DOBLE RANGO', 'TEMPERATURA', 'ACTIVO', 4, 'N', 'LL'),
(184, 4, 173, 2715, '', '', '', '', 'OBLIGATORIO', 'PRODUCTOR', 'ACTIVO', 1, 'N', 'RBM'),
(185, 4, 173, 0, '', '', '', '', 'CHECK SINO', 'BUENOMALO', 'ACTIVO', 2, 'N', 'GF'),
(186, 4, 173, 2716, '', '', '', '', 'OBLIGATORIO', 'PREDIO', 'ACTIVO', 2, 'N', 'RBM'),
(187, 4, 173, 2717, '', '', '', '', 'OBLIGATORIO', 'CUARTEL', 'ACTIVO', 3, 'N', 'RBM'),
(188, 4, 173, 2718, '', '', '', '', 'OBLIGATORIO', 'COSECHERO_MODULO', 'ACTIVO', 4, 'N', 'RBM'),
(189, 4, 173, 2719, '', '', '', '', 'OBLIGATORIO', 'CUADRILLA_CONTRATISTA', 'ACTIVO', 5, 'N', 'RBM'),
(190, 4, 173, 2698, '', '', '', '', 'CHECK SINO', 'SINO', 'ACTIVO', 6, 'N', 'RBM'),
(191, 4, 173, 2720, '', '', '', '', 'CHECK SINO', 'SINO', 'ACTIVO', 7, 'N', 'RBM'),
(192, 4, 173, 2721, '', '', '', '', 'CHECK SINO', 'SINO', 'ACTIVO', 8, 'N', 'RBM'),
(193, 4, 173, 2722, '', '', '', '', 'CHECK SINO', 'SINO', 'ACTIVO', 9, 'N', 'RBM'),
(194, 4, 173, 2700, '', '', '', '', 'CHECK SINO', 'SINO', 'ACTIVO', 10, 'N', 'RBM'),
(195, 4, 173, 2560, '', '', '', '', 'NUMERICO TEXTO', 'NUMERICO', 'ACTIVO', 12, 'N', 'RBM'),
(196, 4, 174, 2708, '', '', '', '', 'CHECK SINO', 'SINO', 'ACTIVO', 1, 'N', 'RBM'),
(197, 4, 174, 2709, '', '', '', '', 'CHECK SINO', 'SINO', 'ACTIVO', 2, 'N', 'RBM'),
(199, 4, 175, 2710, '0', '0', '35', '35', 'NUMERICO DOBLE RANGO', 'TEMPERATURA', 'ACTIVO', 1, 'N', 'RBM'),
(200, 4, 175, 2711, '0', '0', '35', '35', 'NUMERICO DOBLE RANGO', 'TEMPERATURA', 'ACTIVO', 2, 'N', 'RBM'),
(202, 4, 173, 2579, '', '', '', '', 'NUMERICO TEXTO', 'NUMERICO', 'ACTIVO', 13, 'N', 'RBM'),
(203, 4, 173, 2724, '0', '0', '100', '100', 'NUMERICO DOBLE RANGO', 'NUMERICO', 'ACTIVO', 14, 'N', 'RBM'),
(204, 4, 173, 2705, '', '', '', '', 'CHECK BUENO MALO', 'BUENOMALO', 'ACTIVO', 15, 'N', 'RBM'),
(205, 4, 173, 2706, '0', '0', '0', '0', 'NUMERICO DOBLE RANGO', 'NUMERICO', 'ACTIVO', 16, 'N', 'RBM'),
(206, 4, 173, 2712, '', '', '', '', 'OBLIGATORIO', 'OBSERVACION', 'ACTIVO', 17, 'N', 'RBM'),
(209, 4, 174, 2718, '', '', '', '', 'OBLIGATORIO', 'COSECHERO_MODULO', 'ACTIVO', 6, 'N', 'RBM'),
(210, 4, 174, 2719, '', '', '', '', 'OBLIGATORIO', 'CUADRILLA_CONTRATISTA', 'ACTIVO', 7, 'N', 'RBM'),
(211, 4, 174, 2713, '', '', '', '', 'OBLIGATORIO', 'OBSERVACION', 'ACTIVO', 8, 'N', 'RBM'),
(214, 5, 177, 2759, '', '', '', '', 'OBLIGATORIO', 'OBSERVACION', 'ACTIVO', 1, 'N', 'AGRSUR'),
(215, 5, 177, 2760, '', '', '', '', 'OBLIGATORIO', 'NSALIDA', 'ACTIVO', 2, 'N', 'AGRSUR'),
(216, 5, 177, 2761, '', '', '', '', 'CHECK SINO', 'SINO', 'ACTIVO', 3, 'N', 'AGRSUR'),
(217, 5, 177, 2762, '', '', '', '', 'CHECK SINO', 'SINO', 'ACTIVO', 4, 'N', 'AGRSUR'),
(218, 5, 177, 2764, '', '', '', '', 'CHECK SINO', 'SINO', 'ACTIVO', 5, 'N', 'AGRSUR'),
(219, 5, 178, 2783, '', '', '', '', 'OBLIGATORIO', 'OBSERVACION', 'ACTIVO', 1, 'N', 'AGRSUR'),
(220, 5, 178, 2765, '', '', '', '', 'NUMERICO TEXTO', 'NUMERICO', 'ACTIVO', 2, 'N', 'AGRSUR'),
(221, 5, 178, 2766, '', '', '', '', 'NUMERICO TEXTO', 'NUMERICO', 'ACTIVO', 3, 'N', 'AGRSUR'),
(222, 5, 178, 2767, '', '', '', '', 'NUMERICO TEXTO', 'NUMERICO', 'ACTIVO', 4, 'N', 'AGRSUR'),
(223, 5, 179, 2784, '', '', '', '', 'OBLIGATORIO', 'OBSERVACION', 'ACTIVO', 1, 'N', 'AGRSUR'),
(224, 5, 179, 2785, '', '', '', '', 'OBLIGATORIO', 'NSALIDA', 'ACTIVO', 2, 'N', 'AGRSUR'),
(225, 5, 179, 2768, '0', '0', '5', '5', 'NUMERICO DOBLE RANGO', 'MINUTOS', 'ACTIVO', 3, 'N', 'AGRSUR'),
(226, 5, 179, 2769, '6', '6', '6', '6', 'NUMERICO DOBLE RANGO', 'NUMERICO', 'ACTIVO', 4, 'N', 'AGRSUR'),
(227, 5, 179, 2770, '', '', '', '', 'CHECK BUENO MALO', 'BUENOMALO', 'ACTIVO', 5, 'N', 'AGRSUR'),
(228, 5, 179, 2771, '', '', '', '', 'CHECK SINO', 'SINO', 'ACTIVO', 6, 'N', 'AGRSUR'),
(229, 5, 179, 2772, '', '', '', '', 'CHECK SINO', 'SINO', 'ACTIVO', 7, 'N', 'AGRSUR'),
(230, 5, 180, 2786, '', '', '', '', 'OBLIGATORIO', 'OBSERVACION', 'ACTIVO', 1, 'N', 'AGRSUR'),
(231, 5, 180, 2787, '', '', '', '', 'OBLIGATORIO', 'NSALIDA', 'ACTIVO', 2, 'N', 'AGRSUR'),
(232, 5, 180, 2790, '0', '0', '5', '5', 'NUMERICO DOBLE RANGO', 'MINUTOS', 'ACTIVO', 3, 'N', 'AGRSUR'),
(233, 5, 180, 2791, '6', '6', '6', '6', 'NUMERICO DOBLE RANGO', 'NUMERICO', 'ACTIVO', 4, 'N', 'AGRSUR'),
(234, 5, 180, 2792, '', '', '', '', 'CHECK BUENO MALO', 'BUENOMALO', 'ACTIVO', 5, 'N', 'AGRSUR'),
(235, 5, 180, 2793, '', '', '', '', 'CHECK SINO', 'SINO', 'ACTIVO', 6, 'N', 'AGRSUR'),
(236, 5, 180, 2794, '', '', '', '', 'CHECK SINO', 'SINO', 'ACTIVO', 7, 'N', 'AGRSUR'),
(237, 5, 181, 2788, '', '', '', '', 'OBLIGATORIO', 'OBSERVACION', 'ACTIVO', 1, 'N', 'AGRSUR'),
(238, 5, 181, 2789, '', '', '', '', 'OBLIGATORIO', 'NSALIDA', 'ACTIVO', 2, 'N', 'AGRSUR'),
(239, 5, 181, 2778, '', '', '', '', 'CHECK SINO', 'SINO', 'ACTIVO', 3, 'N', 'AGRSUR'),
(240, 5, 181, 2779, '', '', '', '', 'CHECK SINO', 'SINO', 'ACTIVO', 4, 'N', 'AGRSUR'),
(241, 5, 181, 2780, '', '', '', '', 'CHECK SINO', 'SINO', 'ACTIVO', 5, 'N', 'AGRSUR'),
(242, 6, 182, 2795, 'BUENO ', 'REGULAR ', 'MALO', '', 'CHECK BUENO REGULAR MALO', 'BUENOMALO', 'ACTIVO', 1, 'N', 'RBM'),
(243, 6, 182, 2796, 'BUENO', 'REGULAR', 'MALO', '', 'CHECK BUENO REGULAR MALO', 'BUENOMALO', 'ACTIVO', 2, 'N', 'RBM'),
(244, 6, 182, 2797, '0', '0', '100', '100', 'NUMERICO DOBLE RANGO', 'TEMPERATURA', 'ACTIVO', 3, 'N', 'RBM'),
(245, 6, 182, 2798, '0', '0', '100', '100', 'NUMERICO DOBLE RANGO', 'TEMPERATURA', 'ACTIVO', 4, 'N', 'RBM'),
(246, 6, 182, 2799, '0', '0', '3', '4', 'NUMERICO DOBLE RANGO', 'HRS', 'ACTIVO', 5, 'N', 'RBM'),
(247, 6, 183, 2812, 'BUENO', 'REGULAR', 'MALO', '', 'CHECK BUENO REGULAR MALO', 'BUENOMALO', 'ACTIVO', 1, 'N', 'RBM'),
(248, 6, 183, 2813, 'BUENO', 'REGULAR', 'MALO', '', 'CHECK BUENO REGULAR MALO', 'BUENOMALO', 'ACTIVO', 2, 'N', 'RBM'),
(249, 6, 183, 2814, 'BUENO ', 'REGULAR ', 'MALO', '', 'CHECK BUENO REGULAR MALO', 'BUENOMALO', 'ACTIVO', 3, 'N', 'RBM'),
(250, 6, 183, 2815, 'BUENO', 'REGULAR', 'MALO', '', 'CHECK BUENO REGULAR MALO', 'BUENOMALO', 'ACTIVO', 4, 'N', 'RBM'),
(251, 6, 183, 2816, 'BUENO', 'REGULAR', 'MALO', '', 'CHECK BUENO REGULAR MALO', 'BUENOMALO', 'ACTIVO', 5, 'N', 'RBM'),
(252, 6, 183, 2817, 'BUENO', 'REGULAR', 'MALO', '', 'CHECK BUENO REGULAR MALO', 'BUENOMALO', 'ACTIVO', 6, 'N', 'RBM'),
(253, 6, 183, 2818, 'BUENO', 'REGULAR', 'MALO', '', 'CHECK BUENO REGULAR MALO', 'BUENOMALO', 'ACTIVO', 7, 'N', 'RBM'),
(254, 6, 183, 2819, 'BUENO', 'REGULAR', 'MALO', '', 'CHECK BUENO REGULAR MALO', 'BUENOMALO', 'ACTIVO', 8, 'N', 'RBM'),
(255, 6, 183, 2820, 'BUENO', 'REGULAR', 'MALO', '', 'CHECK BUENO REGULAR MALO', 'BUENOMALO', 'ACTIVO', 9, 'N', 'RBM'),
(256, 6, 183, 2821, 'BUENO', 'REGULAR', 'MALO', '', 'CHECK BUENO REGULAR MALO', 'BUENOMALO', 'ACTIVO', 10, 'N', 'RBM'),
(257, 6, 183, 2822, 'BUENO', 'REGULAR', 'MALO', '', 'CHECK BUENO REGULAR MALO', 'BUENOMALO', 'ACTIVO', 11, 'N', 'RBM'),
(258, 6, 183, 2823, 'BUENO', 'REGULAR', 'MALO', '', 'CHECK BUENO REGULAR MALO', 'BUENOMALO', 'ACTIVO', 12, 'N', 'RBM'),
(259, 6, 183, 2861, '-1', '-0,5', '0,5', '3', 'NUMERICO DOBLE RANGO', 'TEMPERATURA', 'ACTIVO', 13, 'N', 'RBM'),
(260, 6, 183, 2862, '-1,0', '-0,5', '1,0', '2,0', 'NUMERICO DOBLE RANGO', 'TEMPERATURA', 'ACTIVO', 14, 'N', 'RBM'),
(261, 6, 183, 2863, '', '', '', '', 'OBLIGATORIO', 'NFRIO', 'ACTIVO', 15, 'N', 'RBM'),
(262, 6, 183, 2864, '', '', '', '', 'NUMERICO TEXTO', 'TEXTO', 'ACTIVO', 16, 'N', 'RBM'),
(263, 6, 183, 2865, '', '', '', '', 'NUMERICO TEXTO', 'TEXTO', 'ACTIVO', 17, 'N', 'RBM'),
(264, 6, 183, 2866, '', '', '', '', 'NUMERICO TEXTO', 'TEXTO', 'ACTIVO', 18, 'N', 'RBM'),
(265, 6, 183, 2867, '', '', '', '', 'NUMERICO TEXTO', 'HRS', 'ACTIVO', 19, 'N', 'RBM'),
(266, 6, 183, 2868, '0', '0', '2', '4', 'NUMERICO DOBLE RANGO', 'HRS', 'ACTIVO', 20, 'N', 'RBM'),
(267, 6, 184, 2878, '', '', '', '', 'OBLIGATORIO', 'NCAMARA', 'ACTIVO', 1, 'N', 'RBM'),
(268, 6, 184, 2869, 'BUENO', 'REGULAR', 'MALO', '', 'CHECK BUENO REGULAR MALO', 'BUENOMALO', 'ACTIVO', 2, 'N', 'RBM'),
(269, 6, 184, 2870, 'BUENO', 'REGULAR', 'MALO', '', 'CHECK BUENO REGULAR MALO', 'BUENOMALO', 'ACTIVO', 3, 'N', 'RBM'),
(270, 6, 184, 2871, 'BUENO', 'REGULAR', 'MALO', '', 'CHECK BUENO REGULAR MALO', 'BUENOMALO', 'ACTIVO', 4, 'N', 'RBM'),
(271, 6, 184, 2872, 'BUENO', 'REGULAR', 'MALO', '', 'CHECK BUENO REGULAR MALO', 'BUENOMALO', 'ACTIVO', 5, 'N', 'RBM'),
(272, 6, 184, 2873, 'BUENO', 'REGULAR', 'MALO', '', 'CHECK BUENO REGULAR MALO', 'BUENOMALO', 'ACTIVO', 6, 'N', 'RBM'),
(273, 6, 184, 2874, 'BUENO', 'REGULAR', 'MALO', '', 'CHECK BUENO REGULAR MALO', 'BUENOMALO', 'ACTIVO', 7, 'N', 'RBM'),
(274, 6, 184, 2875, 'BUENO', 'REGULAR', 'MALO', '', 'CHECK BUENO REGULAR MALO', 'BUENOMALO', 'ACTIVO', 8, 'N', 'RBM'),
(275, 6, 184, 2876, 'BUENO', 'REGULAR', 'MALO', '', 'CHECK BUENO REGULAR MALO', 'BUENOMALO', 'ACTIVO', 9, 'N', 'RBM'),
(276, 6, 184, 2877, 'BUENO', 'REGULAR', 'MALO', '', 'CHECK BUENO REGULAR MALO', 'BUENOMALO', 'ACTIVO', 10, 'N', 'RBM'),
(277, 6, 184, 2883, '-1,0', '-0,5', '0,5', '1,0', 'NUMERICO DOBLE RANGO', 'TEMPERATURA', 'ACTIVO', 11, 'N', 'RBM'),
(278, 6, 184, 2885, '-1,5', '-1,0', '-0,5', '1,0', 'NUMERICO DOBLE RANGO', 'TEMPERATURA', 'ACTIVO', 12, 'N', 'RBM'),
(279, 6, 184, 2887, '85', '90', '90', '', 'NUMERICO MAYOR MENOR', 'PORCENTAJE', 'ACTIVO', 13, 'N', 'RBM'),
(280, 6, 184, 2884, '-1,0', '-1,0', '1,0', '2,0', 'NUMERICO DOBLE RANGO', 'TEMPERATURA', 'ACTIVO', 14, 'N', 'RBM'),
(281, 6, 184, 2886, '-1,5', '-1,0', '0', '1,5', 'NUMERICO DOBLE RANGO', 'TEMPERATURA', 'ACTIVO', 15, 'N', 'RBM'),
(282, 6, 184, 2888, '80', '80', '85', '', 'NUMERICO MAYOR MENOR', 'PORCENTAJE', 'ACTIVO', 16, 'N', 'RBM'),
(283, 6, 184, 2882, '1', '1', '7', '16', 'NUMERICO DOBLE RANGO', 'NUMERICO', 'ACTIVO', 17, 'N', 'RBM'),
(284, 6, 184, 2889, '-1,5', '-0,5', '0,5', '1,5', 'NUMERICO DOBLE RANGO', 'TEMPERATURA', 'ACTIVO', 18, 'N', 'RBM'),
(285, 6, 185, 2890, 'BUENO', 'REGULAR', 'MALO', '', 'CHECK BUENO REGULAR MALO', 'BUENOMALO', 'ACTIVO', 1, 'N', 'RBM'),
(286, 6, 185, 2891, 'BUENO', 'REGULAR', 'MALO', '', 'CHECK BUENO REGULAR MALO', 'BUENOMALO', 'ACTIVO', 2, 'N', 'RBM'),
(287, 6, 185, 2892, 'BUENO', 'REGULAR', 'MALO', '', 'CHECK BUENO REGULAR MALO', 'BUENOMALO', 'ACTIVO', 3, 'N', 'RBM'),
(288, 6, 185, 2893, 'BUENO', 'REGULAR', 'MALO', '', 'CHECK BUENO REGULAR MALO', 'BUENOMALO', 'ACTIVO', 4, 'N', 'RBM'),
(289, 6, 185, 2894, 'BUENO', 'REGULAR', 'MALO', '', 'CHECK BUENO REGULAR MALO', 'BUENOMALO', 'ACTIVO', 5, 'N', 'RBM'),
(290, 6, 185, 2895, 'BUENO', 'REGULAR', 'MALO', '', 'CHECK BUENO REGULAR MALO', 'BUENOMALO', 'ACTIVO', 6, 'N', 'RBM'),
(291, 6, 185, 2896, 'BUENO', 'REGULAR', 'MALO', '', 'CHECK BUENO REGULAR MALO', 'BUENOMALO', 'ACTIVO', 7, 'N', 'RBM'),
(292, 6, 185, 2897, 'BUENO', 'REGULAR', 'MALO', '', 'CHECK BUENO REGULAR MALO', 'BUENOMALO', 'ACTIVO', 8, 'N', 'RBM'),
(293, 6, 185, 2898, 'BUENO', 'REGULAR', 'MALO', '', 'CHECK BUENO REGULAR MALO', 'BUENOMALO', 'ACTIVO', 9, 'N', 'RBM'),
(294, 6, 185, 2899, 'BUENO', 'REGULAR', 'MALO', '', 'CHECK BUENO REGULAR MALO', 'BUENOMALO', 'ACTIVO', 10, 'N', 'RBM'),
(295, 6, 185, 2900, 'BUENO', 'REGULAR', 'MALO', '', 'CHECK BUENO REGULAR MALO', 'BUENOMALO', 'ACTIVO', 11, 'N', 'RBM'),
(296, 6, 185, 2901, 'BUENO', 'REGULAR', 'MALO', '', 'CHECK BUENO REGULAR MALO', 'BUENOMALO', 'ACTIVO', 12, 'N', 'RBM'),
(297, 6, 185, 2902, '-1,0', '-0,5', '1,0', '2,0', 'NUMERICO DOBLE RANGO', 'TEMPERATURA', 'ACTIVO', 13, 'N', 'RBM'),
(298, 6, 185, 2903, '-1,0', '-0,5', '0,5', '1,0', 'NUMERICO DOBLE RANGO', 'TEMPERATURA', 'ACTIVO', 14, 'N', 'RBM'),
(299, 6, 185, 2904, '-1,0', '-0,5', '1,0', '3,0', 'NUMERICO DOBLE RANGO', 'TEMPERATURA', 'ACTIVO', 15, 'N', 'RBM'),
(300, 6, 186, 2905, 'BUENO', 'REGULAR', 'MALO', '', 'CHECK BUENO REGULAR MALO', 'BUENOMALO', 'ACTIVO', 1, 'N', 'RBM'),
(301, 6, 186, 2906, 'BUENO', 'REGULAR', 'MALO', '', 'CHECK BUENO REGULAR MALO', 'BUENOMALO', 'ACTIVO', 2, 'N', 'RBM'),
(302, 6, 186, 2907, 'BUENO', 'REGULAR', 'MALO', '', 'CHECK BUENO REGULAR MALO', 'BUENOMALO', 'ACTIVO', 3, 'N', 'RBM'),
(303, 6, 186, 2908, 'BUENO', 'REGULAR', 'MALO', '', 'CHECK BUENO REGULAR MALO', 'BUENOMALO', 'ACTIVO', 4, 'N', 'RBM'),
(304, 6, 186, 2909, 'BUENO', 'REGULAR', 'MALO', '', 'CHECK BUENO REGULAR MALO', 'BUENOMALO', 'ACTIVO', 5, 'N', 'RBM'),
(305, 6, 186, 2910, '-2,0', '-1,0', '1,5', '3,5', 'NUMERICO DOBLE RANGO', 'TEMPERATURA', 'ACTIVO', 6, 'N', 'RBM'),
(306, 6, 186, 2911, '70', '90', '100', '100', 'NUMERICO DOBLE RANGO', 'PORCENTAJE', 'ACTIVO', 7, 'N', 'RBM'),
(312, 8, 191, 2924, '', '', '', '', 'CHECK SINO', 'SINO', 'ACTIVO', 1, 'N', 'AGRSUR'),
(313, 8, 191, 2925, '', '', '', '', 'CHECK SINO', 'SINO', 'ACTIVO', 2, 'N', 'AGRSUR'),
(314, 8, 191, 2926, '', '', '', '', 'CHECK SINO', 'SINO', 'ACTIVO', 3, 'N', 'AGRSUR'),
(315, 8, 191, 2927, '', '', '', '', 'CHECK SINO', 'SINO', 'ACTIVO', 4, 'N', 'AGRSUR'),
(316, 8, 191, 2928, '', '', '', '', 'CHECK SINO', 'SINO', 'ACTIVO', 5, 'N', 'AGRSUR'),
(317, 8, 191, 2929, '', '', '', '', 'CHECK SINO', 'SINO', 'ACTIVO', 6, 'N', 'AGRSUR'),
(318, 8, 191, 2930, '', '', '', '', 'CHECK SINO', 'SINO', 'ACTIVO', 7, 'N', 'AGRSUR'),
(319, 8, 191, 2931, '', '', '', '', 'CHECK SINO', 'SINO', 'ACTIVO', 8, 'N', 'AGRSUR'),
(320, 9, 198, 2064, '', '', '', '', 'OBLIGATORIO', 'NLOTE', 'ACTIVO', 1, 'N', 'LZ'),
(321, 9, 198, 3091, '', '', '', '', 'OBLIGATORIO', 'OBSERVACION', 'ACTIVO', 2, 'N', 'LZ'),
(322, 9, 198, 3090, 'BUENO', 'REGULAR', 'MALO', '', 'CHECK BUENO REGULAR MALO', 'BUENOMALO', 'ACTIVO', 3, 'N', 'LZ'),
(323, 9, 198, 3092, '4', '4', '25', '25', 'NUMERICO DOBLE RANGO', 'TEMPERATURA', 'ACTIVO', 4, 'N', 'LZ'),
(324, 9, 199, 3093, '', '', '', '', 'OBLIGATORIO', 'NCAMARA', 'ACTIVO', 1, 'N', 'LZ'),
(325, 9, 199, 3094, '', '', '', '', 'OBLIGATORIO', 'NLOTE', 'ACTIVO', 2, 'N', 'LZ'),
(326, 9, 199, 3096, '0', '0', '4', '4', 'NUMERICO DOBLE RANGO', 'TEMPERATURA', 'ACTIVO', 3, 'N', 'LZ'),
(327, 9, 199, 3097, '10', '89.9', '89.9', '', 'NUMERICO MAYOR MENOR', 'PORCENTAJE', 'ACTIVO', 4, 'N', 'LZ'),
(328, 9, 199, 3098, 'SI', '', 'NO', '', 'CHECK SINO', 'SINO', 'ACTIVO', 5, 'N', 'LZ'),
(329, 9, 200, 3099, '', '', '', '', 'OBLIGATORIO', 'NCAMARA', 'ACTIVO', 1, 'N', 'LZ'),
(330, 9, 200, 3100, '', '', '', '', 'OBLIGATORIO', 'NPALLET', 'ACTIVO', 2, 'N', 'LZ'),
(331, 9, 200, 3101, '', '', '', '', 'OBLIGATORIO', 'OBSERVACION', 'ACTIVO', 3, 'N', 'LZ'),
(332, 9, 200, 3102, '-1.5', '-1.5', '0.5', '0.5', 'NUMERICO DOBLE RANGO', 'TEMPERATURA', 'ACTIVO', 4, 'N', 'LZ'),
(333, 9, 201, 3103, '', '', '', '', 'OBLIGATORIO', 'NEMBARQUE', 'ACTIVO', 1, 'N', 'LZ'),
(334, 9, 201, 3104, '', '', '', '', 'OBLIGATORIO', 'NPALLET', 'ACTIVO', 2, 'N', 'LZ'),
(335, 9, 201, 3105, '', '', '', '', 'OBLIGATORIO', 'OBSERVACION', 'ACTIVO', 3, 'N', 'LZ'),
(336, 9, 201, 3106, '	-1.5', '0.89', '', '', 'NUMERICO MAYOR MENOR', 'TEMPERATURA', 'ACTIVO', 4, 'N', 'LZ'),
(337, 9, 201, 3107, 'BUENO ', 'REGULAR', 'MALO', '', 'CHECK BUENO REGULAR MALO', 'BUENOMALO', 'ACTIVO', 5, 'N', 'LZ'),
(338, 9, 201, 3108, '-0.5', '-0.5', '-0.5', '-0.5', 'NUMERICO DOBLE RANGO', 'TEMPERATURA', 'ACTIVO', 5, 'N', 'LZ'),
(339, 9, 199, 3095, '', '', '', '', 'OBLIGATORIO', 'OBSERVACION', 'ACTIVO', 2.1, 'N', 'LZ'),
(340, 10, 205, 3115, '', '', '', '', 'OBLIGATORIO', 'PRODUCTOR', 'ACTIVO', 1, 'N', 'LZ'),
(341, 10, 205, 3117, '', '', '', '', 'OBLIGATORIO', 'CUARTEL', 'ACTIVO', 2, 'N', 'LZ'),
(342, 10, 205, 3118, '', '', '', '', 'OBLIGATORIO', 'COSECHERO_MODULO', 'ACTIVO', 3, 'N', 'LZ'),
(343, 10, 205, 3119, '', '', '', '', 'OBLIGATORIO', 'CUADRILLA_CONTRATISTA', 'ACTIVO', 4, 'N', 'LZ'),
(344, 10, 205, 3120, 'SI', '', 'NO', '', 'CHECK SINO', 'SINO', 'ACTIVO', 5, 'N', 'LZ'),
(345, 10, 205, 3121, 'SI', '', 'NO', '', 'CHECK SINO', 'SINO', 'ACTIVO', 6, 'N', 'LZ'),
(346, 10, 205, 3122, 'SI', '', 'NO', '', 'CHECK SINO', 'SINO', 'ACTIVO', 7, 'N', 'LZ'),
(347, 10, 205, 3123, '', '', '', '', 'CHECK SINO', 'SINO', 'ACTIVO', 8, 'N', 'LZ'),
(348, 10, 205, 3125, '0', '0', '100', '100', 'NUMERICO DOBLE RANGO', 'NUMERICO', 'ACTIVO', 9, 'N', 'LZ'),
(349, 10, 205, 282, '0', '0', '0', '0', 'NUMERICO DOBLE RANGO', 'NUMERICO', 'ACTIVO', 10, 'N', 'LZ'),
(350, 10, 206, 3128, '', '', '', '', 'CHECK SINO', 'SINO', 'ACTIVO', 1, 'N', 'LZ'),
(351, 10, 206, 3129, '', '', '', '', 'CHECK SINO', 'SINO', 'ACTIVO', 2, 'N', 'LZ'),
(352, 10, 206, 3130, '', '', '', '', 'OBLIGATORIO', 'COSECHERO_MODULO', 'ACTIVO', 3, 'N', 'LZ'),
(353, 10, 206, 3131, '', '', '', '', 'OBLIGATORIO', 'CUADRILLA_CONTRATISTA', 'ACTIVO', 4, 'N', 'LZ'),
(354, 10, 205, 3132, '', '', '', '', 'OBLIGATORIO', 'OBSERVACION', 'ACTIVO', 11, 'N', 'LZ'),
(355, 10, 206, 3133, '', '', '', '', 'OBLIGATORIO', 'OBSERVACION', 'ACTIVO', 6, 'N', 'LZ'),
(356, 10, 207, 3134, '0', '0', '35', '35', 'NUMERICO DOBLE RANGO', 'NUMERICO', 'ACTIVO', 1, 'N', 'LZ'),
(357, 10, 207, 3135, '0', '0', '35', '35', 'NUMERICO DOBLE RANGO', 'NUMERICO', 'ACTIVO', 2, 'N', 'LZ'),
(358, 10, 207, 3136, '', '', '', '', 'OBLIGATORIO', 'OBSERVACION', 'ACTIVO', 3, 'N', 'LZ');

-- --------------------------------------------------------

--
-- Estructura de tabla para la tabla `pro_norma_detalle_parametro`
--

CREATE TABLE `pro_norma_detalle_parametro` (
  `id_detalle` int(11) NOT NULL,
  `id_parametro` int(11) DEFAULT NULL,
  `norma_id` int(11) DEFAULT NULL,
  `orden_parametro` double DEFAULT NULL,
  `sincro` varchar(2) NOT NULL,
  `cliente_id` varchar(100) NOT NULL
) ENGINE=InnoDB DEFAULT CHARSET=latin1;

--
-- Volcado de datos para la tabla `pro_norma_detalle_parametro`
--

INSERT INTO `pro_norma_detalle_parametro` (`id_detalle`, `id_parametro`, `norma_id`, `orden_parametro`, `sincro`, `cliente_id`) VALUES
(1, 130, 1, 1, 'N', 'RB'),
(2, 131, 1, 2, 'N', 'RB'),
(3, 132, 1, 3, 'N', 'RB'),
(4, 133, 1, 4, 'N', 'RB'),
(6, 134, 1, 6, 'N', 'RB'),
(7, 135, 1, 7, 'N', 'RB'),
(8, 136, 1, 8, 'N', 'RB'),
(9, 137, 2, 1, 'N', 'GF'),
(10, 138, 2, 2, 'N', 'GF'),
(11, 139, 2, 3, 'N', 'GF'),
(12, 140, 2, 4, 'N', 'GF'),
(13, 141, 2, 5, 'N', 'GF'),
(14, 142, 2, 6, 'N', 'GF'),
(15, 143, 2, 7, 'N', 'GF'),
(16, 144, 2, 8, 'N', 'GF'),
(17, 157, 3, 1, 'N', 'LL'),
(18, 153, 3, 2, 'N', 'LL'),
(19, 154, 3, 3, 'N', 'LL'),
(20, 155, 3, 4, 'N', 'LL'),
(21, 156, 3, 5, 'N', 'LL'),
(22, 173, 4, 1, 'N', 'RBM'),
(23, 174, 4, 2, 'N', 'RBM'),
(24, 175, 4, 3, 'N', 'RBM'),
(25, 177, 5, 1, 'N', 'AGRSUR'),
(26, 178, 5, 2, 'N', 'AGRSUR'),
(27, 179, 5, 3, 'N', 'AGRSUR'),
(28, 180, 5, 4, 'N', 'AGRSUR'),
(29, 181, 5, 5, 'N', 'AGRSUR'),
(30, 182, 6, 1, 'N', 'RBM'),
(31, 183, 6, 2, 'N', 'RBM'),
(32, 184, 6, 3, 'N', 'RBM'),
(33, 185, 6, 4, 'N', 'RBM'),
(34, 186, 6, 5, 'N', 'RBM'),
(36, 191, 8, 1, 'N', 'AGRSUR'),
(37, 192, 8, 2, 'N', 'AGRSUR'),
(38, 193, 8, 3, 'N', 'AGRSUR'),
(39, 194, 8, 4, 'N', 'AGRSUR'),
(40, 195, 8, 5, 'N', 'AGRSUR'),
(41, 196, 8, 6, 'N', 'AGRSUR'),
(42, 198, 9, 1, 'N', 'LZ'),
(43, 199, 9, 2, 'N', 'LZ'),
(44, 200, 9, 3, 'N', 'LZ'),
(45, 201, 9, 4, 'N', 'LZ'),
(46, 205, 10, 1, 'N', 'LZ'),
(47, 206, 10, 2, 'N', 'LZ'),
(48, 207, 10, 3, 'N', 'LZ');

-- --------------------------------------------------------

--
-- Estructura de tabla para la tabla `pro_norma_plantilla`
--

CREATE TABLE `pro_norma_plantilla` (
  `norma_id` int(11) NOT NULL,
  `norma_descripcion` varchar(50) DEFAULT NULL,
  `exportador_cod` varchar(12) DEFAULT NULL,
  `especie_cod` varchar(50) DEFAULT NULL,
  `num_norma` int(11) NOT NULL,
  `anio_norma` varchar(20) NOT NULL,
  `estado` varchar(45) DEFAULT NULL,
  `tipo_norma` varchar(20) NOT NULL,
  `sincro` varchar(2) NOT NULL,
  `cliente_id` varchar(100) NOT NULL
) ENGINE=InnoDB DEFAULT CHARSET=latin1;

--
-- Volcado de datos para la tabla `pro_norma_plantilla`
--

INSERT INTO `pro_norma_plantilla` (`norma_id`, `norma_descripcion`, `exportador_cod`, `especie_cod`, `num_norma`, `anio_norma`, `estado`, `tipo_norma`, `sincro`, `cliente_id`) VALUES
(1, 'NORMA PROCESOS 2022 RB', 'RB', '21', 0, '0', 'ACTIVA', 'CALIDAD', 'N', 'RB'),
(2, 'NORMA PROCESO CEREZAS 2022-2023', 'GF', '4', 0, '0', 'ACTIVA', 'CALIDAD', 'N', 'GF'),
(3, 'NORMA CONTROL PROCESO CEREZAS LOS LIRIOS', 'LL', '114', 0, '0', 'ACTIVA', 'CALIDAD', 'N', 'LL'),
(4, 'NORMA CP EN HUERTO', 'RBM', '146', 0, '0', 'ACTIVA', 'CALIDAD', 'N', 'RBM'),
(5, 'NORMA HUERTO ARANDANOS 2023', 'AGRS', '157', 0, '0', 'ACTIVA', 'CALIDAD', 'N', 'AGRSUR'),
(6, 'CHECKLIST AUDITORÍA DE PROCESOS DE UVA DE MESA', 'RBM', '163', 0, '0', 'ACTIVA', 'CALIDAD', 'N', 'RBM'),
(8, 'CHECK LIST 2023', 'AGRS', '157', 0, '0', 'ACTIVA', 'CALIDAD', 'N', 'AGRSUR'),
(9, 'NORMA CP ING 2023', 'LZ', '89', 0, '0', 'ACTIVA', 'CALIDAD', 'N', 'LZ'),
(10, 'NORMA CP HUERTO', 'LZ', '3', 0, '0', 'ACTIVA', 'CALIDAD', 'N', 'LZ');

-- --------------------------------------------------------

--
-- Estructura de tabla para la tabla `pro_planilla_control`
--

CREATE TABLE `pro_planilla_control` (
  `folio_planilla` varchar(20) NOT NULL,
  `cliente_cod` varchar(11) DEFAULT NULL,
  `exportador_cod` varchar(12) DEFAULT NULL,
  `packing_cod` varchar(11) DEFAULT NULL,
  `especie_cod` varchar(50) DEFAULT NULL,
  `usuario_rut` varchar(12) DEFAULT NULL,
  `fecha_inspeccion` date DEFAULT NULL,
  `norma_id` int(11) DEFAULT NULL,
  `turno` varchar(20) NOT NULL,
  `usu_crea` varchar(12) DEFAULT NULL,
  `fecha_crea` datetime DEFAULT NULL,
  `estado` varchar(10) NOT NULL,
  `obs` varchar(500) NOT NULL,
  `sincro` varchar(10) NOT NULL,
  `cliente_id` varchar(100) NOT NULL
) ENGINE=InnoDB DEFAULT CHARSET=latin1;

-- --------------------------------------------------------

--
-- Estructura de tabla para la tabla `pro_planilla_datos`
--

CREATE TABLE `pro_planilla_datos` (
  `planilla_id` int(11) NOT NULL,
  `folio_planilla` varchar(20) DEFAULT NULL,
  `hora_registro` datetime DEFAULT NULL,
  `valor1_ingresado` varchar(100) DEFAULT NULL,
  `valor2_ingresado` varchar(100) DEFAULT NULL,
  `id_norma_detalle` int(11) DEFAULT NULL,
  `defecto_id` int(11) DEFAULT NULL,
  `norma_id` int(11) DEFAULT NULL,
  `cumple_norma` varchar(20) DEFAULT NULL,
  `a_correctiva` varchar(500) NOT NULL,
  `nlote` varchar(50) NOT NULL,
  `npallet` varchar(20) NOT NULL,
  `nproceso` varchar(20) NOT NULL,
  `nhidro` varchar(10) NOT NULL,
  `nfrio` varchar(20) NOT NULL,
  `ncamara` varchar(20) NOT NULL,
  `nembarque` varchar(20) NOT NULL,
  `nlinea` varchar(20) NOT NULL,
  `nsalida` varchar(20) NOT NULL,
  `nespecie` varchar(20) NOT NULL,
  `observacion` varchar(500) NOT NULL,
  `productor` varchar(100) NOT NULL,
  `predio` varchar(100) NOT NULL,
  `cosechero_modulo` varchar(100) NOT NULL,
  `cuadrilla_contratista` varchar(100) NOT NULL,
  `foto` varchar(200) NOT NULL,
  `usu_crea` varchar(12) DEFAULT NULL,
  `fecha_crea` datetime DEFAULT NULL,
  `sincro` varchar(10) DEFAULT NULL
) ENGINE=InnoDB DEFAULT CHARSET=latin1;

-- --------------------------------------------------------

--
-- Estructura de tabla para la tabla `pro_planilla_dia`
--

CREATE TABLE `pro_planilla_dia` (
  `id_planilla_dia` varchar(20) NOT NULL,
  `cliente_cod` varchar(11) DEFAULT NULL,
  `exportador_cod` varchar(12) DEFAULT NULL,
  `packing_cod` varchar(11) DEFAULT NULL,
  `fecha_proceso` date DEFAULT NULL,
  `estado` varchar(20) DEFAULT NULL,
  `usu_crea` varchar(12) DEFAULT NULL,
  `fecha_crea` datetime DEFAULT NULL,
  `sincro` varchar(10) DEFAULT NULL
) ENGINE=InnoDB DEFAULT CHARSET=latin1;

-- --------------------------------------------------------

--
-- Estructura de tabla para la tabla `pro_planilla_proceso_dia`
--

CREATE TABLE `pro_planilla_proceso_dia` (
  `id_planilla_proceso_dia` int(11) NOT NULL,
  `contador` int(11) NOT NULL,
  `id_planilla_dia` varchar(20) DEFAULT NULL,
  `nproceso` int(11) DEFAULT NULL,
  `productor_cod` varchar(50) DEFAULT NULL,
  `especie_cod` varchar(50) DEFAULT NULL,
  `variedad_cod` varchar(20) DEFAULT NULL,
  `kilos` varchar(15) DEFAULT NULL,
  `bandejas` varchar(15) DEFAULT NULL,
  `estado` varchar(20) DEFAULT NULL,
  `sincro` varchar(10) DEFAULT NULL
) ENGINE=InnoDB DEFAULT CHARSET=latin1;

-- --------------------------------------------------------

--
-- Estructura de tabla para la tabla `sys_cliente`
--

CREATE TABLE `sys_cliente` (
  `cliente_id` varchar(100) NOT NULL,
  `cliente_nombre` varchar(200) DEFAULT NULL,
  `usu_crea` varchar(12) DEFAULT NULL,
  `fecha_crea` datetime DEFAULT NULL,
  `estado` varchar(10) DEFAULT NULL
) ENGINE=InnoDB DEFAULT CHARSET=latin1;

--
-- Volcado de datos para la tabla `sys_cliente`
--

INSERT INTO `sys_cliente` (`cliente_id`, `cliente_nombre`, `usu_crea`, `fecha_crea`, `estado`) VALUES
('AF', 'AGROFRUTA', '17.433.723-3', '2023-06-05 15:43:00', 'ACTIVO'),
('AGRSUR', 'AGRÍCOLA DEL SUR', '17.433.723-3', '2022-11-18 15:43:00', 'ACTIVO'),
('AS', 'AGUA SANTA', '17.433.723-3', '2022-01-11 15:43:00', 'ACTIVO'),
('ASJ', 'AGR. SAN JOSE', '17.433.723-3', '2019-09-02 15:43:00', 'INACTIVO'),
('CT', 'CALINT', '17.433.723-3', '2020-03-27 15:43:00', 'ACTIVO'),
('EX', 'EXSER', '17.433.723-3', '2018-07-30 20:43:00', 'INACTIVO'),
('FA', 'FRUTA DE AUTOR', '17.433.723-3', '2023-05-26 15:43:00', 'ACTIVO'),
('GF', 'GEOFRUT', '17.433.723-3', '2018-07-30 20:43:00', 'ACTIVO'),
('GW', 'GROWER FRUITS', '17.433.723-3', '2023-02-16 15:43:00', 'INACTIVO'),
('LF', 'LIFEFRIENDS', '17.433.723-3', '2020-03-27 15:43:00', 'INACTIVO'),
('LL', 'LOS LIRIOS', '17.433.723-3', '2020-10-06 15:43:00', 'ACTIVO'),
('LZ', 'INGLOBOCHILE', '17.433.723-3', '2018-07-30 20:43:00', 'ACTIVO'),
('MA', 'MONTE ALTO', '17.433.723-3', '2020-10-06 15:43:00', 'ACTIVO'),
('MF', 'MONFRUT', '17.433.723-3', '2020-03-27 15:43:00', 'INACTIVO'),
('PG', 'PURA GESEX', '17.433.723-3', '2021-09-16 15:43:00', 'INACTIVO'),
('PR', 'PRUNESCO', '17.433.723-3', '2021-01-22 15:43:00', 'ACTIVO'),
('PV', 'PROVEX', '17.433.723-3', '2023-10-04 15:43:00', 'ACTIVO'),
('QE', 'QUELEN', '17.433.723-3', '2020-03-27 15:43:00', 'ACTIVO'),
('RB', 'RIO BLANCO', '17.433.723-3', '2018-07-30 20:43:00', 'ACTIVO'),
('RBM', 'RIO BLANCO MEXICO', '17.433.723-3', '2022-11-15 20:43:00', 'ACTIVO'),
('SF', 'SOFRUCO', '17.433.723-3', '2020-10-06 15:43:00', 'ACTIVO'),
('SL', 'SUBSOLE', '17.433.723-3', '2022-01-11 15:43:00', 'ACTIVO'),
('SUN', 'SUNFRUITS', '17.433.723-3', '2023-06-05 15:43:00', 'ACTIVO'),
('TR', 'TRUMAO', '17.433.723-3', '2018-11-28 15:43:00', 'INACTIVO');

-- --------------------------------------------------------

--
-- Estructura de tabla para la tabla `sys_detalle_cliente_programas`
--

CREATE TABLE `sys_detalle_cliente_programas` (
  `detalle_id` int(11) NOT NULL,
  `cliente_id` varchar(100) DEFAULT NULL,
  `programa_id` int(11) DEFAULT NULL,
  `link_sincro_planillas` varchar(400) NOT NULL,
  `link_sincro_fotos` varchar(400) NOT NULL,
  `link_sincro_a_tablet` varchar(400) NOT NULL
) ENGINE=InnoDB DEFAULT CHARSET=latin1;

--
-- Volcado de datos para la tabla `sys_detalle_cliente_programas`
--

INSERT INTO `sys_detalle_cliente_programas` (`detalle_id`, `cliente_id`, `programa_id`, `link_sincro_planillas`, `link_sincro_fotos`, `link_sincro_a_tablet`) VALUES
(1, 'GF', 1, 'http://rioblanco.inglobochile.cl/sincronizar/sincronizar_planillas_servidor.php', 'http://rioblanco.inglobochile.cl/sincronizar/servidor_fotos.php', 'http://rioblanco.inglobochile.cl/sincronizar/servidor_archivo.php'),
(3, 'RB', 1, 'http://rioblanco.inglobochile.cl/sincronizar/sincronizar_planillas_servidor.php', 'http://rioblanco.inglobochile.cl/sincronizar/servidor_fotos.php', 'http://rioblanco.inglobochile.cl/sincronizar/servidor_archivo.php'),
(4, 'ASJ', 1, 'http://rioblanco.inglobochile.cl/sincronizar/sincronizar_planillas_servidor.php', 'http://rioblanco.inglobochile.cl/sincronizar/servidor_fotos.php', 'http://rioblanco.inglobochile.cl/sincronizar/servidor_archivo.php'),
(5, 'TR', 1, 'http://rioblanco.inglobochile.cl/sincronizar/sincronizar_planillas_servidor.php', 'http://rioblanco.inglobochile.cl/sincronizar/servidor_fotos.php', 'http://rioblanco.inglobochile.cl/sincronizar/servidor_archivo.php'),
(6, 'CT', 1, 'http://inglobochile.cl/Inglobo2018/sincronizar/sincronizar_planillas_servidor.php', 'http://inglobochile.cl/Inglobo2018/sincronizar/servidor_fotos.php', 'http://inglobochile.cl/Inglobo2018/sincronizar/servidor_archivo.php'),
(7, 'PR', 1, 'http://inglobochile.cl/Inglobo2018/sincronizar/sincronizar_planillas_servidor.php', 'http://inglobochile.cl/Inglobo2018/sincronizar/servidor_fotos.php', 'http://inglobochile.cl/Inglobo2018/sincronizar/servidor_archivo.php'),
(8, 'PG', 1, 'http://rioblanco.inglobochile.cl/sincronizar/sincronizar_planillas_servidor.php', 'http://rioblanco.inglobochile.cl/sincronizar/servidor_fotos.php', 'http://rioblanco.inglobochile.cl/sincronizar/servidor_archivo.php'),
(9, 'RBM', 1, 'http://rioblanco.inglobochile.cl/sincronizar/sincronizar_planillas_servidor.php', 'http://rioblanco.inglobochile.cl/sincronizar/servidor_fotos.php', 'http://rioblanco.inglobochile.cl/sincronizar/servidor_archivo.php'),
(10, 'FA', 1, 'http://rioblanco.inglobochile.cl/sincronizar/sincronizar_planillas_servidor.php', 'http://rioblanco.inglobochile.cl/sincronizar/servidor_fotos.php', 'http://rioblanco.inglobochile.cl/sincronizar/servidor_archivo.php'),
(11, 'AF', 1, 'http://rioblanco.inglobochile.cl/sincronizar/sincronizar_planillas_servidor.php', 'http://rioblanco.inglobochile.cl/sincronizar/servidor_fotos.php', 'http://rioblanco.inglobochile.cl/sincronizar/servidor_archivo.php'),
(12, 'SUN', 1, 'http://rioblanco.inglobochile.cl/sincronizar/sincronizar_planillas_servidor.php', 'http://rioblanco.inglobochile.cl/sincronizar/servidor_fotos.php', 'http://rioblanco.inglobochile.cl/sincronizar/servidor_archivo.php'),
(14, 'PV', 1, 'http://rioblanco.inglobochile.cl/sincronizar/sincronizar_planillas_servidor.php', 'http://rioblanco.inglobochile.cl/sincronizar/servidor_fotos.php', 'http://rioblanco.inglobochile.cl/sincronizar/servidor_archivo.php');

-- --------------------------------------------------------

--
-- Estructura de tabla para la tabla `sys_programas`
--

CREATE TABLE `sys_programas` (
  `programa_id` int(11) NOT NULL,
  `programa_nombre` varchar(50) DEFAULT NULL,
  `estado` varchar(10) DEFAULT NULL
) ENGINE=InnoDB DEFAULT CHARSET=latin1;

--
-- Volcado de datos para la tabla `sys_programas`
--

INSERT INTO `sys_programas` (`programa_id`, `programa_nombre`, `estado`) VALUES
(1, 'CALIDAD', 'ACTIVO'),
(2, 'CONTROL DE PROCESO', 'ACTIVO'),
(3, 'CONTENEDORES', 'ACTIVO');

-- --------------------------------------------------------

--
-- Estructura de tabla para la tabla `sys_sesion`
--

CREATE TABLE `sys_sesion` (
  `id_sesion` int(11) NOT NULL,
  `usuario` varchar(12) DEFAULT NULL,
  `fecha_inicio` datetime DEFAULT NULL,
  `cliente_id` varchar(100) DEFAULT NULL
) ENGINE=InnoDB DEFAULT CHARSET=latin1;

-- --------------------------------------------------------

--
-- Estructura de tabla para la tabla `sys_sincro_sistema`
--

CREATE TABLE `sys_sincro_sistema` (
  `id` int(11) NOT NULL,
  `programa_id` int(11) DEFAULT NULL,
  `link_guardado` varchar(300) DEFAULT NULL,
  `archivo` longblob,
  `nombre_archivo` varchar(150) NOT NULL
) ENGINE=MyISAM DEFAULT CHARSET=latin1;

-- --------------------------------------------------------

--
-- Estructura de tabla para la tabla `sys_sincro_sistema_contenedores`
--

CREATE TABLE `sys_sincro_sistema_contenedores` (
  `id` int(11) NOT NULL,
  `link_guardado` varchar(300) DEFAULT NULL,
  `archivo` longblob,
  `nombre_archivo` varchar(150) DEFAULT NULL
) ENGINE=InnoDB DEFAULT CHARSET=latin1;

-- --------------------------------------------------------

--
-- Estructura de tabla para la tabla `sys_tipo_usuario`
--

CREATE TABLE `sys_tipo_usuario` (
  `id_tipousuario` int(11) NOT NULL,
  `nombre_tipousuario` varchar(25) DEFAULT NULL
) ENGINE=InnoDB DEFAULT CHARSET=latin1;

--
-- Volcado de datos para la tabla `sys_tipo_usuario`
--

INSERT INTO `sys_tipo_usuario` (`id_tipousuario`, `nombre_tipousuario`) VALUES
(1, 'SUPER ADMIN'),
(2, 'ADMINISTRADOR'),
(3, 'SUPERVISOR'),
(4, 'INSPECTOR'),
(5, 'CLIENTE'),
(6, 'CLIENTE ZONAL'),
(7, 'CLIENTE PRODUCTOR'),
(8, 'CLIENTE PACKING'),
(9, 'GERENCIA'),
(10, 'HUERTO'),
(11, 'SUPER INGLOBO'),
(12, 'CLIENTE GRUPO PRODUCTOR');

-- --------------------------------------------------------

--
-- Estructura de tabla para la tabla `sys_usuario`
--

CREATE TABLE `sys_usuario` (
  `usuario_rut` varchar(12) NOT NULL,
  `usuario_nombre` varchar(100) DEFAULT NULL,
  `usuario_apepaterno` varchar(100) DEFAULT NULL,
  `usuario_apematerno` varchar(100) DEFAULT NULL,
  `usuario_clave` varchar(20) DEFAULT NULL,
  `id_tipousuario` int(11) DEFAULT NULL,
  `usuario_fechaingreso` datetime DEFAULT NULL,
  `usuario_intentos` int(11) DEFAULT NULL,
  `usuario_estado` varchar(10) DEFAULT NULL,
  `usuario_mail` varchar(150) DEFAULT NULL,
  `usuario_telefono` varchar(15) DEFAULT NULL,
  `usuario_folio` double DEFAULT NULL,
  `ultimo_folio` double NOT NULL,
  `usuario_foto` varchar(50) DEFAULT NULL,
  `cliente_zonal` int(11) NOT NULL,
  `cliente_id` varchar(100) DEFAULT NULL
) ENGINE=InnoDB DEFAULT CHARSET=latin1;

--
-- Volcado de datos para la tabla `sys_usuario`
--

INSERT INTO `sys_usuario` (`usuario_rut`, `usuario_nombre`, `usuario_apepaterno`, `usuario_apematerno`, `usuario_clave`, `id_tipousuario`, `usuario_fechaingreso`, `usuario_intentos`, `usuario_estado`, `usuario_mail`, `usuario_telefono`, `usuario_folio`, `ultimo_folio`, `usuario_foto`, `cliente_zonal`, `cliente_id`) VALUES
('', 'GREENVIC', 'GREENVIC', '', '123', 4, NULL, 3, 'INACTIVO', '', '', 546.0005, 0, NULL, 0, 'AS'),
('1', 'prueba', '', '', '123', 4, '2023-05-10 10:32:49', 0, 'ACTIVO', '', '', 24.0003, 0, '', 0, 'ASJ'),
('10.130.257-1', 'RAUL', 'LEIVA', '', '123', 5, '2023-05-19 15:34:42', 0, 'ACTIVO', '', '', 241, 0, '', 0, 'SF'),
('10.283.869-6', 'NAYADA', 'GONZALEZ', '', '123', 4, NULL, 0, 'ACTIVO', '', '', 615.0005, 0, NULL, 0, 'LL'),
('10.853.631-8', 'VICENTE', 'ROJAS', 'ROJAS', 'geo', 4, '0000-00-00 00:00:00', 0, 'INACTIVO', '', '', 189, 0, '', 0, 'GF'),
('10.867.843-7', 'CAROLINA', 'HERNANDEZ', 'MURA', '123', 4, '2022-12-20 16:07:04', 0, 'INACTIVO', '', '', 244.0115, 0, '', 0, 'GF'),
('10.923.064-2', 'JOSE LUIS', 'MARMOLEJO', '', '123', 5, '2023-07-11 16:14:25', 0, 'ACTIVO', '', '', 235, 0, '', 0, 'SF'),
('10.982.114-4', 'ERNESTO', 'REYES', 'CARBULLANCA', '123', 4, '2023-05-09 12:07:28', 0, 'ACTIVO', '', '', 222.0294, 0, '', 0, 'LL'),
('11.111.111-1', 'PRUEBA', 'RIO', 'BLANCO', '123', 4, '2023-10-02 18:26:31', 0, 'ACTIVO', '', '', 39.0041, 0, '', 0, 'RB'),
('11.509.758-k', 'RICARDO', 'LEMUS', 'CASTILLO', '123', 4, '0000-00-00 00:00:00', 0, 'ACTIVO', '', '', 325, 0, '', 0, 'RB'),
('11.522.106-k', 'PAOLA', 'CERNA', 'CONSTANZO', '123', 4, '2023-08-21 11:22:16', 0, 'ACTIVO', '', '', 414.0013, 0, '', 0, 'SL'),
('11.529.595-0', 'ERICK', 'LEIVA', '', '123', 5, '2023-08-07 21:04:23', 0, 'ACTIVO', '', '', 234, 0, '', 0, 'SF'),
('11.554.846-8', 'ISMENIA', 'VERGARA', 'PONCE', '123', 4, '2023-09-27 17:46:52', 0, 'ACTIVO', '', '', 219.0794, 0, '', 0, 'SF'),
('11.888.031-5', 'GLORIA ', 'HERRERA', 'MONCADA', 'geo', 4, '2023-04-18 13:03:32', 0, 'ACTIVO', '', '', 181, 0, '', 0, 'GF'),
('12.171.633-K', 'FRANCISCO', 'CORTES', '.', '123', 4, '2023-09-27 12:03:38', 0, 'ACTIVO', '', '', 217.0061, 0, '', 0, 'RB'),
('12.516.327-0', 'TERESILDA DEL CARMEN', 'ARANGUIZ', 'GUZMAN', '123', 4, '2022-04-24 15:07:17', 0, 'ACTIVO', '', '', 398.0134, 0, '', 0, 'LL'),
('12.579.152-2', 'FABIOLA', 'NUÑEZ', '', '123', 4, '2021-06-17 21:13:22', 0, 'ACTIVO', '', '', 210, 0, '', 0, 'RB'),
('12.619.198-7', 'SOLANGE', 'AVALOS', '.', '123', 4, '2023-09-25 10:23:31', 0, 'ACTIVO', '', '', 223.005, 0, '', 0, 'RB'),
('12.631.892-8', 'ERIKA', 'ROMAN', '', '123', 4, '2023-05-25 09:28:43', 0, 'ACTIVO', '', '', 521.0038, 0, NULL, 0, 'AS'),
('12.684.258-9', 'FRANCISCO', 'PINO', 'BAEZ', '123', 4, '2023-03-01 13:08:24', 0, 'ACTIVO', '', '', 449.0123, 0, NULL, 0, 'LL'),
('12.778.748-4', 'VANESSA', 'SOBARZO', '', '123', 4, NULL, 0, 'ACTIVO', '', '', 611.0005, 0, NULL, 0, 'GF'),
('13.098.570-K', 'YOVANA', 'OLIVERO', 'LORCA', '123', 4, '2023-04-25 19:35:30', 0, 'ACTIVO', '', '', 71.0002, 0, '', 0, 'CT'),
('13.178.648-4', 'CARLOS', 'MALDONADO', '.', '123', 4, '2020-12-29 16:27:46', 0, 'ACTIVO', '', '', 102, 0, '', 0, 'RB'),
('13.342.985-9', 'BEATRIZ MACARENA', 'ROJAS', 'MORENO', '123', 4, '2022-11-28 22:14:17', 0, 'ACTIVO', '', '', 448.0046, 0, NULL, 0, 'GF'),
('13.344.531-5', 'MARIELA', 'MALUENDA', 'BECERRA', 'geo', 4, '2022-08-03 20:22:02', 0, 'ACTIVO', '', '', 182, 0, '', 0, 'GF'),
('13.346.571-5', 'MARCELO ANTONIO', 'MARDONES', 'ORELLANA', '123', 4, '2022-07-13 18:12:55', 2, 'INACTIVO', '', '', 56.0241, 0, '', 0, 'GF'),
('13.473.993-2', 'MARIA BEATRIZ', 'REYES ', 'MELENDEZ', '123', 4, '2023-03-15 14:23:51', 0, 'ACTIVO', '', '', 442.0001, 0, NULL, 0, 'AS'),
('13.510.038-2', 'PAOLA HORTENSIA', 'COLOMA', 'CASTILLA', '123', 4, NULL, 0, 'ACTIVO', '', '', 507.0026, 0, NULL, 0, 'GF'),
('13.717.901-6', 'PAULA', 'CONTRERAS', 'ROJAS', '123', 4, '2023-04-22 09:54:33', 0, 'ACTIVO', '', '', 215.022, 0, '', 0, 'LL'),
('13.721.533-0', 'RODRIGO', 'MAURO', 'TRONCOSO', '123', 4, '2021-02-03 18:53:35', 0, 'ACTIVO', '', '', 118.0052, 0, '', 0, 'PR'),
('13.781.463-3', 'MARIA CECILIA', 'ACUÑA', 'BRAVO', '123', 4, '2022-03-18 00:20:54', 0, 'ACTIVO', '', '', 343.0109, 0, '', 0, 'GF'),
('13.783.772-2', 'WILLIAMS RICARDO', 'CESPEDES', 'SILVA', '123', 4, NULL, 0, 'ACTIVO', '', '', 577.0016, 0, NULL, 0, 'MA'),
('13.827.441-1', 'LEANDRA', 'CARRASCO', 'CARRASCO', '123', 2, '2023-07-13 12:38:42', 0, 'ACTIVO', '', '', 2, 0, '', 0, 'RB'),
('13.883.616-1', 'JUAN FRANCISCO', 'OLIVARES', 'MORALES', 'GEO', 4, '0000-00-00 00:00:00', 0, 'INACTIVO', '', '', 103, 0, '', 0, 'GF'),
('13.883.616-9', 'JUAN FRANCISCO', 'OLIVARES', 'MORALES', 'geo', 4, '2023-04-19 09:58:04', 0, 'ACTIVO', '', '', 104.003, 0, '', 0, 'GF'),
('13.944.622-4', 'CLAUDIA', 'MUÑOZ', 'YAÑEZ', '123', 4, '0000-00-00 00:00:00', 0, 'ACTIVO', '', '', 385, 0, '', 0, 'RB'),
('13.944.932-0', 'DANIEL', 'REYES', '', '123', 4, '2023-03-17 19:14:06', 0, 'ACTIVO', '', '', 246.0064, 0, '', 0, 'LL'),
('13.989.909-1', 'VICTOR', 'CESPEDES', '', '123', 4, '2022-01-06 16:19:35', 0, 'ACTIVO', '', '', 256, 0, '', 0, 'RB'),
('13.995.321-5', 'GIANINA', 'GARCIA', '', '123', 4, '0000-00-00 00:00:00', 0, 'ACTIVO', '', '', 208, 0, '', 0, 'RB'),
('14.010.021-0', 'FREDDY', 'REYES', '2', '123', 4, '2023-02-17 17:04:19', 0, 'ACTIVO', '', '', 533.0008, 0, NULL, 0, 'AS'),
('14.010.021-8', 'FREDDY', 'REYES', 'SILVA', '123', 4, '2022-12-19 13:32:30', 0, 'ACTIVO', '', '', 450.0104, 0, NULL, 0, 'AS'),
('14.048.776-7', 'VERONICA', 'BARROS', 'PINO', '123', 4, '2022-08-02 16:24:18', 0, 'ACTIVO', '', '', 404.0018, 0, '', 0, 'GF'),
('14.052.154-k', 'CAROLINA', 'ESPINOZA', 'MURILLO', '123', 4, '0000-00-00 00:00:00', 0, 'ACTIVO', '', '', 345.0029, 0, '', 0, 'MA'),
('14.204.054-9', 'ANDRES MAXIMO', 'SANCHEZ', 'SAN MARTIN', '123', 4, NULL, 0, 'ACTIVO', '', '', 457.0058, 0, NULL, 0, 'SL'),
('14.242.117-8', 'JUAN ANDRES', 'GALVEZ', 'GUZMAN', 'geo', 4, '2022-08-10 10:45:43', 0, 'ACTIVO', '', '', 82.0067, 0, '', 0, 'GF'),
('14.357.617-5', 'CLAUDIA', 'ROMERO', '', '123', 4, '0000-00-00 00:00:00', 0, 'ACTIVO', '', '', 376, 0, '', 0, 'RB'),
('14.511.385-7', 'Pamela ', 'Cardenas', '', '123456', 4, '2023-07-12 14:47:14', 0, 'ACTIVO', '', '', 632.0004, 0, NULL, 0, 'AF'),
('14.526.769-2', 'FRANCISCA', 'OSORIO', 'PEREZ', '1234', 5, '2023-09-28 17:17:41', 0, 'ACTIVO', '', '', 64.0006, 0, '', 0, 'CT'),
('15.060.234-3', 'STEFANY', 'DONOSO', 'RODRIGUEZ', '123', 4, '2021-02-21 13:58:04', 0, 'ACTIVO', '', '', 157, 0, '', 0, 'RB'),
('15.091.268-7', 'JOSELYN ELISA', 'ROCCO', 'LARA', '123', 4, '2022-02-09 12:33:30', 0, 'ACTIVO', '', '', 141.0025, 0, '', 0, 'RB'),
('15.092.807-9', 'OLGA', 'FREDES', '', '123', 4, '2022-03-02 11:44:18', 0, 'ACTIVO', '', '', 269.0022, 0, '', 0, 'GF'),
('15.103.046-7', 'VICTOR', 'ZUÑIGA', '.', '123', 4, '2020-11-24 17:59:42', 0, 'ACTIVO', '', '', 41, 0, '', 0, 'RB'),
('15.104.675-4', 'CAROLINA', 'MORALES ', 'MORALES', 'geo', 4, '2021-03-29 09:31:05', 0, 'ACTIVO', '', '', 148.0075, 0, '', 0, 'GF'),
('15.104.766-1', 'MARIA JOSE', 'VARGAS', 'GALAZ', '123', 4, '2022-03-29 13:20:40', 0, 'ACTIVO', '', '', 399.0048, 0, '', 0, 'MA'),
('15.107.300-K', 'JHANS', 'NUÑEZ', 'PEREZ', '123', 4, '0000-00-00 00:00:00', 0, 'ACTIVO', '', '', 323, 0, '', 0, 'GF'),
('15.107.579-7', 'ERIKA', 'BARAHONA', 'LLANOS', '123', 4, '2022-02-25 17:18:35', 0, 'ACTIVO', '', '', 114.0233, 0, '', 0, 'GF'),
('15.108.028-6', 'MANUEL', 'GUZMAN', 'TAMAYO', '123', 4, NULL, 0, 'ACTIVO', '', '', 529.0096, 0, NULL, 0, 'GF'),
('15.109.559-3', 'SEGUNDO', 'GONZALEZ', '', '123', 5, '2023-07-27 11:14:51', 1, 'ACTIVO', '', '', 237, 0, '', 0, 'SF'),
('15.110.710-9', 'CAROLINA', 'SALAS', '', '123', 4, '2023-03-14 17:17:11', 0, 'ACTIVO', '', '', 580.0046, 0, NULL, 0, 'AS'),
('15.112.957-9', 'JENNY', 'BUSTOS', '', '123', 4, '2022-12-14 18:27:41', 0, 'ACTIVO', '', '', 295.0125, 0, '', 0, 'CT'),
('15.113.354-1', 'CRISTIAN MARCELO', 'TORO', 'PARDO', '123', 4, NULL, 0, 'ACTIVO', '', '', 516.0005, 0, NULL, 0, 'LL'),
('15.121.386-3', 'DAYANA', 'ITURRIAGA', 'GALAZ', '123', 4, '2022-06-18 10:40:46', 0, 'ACTIVO', '', '', 122.022, 0, '', 0, 'SF'),
('15.128.849-9', 'RENE', 'BURGOS ', 'ESPINOZA', '123', 4, '0000-00-00 00:00:00', 0, 'ACTIVO', '', '', 287, 0, '', 0, 'GF'),
('15.143.810-5', 'BERNARDO', 'TORRES', 'HERNANDEZ', '123', 2, '2023-03-29 10:50:28', 0, 'ACTIVO', '', '', 4, 0, '', 0, 'RB'),
('15.304.142-3', 'MARIA JOSE', 'CORDOVA', 'ARANEDA', '123', 4, '2023-05-17 12:07:54', 0, 'ACTIVO', '', '', 136.0042, 0, '', 0, 'LL'),
('15.456.855-7', 'IRMA', 'ALVAREZ', '', '1234', 4, NULL, 0, 'ACTIVO', '', '', 630, 0, NULL, 0, 'AF'),
('15.523.055-K', 'JOSE', 'MUÑOZ', '', '123', 4, '2022-11-10 12:47:04', 0, 'ACTIVO', '', '', 443.0068, 0, NULL, 0, 'RB'),
('15.524.027-k', 'ALDO', 'MILLAR', 'OSORIO', '123', 4, '2021-03-10 19:29:19', 0, 'ACTIVO', '', '', 203, 0, '', 0, 'GF'),
('15.526.598-1', 'MARIELA ELIZABETH', 'BRAVO', 'BRAVO', '123', 4, '2022-04-11 13:02:57', 0, 'ACTIVO', '', '', 407.0272, 0, '', 0, 'SF'),
('15.527.176-0', 'MARIA JOSE FRANCISCA', 'LOPEZ', 'QUIROZ', 'geo', 4, '2021-02-25 11:28:41', 0, 'ACTIVO', '', '', 188, 0, '', 0, 'GF'),
('15.567,533-0', 'IVÁN ANDRÉS', 'SÁNCHEZ', 'RAMOS', '123', 4, NULL, 0, 'ACTIVO', '', '', 564, 0, NULL, 0, 'GF'),
('15.567.533-0', 'IVÁN ANDRÉS', 'ZÁNCHES', 'RAMOS', '123', 4, NULL, 0, 'ACTIVO', '', '', 565.0014, 0, NULL, 0, 'GF'),
('15.574.433-2', 'Shirley', 'Bruna', 'Ibacache', '123', 4, '0000-00-00 00:00:00', 0, 'ACTIVO', '', '', 316, 0, '', 0, 'RB'),
('15.634.429-K', 'DANIELA', 'CORTES', '', '123', 4, '2021-10-20 19:53:55', 0, 'INACTIVO', '', '', 231.0025, 0, '', 0, 'SF'),
('15.660.183-7', 'CRISTIAN ANDRES', 'QUINTEROS', 'PASTENE', '123', 4, '2021-02-23 15:11:09', 0, 'ACTIVO', '', '', 163, 0, '', 0, 'RB'),
('15.738.667-0', 'JAQUELINE', 'RODRIGUEZ', 'VILLACURA', '123', 4, NULL, 0, 'ACTIVO', '', '', 538.0035, 0, NULL, 0, 'GF'),
('15.750.630-7', 'CARLA ANDREA', ' ALBORNOZ ', 'CABRERA', '123', 4, NULL, 0, 'ACTIVO', '', '', 607.0021, 0, NULL, 0, 'GF'),
('15.759.737-k', 'ELIANIRA', 'JARA', '.', '123', 4, '2021-03-09 08:59:05', 0, 'ACTIVO', '', '', 200.0008, 0, '', 0, 'RB'),
('15.805.757-3', 'PATRICIO', 'FUENTES', 'GALVEZ', '123', 4, '0000-00-00 00:00:00', 0, 'ACTIVO', '', '', 356.0165, 0, '', 0, 'SF'),
('15.842.741-9', 'RODOLFO', 'PAREDES', 'VALDOVINOS', '123', 4, '2023-04-25 16:18:10', 0, 'ACTIVO', '', '', 87.0417, 0, '', 0, 'AS'),
('15.915.574-9', 'HERNAN', 'PINO', '', '123', 5, '2023-07-28 17:06:07', 0, 'ACTIVO', '', '', 236, 0, '', 0, 'SF'),
('15.922.069-9', 'ANGELA KARINA', 'CÁCERES ', 'SEREÑO', '123', 4, NULL, 0, 'ACTIVO', '', '', 489.0042, 0, NULL, 0, 'GF'),
('15.990.896-8', 'JUAN FRANCISCO', 'DIAZ', 'MORI', '123', 4, '2022-12-16 11:37:20', 0, 'ACTIVO', '', '', 328.0053, 0, '', 0, 'SL'),
('15.994.991-5', 'JUAN PABLO', 'MARTINEZ', 'MOYA', '123', 4, '2023-02-01 08:42:49', 0, 'ACTIVO', '', '', 566.0022, 0, NULL, 0, 'GF'),
('15.995.883-3', 'ELIZABETH CARMEN', 'VERGARA', 'PEREZ', '123', 4, '0000-00-00 00:00:00', 0, 'ACTIVO', '', '', 400.0053, 0, '', 0, 'GF'),
('16.029.035-8', 'CAROLINA ALEJANDRA', 'URZUA', 'DIAZ', '123', 4, '2023-03-03 11:31:00', 0, 'ACTIVO', '', '', 600.003, 0, NULL, 0, 'LL'),
('16.077.124-0', 'JUAN', 'QUIJANES', '', '123', 4, '2022-03-07 18:33:44', 0, 'ACTIVO', '', '', 368.0037, 0, '', 0, 'RB'),
('16.078.092-4', 'DANIELA', 'CHAPARRO', '', '123', 4, NULL, 0, 'ACTIVO', '', '', 560.0116, 0, NULL, 0, 'RB'),
('16.149.231-0', 'CLAUDIO', 'PISMANTE', 'TAPIA', '123', 4, '0000-00-00 00:00:00', 0, 'ACTIVO', '', '', 299, 0, '', 0, 'TR'),
('16.179.040-0', 'MANUEL', 'MIRANDA', '', '123', 5, '2023-10-03 12:14:42', 0, 'ACTIVO', '', '', 230.0001, 0, '', 0, 'SF'),
('16.189.918-6', 'NICOLAS', 'VILCHES', 'CUEVAS', '123', 4, '0000-00-00 00:00:00', 0, 'ACTIVO', '', '', 312.0026, 0, '', 0, 'PR'),
('16.222.656-8', 'LESLIE', 'MORALES', 'VARELA', '123', 4, NULL, 0, 'ACTIVO', '', '', 502.0038, 0, NULL, 0, 'RB'),
('16.223.442-0', 'FABIAN', 'RAMIREZ', 'MIRANDA', '123', 4, '2022-03-09 11:20:02', 0, 'ACTIVO', '', '', 79.0358, 0, '', 0, 'CT'),
('16.251.393-1', 'RICHARD FABIAN', 'VASQUEZ', 'MORALES', '123', 4, '2022-01-06 18:21:48', 0, 'ACTIVO', '', '', 272, 0, '', 0, 'RB'),
('16.252.011-3', 'KARINA', 'LEIVA', 'GONZALEZ', '123', 4, '2021-09-06 17:00:31', 0, 'ACTIVO', '', '', 232.0013, 0, '', 0, 'SF'),
('16.253.213-8', 'DANIELA', 'ZAMORANO', '.', '123', 4, '0000-00-00 00:00:00', 0, 'ACTIVO', '', '', 77, 0, '', 0, 'RB'),
('16.254.998-7', 'LUIS', 'AVALOS', 'YAÑES', '1234', 4, NULL, 0, 'ACTIVO', '', '', 514.003, 0, NULL, 0, 'GF'),
('16.310.222-6', 'ANDREA', 'NILO', 'VALENZUELA', '123', 4, '0000-00-00 00:00:00', 0, 'ACTIVO', '', '', 395.0013, 0, '', 0, 'GF'),
('16.315.274-6', 'LEONARDO', 'MARTINEZ', 'REYES', '123', 4, NULL, 0, 'ACTIVO', '', '', 451.0002, 0, NULL, 0, 'GF'),
('16.333.903-K', 'PAULA', 'LOBOS', '', '123', 4, NULL, 0, 'ACTIVO', '', '', 595, 0, NULL, 0, 'RB'),
('16.334.561-7', 'JAVIER NICOLAS', 'ROJAS', 'MUÑOZ', '123', 4, '2021-02-13 17:43:47', 0, 'ACTIVO', '', '', 152, 0, '', 0, 'RB'),
('16.369.299-6', 'JUAN PABLO', 'DURAN', '', '123', 5, '0000-00-00 00:00:00', 0, 'ACTIVO', '', '', 245, 0, '', 0, 'SF'),
('16.374.658-1', 'SINDY ANGELICA', 'FUENTEALBA', 'BUSTOS', '123', 4, NULL, 0, 'ACTIVO', '', '', 591.0045, 0, NULL, 0, 'GF'),
('16.385.098-2', 'NATALIE', 'MERLET', 'PARRAGUE', '123', 4, '2022-04-05 11:02:09', 0, 'ACTIVO', '', '', 410.004, 0, '', 0, 'GF'),
('16.422.695-6', 'DANIELLA', 'MORALES', 'FIGUEROA', '123', 4, '2022-12-06 10:17:52', 0, 'ACTIVO', '', '', 515.0066, 0, NULL, 0, 'MA'),
('16.491.022-9', 'SERGIO SEBASTIAN', 'CESPEDES', 'CESPEDES', '123', 4, '2023-07-29 10:45:52', 3, 'BLOQUEADO', '', '', 638, 0, NULL, 0, 'SF'),
('16.492.166-2', 'NICOLAS', 'RAMIREZ', 'CARRION', 'geo', 4, '2022-08-23 17:23:17', 0, 'ACTIVO', '', '', 161.0133, 0, '', 0, 'GF'),
('16.492.366-5', 'ANGELO', 'SEPULVEDA', '', 'geo', 4, '2022-08-24 16:46:21', 0, 'ACTIVO', '', '', 115.0001, 0, '', 0, 'GF'),
('16.493.110-2', 'LORNA', 'FLORES', 'GONZALEZ', '123', 4, '2023-01-23 10:11:49', 0, 'ACTIVO', '', '', 119.0139, 0, '', 0, 'LL'),
('16.493.928-6', 'RUBEN', 'ORELLANA', 'GALVEZ', '123', 4, '2022-11-18 17:47:56', 0, 'ACTIVO', '', '', 437.0074, 0, NULL, 0, 'GF'),
('16.495.033-6', 'JORGE', 'INOSTROZA', 'GONZALEZ', '123', 4, '2023-06-13 09:46:01', 0, 'ACTIVO', '', '', 62.0687, 0, '', 0, 'MA'),
('16.550.127-6', 'MAGDALENA', 'SILVA', 'COLLADO', '123', 4, '0000-00-00 00:00:00', 0, 'ACTIVO', '', '', 296.0019, 0, '', 0, 'GF'),
('16.554.465-K', 'BARBARA ERIKA', 'VERAS', 'DIAZ', '123', 4, '0000-00-00 00:00:00', 0, 'ACTIVO', '', '', 290.0014, 0, '', 0, 'GF'),
('16.647.522-8', 'CRISTIAN', 'NEGRON', '', '123', 4, '2022-03-03 10:11:33', 0, 'ACTIVO', '', '', 528.0049, 528.0001, '', 0, 'AS'),
('16.725.313-k', 'PABLO', 'ZUNIGA', '', '123', 4, '2022-01-06 18:09:27', 0, 'ACTIVO', '', '', 280, 0, '', 0, 'RB'),
('16.737.376-3', 'MARCOS', 'ROMAN', 'MUÑOZ', '123', 4, '2022-01-31 16:00:20', 0, 'ACTIVO', '', '', 67.0463, 0, '', 0, 'CT'),
('16.792.241-4', 'JUAN', 'LIZANA', 'PALOMINOS', '123', 4, '2023-04-12 18:57:13', 0, 'ACTIVO', '', '', 504.0042, 0, NULL, 0, 'AS'),
('16.862.069-1', 'ARIEL', 'POO', '', '123', 4, NULL, 0, 'ACTIVO', '', '', 501.0013, 0, NULL, 0, 'RB'),
('16.867.501-1', 'GONZALO ANTINIO', 'PINTO', 'RIVERA', '123', 4, '2023-09-22 13:50:42', 0, 'ACTIVO', '', '', 123.0182, 0, '', 0, 'RB'),
('16.867.744-8', 'PAULA VICTORIA', 'PARDO ', 'ARENAS', '123', 4, '2023-07-21 21:41:41', 0, 'ACTIVO', '', '', 634.0034, 0, NULL, 0, 'SF'),
('16.881.431-3', 'CONSTANZA', 'ARANGUIZ', '', '123', 4, '2022-01-03 14:52:31', 0, 'ACTIVO', '', '', 289.0011, 0, '', 0, 'GF'),
('16.882.039-9', 'HILDA  DEL CARMEN', 'PALMA', 'VENEGAS', '123', 4, '2023-03-30 07:38:39', 0, 'ACTIVO', '', '', 506.0144, 0, NULL, 0, 'GF'),
('16.882.229-4', 'JOSE', 'VIAL', '', '123', 4, '2022-11-22 16:38:30', 0, 'ACTIVO', '', '', 383.001, 0, '', 0, 'RB'),
('16.882.299-4', 'BORRAR', '', '', '123', 4, '0000-00-00 00:00:00', 0, 'ACTIVO', '', '', 377, 0, '', 0, 'RB'),
('16.885.162-6', 'GUSTAVO', 'GALAZ', '', '123', 4, '2023-01-26 12:01:42', 0, 'ACTIVO', '', '', 143.0051, 0, '', 0, 'GF'),
('16.891.061-4', 'CAMILO', 'JORQUERA', 'OVALLE', '123', 4, '2021-02-23 15:53:29', 0, 'ACTIVO', '', '', 150, 0, '', 0, 'RB'),
('16.917.737-6', 'RAUL', 'GALLARDO', '', '123', 4, '2022-03-02 15:35:25', 0, 'ACTIVO', '', '', 322, 0, '', 0, 'RB'),
('16.930.157-3', 'JOCELYN ', 'SOTO', 'ORTUZAR', '123', 4, '2023-01-13 20:33:27', 0, 'ACTIVO', '', '', 408.0057, 0, '', 0, 'GF'),
('16.943.734-3', 'FABIOLA', 'FLORES', 'NAVARRO', '123', 4, '0000-00-00 00:00:00', 0, 'ACTIVO', '', '', 263, 0, '', 0, 'GF'),
('16.990.446-4', 'MAXIMILIAN', 'GUERRERO', '', '123', 4, '0000-00-00 00:00:00', 0, 'ACTIVO', '', '', 293, 0, '', 0, 'GF'),
('17.017.182-9', 'LILIANA', 'GUTIERREZ ', 'ARIAS', '123', 4, '2022-01-07 12:13:52', 0, 'ACTIVO', '', '', 311.0016, 0, '', 0, 'TR'),
('17.049.821-6', 'CAMILA', 'BALCAZAR', '', '1234', 4, '2023-07-11 12:17:04', 0, 'ACTIVO', '', '', 629.0047, 0, NULL, 0, 'AF'),
('17.055.517-1', 'ANDRES', 'TORRES', '', '123', 4, '2023-09-27 12:02:02', 0, 'ACTIVO', '', '', 646.0033, 0, NULL, 0, 'RB'),
('17.059.018-k', 'JONATHAN ', 'ESPINA', '', '123', 4, NULL, 0, 'ACTIVO', '', '', 433.0059, 0, NULL, 0, 'RB'),
('17.062.496-3', 'JAVIERA', 'MUÑOZ', '', '123', 5, '2023-10-02 16:36:52', 0, 'ACTIVO', '', '', 233, 0, '', 0, 'SF'),
('17.081.208-5', 'VALESKA', 'LOPEZ ', 'SALAS', 'geo', 4, '0000-00-00 00:00:00', 0, 'ACTIVO', '', '', 147, 0, '', 0, 'GF'),
('17.127.763-9', 'VALERIA', 'ROMERO', '', '123', 4, '2023-03-07 10:36:58', 0, 'ACTIVO', '', '', 483.0086, 0, NULL, 0, 'AS'),
('17.135.277-0', 'JOHNNY', 'NAVARRO', '', '123', 4, '2022-02-16 14:59:24', 0, 'ACTIVO', '', '', 369, 0, '', 0, 'RB'),
('17.135.785-3', 'SEBASTIAN', 'BARAHONA', 'RETAMALES', '123', 4, '2023-03-30 09:18:30', 0, 'ACTIVO', '', '', 597.0027, 0, NULL, 0, 'AS'),
('17.136.994-0', 'EVELYN', 'BAHAMONDE', 'Cordero', '123', 4, '0000-00-00 00:00:00', 0, 'ACTIVO', 'evetommy3@gmail.com', '932996752', 112, 0, '', 0, 'CT'),
('17.138.087-1', 'CATALINA', 'CONTRERAS', 'PEREIRA', '123', 2, '2019-01-29 14:19:53', 0, 'ACTIVO', '', '', 3, 0, '', 0, 'RB'),
('17.138.473-7', 'NICOLAS', 'ARAYA', '.', '123', 4, '2022-01-30 17:30:43', 0, 'ACTIVO', '', '', 285.0158, 0, '', 0, 'RB'),
('17.164.703-7', 'KALINKA', 'GONZALEZ', '', '123', 4, '2022-01-31 21:58:42', 0, 'ACTIVO', '', '', 334, 0, '', 0, 'RB'),
('17.166.716-K', 'ANGELA', 'VARGAS ', 'VASQUEZ', '123', 4, '0000-00-00 00:00:00', 0, 'ACTIVO', '', '', 261, 0, '', 0, 'GF'),
('17.174.283-8', 'GIOJANNE ALCIDES', 'SCHIAPPACASE', 'TRUJILLO', '123', 4, '0000-00-00 00:00:00', 0, 'ACTIVO', '', '', 126, 0, '', 0, 'RB'),
('17.195.669-2', 'NATALIA', 'LOPEZ', 'NEIRA', '123', 4, '2022-04-11 13:23:32', 0, 'ACTIVO', '', '', 253.05, 0, '', 0, 'SF'),
('17.204.801-3', 'CARLOS RAFAEL', 'ZUÑIGA', 'TOLEDO', 'ELL123', 4, '2023-04-22 09:53:15', 0, 'ACTIVO', '', '', 612.0019, 0, NULL, 0, 'LL'),
('17.227.592-3', 'MACARENA', 'CAMPOS', 'MUÑOZ', '123', 4, '0000-00-00 00:00:00', 0, 'ACTIVO', '', '', 394, 0, '', 0, 'MA'),
('17.239.680-1', 'CESAR', 'VASQUEZ', '', '123', 4, '2023-02-03 17:07:02', 0, 'ACTIVO', '', '', 117.0204, 0, '', 0, 'MA'),
('17.300.648-9', 'CRISTOBAL', 'BASCUÑAN', '', '123', 4, '2022-01-31 21:59:16', 0, 'ACTIVO', '', '', 320, 0, '', 0, 'RB'),
('17.355.809-0', 'NATALIA', 'GOMEZ', 'DIAZ', '123', 4, '0000-00-00 00:00:00', 0, 'ACTIVO', '', '', 171, 0, '', 0, 'RB'),
('17.362.679-7', 'YAMILET', 'ROJAS', 'ZARATE', '123', 4, '2022-02-16 16:48:57', 0, 'ACTIVO', '', '', 138, 0, '', 0, 'RB'),
('17.410.179-5', 'MARIA FERNANDA', 'RIVERA', 'RIVERA', '123', 4, NULL, 0, 'ACTIVO', '', '', 558.0003, 0, NULL, 0, 'RB'),
('17.425.695-0', 'JESUS', 'RUBIO', 'MAUREIRA', '123', 4, '2021-08-02 10:43:32', 0, 'ACTIVO', '', '', 220.0096, 0, '', 0, 'SF'),
('17.429.555-7', 'YANNIRA ALTAID', 'DIAZ', 'FIGUEROA', '123', 4, '2022-04-24 15:08:34', 0, 'ACTIVO', '', '', 411.0046, 0, '', 0, 'LL'),
('17.433.723-3', 'PAULA', 'TOBAR', 'PLAZA', '123', 1, '2023-09-15 12:59:18', 0, 'ACTIVO', 'PAULA.TOBAR02@GMAIL.COM', '985112933', 1, 0, '', 0, 'RB'),
('17.467.658-5', 'ANGELA CAROLINA', 'FUENTES', 'SEPULVEDA', '123', 4, NULL, 0, 'ACTIVO', '', '', 633, 0, NULL, 0, 'SF'),
('17.468.388-3', 'ROSA', 'SALINAS', '', '123', 4, '2023-05-24 10:57:42', 0, 'ACTIVO', '', '', 563.0127, 0, NULL, 0, 'RB'),
('17.473.170-5', 'CLAUDIO', 'FERNANDEZ', '.', '123', 4, '2021-04-21 00:09:36', 0, 'ACTIVO', '', '', 134, 0, '', 0, 'RB'),
('17.502.401-8', 'MARIO', 'TERAN', 'CONTRERAS', '123', 4, '0000-00-00 00:00:00', 0, 'ACTIVO', '', '', 262, 0, '', 0, 'GF'),
('17.502.699-1', 'TAMARA', 'OLIVO', 'PEÑA', '123', 4, '0000-00-00 00:00:00', 0, 'ACTIVO', '', '', 259.0055, 0, '', 0, 'GF'),
('17.505.108-2', 'CARLA', 'GALLEGUILLOS', 'RAMOS', '123', 4, '2023-07-11 16:13:10', 0, 'ACTIVO', '', '', 91.0107, 0, '', 0, 'LL'),
('17.506.271-8', 'DANIEL ', 'GALINDO', '', '123', 4, '2023-01-10 14:36:52', 0, 'ACTIVO', '', '', 460.0107, 0, NULL, 0, 'GF'),
('17.507.857-6', 'REINALDO', '', '', '123', 4, '2021-12-11 12:30:10', 0, 'ACTIVO', '', '', 283.0163, 0, '', 0, 'GF'),
('17.509.983-2', 'JUAN ALEJANDRO', 'AREVALO', 'OSORIO', '123', 4, '2022-03-03 02:11:45', 0, 'ACTIVO', '', '', 204.0062, 0, '', 0, 'SF'),
('17.510.907-2', 'NICOLAS', 'DIAS', 'HAUSON', '123', 4, '2022-02-23 10:55:02', 0, 'ACTIVO', '', '', 341.0051, 0, '', 0, 'GF'),
('17.511.041-0', 'PAMELA ALEJANDRA', 'JEREZ', 'AVIELES', '123', 4, '2023-04-26 12:19:32', 0, 'ACTIVO', '', '', 545.0133, 0, NULL, 0, 'SF'),
('17.519.813-K', 'SEBASTIAN', 'BERRIOS', 'ACEITUNO', '1234', 4, NULL, 0, 'INACTIVO', '', '', 511.004, 0, NULL, 0, 'GF'),
('17.521.021-0', 'YERKO NICOLAS', 'MAGAÑA', 'SOTO', '123', 4, NULL, 0, 'ACTIVO', '', '', 593.0016, 0, NULL, 0, 'GF'),
('17.523.797-6', 'ARMANDO', 'BAEZA ', 'POZO', 'geo', 4, '2021-06-24 15:18:26', 0, 'ACTIVO', '', '', 201, 0, '', 0, 'GF'),
('17.524.602-9', 'DANIEL ALEJANDRO', 'CALDERON', 'BUSTAMANTE', '123', 4, '0000-00-00 00:00:00', 0, 'ACTIVO', '', '', 121, 0, '', 0, 'TR'),
('17.525.575-8', 'DIEGO', 'IGNACIO', 'MOYA', '123', 4, '0000-00-00 00:00:00', 0, 'ACTIVO', '', '', 282.0048, 0, '', 0, 'GF'),
('17.525.668-7', 'BELEN', 'GONZALEZ', 'YAÑEZ', 'geo', 4, '0000-00-00 00:00:00', 3, 'BLOQUEADO', '', '', 158, 0, '', 0, 'GF'),
('17.525.757-8', 'DIEGO', 'MOYA', 'GONZALEZ', '123', 4, '2022-01-18 17:47:36', 0, 'ACTIVO', '', '', 68.004, 0, '', 0, 'LL'),
('17.526.280-6', 'CONSTANZA', 'CARRASCO', '', '123', 4, '2022-04-02 13:59:45', 0, 'ACTIVO', '', '', 338.0051, 0, '', 0, 'GF'),
('17.533.523-4', 'ROMINA', 'ZUÑIGA', '', '123', 4, '2023-04-17 15:02:09', 0, 'ACTIVO', '', '', 592.0047, 0, NULL, 0, 'RB'),
('17.583.487-7', 'CLAUDIA NICOLE', 'LIZAMA', 'CAYUL', '123', 4, '2023-04-29 11:02:58', 0, 'ACTIVO', '', '', 180.0484, 0, '', 0, 'GF'),
('17.641.975-k', 'DANIELA', 'GUZMAN', '.', '123', 4, '2022-10-28 14:38:13', 0, 'ACTIVO', '', '', 412.0156, 0, '', 0, 'RB'),
('17.646.700-2', 'ROBERTO', 'BARRAZA', '.', '123', 4, '2022-04-05 10:11:25', 0, 'ACTIVO', '', '', 130.003, 0, '', 0, 'RB'),
('17.652.362-K', 'GUIDO IGNACIO', 'PEREZ', 'CARRASCO', '123', 4, '2022-06-17 10:33:15', 0, 'ACTIVO', '', '', 380.0181, 0, '', 0, 'GF'),
('17.669.749-0', 'FELIPE', 'RODRIGUEZ', 'BAHAMONDES', '123', 4, '2022-01-19 09:48:26', 0, 'ACTIVO', '', '', 265.0161, 0, '', 0, 'SF'),
('17.713.479-1', 'Cristina', 'Lanas', 'Diaz', '123', 4, '0000-00-00 00:00:00', 0, 'ACTIVO', '', '', 317, 0, '', 0, 'RB'),
('17.716.505-0', 'ELIZABETH', 'VALENZUELA', 'GONZALEZ', '123', 4, NULL, 0, 'ACTIVO', '', '', 594.0032, 0, NULL, 0, 'GF'),
('17.794.166-2', 'SEBASTIAN ALONSO', 'GARRIGA', 'GARRIDO', '123', 4, '0000-00-00 00:00:00', 0, 'ACTIVO', '', '', 258, 0, '', 0, 'SF'),
('17.794.232-4', 'REBECA', 'VILCHEZ', 'NUÑEZ', '123', 4, NULL, 0, 'ACTIVO', '', '', 488.0037, 0, NULL, 0, 'GF'),
('17.795.686-4', 'DANIEL', 'RIVAS ', 'ARRIAGADA', '123', 4, '2021-03-18 14:23:53', 0, 'ACTIVO', '', '', 177.0006, 0, '', 0, 'GF'),
('17.828.091-0', 'SEBASTIAN ANDRES', 'FLORES', 'PINTO', '123', 4, '2021-01-27 20:14:08', 0, 'ACTIVO', '', '', 125.0065, 0, '', 0, 'RB'),
('17.828.190-9', 'JHONNY FERNANDO', 'FERNANDEZ', 'OLIVARES', '123', 4, '0000-00-00 00:00:00', 0, 'ACTIVO', '', '', 132, 0, '', 0, 'RB'),
('17.874.891-2', 'MARIA JOSE', 'MANRIQUEZ', 'GANGAS', '123', 4, '0000-00-00 00:00:00', 0, 'ACTIVO', '', '', 426.0023, 0, '', 0, 'SF'),
('17.925.361-5', 'JEANETTE BEATRIZ', 'YAÑEZ', 'ALARCON', '123', 4, '2021-01-05 14:10:32', 0, 'ACTIVO', '', '', 108, 0, '', 0, 'RB'),
('17.944.013-k', 'CAROLINA LORETO', 'GONZALEZ', 'PEÑA', '123', 4, '2020-12-18 17:30:43', 0, 'ACTIVO', '', '', 107, 0, '', 0, 'RB'),
('17.968.146-3', 'FERNANDA ARACELLI', 'Cuevas', 'Caro', '123', 4, NULL, 0, 'ACTIVO', '', '', 590.0031, 0, NULL, 0, 'GF'),
('17.968.192-7', 'FRANCHESCA NICOLE', 'VERGARA', 'VILLAVICENCIO', '123', 4, NULL, 0, 'ACTIVO', '', '', 636.0093, 0, NULL, 0, 'SF'),
('17.971.167-2', 'RAÚL ERNESTO', 'HERRERA', 'VIDELA', '123', 4, '0000-00-00 00:00:00', 0, 'ACTIVO', '', '', 175, 0, '', 0, 'RB'),
('17.971.693-3', 'PAULA ANDREA', 'VALDEZ', 'AMAR', '123', 4, '2021-02-09 12:30:48', 0, 'ACTIVO', '', '', 145, 0, '', 0, 'RB'),
('17.994.487-1', 'JUAN', 'REINOSO', '', '123', 4, '2021-10-01 09:50:42', 0, 'ACTIVO', '', '', 252.0084, 0, '', 0, 'GF'),
('18.012.087-4', 'JOSE ANTONIO', 'MENESES', 'CORTES', '123', 4, '2020-12-07 11:06:15', 0, 'ACTIVO', '', '', 61.0023, 0, '', 0, 'RB'),
('18.028.742-6', 'ALEXANDRA', 'LEIVA', 'GUAJARDO', '123', 4, '0000-00-00 00:00:00', 0, 'ACTIVO', '', '', 340.0163, 0, '', 0, 'GF'),
('18.039.483-4', 'SEBASTIAN', 'RUBIO', 'MORALES', 'geo', 4, '2022-03-18 13:01:35', 0, 'ACTIVO', '', '', 149.0065, 0, '', 0, 'GF'),
('18.039.913-5', 'ALEJANDRA', 'AMULEF', 'FUENZALIDA', '123', 4, '2023-01-23 16:42:09', 0, 'ACTIVO', '', '', 353.0256, 0, '', 0, 'GF'),
('18.040.284-5', 'GIANNINA', 'MARICIO', 'SANHUEZA', '123', 4, '2022-04-02 15:45:54', 0, 'ACTIVO', '', '', 406.0025, 0, '', 0, 'GF'),
('18.040.418-K', 'CONSTANZA', 'CABEZAS', '.', '123', 4, '2022-08-01 17:09:15', 0, 'ACTIVO', '', '', 40.0021, 0, '', 0, 'RB'),
('18.041.065-1', 'TAMARA', 'SOTO', 'RÍOS', '123', 4, NULL, 0, 'INACTIVO', '', '', 525.0004, 0, NULL, 0, 'GF'),
('18.042.482-2', 'NICOLE VALESKA ', 'JORQUERA ', 'SALINAS', '123', 4, NULL, 0, 'ACTIVO', '', '', 586, 0, NULL, 0, 'LL'),
('18.044.129-8', 'ANDRES ', 'GARCIA', 'OSSES', 'geo', 4, '2021-03-01 15:22:31', 0, 'ACTIVO', '', '', 198, 0, '', 0, 'GF'),
('18.078.811-5', 'JENNIFER', 'MEDINA ', 'VEGA', 'geo', 4, '0000-00-00 00:00:00', 0, 'ACTIVO', '', '', 159, 0, '', 0, 'GF'),
('18.079.225-2', 'MACARENA', 'GARCIA', '.', '123', 4, '2021-01-19 10:25:53', 0, 'ACTIVO', '', '', 42.0006, 0, '', 0, 'RB'),
('18.114.130-1', 'VALENTINA', 'GUERRERO', '', '123', 4, '2022-04-07 23:27:27', 0, 'ACTIVO', '', '', 324, 0, '', 0, 'RB'),
('18.171.861-7', 'ANIBAL', 'VASQUEZ', 'VILLAGRAN', '123', 4, '2022-08-23 17:18:12', 1, 'ACTIVO', '', '', 32, 0, '', 0, 'CT'),
('18.181.523-K', 'CLAUDIA FERNANDA', 'ROJAS', 'REBOLLEDO', '123', 4, '2022-02-17 10:32:38', 0, 'ACTIVO', '', '', 374.0009, 0, '', 0, 'SF'),
('18.253.298-3', 'Anyela Catalina', 'Quiñonez', 'Torres', '123', 4, NULL, 0, 'ACTIVO', '', '', 527.0034, 0, NULL, 0, 'SL'),
('18.259.017-7', 'PABLO', 'LAZCANO', '', '123', 4, '2023-02-03 10:47:43', 0, 'ACTIVO', '', '', 562.0034, 0, NULL, 0, 'RB'),
('18.261.193-k', 'ORIEL', 'MUÑOZ', '.', '123', 4, '2022-01-06 18:18:47', 0, 'ACTIVO', '', '', 170.0275, 0, '', 0, 'RB'),
('18.261.257-K', 'GERALDINE', 'RETAMAL', 'SANFURGO', '123', 4, '2023-05-19 15:35:05', 0, 'ACTIVO', '', '', 425.0087, 0, '', 0, 'SF'),
('18.261.478-5', 'ARACELI', 'DIAZ', 'ORELLANA', 'ELL123', 4, '2023-03-31 07:27:39', 0, 'ACTIVO', '', '', 153.0075, 0, '', 0, 'LL'),
('18.276.060-9', 'RICARDO', 'VASQUEZ', 'ABURTO', '123', 4, '0000-00-00 00:00:00', 0, 'ACTIVO', '', '', 403.0024, 0, '', 0, 'MA'),
('18.277.780-3', 'VANESSA NOEMI', 'CASTAÑEDA', 'P', '123', 4, '0000-00-00 00:00:00', 0, 'ACTIVO', '', '', 402, 0, '', 0, 'GF'),
('18.280.943-8', 'LEONARDO', 'BOZA', '.', 'geo', 4, '2021-03-19 09:14:36', 0, 'ACTIVO', '', '', 90, 0, '', 0, 'GF'),
('18.317.099-6', 'FELIPE', 'OLGADE', '.', '123', 4, '2021-07-26 10:37:32', 0, 'ACTIVO', '', '', 225.0015, 0, '', 0, 'RB'),
('18.334.745-4', 'FREDDY', 'CEA', 'PARRAGUEZ', '123', 4, '0000-00-00 00:00:00', 0, 'ACTIVO', '', '', 409.0024, 0, '', 0, 'GF'),
('18.371.267-4', 'FRANCISCA MACKARENA', 'PARRA', 'LAZO', '123', 4, '2022-04-02 15:26:43', 0, 'ACTIVO', '', '', 401.0037, 0, '', 0, 'GF'),
('18.375.020-8', 'NINOSKA', 'PEREZ', 'GAJARDO', '123', 4, '2022-03-17 13:19:21', 0, 'ACTIVO', '', '', 354.0118, 0, '', 0, 'GF'),
('18.375.667-2', 'JORGE EDUARDO', 'REYES', 'MIRANDA', '123', 4, '2022-12-07 18:58:09', 0, 'ACTIVO', '', '', 458.0069, 0, NULL, 0, 'GF'),
('18.375.679-6', 'MATIAS', 'OLAVE', '', '123', 4, '0000-00-00 00:00:00', 0, 'ACTIVO', '', '', 384, 0, '', 0, 'RB'),
('18.377.115-9', 'CAROLINA', 'REYES', 'FUENTES', 'geo', 4, '2021-06-24 12:02:15', 0, 'ACTIVO', '', '', 35.0497, 0, '', 0, 'GF'),
('18.378.223-1', 'DIANA', 'ROJAS', '', 'geo', 4, '2021-01-06 18:03:14', 0, 'ACTIVO', '', '', 100.0025, 0, '', 0, 'GF'),
('18.378.407-2', 'VALERIA CONSTANZA', 'ORTIZ', 'QUINTANA', 'geo', 4, '2020-12-08 14:09:21', 0, 'ACTIVO', '', '', 85.0025, 0, '', 0, 'GF'),
('18.379.152-4', 'FELIPE', 'ALVARES', 'CEA', '123', 4, '0000-00-00 00:00:00', 0, 'ACTIVO', '', '', 390.0037, 0, '', 0, 'LL'),
('18.379.426-4', 'MARIA JOSE', 'MEDEL ', 'RUBILAR', '123', 4, NULL, 0, 'ACTIVO', '', '', 599.0001, 0, NULL, 0, 'GF'),
('18.431.528-9', 'CLAUDIA ANDREA', 'HERMOSILLA', 'VICENCIO', '123', 4, '2022-03-22 09:52:49', 0, 'ACTIVO', '', '', 179, 0, '', 0, 'RB'),
('18.445.567-6', 'MATIAS GABRIEL', 'QUINTEROS', 'MACIAS', 'geo', 4, '2021-01-12 10:24:03', 0, 'ACTIVO', '', '', 48.0236, 0, '', 0, 'GF'),
('18.445.691-5', 'KATHERINE', 'CISTERNAS', 'HERNANDEZ', '123', 4, '0000-00-00 00:00:00', 0, 'ACTIVO', '', '', 276.0057, 0, '', 0, 'GF'),
('18.446.621-K', 'STEPHENIE CLAIREE', 'FAURE ', 'ALVEAR', '123', 4, NULL, 0, 'ACTIVO', '', '', 573.0009, 0, NULL, 0, 'GF'),
('18.448.421-8', 'PEDRO', 'PEREZ', 'RAMIREZ', 'geo', 4, '2021-03-01 08:26:50', 0, 'ACTIVO', '', '', 184.005, 0, '', 0, 'GF'),
('18.537.501-3', 'TAMARA', 'ALFARO', '.', '123', 4, '0000-00-00 00:00:00', 0, 'ACTIVO', '', '', 207, 0, '', 0, 'RB'),
('18.557.914-K', 'ANAHI', 'MADRID', 'MUÑOZ', '1234', 4, NULL, 0, 'INACTIVO', '', '', 0.0002, 0, NULL, 0, 'GF'),
('18.558.040-7', 'MILKO BASILIO', 'CARRIZO', 'LEON', '123', 4, '0000-00-00 00:00:00', 0, 'ACTIVO', '', '', 387.0051, 0, '', 0, 'GF'),
('18.558.191-8', 'FRANCISCA', 'OSORIO', 'PEREZ', '123', 4, '2021-11-04 16:42:10', 0, 'ACTIVO', '', '', 96.0486, 0, '', 0, 'SF'),
('18.558.262-0', 'CARLOS', 'BANDA', 'JARA', '123', 4, '0000-00-00 00:00:00', 0, 'ACTIVO', '', '', 274, 0, '', 0, 'CT'),
('18.562.829-9', 'MIGUEL', 'MIRANDA', '', '123', 4, '2022-04-06 17:09:33', 0, 'ACTIVO', '', '', 358, 0, '', 0, 'RB'),
('18.576.832-5', 'MARIA FERNANDA', 'SAAVEDRA', 'CORREA', '123', 4, '2022-03-29 13:20:10', 0, 'ACTIVO', '', '', 168.0009, 0, '', 0, 'MA'),
('18.585.132-k', 'CAMILA', 'JARA', 'DE LA MAZA', '123', 4, '2022-11-24 18:00:50', 0, 'ACTIVO', '', '', 193.0088, 0, '', 0, 'SL'),
('18.603.245-4', 'MAXIMILIANO', 'CURIQUEO', 'GRAU', '123', 4, '2022-03-11 12:19:47', 0, 'ACTIVO', '', '', 361.0058, 0, '', 0, 'MA'),
('18.604.555-6', 'LEONARDO ', 'JAQUE', 'REYES', '123', 4, NULL, 0, 'ACTIVO', 'areatecnica1', '', 598.0019, 0, NULL, 0, 'GF'),
('18.609.000-4', 'VALENTINA', 'PAVEZ', 'FUENTEALBA', '123', 4, NULL, 0, 'ACTIVO', '', '', 436.0076, 0, NULL, 0, 'GF'),
('18.616.845-3', 'RENATO', 'GONZALEZ', '', 'geo', 4, '2021-03-09 21:18:50', 0, 'ACTIVO', '', '', 185.0021, 0, '', 0, 'GF'),
('18.623.984-9', 'JALIL ', 'PINTO', 'LAGOS', '123', 4, NULL, 0, 'ACTIVO', '', '', 440.0067, 0, NULL, 0, 'AS'),
('18.624.958-5', 'JUAN ', 'SUAREZ', 'VILLANUEVA', 'geo', 4, '2021-03-02 11:42:43', 0, 'ACTIVO', '', '', 183.0047, 0, '', 0, 'MA'),
('18.632.541-9', 'MAURICIO', 'ALVAREZ', '.', '123', 4, '2022-09-27 16:07:27', 0, 'ACTIVO', '', '', 216, 0, '', 0, 'RB'),
('18.632.707-1', 'VANESA ESTEFANI', 'PEREZ', 'VASQUEZ', '123', 4, '2022-09-12 09:40:40', 0, 'ACTIVO', '', '', 110.0208, 0, '', 0, 'GF'),
('18.633.807-3', 'ROBINSON', 'CAMPOS', '.', '123', 4, '0000-00-00 00:00:00', 0, 'ACTIVO', '', '', 196, 0, '', 0, 'RB'),
('18.644.961-4', 'EMILIANO OCTAVIO', 'SEGURA', 'ARIAS', '123', 4, '2022-12-30 09:07:26', 0, 'ACTIVO', '', '', 526.0015, 0, NULL, 0, 'GF'),
('18.645.311-5', 'CARLOS', 'VERGARA', '.', '123', 4, '0000-00-00 00:00:00', 0, 'ACTIVO', '', '', 199, 0, '', 0, 'RB'),
('18.659.051-1', 'ARACELY', 'MENDOZA', '', '123', 4, '2022-01-06 18:19:10', 0, 'ACTIVO', '', '', 273, 0, '', 0, 'RB'),
('18.679.431-1', 'FRANCESCA', 'CARVACHO', '', '123', 4, '2023-01-31 09:05:55', 0, 'ACTIVO', '', '', 551.0024, 0, NULL, 0, 'RB'),
('18.712.122-1', 'CELINA', 'CASANOVA', 'PEREZ', '123', 4, '2021-03-30 17:15:59', 0, 'ACTIVO', '', '', 66.0126, 0, '', 0, 'GF'),
('18.722.098-k', 'MARIO', 'MATUS', 'MUÑOZ', '123', 4, '2021-11-18 16:20:24', 0, 'ACTIVO', '', '', 69.0248, 0, '', 0, 'CT'),
('18.733.629-5', 'RIGOBERTO', '', '', '123', 4, '2022-02-25 14:36:01', 0, 'ACTIVO', '', '', 284.0151, 0, '', 0, 'GF'),
('18.759.437-5', 'JAVIERA', 'ROJAS', 'DIAZ', '123', 4, NULL, 0, 'ACTIVO', '', '', 608.002, 0, NULL, 0, 'MA'),
('18.785.786-4', 'VICTORIA', 'MADRID', 'SERRANO', 'geo', 4, '2021-02-25 23:05:31', 0, 'ACTIVO', '', '', 191, 0, '', 0, 'GF'),
('18.794.159-8', 'JIMMY', 'PEÑA', 'GONZALEZ', '123', 4, '0000-00-00 00:00:00', 0, 'INACTIVO', '', '', 70, 0, '', 0, 'CT'),
('18.799.219-2', 'BENJAMIN', 'JARA', 'TARAMASCO', '123', 4, '2022-03-11 10:38:31', 0, 'ACTIVO', '', '', 192.0353, 0, '', 0, 'RB'),
('18.823.673-1', 'Alejandro', 'Pizarro', 'Aguirre', '123', 4, '0000-00-00 00:00:00', 0, 'ACTIVO', '', '', 304, 0, '', 0, 'RB'),
('18.858.727-5', 'BRENDA NICOLE', 'SALAS', 'SALAS', '123', 4, '2022-09-14 10:25:11', 0, 'ACTIVO', '', '', 52.117, 0, '', 0, 'GF'),
('18.884.322-0', 'CAMILA BELEN', 'BARRERA', 'MAUREIRA', '123', 4, '2022-03-02 14:53:38', 0, 'ACTIVO', '', '', 60, 0, '', 0, 'RB'),
('18.890.230-8', 'CAROLINA', 'CORONA', 'PINTO', '123', 4, '2021-01-28 17:38:31', 0, 'INACTIVO', '', '', 65.0055, 0, '', 0, 'CT'),
('18.890.574-9', 'VIVIANA', 'MIRANDA', '', '123', 4, '2023-05-17 10:35:10', 0, 'ACTIVO', '', '', 498.0082, 0, NULL, 0, 'CT'),
('18.897.242-k', 'VICTOR', 'SANCHEZ', 'JAIME', '123', 4, '0000-00-00 00:00:00', 0, 'ACTIVO', '', '', 174, 0, '', 0, 'RB'),
('18.950.406-k', 'MARIA JOSE', 'CORNEJO', '', 'geo', 4, '0000-00-00 00:00:00', 0, 'INACTIVO', '', '', 172, 0, '', 0, 'GF'),
('18.950.456-k', 'MARIA JOSE', 'CORNEJO', '', '123', 4, '2022-01-21 20:02:30', 0, 'ACTIVO', '', '', 173.0079, 0, '', 0, 'GF'),
('18.956.084-2', 'ALVARO', 'VALDEBENITO', '', '123', 4, '2022-03-05 16:35:54', 0, 'ACTIVO', '', '', 349.0023, 0, '', 0, 'MA'),
('18.973.403-4', 'ALFONSO', 'CASANOVA', 'LEON', 'geo', 4, '2020-12-14 08:45:22', 0, 'ACTIVO', '', '', 97.0027, 0, '', 0, 'GF'),
('18.973.788-2', 'NICOLE', 'BARRERA', 'FERNANDINI', '123', 4, '0000-00-00 00:00:00', 0, 'ACTIVO', '', '', 294.0011, 0, '', 0, 'GF'),
('18.979.794-K', 'FELIPE ANDRES', 'PINO', 'NUÑEZ', '123', 4, '2022-04-22 17:54:15', 0, 'ACTIVO', '', '', 373.0062, 0, '', 0, 'LL'),
('19.017.345-3', 'ROBERTO', 'FUENTES', 'PEREZ', '123', 4, '0000-00-00 00:00:00', 0, 'ACTIVO', '', '', 391, 0, '', 0, 'GF'),
('19.017.571-5', 'BASTIAN IVES', 'PALMA', 'VALENCIA', 'geo', 4, '2021-01-08 19:51:26', 0, 'ACTIVO', '', '', 113.002, 0, '', 0, 'GF'),
('19.017.807-2', 'ERIK', 'ANTIÑIR', 'FERNANDEZ', '1234', 4, NULL, 0, 'ACTIVO', '', '', 510.0014, 0, NULL, 0, 'GF'),
('19.018.016-6', 'FERNANDA', 'PEÑA', 'DÍAZ', '123', 4, NULL, 0, 'ACTIVO', '', '', 534.0012, 0, NULL, 0, 'GF'),
('19.019.380-2', 'MATIAS FELIPE', 'ROJAS', 'SANCHEZ', '123', 4, '2021-03-03 11:44:08', 0, 'ACTIVO', '', '', 51.0091, 0, '', 0, 'LL'),
('19.020.004-3', 'LUIS', 'CANCINO', '', '123', 4, '2022-02-15 10:45:30', 0, 'ACTIVO', '', '', 226.0159, 0, '', 0, 'LL'),
('19.048.841-1', 'MATIAS', 'SANHUEZA', 'MARTINEZ', 'geo', 4, '2020-12-12 15:23:35', 0, 'INACTIVO', '', '', 98.0061, 0, '', 0, 'GF'),
('19.052.756-6', 'IVAN', 'VARGAS', 'MIRANDA', '123', 4, '0000-00-00 00:00:00', 0, 'ACTIVO', '', '', 342.0004, 0, '', 0, 'MA'),
('19.065.095-2', 'DANIEL ALFONSO', 'LOPEZ', 'MORALES', '123', 4, '2022-01-06 17:12:10', 0, 'ACTIVO', '', '', 271, 0, '', 0, 'RB'),
('19.066.355-8', 'CAMILA', 'MOLINA', '', '1234', 4, '2023-07-11 17:03:29', 0, 'ACTIVO', '', '', 628.0041, 0, NULL, 0, 'AF'),
('19.084.316-5', 'OSCAR', 'GONZALEZ', '.', '123', 4, '2022-06-15 10:18:18', 0, 'ACTIVO', '', '', 214, 0, '', 0, 'RB'),
('19.127.745-7', 'MAURICIO', 'FLORES', 'GONZALES', '123', 4, '2021-01-28 10:38:21', 0, 'ACTIVO', '', '', 133.0094, 0, '', 0, 'MA'),
('19.131.312-7', 'JAVIERA', 'CALDERON', '', '123', 4, '2023-02-02 09:41:12', 0, 'ACTIVO', '13.827.441-1', '', 571.0045, 0, NULL, 0, 'RB'),
('19.149.231-0', 'CLAUDIO ANDRES', 'PISMANTE', 'TAPIA', '123', 4, '0000-00-00 00:00:00', 0, 'ACTIVO', '', '', 297.0001, 0, '', 0, 'GF'),
('19.155.084-6', 'ELADIO', 'MICHEA', 'CARVAJAL', '123', 4, NULL, 0, 'ACTIVO', '', '', 553.0002, 0, NULL, 0, 'RB'),
('19.164.405-4', 'JOSE', 'ECHEVERRIA', 'MUÑOZ', '123', 4, '2022-07-13 10:07:14', 0, 'ACTIVO', '', '', 260.0309, 0, '', 0, 'LL'),
('19.183.627-8', 'MAXIMILIANO', 'PIZARRO', '', '123', 4, '2022-01-31 22:20:55', 0, 'ACTIVO', '', '', 310.0084, 0, '', 0, 'PR'),
('19.192.343-k', 'KATHERINE SOLANGE', 'MUÑOZ', 'ALVAREZ', '123', 4, '2021-03-09 19:49:51', 0, 'ACTIVO', '', '', 137.0058, 0, '', 0, 'RB'),
('19.211.304-0', 'JESSICA CAROLINA', 'GONZALEZ ', 'PAREDES', '123', 4, '2023-02-02 03:38:51', 0, 'ACTIVO', '', '', 520.0083, 0, NULL, 0, 'LL'),
('19.223.494-8', 'IVO', 'ARMIJO', '.', '123', 4, '0000-00-00 00:00:00', 0, 'ACTIVO', '', '', 213, 0, '', 0, 'RB'),
('19.264.238-8', 'CATALINA CARMEN', 'QUIROGA', 'MARTINEZ', '123', 4, '0000-00-00 00:00:00', 0, 'ACTIVO', '', '', 379.0205, 0, '', 0, 'LL'),
('19.264.405-4', 'JOSE', 'ECHEVERRIA', 'MUÑOZ', '123', 4, '2022-11-23 12:50:53', 0, 'ACTIVO', '', '', 169.0075, 0, '', 0, 'LL'),
('19.264.589-1', 'FRANCISCA BELEN', 'CHAVEZ', 'PEÑALOZA', 'geo', 4, '2021-02-09 19:19:43', 0, 'ACTIVO', '', '', 49.004, 0, '', 0, 'GF'),
('19.264.690-1', 'DIEGO', 'CORREA', '', '123', 4, '2022-04-05 18:46:08', 0, 'ACTIVO', '', '', 350.0049, 0, '', 0, 'GF'),
('19.265.252-9', 'NATALIA', 'CAMILLA', 'FUENTES', '123', 4, '2022-10-27 16:48:42', 0, 'ACTIVO', '', '', 392.0017, 0, '', 0, 'GF'),
('19.265.791-1', 'ESTEFANIA', 'PINO', 'AHUMADA', '123', 4, '2023-02-21 09:01:07', 0, 'ACTIVO', '', '', 63.0029, 0, '', 0, 'AS'),
('19.276.073-9', 'ALVARO', 'VELAZQUEZ', 'AHUMADA', '123', 4, NULL, 0, 'ACTIVO', '', '', 496.0079, 0, NULL, 0, 'AS'),
('19.283.627-8', 'MAXIMILIANO', 'PIZARRO', '', '123', 4, '0000-00-00 00:00:00', 0, 'ACTIVO', '', '', 344.0013, 0, '', 0, 'LL'),
('19.292.370-0', 'FELIPE ', 'GARRIDO', 'CORVALAN', '123', 4, NULL, 0, 'ACTIVO', '', '', 439, 0, NULL, 0, 'AS'),
('19.298.977-9', 'DIEGO CRISTIAN', 'DIAZ', 'NUÑEZ', '123', 4, NULL, 0, 'ACTIVO', '', '', 505.0003, 0, NULL, 0, 'SL'),
('19.314.352-0', 'LORETO ', 'UBILLA', '', '123', 4, '0000-00-00 00:00:00', 0, 'ACTIVO', '', '', 205, 0, '', 0, 'MA'),
('19.317.003-k', 'VERONICA YANIRA', 'MERLIN', 'FARIAS', '123', 4, '2023-07-11 16:15:18', 0, 'ACTIVO', '', '', 427.0021, 0, '', 0, 'SF'),
('19.321.885-7', 'PABLO', 'JORQUERA', 'CORTES', '123', 4, '2023-02-23 14:57:07', 0, 'ACTIVO', '', '', 308.0037, 0, '', 0, 'RB'),
('19.351.772-2', 'JAVIERA', 'ROJAS', 'TRIGO', '123', 4, '2022-06-02 09:10:38', 0, 'ACTIVO', '', '', 281.0162, 0, '', 0, 'GF'),
('19.359.619-3', 'LUCIANO', 'CADIZ', '.', '123', 4, '2021-03-10 10:35:08', 0, 'ACTIVO', '', '', 78.0071, 0, '', 0, 'RB'),
('19.359.745-9', 'SOFIA FERNANDA', 'TAPIA', 'HUERTA', '123', 4, '0000-00-00 00:00:00', 0, 'ACTIVO', '', '', 371.0017, 0, '', 0, 'LL'),
('19.359.837-4', 'FRANCISCA ALICIA', 'VALDES ', 'CONTRERAS', '123', 4, '2022-04-02 15:23:32', 0, 'ACTIVO', '', '', 389.0053, 0, '', 0, 'GF'),
('19.393.645-8', 'SAVKA', 'VERA', '', '123', 4, '2023-01-24 12:15:23', 0, 'ACTIVO', '', '', 559.0073, 0, NULL, 0, 'RB'),
('19.394.674-7', 'RODRIGO MATIAS', 'MUÑOZ', 'SAEZ', '123', 4, '2021-03-11 21:23:27', 0, 'ACTIVO', '', '', 140.0043, 0, '', 0, 'RB'),
('19.441.226-2', 'RICHARD', 'MORA', 'MALLEA', '123', 4, '0000-00-00 00:00:00', 0, 'ACTIVO', '', '', 372.0045, 0, '', 0, 'GF'),
('19.448.567-0', 'AILYN AMORI', 'CUADROS', 'ASTUDILLO', '123', 4, '2021-02-05 16:14:56', 0, 'ACTIVO', '', '', 144, 0, '', 0, 'RB'),
('19.449.255-3', 'ERIN EVERLY', 'CASSI', 'SALCEDO', '123', 4, '2021-04-09 13:21:45', 0, 'ACTIVO', '', '', 127, 0, '', 0, 'RB'),
('19.449.444-0', 'FRANCISCO', 'PAMPARANA', '.', '123', 4, '2023-02-02 08:59:49', 0, 'ACTIVO', '', '', 131.0055, 0, '', 0, 'RB'),
('19.452.422-6', 'CONSTANZA', 'SAA', 'IRRABAZABAL', '123', 4, NULL, 0, 'ACTIVO', '', '', 474.0044, 0, NULL, 0, 'GF'),
('19.476.210-0', 'PATRICIO', 'SEGURA', 'CASTRO', '123', 4, '2022-11-25 13:17:16', 0, 'ACTIVO', '', '', 370.0093, 0, '', 0, 'AS'),
('19.483.777-1', 'CAMILA', 'SEPULVEDA', 'ESPINOZA', '123', 4, '2022-03-02 11:47:56', 0, 'ACTIVO', '', '', 375.0013, 0, '', 0, 'MA'),
('19.488.156-8', 'MAYTE FERNANDA', 'BONILLA', 'AVILA', '123', 4, '0000-00-00 00:00:00', 0, 'ACTIVO', '', '', 154, 0, '', 0, 'RB'),
('19.505.564-5', 'EDISON', 'JOFRE', 'MEDRANO', '123', 4, '0000-00-00 00:00:00', 0, 'ACTIVO', '', '', 298.001, 0, '', 0, 'GF'),
('19.513.045-0', 'MAILEN', 'VASQUEZ', 'GONZALEZ', '123', 4, '0000-00-00 00:00:00', 0, 'ACTIVO', '', '', 367.0032, 0, '', 0, 'GF'),
('19.525.393-5', 'MATIAS ', 'CIFUENTES', '', '123', 4, '2022-11-28 15:49:59', 0, 'ACTIVO', '', '', 482.0076, 0, NULL, 0, 'RB'),
('19.526.706-5', 'DIEGO', 'GONZALEZ', 'LOPEZ', '123', 4, '2023-02-21 16:29:59', 0, 'ACTIVO', '', '', 120.0129, 0, '', 0, 'SF'),
('19.570.119-9', 'DANITZA', 'PEREZ', 'ULLOA', '123', 4, '2023-03-08 09:06:01', 0, 'ACTIVO', '', '', 492.0089, 0, NULL, 0, 'AS'),
('19.588.401-3', 'Eric', 'Bustamante', 'Norambuena', '123', 4, '2023-04-26 11:31:47', 0, 'ACTIVO', 'Cristobal.bustamante2108@gmail.com', '', 536.0188, 0, NULL, 0, 'CT'),
('19.588.834-5', 'CAMILA', 'ROMO ', 'ROMO', '123', 4, '2022-03-09 13:51:38', 0, 'ACTIVO', '', '', 313.0546, 0, '', 0, 'GF'),
('19.589.178-8', 'GERALDINE ARLETTE', 'CONCHA', 'CARDENAS', 'geo', 4, '0000-00-00 00:00:00', 0, 'ACTIVO', '', '', 54, 0, '', 0, 'GF'),
('19.592.665-4', 'JACQUELINE GABRIELA DOMINIC', 'MOLINA', 'LARA', 'geo', 4, '0000-00-00 00:00:00', 0, 'ACTIVO', '', '', 53.007, 0, '', 0, 'GF'),
('19.604.250-4', 'CAMILO', 'DUARTE', '', '123', 4, NULL, 0, 'ACTIVO', '', '', 523.0031, 0, NULL, 0, 'RB'),
('19.669.510-9', 'RITA', 'FERNANDEZ', 'NAVARRO', '123', 4, '2023-09-08 12:04:55', 0, 'ACTIVO', '', '', 266.009, 0, '', 0, 'QE'),
('19.680.553-2', 'CAROLINA ', 'QUIJADA', 'LOPEZ', '123', 4, '2022-12-30 18:35:03', 0, 'ACTIVO', '', '', 541.0029, 0, NULL, 0, 'GF'),
('19.696.859-8', 'ESTEBAN ALENJANDRO', 'ABURTO ', 'TAPIA', '123', 4, NULL, 0, 'ACTIVO', '', '', 639, 0, NULL, 0, 'SF'),
('19.727.056-k', 'CAMILA ANTONIA', 'ARANCIBIA', 'FIGUEROA', '123', 4, '0000-00-00 00:00:00', 0, 'ACTIVO', '', '', 166, 0, '', 0, 'RB'),
('19.727.390-9', 'IGNACIO', 'AVILA', '', '123', 4, '2023-01-31 12:22:22', 0, 'ACTIVO', '', '', 339.012, 0, '', 0, 'RB'),
('19.760.627-4', 'JOSE DANIEL', 'CATALDO', 'AGUIRRE', '123', 4, '2022-03-25 19:40:05', 0, 'ACTIVO', '', '', 156, 0, '', 0, 'RB'),
('19.761.393-9', 'BELEN ALEJANDRA', 'CATALAN', 'NUÑEZ', '123', 4, '2023-07-10 10:57:22', 0, 'ACTIVO', '', '', 556.0063, 0, NULL, 0, 'AS'),
('19.771.393-9', 'BELEN ALEJANDRA', 'CATALAN', 'NUÑEZ', '123', 4, NULL, 0, 'INACTIVO', '', '', 555, 0, NULL, 0, 'AS'),
('19.773.401-9', 'VICTORIA', 'PALOME', 'MONTENEGRO', 'geo', 4, '2021-01-05 12:10:24', 0, 'ACTIVO', '', '', 99.0021, 0, '', 0, 'GF'),
('19.776.028-1', 'DIEGO', 'CAVIEDES', '', '123', 4, NULL, 0, 'ACTIVO', '', '', 588.0017, 0, NULL, 0, 'RB'),
('19.786.991-7', 'MAX', 'BELTRAN', 'VILLAROEL', '123', 4, '2022-03-28 17:03:19', 0, 'ACTIVO', '', '', 333.0034, 0, '', 0, 'RB'),
('19.787.063-k', 'ESTEFANIA', 'CUADROS', '.', '123', 4, '2021-03-29 11:50:20', 0, 'ACTIVO', '', '', 135, 0, '', 0, 'RB'),
('19.787.134-2', 'IGNACIO', 'ITURRIETA', '', '123', 4, '2022-04-01 11:08:32', 0, 'ACTIVO', '', '', 359, 0, '', 0, 'RB'),
('19.787.489-9', 'GABRIELA', 'CRAVIOLATTI', '', '123', 4, '2023-01-31 12:20:03', 0, 'ACTIVO', '', '', 360.0043, 0, '', 0, 'RB'),
('19.830.041-1', 'JORGE MARIO', 'YAÑEZ', '', 'geo', 4, '0000-00-00 00:00:00', 0, 'ACTIVO', '', '', 116.0001, 0, '', 0, 'GF'),
('19.847.478-9', 'RODRIGO IGNACIO', 'PALMA', 'FUENTEALBA', '123', 4, '2021-03-04 10:21:00', 0, 'ACTIVO', '', '', 176, 0, '', 0, 'RB'),
('19.851.205-2', 'BRANDON LUCAS', 'MUÑOZ', 'MARTINEZ', '123', 4, '0000-00-00 00:00:00', 0, 'ACTIVO', '', '', 405.0013, 0, '', 0, 'GF'),
('19.851.806-9', 'MISAEL ANDRES', 'DURAN', 'BECERRA', '123', 4, NULL, 0, 'ACTIVO', 'Ingloboadmin', '', 610.0014, 0, NULL, 0, 'GF'),
('19.853.544-3', 'VALENTINA DEL PILAR', 'PAREDES', 'MUÑOZ', '123', 4, '0000-00-00 00:00:00', 0, 'ACTIVO', '', '', 366.0018, 0, '', 0, 'LL'),
('19.853.631-8', 'VICENTE', 'ROJAS', 'ROJAS', 'geo', 4, '2021-02-25 10:27:43', 0, 'ACTIVO', '', '', 190, 0, '', 0, 'GF'),
('19.853.697-0', 'CRISTIAN ', 'ALONSO ', 'MALIQUEO', '123', 4, NULL, 0, 'ACTIVO', '', '', 579.0018, 0, NULL, 0, 'GF'),
('19.865.970-3', 'ALEXIS', 'PARRAGUEZ', 'GUAJARDO', 'geo', 4, '0000-00-00 00:00:00', 0, 'ACTIVO', '', '', 197, 0, '', 0, 'GF'),
('19.874.389-5', 'IGNACIO ANTONIO', 'GONZALEZ', 'ROCA', '123', 4, '0000-00-00 00:00:00', 0, 'ACTIVO', '', '', 397.0015, 0, '', 0, 'SF'),
('19.876.217-2', 'ARMANDO', 'REBOLLEDO', 'AVILA', '123', 4, '2022-10-19 16:07:23', 0, 'ACTIVO', '', '', 315.0418, 0, '', 0, 'SF'),
('19.876.256-3', 'JAVIERA', 'PEREIRA', 'DIAZ', 'geo', 4, '0000-00-00 00:00:00', 0, 'ACTIVO', '', '', 164, 0, '', 0, 'GF'),
('19.876.999-1', 'ESMERALDA SABINA', 'AREVALO', 'GONZALEZ', '123', 4, '2023-05-17 15:10:51', 0, 'ACTIVO', '', '', 142.0029, 0, '', 0, 'RB'),
('19.887.190-7', 'NATALIA', 'TAPIA', '', '123', 4, '2022-02-04 13:14:29', 0, 'ACTIVO', '', '', 351, 0, '', 0, 'RB'),
('19.887.834-0', 'FRANCISCA', 'JIMENEZ', '', '123', 4, '0000-00-00 00:00:00', 0, 'ACTIVO', '', '', 346, 0, '', 0, 'RB'),
('19.888.188-0', 'RODRIGO', 'VALLE', '', '123', 4, '2022-02-25 18:50:51', 0, 'ACTIVO', '', '', 319, 0, '', 0, 'RB'),
('19.926.200-9', 'FELIPE', 'FLORES', 'MARQUEZ', '123', 4, '2022-03-13 18:40:28', 0, 'ACTIVO', '', '', 247.0045, 0, '', 0, 'RB'),
('19.944.826-9', 'MARLA', 'ARAYA', 'NAVARRO', '123', 4, '0000-00-00 00:00:00', 0, 'ACTIVO', '', '', 330, 0, '', 0, 'RB'),
('19.945.569-9', 'ANAIS', 'CORTES', 'MUÑOZ', '123', 4, '2023-02-23 15:08:09', 0, 'ACTIVO', '', '', 552.0054, 0, NULL, 0, 'RB'),
('19.982.517-8', 'CATALINA DENISE', 'CORREA', 'MORALES', '123', 4, '2021-02-12 12:55:51', 0, 'ACTIVO', '', '', 162, 0, '', 0, 'RB'),
('19.983.821-0', 'Bastián', 'Rodríguez', 'Henríquez', '123', 4, '0000-00-00 00:00:00', 0, 'ACTIVO', '', '', 305, 0, '', 0, 'RB'),
('19.985.199-3', 'JOSE LUIS', 'OYANEDEL', 'FERNANDEZ', '123', 4, '2022-06-14 10:43:40', 0, 'ACTIVO', '', '', 413.0112, 0, '', 0, 'GF'),
('19.987.792-5', 'EMELLY PATRICIA', 'CABEZAS', 'JORQUERA', '123', 4, '2021-12-14 11:13:55', 0, 'ACTIVO', '', '', 89.0031, 0, '', 0, 'GF'),
('19.987.810-7', 'JOSELIN ANDREA', 'REYES', 'CARREÑO', '123', 4, '0000-00-00 00:00:00', 0, 'ACTIVO', '', '', 59, 0, '', 0, 'GF'),
('19.987.940-5', 'VALENTINA', 'OLAVE', '', '123', 4, '2022-10-06 16:43:23', 0, 'ACTIVO', '', '', 268.0383, 0, '', 0, 'GF'),
('19.991.461-8', 'DAMARIS ANDREA', 'RIQUELME', 'FIGUEROA', '123', 4, '0000-00-00 00:00:00', 0, 'ACTIVO', '', '', 57.0001, 0, '', 0, 'GF'),
('20.024.193-2', 'TANIA', 'TONDREAUX', 'OLIVARES', '123', 4, '0000-00-00 00:00:00', 0, 'ACTIVO', '', '', 275, 0, '', 0, 'CT'),
('20.024.552-0', 'JAVIERA', 'ROMAN', 'SANCHEZ', '123', 4, '0000-00-00 00:00:00', 0, 'INACTIVO', '', '', 206, 0, '', 0, 'CT'),
('20.028.147-0', 'PABLINA ', 'PASTENES ', 'PEREZ', '123', 4, '0000-00-00 00:00:00', 0, 'ACTIVO', '', '', 355.0042, 0, '', 0, 'GF'),
('20.031.014-4', 'DAMIAN', 'REYES', 'PALMA', '123', 4, '2022-12-15 12:08:00', 0, 'ACTIVO', '', '', 238.0403, 0, '', 0, 'LL'),
('20.057.790-6', 'LEYLA', 'SAEZ', 'BAHAMONDES', '123', 4, '2021-12-28 19:39:33', 0, 'ACTIVO', '', '', 277.0112, 0, '', 0, 'GF'),
('20.089.543-6', 'AMY CONSTANZA', 'HERRERA', 'CONSTERNA', '123', 4, '2021-02-24 10:10:21', 0, 'ACTIVO', '', '', 178.0031, 0, '', 0, 'RB'),
('20.089.685-8', 'MASSIEL ROCIO', 'FREDES', 'LEIVA', '123', 4, '2021-02-24 08:50:35', 0, 'ACTIVO', '', '', 155, 0, '', 0, 'RB'),
('20.091.743-k', 'AILIN', 'MUÑOZ', 'JIMENEZ', '123', 4, '0000-00-00 00:00:00', 0, 'ACTIVO', '', '', 326, 0, '', 0, 'RB'),
('20.100.306-7', 'NICOLAS', 'PINO', '', '123', 4, NULL, 0, 'ACTIVO', '', '', 435.0063, 0, NULL, 0, 'SF'),
('20.132.865-9', 'TAMARA', 'VILLAROEL', '', '123', 4, '0000-00-00 00:00:00', 0, 'ACTIVO', '', '', 209, 0, '', 0, 'RB'),
('20.133.010-6', 'PEDRO', 'MONTENEGRO', '', '123', 4, '2021-12-05 13:56:56', 0, 'ACTIVO', '', '', 270.0039, 0, '', 0, 'GF'),
('20.148.638-6', 'BASTIAN  ANDRES', 'ORELLANA ', 'LEIVA ', '123', 5, '2023-10-03 18:05:54', 0, 'ACTIVO', '', '', 627, 0, NULL, 0, 'SF'),
('20.148.710-2', 'CRISTOFER SEGUNDO', 'PEREZ', 'PEREZ', '123', 4, '0000-00-00 00:00:00', 0, 'ACTIVO', '', '', 430.027, 0, '', 0, 'SF'),
('20.148.734-K', 'ALLISON FERNANDA', 'TOBAR', 'TOBAR', '123', 4, '2023-09-05 16:31:49', 0, 'ACTIVO', '', '', 635.0081, 0, NULL, 0, 'SF'),
('20.148.851-6', 'VANESA', 'PEREZ', 'LEON', '123', 4, '2021-11-23 19:57:57', 0, 'ACTIVO', '', '', 267.024, 0, '', 0, 'SF'),
('20.149.091-K', 'JAVIERA ALEJANDRA', 'SOTO', 'ORELLANA', '123', 4, '2023-10-03 11:53:57', 0, 'ACTIVO', '', '', 428.0351, 0, '', 0, 'SF'),
('20.175.019-9', 'CAMILA MONSERRAT', 'VASQUEZ', 'HENRIQUEZ', '123', 4, '0000-00-00 00:00:00', 0, 'ACTIVO', '', '', 128, 0, '', 0, 'RB'),
('20.177.729-1', 'SEBASTIÁN PATRICIO', 'VOCAR', 'OLIVARES', '123', 4, NULL, 0, 'ACTIVO', '', '', 549.0084, 0, NULL, 0, 'GF'),
('20.177.873-5', 'CHRISTIAN ALEJANDRO', 'VALDIVIA', 'SALAZAR', '123', 4, '2021-02-24 18:10:03', 0, 'ACTIVO', '', '', 167, 0, '', 0, 'RB'),
('20.179.113-8', 'PAMELA ANTONIA', 'SAAVEDRA', 'ALVAREZ', '123', 4, '2021-03-12 15:56:59', 0, 'ACTIVO', '', '', 186.0015, 0, '', 0, 'SF'),
('20.185.438-5', 'DANIELA', 'LEIVA', '', '123', 4, '2021-12-03 21:03:41', 0, 'ACTIVO', '', '', 279.0016, 0, '', 0, 'GF'),
('20.193.571-7', 'DANIELA BELEN', 'JIMENEZ', 'HUENCHUÑIR', 'geo', 4, '0000-00-00 00:00:00', 0, 'ACTIVO', '', '', 55.0039, 0, '', 0, 'GF'),
('20.214.847-6', 'ROCÍO BELÉN', ' PÉREZ ', 'VIDELA', '123', 4, NULL, 0, 'ACTIVO', '', '', 493.0014, 0, NULL, 0, 'GF'),
('20.236.257-5', 'CRISTOBAL', 'TAPIA', 'ROJO', '123', 4, '2023-06-07 17:25:40', 0, 'ACTIVO', '', '', 561.004, 0, NULL, 0, 'RB'),
('20.263.467-2', 'BRAYAN', 'FARIAS', '', '123', 4, '0000-00-00 00:00:00', 0, 'ACTIVO', '', '', 415.0072, 0, '', 0, 'RB'),
('20.301.812-6', 'VALERIA', 'REYES', '', '123', 4, NULL, 0, 'ACTIVO', '', '', 583.0003, 0, NULL, 0, 'RB'),
('20.304.405-4', 'SCARLETH', 'MUÑOZ', 'CUBILLOS', '123', 4, '2022-12-15 16:27:17', 0, 'ACTIVO', '', '', 476.0084, 0, NULL, 0, 'GF');
INSERT INTO `sys_usuario` (`usuario_rut`, `usuario_nombre`, `usuario_apepaterno`, `usuario_apematerno`, `usuario_clave`, `id_tipousuario`, `usuario_fechaingreso`, `usuario_intentos`, `usuario_estado`, `usuario_mail`, `usuario_telefono`, `usuario_folio`, `ultimo_folio`, `usuario_foto`, `cliente_zonal`, `cliente_id`) VALUES
('20.304.495-4', 'SCARLETH', 'MUÑOZ', 'CUBILLOS', '123', 4, NULL, 0, 'ACTIVO', '', '', 475, 0, NULL, 0, 'GF'),
('20.304.699-5', 'REMIGIO GABRIEL', 'URZUA', 'HERNANDEZ', '123', 4, '2022-12-07 10:37:58', 0, 'ACTIVO', '', '', 382.0081, 0, '', 0, 'LL'),
('20.342.806-5', 'JUAN ANDRES', 'MONTEROS', 'PALACIOS', '123', 4, '0000-00-00 00:00:00', 0, 'ACTIVO', '', '', 393.0013, 0, '', 0, 'GF'),
('20.358.694-9', 'ALEXANDRA ELENA', 'CANCINO', 'URRUTIA', '123', 4, '2021-04-21 00:10:45', 0, 'ACTIVO', '', '', 129, 0, '', 0, 'RB'),
('20.361.381-4', 'HELEN YAKISA', 'CASTRO', 'AZOCAR', '123', 4, '0000-00-00 00:00:00', 0, 'ACTIVO', '', '', 139, 0, '', 0, 'RB'),
('20.367.177-6', 'PAULINA A', 'GOMEZ', 'VASQUEZ', '123', 4, NULL, 0, 'ACTIVO', '', '', 548.0022, 0, NULL, 0, 'RB'),
('20.368.417-7', 'KIMBERLY', 'PINO', 'VERGARA', '123', 4, '2023-03-01 18:39:20', 0, 'ACTIVO', '', '', 146.0303, 0, '', 0, 'LL'),
('20.369.548-9', 'NOELIA', 'LUNA', '', '123', 4, '2022-03-06 19:35:16', 0, 'ACTIVO', '', '', 396, 0, '', 0, 'RB'),
('20.369.745-7', 'MANUEL', 'LARA', 'ACUÑA', 'geo', 4, '2021-03-20 09:09:30', 0, 'ACTIVO', '', '', 194.0073, 0, '', 0, 'GF'),
('20.370.677-4', 'ANTONIA', 'ACEVEDO', '', '123', 4, NULL, 0, 'ACTIVO', '', '', 575.0001, 0, NULL, 0, 'GF'),
('20.371.730-K', 'MIRIAM', 'RAMIREZ', 'LORCA', '123', 4, '2022-02-25 15:49:36', 0, 'ACTIVO', '', '', 337.0028, 0, '', 0, 'GF'),
('20.371.759-8', 'CATALINA FRANCISCA', 'MERCADO ', 'CANTILLANA ', '123', 4, '2023-02-09 12:28:02', 0, 'ACTIVO', '', '', 584.0026, 0, NULL, 0, 'GF'),
('20.371.788-1', 'ARIEL', 'LIZANA', '.', '123', 4, '0000-00-00 00:00:00', 0, 'ACTIVO', '', '', 76, 0, '', 0, 'RB'),
('20.372.751-8', 'DANIEL MAURICIO', 'HORTA', 'ARAO', 'geo', 4, '0000-00-00 00:00:00', 0, 'ACTIVO', '', '', 94, 0, '', 0, 'GF'),
('20.392.628-6', 'JUAN CRISTOBAL', 'LOPEZ ', 'FIGUEROA', '123', 4, '2022-01-15 21:36:37', 0, 'ACTIVO', '', '', 314.0045, 0, '', 0, 'GF'),
('20.407.877-7', 'ALBERT', 'SANTIBAÑEZ', '', '123', 4, '2022-03-07 15:38:20', 0, 'ACTIVO', '', '', 335, 0, '', 0, 'RB'),
('20.444.143-K', 'ALEJANDRO', 'CERDA', 'ALCAFUZ', '123', 4, '2021-12-10 19:52:28', 0, 'ACTIVO', '', '', 288.0009, 0, '', 0, 'GF'),
('20.515.193-1', 'SCARLETH', 'FLORES', 'ORELLANA', 'geo', 4, '2020-12-21 13:15:44', 0, 'ACTIVO', '', '', 111.0008, 0, '', 0, 'GF'),
('20.541.178-K', 'CRISTOBAL ANDRES', 'SANCHEZ', 'VEGA', '123', 4, '2023-02-21 08:29:59', 0, 'ACTIVO', '', '', 151.0033, 0, '', 0, 'RB'),
('20.541.471-1', 'PAULA DENNYS', 'RAMÍREZ', 'FLORES', '123', 4, '2021-02-04 11:06:59', 0, 'ACTIVO', '', '', 160, 0, '', 0, 'RB'),
('20.628.713-k', 'ANGELO', 'MENA', '', '123', 4, NULL, 0, 'ACTIVO', '', '', 497.001, 0, NULL, 0, 'RB'),
('20.659.694-5', 'VALENTINA', 'LIZANA', '', '123', 4, NULL, 0, 'ACTIVO', '', '', 576.0039, 0, NULL, 0, 'GF'),
('20.662.348-9', 'ARACELI', 'ROJAS', '.', '123', 4, '0000-00-00 00:00:00', 0, 'ACTIVO', '', '', 95, 0, '', 0, 'RB'),
('20.738.054-7', 'JAIR JESUS', 'RIVERA', 'VICENCIO', '123', 4, '2021-01-07 20:07:21', 0, 'ACTIVO', '', '', 124, 0, '', 0, 'RB'),
('20.745.025-0', 'DIEGO', 'ELGUEDA', '', '123', 4, '2022-03-30 17:31:28', 0, 'ACTIVO', '', '', 347, 0, '', 0, 'RB'),
('20.752.366-6', 'PAULA', 'TORRES', 'SEGURA', '123', 4, '2022-03-02 16:14:03', 0, 'ACTIVO', '', '', 309.0017, 0, '', 0, 'RB'),
('20.804.369-2', 'GABRIEL', 'SANCHEZ', '', '123', 4, '2022-04-11 23:05:48', 0, 'ACTIVO', '', '', 321, 0, '', 0, 'RB'),
('20.805.659-K', 'ALAN', 'HENRIQUEZ', '', '123', 4, NULL, 0, 'ACTIVO', '', '', 570.0071, 0, NULL, 0, 'RB'),
('20.837.439-7', 'DEBORA ESTER', 'MUÑOZ', 'JARA', '123', 4, '0000-00-00 00:00:00', 0, 'ACTIVO', '', '', 386.0001, 0, '', 0, 'GF'),
('20.853.177-8', 'JESUS ALBERTO DANIEL', 'MELLA', 'VALENZUELA', 'geo', 4, '0000-00-00 00:00:00', 0, 'ACTIVO', '', '', 109, 0, '', 0, 'GF'),
('20.909.991-8', 'AGUSTIN IGNACIO', 'VON GELDERN', 'FARIAS', '123', 4, NULL, 0, 'ACTIVO', '', '', 509, 0, NULL, 0, 'GF'),
('20.941.739-1', 'ROCIO', 'BASTIAS', 'RIFFO', '123', 4, '2022-01-15 21:38:32', 0, 'ACTIVO', '', '', 307.0021, 0, '', 0, 'GF'),
('20.943.836-4', 'CONSTANZA', 'GARCIA', 'PINTO', '123', 4, '2021-12-14 16:41:32', 0, 'ACTIVO', '', '', 86.0269, 0, '', 0, 'CT'),
('20.949.477-9', 'VANIA ', 'CARRASCO ', 'AHUMADA ', '123', 4, NULL, 0, 'ACTIVO', '', '', 578.0043, 0, NULL, 0, 'GF'),
('21.062.051-6', 'FRANZUA', 'CATALDO', '', '123', 4, '2023-02-22 10:22:57', 0, 'ACTIVO', '', '', 569.0042, 0, NULL, 0, 'RB'),
('21.062.2051-', 'FRANZUA', 'CATALDO', '', '123', 4, NULL, 0, 'ACTIVO', '', '', 567, 0, NULL, 0, 'RB'),
('21.096.155-0', 'GOI', 'VALLESTERO', '', '123', 4, NULL, 0, 'ACTIVO', '', '', 581.003, 0, NULL, 0, 'RB'),
('21.127.016-0', 'SOL AMARU', 'SILVA', 'HERNÁNDEZ', '123', 4, NULL, 0, 'ACTIVO', '', '', 524.0051, 0, NULL, 0, 'GF'),
('21.128.741-1', 'ALONSO', 'VALDES', '', '123', 4, '2023-03-27 23:53:38', 0, 'ACTIVO', '', '', 544.0036, 0, NULL, 0, 'AS'),
('21.146.943-9', 'CONSTANZA', 'FUENTES', '', '123', 4, '2022-02-04 11:15:17', 0, 'ACTIVO', '', '', 352.0023, 0, '', 0, 'RB'),
('21.165.075-3', 'CRISTOPHER', 'LUDUEÑA', '', '123', 4, '0000-00-00 00:00:00', 0, 'ACTIVO', '', '', 301.0038, 0, '', 0, 'GF'),
('21.181.137-4', 'MARTIN', 'PAVEZ', 'CÁCERES', '123', 4, NULL, 0, 'ACTIVO', '', '', 539.0017, 0, NULL, 0, 'GF'),
('21.210.033-1', 'FRANCISCO', 'CHAVEZ', '', '123', 4, '0000-00-00 00:00:00', 0, 'ACTIVO', '', '', 292.0074, 0, '', 0, 'GF'),
('21.213.695-6', 'LEONARDO', 'OLIVARES', '', '123', 4, NULL, 0, 'ACTIVO', '', '', 582.0062, 0, NULL, 0, 'RB'),
('21.218.099-8', 'José', 'Díaz', 'Marín', '123', 4, '0000-00-00 00:00:00', 0, 'ACTIVO', '', '', 306, 0, '', 0, 'RB'),
('21.221.215-6', 'CONSTANZA', 'ESPINDOLA', '', '123', 4, '0000-00-00 00:00:00', 0, 'ACTIVO', '', '', 348, 0, '', 0, 'RB'),
('21.225.126-7', 'NICOLAS', 'FERNANDEZ', 'GONZALEZ', '123', 4, '2023-03-13 09:58:11', 0, 'ACTIVO', '', '', 331.0092, 0, '', 0, 'RB'),
('21.254.885-5', 'CARLA', 'VIDAL', 'MEYA', '123', 4, NULL, 0, 'ACTIVO', '', '', 535.0016, 0, NULL, 0, 'GF'),
('21.264.131-6', 'RUBEN', 'CORTES', 'MUÑOZ', '123', 4, NULL, 0, 'ACTIVO', '', '', 550.0026, 0, NULL, 0, 'RB'),
('21.282.168-3', 'Jimmy', 'Romo', '', '123', 4, '2022-02-04 12:19:20', 0, 'ACTIVO', '', '', 327, 0, '', 0, 'RB'),
('21.287.762-k', 'ARIAN', 'LOBOS', 'BUSTOS', '123', 4, '2021-12-11 12:55:29', 0, 'ACTIVO', '', '', 291.0118, 0, '', 0, 'GF'),
('21.304.232-7', 'MAXIMILIANO', 'SOLIS', '.', '123', 4, '2022-01-06 18:21:04', 0, 'ACTIVO', '', '', 286, 0, '', 0, 'RB'),
('21.366.470-0', 'DEMIAN EDUARDO', 'GARCES', 'COBARRUBIAS', '123', 4, NULL, 0, 'ACTIVO', '', '', 508.0017, 0, NULL, 0, 'GF'),
('21.371.730-K', 'MIRIAM', 'RAMIREZ', 'LORCA', '123', 4, '0000-00-00 00:00:00', 0, 'INACTIVO', '', '', 336, 0, '', 0, 'GF'),
('21.392.013-8', 'ALVARO', 'GOMEZ', '', '123', 4, '2023-02-09 13:16:58', 0, 'ACTIVO', '', '', 587.0023, 0, NULL, 0, 'RB'),
('21.401.690-7', 'ALAN SAMUEL', 'ALVAREZ', 'SILVA', '123', 4, '2022-11-14 15:14:08', 0, 'ACTIVO', '', '', 303.0028, 0, '', 0, 'GF'),
('21.508.041-2', 'ELISEO', 'IGLESIAS', '', '123', 4, '2022-09-06 15:34:55', 0, 'ACTIVO', '', '', 300.0003, 0, '', 0, 'GF'),
('21.573.652-0', 'NAYABETH', 'GARCIA', '', '123', 4, '2022-03-10 22:05:49', 0, 'ACTIVO', '', '', 357, 0, '', 0, 'RB'),
('21.663.511-6', 'PATRICIO', 'SOTO', 'ORTUZAR', '123', 4, '2022-12-07 19:25:21', 0, 'ACTIVO', '', '', 531.006, 0, NULL, 0, 'GF'),
('21.734.462-K', 'BENJAMIN ALEJANDRO', 'ORTEGA', 'SILVA', '123', 4, NULL, 0, 'ACTIVO', '', '', 530.0016, 0, NULL, 0, 'LL'),
('21.984.996-6', 'VANESSA NICOLE', 'PROLEON', 'CANAHUIRE', '123', 4, NULL, 0, 'ACTIVO', '', '', 572.0019, 0, NULL, 0, 'GF'),
('22.222.222-2', 'INVITADO', '.', '.', '123', 4, '2023-08-23 21:53:30', 0, 'ACTIVO', '', '', 34.0329, 0, '', 0, 'GF'),
('22.666.023-2', 'IGNACIO', 'SALDIAS', 'SALDIAS', '123', 4, NULL, 0, 'ACTIVO', '', '', 532, 0, NULL, 0, 'CT'),
('24.676.735-1', 'ERIKA', 'VERA', '.', '123', 4, '2021-03-15 15:16:31', 0, 'ACTIVO', '', '', 195.0007, 0, '', 0, 'RB'),
('25.725.546-8', 'KATHERINE', 'HERNANDEZ', '', '123', 4, '2023-01-28 12:14:50', 0, 'ACTIVO', '', '', 574.0034, 0, NULL, 0, 'GF'),
('25.794.491-3', 'MELISA', 'TESEN', 'REYES', '1234', 4, NULL, 0, 'ACTIVO', '', '', 513.0054, 0, NULL, 0, 'GF'),
('27.013.790-3', 'PEDRO', 'RAMOS', 'NUÑEZ', '123', 4, NULL, 0, 'INACTIVO', '', '', 503.0036, 0, NULL, 0, 'GF'),
('27.434.587-K', 'ROSSANA', 'HIDALGO', '', '123', 4, NULL, 0, 'ACTIVO', '', '', 434.001, 0, NULL, 0, 'RB'),
('30.000.000-0', 'CALIDAD', '1', '', '123', 4, '2022-03-02 23:42:13', 0, 'ACTIVO', '', '', 363, 0, '', 0, 'RB'),
('33.333.333-3', 'USUARIO', 'INGLOBO', '', '123', 4, '2023-10-02 18:26:41', 0, 'ACTIVO', '', '', 46.0028, 0, '', 0, 'LZ'),
('40.000.000-0', 'CALIDAD', '2', '', '123', 4, '2022-02-25 18:40:51', 0, 'ACTIVO', '', '', 364, 0, '', 0, 'RB'),
('46086415', 'NANCY CECILIA', 'GUERRERO', 'PACHERRES', '123', 4, '0000-00-00 00:00:00', 0, 'ACTIVO', '', '', 21.0028, 0, '', 0, 'ASJ'),
('46343531', 'YESSICA', 'TIMANA', 'ALAMO', '123', 4, '0000-00-00 00:00:00', 0, 'ACTIVO', '', '', 44.0098, 0, '', 0, 'PG'),
('46565552', 'LUIS', 'BARRETO', 'GALVEZ', '123', 4, '0000-00-00 00:00:00', 0, 'ACTIVO', '', '', 212.0015, 0, '', 0, 'ASJ'),
('46968531', 'KELLYM', 'NAVARRO', 'GALVEZ', '123', 4, '0000-00-00 00:00:00', 0, 'ACTIVO', '', '', 29, 0, '', 0, 'ASJ'),
('47082683', 'VICTOR', 'GOMEZ', 'HUAMAN', '123', 4, '0000-00-00 00:00:00', 0, 'ACTIVO', '', '', 43, 0, '', 0, 'ASJ'),
('47181953', 'SUSAN', 'SANCHEZ', 'SOLANO', '123', 4, '0000-00-00 00:00:00', 0, 'ACTIVO', '', '', 23.0072, 0, '', 0, 'ASJ'),
('47359092', 'ELVIS DAVID', 'ORTEGA', 'RAMIREZ', '123', 4, '2020-10-13 14:09:35', 0, 'ACTIVO', '', '', 19.0126, 0, '', 0, 'ASJ'),
('47486682', 'JHOAN MANUEL', 'BAQUEDANO', 'CORDOVA', '123', 4, '0000-00-00 00:00:00', 0, 'ACTIVO', '', '', 37.0001, 0, '', 0, 'ASJ'),
('47967170', 'GIEZI ELIAS', 'PEÑA', 'VILLEGAS', '123', 4, '0000-00-00 00:00:00', 0, 'ACTIVO', '', '', 36.0038, 0, '', 0, 'ASJ'),
('48064026', 'RAYZA HELEN', 'BARRIENTOS', 'MOREYRA', '123', 4, '2020-10-01 11:11:43', 0, 'ACTIVO', '', '', 20.0006, 0, '', 0, 'ASJ'),
('48094369', 'PAOLA', 'DOMADOR', 'TINEO', '123', 4, '0000-00-00 00:00:00', 0, 'ACTIVO', '', '', 27.006, 0, '', 0, 'ASJ'),
('48238601', 'ANYELA ANAIS', 'ORTIZ', 'ELIZALDE', '123', 4, '2020-11-18 16:02:54', 0, 'ACTIVO', '', '', 28.0087, 0, '', 0, 'ASJ'),
('48581824', 'GISELA ANAIS', 'JULCAHUANCA', 'HERRERA', '123', 4, '2021-09-16 15:14:36', 0, 'ACTIVO', '', '', 26.0012, 0, '', 0, 'ASJ'),
('48637870', 'CARLOS ALBERTO', 'PEÑA', 'HERRERA', '123', 4, '2020-12-15 14:47:56', 0, 'ACTIVO', '', '', 83.0069, 0, '', 0, 'ASJ'),
('50.000.000-0', 'CALIDAD', '3', '', '123', 4, '0000-00-00 00:00:00', 0, 'ACTIVO', '', '', 365, 0, '', 0, 'RB'),
('55.555.555-5', 'USUARIO2', 'INGLOBO', '', '123', 4, '2023-05-30 13:08:03', 0, 'ACTIVO', '', '', 47.001, 0, '', 0, 'LZ'),
('6.077.151-0', 'ANDRES ', 'ORYAN', '', '123', 5, '2021-09-02 14:33:48', 0, 'ACTIVO', '', '', 242, 0, '', 0, 'SF'),
('6.526.899-k', 'BORIS ADOLFO', 'CORRAL', 'SEREÑO', '123', 4, '0000-00-00 00:00:00', 0, 'ACTIVO', '', '', 378, 0, '', 0, 'LL'),
('60.000.000-0', 'JOSE', 'NAVEA', '', '123', 4, NULL, 0, 'ACTIVO', '', '', 613.0009, 0, NULL, 0, 'RB'),
('7.572.140-4', 'ADOLFO', 'FERNANDEZ', 'SILVA', '123', 4, '2022-10-24 11:47:21', 0, 'ACTIVO', '', '', 187.0001, 0, '', 0, 'GF'),
('7.652.499-8', 'CARLOS', 'ESPINOZA', '', '123', 5, '2023-08-17 07:20:16', 0, 'ACTIVO', '', '', 243, 0, '', 0, 'SF'),
('7.769.737-3', 'Bernardo', 'torres', 'hernandez', '123', 4, '2021-02-25 19:13:50', 0, 'ACTIVO', '', '', 80.0003, 0, '', 0, 'MA'),
('70043468', 'ANA', 'RUIZ', 'VEGA', '123', 4, '2020-11-23 10:52:41', 0, 'ACTIVO', '', '', 84.0008, 0, '', 0, 'ASJ'),
('70613311', 'LUIS JAVIER', 'BAMONDE', 'NEYRA', '123', 4, '2020-12-09 12:20:47', 0, 'ACTIVO', '', '', 25.0078, 0, '', 0, 'ASJ'),
('70980504', 'IRIS PRISCILLA', 'PALACIOS', 'CARBAJAL', '123', 4, '2020-11-30 10:01:23', 0, 'ACTIVO', '', '', 92.006, 0, '', 0, 'ASJ'),
('71701140', 'WALTER', 'CORDOVA', 'ATIAJA', '123', 4, '0000-00-00 00:00:00', 0, 'ACTIVO', '', '', 74, 0, '', 0, 'PG'),
('71744994', 'ERICKA', 'VIERA', 'GARCIA', '123', 4, '2021-11-04 11:12:13', 0, 'ACTIVO', '', '', 250.0062, 0, '', 0, 'PG'),
('72755219', 'CLAUDIA', 'VELASQUEZ', 'GIRON', '123', 4, '2021-09-20 10:28:00', 0, 'ACTIVO', '', '', 88.015, 0, '', 0, 'PG'),
('73006659', 'FATIMA', 'ALAMEDA', 'RUIZ', '123', 4, '2020-11-11 16:23:57', 0, 'ACTIVO', '', '', 31.0002, 0, '', 0, 'PG'),
('73027873', 'BRAYAN', 'HURTADO', 'ORDINOLA', '123', 4, '0000-00-00 00:00:00', 0, 'ACTIVO', '', '', 45.0002, 0, '', 0, 'ASJ'),
('73960573', 'YELITZA', 'FACUNDO', 'MOGOLLON', '123', 4, '2020-11-26 12:47:33', 0, 'ACTIVO', '', '', 75.0045, 0, '', 0, 'ASJ'),
('74423363', 'ALEXANDER', 'PEÑA', 'TORO', '123', 4, '2020-10-14 10:27:56', 0, 'ACTIVO', '', '', 30.0008, 0, '', 0, 'ASJ'),
('75325040', 'JANET DE LOS MILAGROS', 'REYES', 'JIMENEZ', '123', 4, '0000-00-00 00:00:00', 0, 'ACTIVO', '', '', 93.0003, 0, '', 0, 'ASJ'),
('75874697', 'ANGHELO GUISSEPE', 'PALACIOS', 'ROSAS', '123', 4, '2020-12-15 14:51:57', 0, 'ACTIVO', '', '', 101.0015, 0, '', 0, 'ASJ'),
('75916427', 'WENDY', 'CASTRO', 'DE LA CRUZ', '123', 4, '2020-11-09 09:58:12', 0, 'ACTIVO', '', '', 38.0097, 0, '', 0, 'ASJ'),
('76.408.816-6', 'RIO', 'BLANCO', 'SPA.', '123', 5, '2023-10-04 08:29:14', 0, 'ACTIVO', 'PAULA.TOBAR02@GMAIL.COM', '', 0, 0, '', 0, 'RB'),
('76009512', 'Adriana', 'Retete', 'Martinez', '123', 4, '2020-10-26 13:06:46', 0, 'ACTIVO', '', '', 33.0067, 0, '', 0, 'ASJ'),
('76196868', 'JUAN MANUEL', 'MORE', 'MECHATO', '123', 4, '2020-10-13 13:53:19', 0, 'ACTIVO', '', '', 22.0006, 0, '', 0, 'ASJ'),
('76463665', 'MARTÍN JAFET', 'GARCÍA', 'BURGOS', '123', 4, '0000-00-00 00:00:00', 0, 'ACTIVO', '', '', 81.0005, 0, '', 0, 'ASJ'),
('76687353', 'ROSITA', ' ORDINOLA', 'PEÑA', '123', 4, '2021-05-12 16:44:56', 0, 'ACTIVO', '', '', 211.0025, 0, '', 0, 'ASJ'),
('77034124', 'LISET', 'SANDOVA', 'PALACIOS', '123', 4, '0000-00-00 00:00:00', 0, 'ACTIVO', '', '', 58.0004, 0, '', 0, 'ASJ'),
('77100436', 'RUTH', 'CASTILLO', 'PARIHUAMAN', '123', 4, '0000-00-00 00:00:00', 0, 'ACTIVO', '', '', 106.002, 0, '', 0, 'ASJ'),
('80.000.000-0', 'INSPECTOR', 'CALIDAD 1', '.', '123', 4, '0000-00-00 00:00:00', 0, 'ACTIVO', '', '', 202, 0, '', 0, 'RB'),
('9.161.219-4', 'GUIDO', 'BLANCO', '', '123', 5, '2021-10-27 16:00:56', 0, 'ACTIVO', '', '', 240, 0, '', 0, 'SF'),
('9.695.403-4', 'RAMON', 'ACUÑA', '', '123', 5, '2021-09-02 14:06:16', 0, 'ACTIVO', '', '', 248, 0, '', 0, 'SF'),
('9.784.920-K', 'MARCO ANTONIO', 'ZUÑIGA', 'ESPINA', '123', 4, '0000-00-00 00:00:00', 0, 'ACTIVO', '', '', 278.0014, 0, '', 0, 'GF'),
('acacios', 'AGR. LOS ACACIOS.', '.', '.', 'acacios123', 12, '2023-03-03 15:21:06', 0, 'ACTIVO', '', '', 0, 0, '', 0, 'RB'),
('aconcagua', 'ZONA', 'ACONCAGUA', '.', 'aconcagua123', 6, '2023-03-03 10:13:35', 0, 'ACTIVO', '', '', 0, 0, '', 1, 'RB'),
('adminagrofru', 'administrador', '', '', '123', 2, '2023-08-11 10:55:02', 0, 'ACTIVO', '', '', 625, 0, NULL, 0, 'AF'),
('admincalint', 'ADMIN', 'CALINT', '.', 'calint2020', 2, '2022-12-20 16:22:34', 3, 'ACTIVO', 'PAULA.TOBAR02@GMAIL.COM', '985112933', 0, 0, '', 0, 'CT'),
('adminfa', 'ADMIN', 'FA', '.', '123', 2, '2022-12-20 16:22:34', 0, 'ACTIVO', 'PAULA.TOBAR02@GMAIL.COM', '985112933', 0, 0, '', 0, 'FA'),
('admingesex', 'ADMIN', 'PURA', 'GESEX', 'admingesex2021', 2, '2021-09-16 00:00:00', 0, 'ACTIVO', '', '', 0, 0, '', 0, 'PG'),
('adminlife', 'ADMIN LIFE', 'FRIENDS', '.', 'life2020', 2, '2020-10-05 17:20:02', 0, 'ACTIVO', '', '', 0, 0, '', 0, 'LF'),
('adminll', 'ADMIN', 'LOS LIRIOS', 'LIRIOS', 'adminll2021', 2, '2022-11-15 11:40:20', 0, 'ACTIVO', '', '', 0, 0, '', 0, 'LL'),
('adminmonte', 'ADMIN', 'MONTE ALTO', '.', 'monte2020', 2, '2022-06-24 11:24:00', 0, 'ACTIVO', 'PAULA.TOBAR02@GMAIL.COM', '985112933', 0, 0, '', 0, 'MA'),
('adminmx', 'adminmx', 'adminmx', 'adminmx', 'admin1234', 2, '2023-07-08 20:58:06', 0, 'ACTIVO', '', '', 585, 0, NULL, 0, 'RBM'),
('adminpru', 'ADMIN', 'PRUNESCO', '', 'prunesco2021', 2, '2022-04-08 17:15:29', 0, 'ACTIVO', '', '', 5, 0, '', 0, 'PR'),
('adminpura', 'ADMIN', 'PURA', 'GESEX', 'adminpura2021', 2, '2021-12-16 16:51:41', 0, 'ACTIVO', '', '', 0, 0, '', 0, 'PG'),
('adminquelen', 'ADMIN', '.', '.', 'quelen2022', 2, '2023-10-02 12:02:36', 0, 'ACTIVO', '', '', 0, 0, '', 0, 'QE'),
('adminrio', 'ADMIN', 'RIO', '.', '123', 2, '2023-09-16 10:52:45', 0, 'ACTIVO', '', '', 12, 0, '', 0, 'RB'),
('adminsanjose', 'ADMIN', '.', '.', 'sanjose2019', 2, '2021-11-18 23:34:13', 0, 'ACTIVO', '', '', 9, 0, '', 0, 'ASJ'),
('adminsas', 'ADMIN', '.', '.', 'aguasanta2022', 2, '2023-09-04 09:24:52', 0, 'ACTIVO', '', '', 0, 0, '', 0, 'AS'),
('adminsofruco', 'ADMIN', '.', '.', 'sofrucoadmin123', 2, '2022-11-17 21:31:03', 0, 'ACTIVO', '', '', 0, 0, '', 0, 'SF'),
('adminsub', 'ADMIN', 'SUBSOLE', '.', 'subsole2022', 2, '2022-11-14 17:39:39', 0, 'ACTIVO', 'PAULA.TOBAR02@GMAIL.COM', '985112933', 0, 0, '', 0, 'SL'),
('adminsun', 'adminsun', '', '', 'admin123456', 2, NULL, 0, 'ACTIVO', '', '', 642, 0, NULL, 0, 'SUN'),
('adminsunfrui', 'adminsunfruits', '', '', 'admin123456', 2, NULL, 0, 'INACTIVO', '', '', 641, 0, NULL, 0, 'SUN'),
('admintrumao', 'ADMIN', '.', '.', 'trumao2019', 2, '2022-01-08 09:09:02', 0, 'ACTIVO', '', '', 0, 0, '', 0, 'TR'),
('agrofruta', 'cliente', '', '', 'agrofruta2023', 5, '2023-09-26 15:16:54', 0, 'ACTIVO', '', '', 624, 0, NULL, 0, 'AF'),
('aguasanta', 'AGUA SANTA', '', '', 'aguasanta2022', 5, '2023-10-02 13:52:37', 0, 'ACTIVO', '', '', 388, 0, '', 0, 'AS'),
('alpeshuerto', 'CABRINI LTDA.', '.', '.', 'alpes123', 10, '2020-11-19 21:19:58', 0, 'ACTIVO', '', '', 0, 0, '', 0, 'RB'),
('ANIBAL', 'ANIBAL', 'VASQUEZ', 'VILLAGRAN', '123', 2, '2023-06-16 16:50:57', 0, 'ACTIVO', '', '', 0, 0, NULL, 0, 'GF'),
('areatecnica1', 'ESTEFY', '', '', 'areainglobo2022', 11, '2023-10-04 10:49:14', 0, 'ACTIVO', '', '', 461.0003, 0, '', 0, 'LZ'),
('areatecnica2', 'CAMI', '', '', 'areainglobo2022', 11, '2023-10-04 10:36:25', 0, 'ACTIVO', '', '', 462.0001, 0, '', 0, 'LZ'),
('areatecnica3', 'BERNI', '', '', 'areainglobo2022', 11, '2023-10-04 10:32:57', 0, 'ACTIVO', '', '', 465, 0, '', 0, 'LZ'),
('areatecnica4', 'ANIBAL', '', '', 'areainglobo2022', 11, '2023-10-03 19:44:59', 0, 'ACTIVO', '', '', 463.0001, 0, '', 0, 'LZ'),
('areatecnica5', 'ADMINISTRACION', '', '', 'areainglobo2022', 11, '2023-07-27 10:22:21', 0, 'ACTIVO', '', '', 464.0004, 0, '', 0, 'LZ'),
('benelario', 'SOC. INV. BENELARIO', '.', '.', 'benelario123', 12, '2023-07-13 07:33:31', 0, 'ACTIVO', '', '', 0, 0, '', 0, 'RB'),
('cabrini', 'CABRINI LTDA.', '.', '.', 'cabrini123', 12, '2023-05-09 11:13:55', 0, 'ACTIVO', '', '', 0, 0, '', 0, 'RB'),
('cabrini2', 'CABRINI LTDA.', '.', '.', 'kiwi', 7, '2019-07-02 10:07:26', 0, 'ACTIVO', '', '', 0, 0, '', 0, 'RB'),
('calidad', 'CALIDAD', 'CALIDAD', 'CALIDAD', 'calidad2019', 9, '2023-01-24 09:42:44', 0, 'ACTIVO', '', '', 16, 0, '', 0, 'RB'),
('calidad2020', '', '', '', 'calidad2020', 9, '2020-05-14 12:28:02', 0, 'ACTIVO', '', '', 17, 0, '', 0, 'LF'),
('calidadcalin', 'calidad', 'cliente', '', 'calidad2020', 5, '2022-12-21 16:16:03', 0, 'ACTIVO', '', '', 72, 0, '', 0, 'CT'),
('calidadct', 'calidad', 'cliente', '', 'calint2020', 5, '2023-09-05 11:41:24', 0, 'ACTIVO', '', '', 73, 0, '', 0, 'CT'),
('CALIDADLIFE', 'CALIDAD', 'CALIDAD', 'CALIDAD', '1234', 9, '2020-05-11 15:56:57', 0, 'ACTIVO', '', '', 15, 0, '', 0, 'LF'),
('calidadmovil', 'usuario', 'movil', '', '123', 4, NULL, 0, 'ACTIVO', '', '', 589.0002, 0, NULL, 0, 'AS'),
('calintprueba', 'PRUEBA', '', '', '123', 4, '2023-05-17 10:39:27', 0, 'ACTIVO', '', '', 224.0013, 0, '', 0, 'CT'),
('camila', 'CAMILA', 'ARAVENA', '', '123', 4, '2023-06-07 10:24:50', 0, 'ACTIVO', '', '', 441.0027, 0, NULL, 0, 'AS'),
('comercial 1', 'Comercial', 'quelen', '', '123', 4, '2023-07-22 09:02:32', 0, 'ACTIVO', '', 'areatecnica1', 454.0099, 0, NULL, 0, 'QE'),
('comercial 2', 'COMERCIAL', 'QUELN', '', '123', 4, '2023-02-09 16:47:19', 0, 'ACTIVO', '', '', 466.011, 0, NULL, 0, 'QE'),
('comercial 3', 'COMERCIAL', '', '', '123', 4, '2023-02-08 11:27:38', 0, 'ACTIVO', '', '', 479.0068, 0, NULL, 0, 'QE'),
('comercial 4', 'COMERCIAL', '', '', '123', 4, '2023-02-08 11:30:30', 0, 'ACTIVO', '', '', 480.0071, 0, NULL, 0, 'QE'),
('comercial 5', 'COMERCIAL', '', '', '123', 4, '2023-07-09 19:52:33', 0, 'ACTIVO', '', '', 486.0308, 0, NULL, 0, 'QE'),
('comercial1', 'comercial1', '', '', '123', 4, '2023-02-09 18:17:13', 0, 'ACTIVO', '', '', 438.0031, 0, NULL, 0, 'AS'),
('comercial2', 'comercial2', '', '', '123', 4, NULL, 0, 'ACTIVO', '', '', 453.0066, 0, NULL, 0, 'AS'),
('comercial3', 'comercial3', '', '', '123', 4, '2023-07-07 10:32:05', 0, 'ACTIVO', '', '', 484.0191, 0, NULL, 0, 'AS'),
('comercial4', 'comercial4', '', '', '123', 4, '2022-12-12 09:51:34', 0, 'ACTIVO', '', '', 485.0001, 0, NULL, 0, 'AS'),
('comercial5', 'comercial5', '', '', '123', 4, '2022-12-12 09:51:13', 0, 'ACTIVO', '', '', 494.005, 0, NULL, 0, 'AS'),
('comercial6', 'comercial6', '', '', '123', 4, NULL, 0, 'ACTIVO', '', '', 495.0074, 0, NULL, 0, 'AS'),
('comercialsif', 'Comercial Sif', '', '', 'aguasanta2022', 4, NULL, 2, 'ACTIVO', 'Calidad@aguasanta.cl', '', 522, 0, NULL, 0, 'AS'),
('contegf', 'JORGE', 'INOSTROZA', '', '123', 4, NULL, 0, 'ACTIVO', '', '', 518.0003, 0, NULL, 0, 'GF'),
('contenedor', 'INGLOBO', 'CHILE', '', '123', 4, '2023-03-30 18:07:40', 0, 'ACTIVO', '', '', 456.0038, 0, NULL, 0, 'GF'),
('contenedor 1', 'Contenedor ', 'Quelen', '', '123', 4, '2023-08-30 12:59:36', 0, 'ACTIVO', '', '', 459.0221, 0, NULL, 0, 'QE'),
('contenedor 2', 'CONTENEDOR', 'DOS', '', '123', 4, '2023-03-06 23:28:20', 0, 'ACTIVO', '', '', 468.0172, 0, NULL, 0, 'QE'),
('contenedor 3', 'CONTENEDOR', 'TRES', '', '123', 4, '2023-09-05 09:35:46', 0, 'ACTIVO', '', '', 469.0223, 0, NULL, 0, 'QE'),
('contenedor 4', 'CONTENEDOR ', 'CUATRO', '', '123', 4, '2023-03-06 23:25:30', 0, 'ACTIVO', '', '', 470.0202, 0, NULL, 0, 'QE'),
('Contenedor1', 'Contenedor 1', '', '', '123', 4, '2023-07-07 10:58:18', 0, 'ACTIVO', '', '', 445.0195, 0, NULL, 0, 'AS'),
('Contenedor2', 'Contenedor2', '', '', '123', 4, '2023-06-06 12:54:02', 0, 'ACTIVO', '', '', 446.0228, 0, NULL, 0, 'AS'),
('Contenedor3', 'Contenedor3', '', '', '123', 4, '2023-06-06 11:23:12', 0, 'ACTIVO', '', '', 447.0407, 0, NULL, 0, 'AS'),
('ContenedorAS', 'Contenedor', 'General', 'Agua Santa', '123', 5, '2022-12-16 10:53:51', 0, 'ACTIVO', '', '', 540, 0, NULL, 0, 'AS'),
('contenedorsu', 'CONTENEDORES', 'SUBSOLE', '', '123', 4, NULL, 0, 'ACTIVO', '', '', 542.0017, 0, NULL, 0, 'SL'),
('ContenedorWe', 'Contenedor', 'Estefania', 'Pino', '123', 4, '2023-07-17 12:07:28', 0, 'ACTIVO', '', '', 614.0003, 0, NULL, 0, 'AS'),
('cproceso1', 'CONTROL PROCESO', 'GEOAGRO MORZA', '', '123', 4, '2022-12-19 11:28:35', 0, 'ACTIVO', '', '', 491.0022, 0, NULL, 0, 'GF'),
('exser', 'EXSER', '.', '.', 'exser2019', 10, '2019-03-02 14:15:27', 1, 'ACTIVO', 'PAULA.TOBAR02@GMAIL.COM', '', 0, 0, '', 0, 'EX'),
('exseradmin', 'ADMIN', 'EXSER', '.', '123', 2, '2019-02-22 15:03:19', 0, 'ACTIVO', 'PAULA.TOBAR02@GMAIL.COM', '985112933', 0, 0, '', 0, 'EX'),
('fruticola', 'FRUTICOLA RIO BLANCO SPA.', '.', '.', 'fruticola123', 12, '2023-09-07 14:30:33', 0, 'ACTIVO', '', '', 0, 0, '', 0, 'RB'),
('geoagro', 'GEOAGRO.', '.', '.', 'geoagro123', 7, '2022-10-04 13:26:13', 0, 'ACTIVO', '', '', 0, 0, '', 0, 'GF'),
('geofrut', 'geofrut', 'geo', 'geo', 'geo2019', 5, '2023-08-31 13:08:22', 0, 'ACTIVO', 'PAULA.TOBAR02@GMAIL.COM', '', 0, 0, '', 0, 'GF'),
('gerelife', 'GERENCIA', '.', '.', 'life2020', 9, '2020-05-14 15:26:33', 0, 'ACTIVO', '', '', 18, 0, '', 0, 'LF'),
('gerencia', 'RIO BLANCO SPA.', '.', '.', 'gerencia', 9, '2023-09-15 12:28:09', 0, 'ACTIVO', '', '', 0, 0, '', 0, 'RB'),
('gerenciaaf', 'GERENCIA', 'GERENCIA', '', '123456', 9, '2023-07-06 13:18:59', 0, 'ACTIVO', '', '', 631, 0, NULL, 0, 'AF'),
('gerenciageo', 'GEOFRUT', '.', '.', 'geo2019', 9, '2022-10-04 13:26:00', 0, 'ACTIVO', '', '', 0, 0, '', 0, 'GF'),
('gerenciamx', 'gerenciamx', 'gerenciamx', 'gerenciamx', 'gerencia23', 9, '2023-07-28 11:07:22', 0, 'ACTIVO', '', '', 623, 0, NULL, 0, 'RBM'),
('geresanjose', 'GERENCIA SAN JOSE', '.', '.', 'sanjose2019', 9, '2021-03-31 08:35:36', 0, 'ACTIVO', '', '', 11, 0, '', 0, 'ASJ'),
('gfhuerto', 'HUERTO', '.', '.', '123', 10, '2022-09-20 09:39:21', 0, 'ACTIVO', '', '', 8, 0, '', 0, 'GF'),
('inglobo', 'INGLOBO', 'CHILE', '.', '123', 2, '2022-12-29 16:53:01', 1, 'ACTIVO', '', '', 6, 0, '', 0, 'LZ'),
('ingloboadmin', 'ADMIN', 'GEO', '', 'admin1234', 2, '2023-07-31 10:20:29', 0, 'ACTIVO', 'PAULA.TOBAR02@GMAIL.COM', '985112933', 5.0001, 0, '', 0, 'GF'),
('inglobochile', 'inglobo', '.', '.', 'ing2019', 5, '2023-05-17 11:48:42', 0, 'ACTIVO', '', '', 7, 0, '', 0, 'LZ'),
('inspectorweb', 'INGRESO WEB', 'CONTENEDORES', '', '123', 4, '2022-12-29 23:00:46', 0, 'ACTIVO', '', '', 490.0005, 0, NULL, 0, 'SL'),
('lifefriends', 'lifefriends', 'lifefriends', 'lifefriends', 'life2020', 5, '2022-08-08 18:05:26', 0, 'ACTIVO', '', '', 14, 0, '', 0, 'LF'),
('loslirios', 'EXP. LOS LIRIOS', '', '', '123', 5, '2023-08-17 15:18:04', 0, 'ACTIVO', '', '', 264.0035, 0, '', 0, 'LL'),
('montealto', 'MONTEALTO', '.', '.', 'monte2020', 5, '2023-02-26 21:05:26', 0, 'ACTIVO', '', '', 0, 0, '', 0, 'MA'),
('nicolas', 'AGRICOLA SAN NICOLAS LTDA.', '.', '.', 'nicolas123', 12, '2023-03-03 13:11:40', 0, 'ACTIVO', '', '', 0, 0, '', 0, 'RB'),
('norte', 'ZONA', 'NORTE', '.', 'norte123', 6, '2023-03-03 08:39:44', 0, 'ACTIVO', '', '', 0, 0, '', 2, 'RB'),
('norteinsp', 'RIO BLANCO', '.', '.', '123', 4, '2023-04-13 11:16:17', 0, 'ACTIVO', '', '', 105.0013, 0, '', 0, 'RB'),
('oasis', 'SOCIEDAD AGRICOLA OASIS LTDA.', '.', '.', 'oasis123', 12, '2023-03-03 10:21:20', 0, 'ACTIVO', '', '', 0, 0, '', 0, 'RB'),
('ombu', 'INVERSIONES Y SERVICIOS OMBÚ.', '.', '.', 'ombu123', 12, '2023-03-03 12:48:53', 0, 'ACTIVO', '', '', 0, 0, '', 0, 'RB'),
('peppi', 'AGRICOLA PEPPI LTDA.', '.', '.', 'peppi123', 12, '2023-03-06 08:53:11', 0, 'ACTIVO', '', '', 0, 0, '', 0, 'RB'),
('plantageoser', 'MARIA', 'JOSE', 'CORDOVA', '123', 4, '2023-01-30 10:24:54', 0, 'ACTIVO', '', '', 329.0011, 0, '', 0, 'GF'),
('porfiri', 'RICARDO PORFIRI TRIVELLI LTDA.', '.', '.', 'porfiri123', 12, '2023-03-03 13:06:15', 0, 'ACTIVO', '', '', 0, 0, '', 0, 'RB'),
('pruebaaf', 'prueba', 'agrofruta', '', '123', 4, '2023-07-20 16:25:17', 0, 'ACTIVO', '', '', 626.0007, 0, NULL, 0, 'AF'),
('pruebaas', 'Prueba', 'Agua', 'Santa', '123', 4, '2023-07-19 17:24:53', 0, 'ACTIVO', '', '', 362.0028, 0, '', 0, 'AS'),
('pruebach', 'pruebach', 'pruebach', 'pruebach', '123', 4, '2023-06-20 21:00:21', 0, 'ACTIVO', '', '', 596.0006, 0, NULL, 0, 'RBM'),
('pruebacol', 'pruebacol', 'pruebacol', 'pruebacol', '123456', 4, '2023-02-10 17:04:45', 0, 'ACTIVO', '', '', 554.0004, 0, NULL, 0, 'AGRSUR'),
('pruebagf', 'PRUEBA ', 'GF', '', '123', 4, '2023-03-22 18:01:53', 0, 'ACTIVO', '', '', 500.0004, 0, NULL, 0, 'GF'),
('prueball', 'PRUEBA', '', '', '123', 4, '2023-05-24 12:23:49', 0, 'ACTIVO', '', '', 257.0021, 0, '', 0, 'LL'),
('pruebamonte', 'pruebamonte', '', '', '123', 4, '2023-06-13 16:25:16', 0, 'ACTIVO', '', '', 381.0002, 0, '', 0, 'MA'),
('pruebamx', 'PRUEBA', 'RIO BLANCO', 'MEXICO', '123456', 4, '2023-06-06 22:16:03', 0, 'ACTIVO', '', '', 472.0022, 0, NULL, 0, 'RBM'),
('pruebamx1', 'pruebamx1', 'RIO BLANCO ', 'MEXICO', '123456', 4, '2023-07-26 09:47:40', 0, 'ACTIVO', '', '', 603.0047, 0, NULL, 0, 'RBM'),
('pruebamx10', 'pruebamx10', 'RIO BLANCO', 'MEXICO', '123456', 4, '2023-06-02 12:40:43', 0, 'ACTIVO', '', '', 620.0041, 0, NULL, 0, 'RBM'),
('pruebamx11', 'pruebamx11', 'RIO BLANCO', 'MEXICO', '123456', 4, NULL, 0, 'ACTIVO', '', '', 621, 0, NULL, 0, 'RBM'),
('pruebamx2', 'pruebamx2', 'RIO BLANCO ', 'MEXICO', '123456', 4, '2023-06-14 15:20:03', 0, 'ACTIVO', '', '', 601.0008, 0, NULL, 0, 'RBM'),
('pruebamx3', 'pruebamx3', 'RIO BLANCO ', 'MEXICO', '123456', 4, '2023-06-02 13:05:48', 0, 'ACTIVO', '', '', 602.0052, 0, NULL, 0, 'RBM'),
('pruebamx4', 'pruebamx4', 'RIO BLANCO', 'MEXICO', '123456', 4, '2023-03-10 11:21:48', 0, 'ACTIVO', '', '', 604.001, 0, NULL, 0, 'RBM'),
('pruebamx5', 'pruebamx5', 'RIO BLANCO', 'MEXICO', '123456', 4, '2023-04-05 13:44:07', 0, 'ACTIVO', '', '', 605.0014, 0, NULL, 0, 'RBM'),
('pruebamx6', 'pruebamx6', 'RIO BLANCO', 'MEXICO', '123456', 4, '2023-06-14 15:28:59', 0, 'ACTIVO', '', '', 606.0037, 0, NULL, 0, 'RBM'),
('pruebamx7', 'pruebamx7', 'RIO BLANCO', 'MEXICO', '123456', 4, '2023-06-14 15:06:21', 0, 'ACTIVO', '', '', 617.0056, 0, NULL, 0, 'RBM'),
('pruebamx8', 'pruebamx8', 'RIO BLANCO', 'MEXICO', '123456', 4, '2023-07-08 21:31:08', 0, 'ACTIVO', '', '', 618.0047, 0, NULL, 0, 'RBM'),
('pruebamx9', 'pruebamx9', 'RIO BLANCO', 'MEXICO', '123456', 4, '2023-06-02 12:45:13', 0, 'ACTIVO', '', '', 619.0053, 0, NULL, 0, 'RBM'),
('pruebapru', 'PRUEBA', 'PRU', '.', '123', 4, '2022-02-08 17:25:12', 0, 'ACTIVO', '', '', 332.0003, 0, '', 0, 'PR'),
('pruebasft', '', '', '', '123', 4, '2023-09-20 12:54:07', 0, 'ACTIVO', '', '', 637.0007, 0, NULL, 0, 'SUN'),
('pruebasquele', 'PRUEBA', '.', '.', '123', 4, '2023-10-02 11:40:35', 0, 'ACTIVO', '', '', 444.0053, 0, NULL, 0, 'QE'),
('pruebasub', 'pruebasub', '', '', '123', 4, '2022-11-21 16:05:28', 0, 'ACTIVO', '', '', 432.0002, 0, NULL, 0, 'SL'),
('prunesco', 'prunesco', 'prunesco', 'prunesco', 'calidad', 5, '2022-10-17 17:34:58', 0, 'ACTIVO', '', '', 165, 0, '', 0, 'PR'),
('ptaguasanta', 'Producto Terminado', 'Agua Santa', '', '123', 4, '2023-01-05 01:40:46', 0, 'ACTIVO', '', '', 547.0001, 0, NULL, 0, 'AS'),
('pterminado 1', 'PRODUCTO', 'TERMINADO', '', '123', 4, '2023-05-16 15:59:52', 0, 'ACTIVO', '', '', 455.0123, 0, NULL, 0, 'QE'),
('pterminado 2', 'PRODRUCTO TERMINADO', 'QUELEN', '', '123', 4, '2023-07-07 18:52:50', 0, 'ACTIVO', '', '', 467.0423, 0, NULL, 0, 'QE'),
('pterminado 3', 'PRODUCTO ', 'TERMINADO', '', '123', 4, '2022-12-19 16:05:30', 0, 'ACTIVO', '', '', 477.0041, 0, NULL, 0, 'QE'),
('pterminado 4', 'PRODUCTO', 'TERMINADO', '', '123', 4, '2023-07-10 16:03:14', 0, 'ACTIVO', '', '', 478.0054, 0, NULL, 0, 'QE'),
('pterminado 5', 'PRODRUCTO TERMINADO', '', '', '123', 4, '2023-07-08 16:03:43', 0, 'ACTIVO', '', '', 481.0161, 0, NULL, 0, 'QE'),
('pterminado 6', 'PRODRUCTO ', 'TERMINADO', '', '123', 4, '2022-12-19 19:06:06', 0, 'ACTIVO', '', '', 487.0103, 0, NULL, 0, 'QE'),
('pterminado 7', 'PRODRUCTO TERMINADO', '7', '', '123', 4, '2022-12-19 16:08:18', 0, 'ACTIVO', '', '', 512.0309, 0, NULL, 0, 'QE'),
('pterminado 8', 'pterminado 8', 'pterminado 8', 'pterminado 8', '123', 4, '2023-05-30 09:02:13', 0, 'ACTIVO', '', '', 519.0353, 0, NULL, 0, 'QE'),
('puragesex', '', '', '', 'puragesex2021', 5, '2022-08-24 16:30:11', 0, 'ACTIVO', '', '', 251, 0, '', 0, 'PG'),
('quelen', 'QUELEN', ' ', '', 'quelen2022', 5, '2023-10-03 12:28:16', 0, 'ACTIVO', '', '', 452.0011, 0, NULL, 0, 'QE'),
('ranchoblanco', 'AGRICOLA RANCHO BLANCO.', '.', '.', 'rancho123', 12, '2023-05-30 12:46:23', 0, 'ACTIVO', '', '', 0, 0, '', 0, 'RB'),
('rbcampo', 'rbcampo', 'rbcampo', 'rbcampo', 'campo2023', 9, '2023-07-19 12:56:08', 0, 'ACTIVO', '', '', 622, 0, NULL, 0, 'RBM'),
('rbmexico', 'RIO', 'BLANCO', '', 'rbmx2023', 5, '2023-07-17 13:23:03', 0, 'ACTIVO', '', '', 616, 0, NULL, 0, 'RBM'),
('recepcionlrs', 'Recepcion', 'General', 'La rosa de sofruco', '123', 4, '2021-12-21 10:22:45', 0, 'ACTIVO', '', '', 249.011, 0, '', 0, 'SF'),
('recepcionsf', 'RecepcionSF', '', '', '123', 4, '2023-09-25 08:42:42', 0, 'ACTIVO', '', '', 226.035, 0, '', 0, 'SF'),
('recepcionsf2', 'RecepcionSF2', '', '', '123', 4, '2022-06-09 12:48:30', 0, 'ACTIVO', '', '', 302.01, 0, '', 0, 'SF'),
('recepcionsif', 'Recepcion', 'Sif', '', '123', 4, '2023-05-19 12:45:26', 0, 'ACTIVO', '', '', 517.0002, 0, NULL, 0, 'AS'),
('receplarosa', 'Recepcion', 'La Rosa', '', '123', 4, '2023-09-25 08:44:33', 0, 'ACTIVO', '', '', 228.02, 0, '', 0, 'SF'),
('receplarosa2', 'Recepcion', 'La Rosa2', '', '123', 4, '2023-09-25 08:44:06', 0, 'ACTIVO', '', '', 239.0112, 0, '', 0, 'SF'),
('recepprize', 'Recepcion', 'Prize', '', '123', 4, '0000-00-00 00:00:00', 0, 'ACTIVO', '', '', 229.002, 0, '', 0, 'SF'),
('recepsofruco', 'Recepcion', 'Sofruco', '', '123', 4, '0000-00-00 00:00:00', 0, 'ACTIVO', '', '', 227.02, 0, '', 0, 'SF'),
('reinspeccion', 'Reinspeccion', 'Los Lirios', '', '123', 4, '0000-00-00 00:00:00', 0, 'ACTIVO', '', '', 429.0002, 0, '', 0, 'LL'),
('rioblancomx', 'RIO', 'BLANCO', 'MEXICO', '123', 5, '2023-04-07 14:13:43', 3, 'ACTIVO', '', '', 471, 0, NULL, 0, 'RBM'),
('sanjose', 'AGRICOLA SAN JOSE', '.', '.', 'SanJose2019', 5, '2022-08-08 11:28:53', 0, 'ACTIVO', '', '', 10, 0, '', 0, 'ASJ'),
('satelitegeo', 'CONTENEDORES', 'SATELITE', 'GEOFRUT', '123', 4, '2023-03-29 12:07:29', 0, 'ACTIVO', '', '', 537.0016, 0, NULL, 0, 'GF'),
('sergioc', 'SERGIO', 'COMPARINI', '', '123456', 5, '2023-01-13 17:49:32', 0, 'ACTIVO', '', '', 557, 0, NULL, 0, 'AGRSUR'),
('sofruco', '', '', '', 'sofruco2021', 5, '2023-09-25 10:19:40', 0, 'ACTIVO', '', '', 221, 0, '', 0, 'SF'),
('sofrucoprueb', 'PRUEBA', '.', '', '123', 4, '2023-09-22 11:16:36', 0, 'ACTIVO', '', '', 218.0051, 0, '', 0, 'SF'),
('ssarandanos', 'CONTENEDORES', 'ARANDANOS', '', '123', 11, NULL, 0, 'ACTIVO', '', '', 543, 0, NULL, 0, 'SL'),
('subsole', 'subsole', '', '', 'subsole2022', 5, '2023-07-04 12:45:41', 0, 'ACTIVO', '', '', 431, 0, NULL, 0, 'SL'),
('sunfruits', 'sunfruits', '', '', 'sft2023', 5, '2023-08-08 14:52:07', 0, 'ACTIVO', '', '', 640, 0, NULL, 0, 'SUN'),
('super', 'PAULA', 'TOBAR', 'PLAZA', '123', 1, '2023-01-31 09:23:14', 2, 'ACTIVO', 'PAULA.TOBAR02@GMAIL.COM', '985112933', 1, 0, '', 0, 'RB'),
('sur', 'ZONA', 'SUR', '.', 'sur123', 6, '2023-01-23 17:50:51', 0, 'ACTIVO', '', '', 0, 0, '', 5, 'RB'),
('tab1', 'tab1', '', '', '123456', 4, NULL, 0, 'ACTIVO', '', '', 643.002, 0, NULL, 0, 'SUN'),
('tab2', 'tab2', '', '', '123456', 4, NULL, 0, 'ACTIVO', '', '', 644, 0, NULL, 0, 'SUN'),
('tab3', 'tab3', '', '', '123456', 4, NULL, 0, 'ACTIVO', '', '', 645, 0, NULL, 0, 'SUN'),
('tolentino', 'AGRICOLA TOLENTINO LTDA.', '.', '.', 'tolentino123', 12, '2023-03-03 14:50:34', 0, 'ACTIVO', '', '', 0, 0, '', 0, 'RB'),
('trumao', 'TRUMAO', '.', '.', 'trumao2019', 5, '2022-08-05 10:22:52', 0, 'ACTIVO', '', '', 13, 0, '', 0, 'TR'),
('usuario1', 'Usuario Curso1', '', '', '123', 4, '2023-10-02 18:27:14', 0, 'ACTIVO', '', '', 416.0007, 0, '', 0, 'LZ'),
('usuario2', 'Usuario Curso2', '', '', '123', 4, '0000-00-00 00:00:00', 0, 'ACTIVO', '', '', 417, 0, '', 0, 'LZ'),
('usuario3', 'Usuario Curso3', '', '', '123', 4, '0000-00-00 00:00:00', 0, 'ACTIVO', '', '', 418, 0, '', 0, 'LZ'),
('usuario4', 'Usuario Curso4', '', '', '123', 4, '0000-00-00 00:00:00', 0, 'ACTIVO', '', '', 419, 0, '', 0, 'LZ'),
('usuario5', 'Usuario Curso5', '', '', '123', 4, '0000-00-00 00:00:00', 0, 'ACTIVO', '', '', 420, 0, '', 0, 'LZ'),
('usuario6', 'Usuario Curso6', '', '', '123', 4, '0000-00-00 00:00:00', 0, 'ACTIVO', '', '', 421, 0, '', 0, 'LZ'),
('usuario7', 'Usuario Curso7', '', '', '123', 4, '2023-08-01 16:18:24', 0, 'ACTIVO', '', '', 422, 0, '', 0, 'LZ'),
('usuario8', 'Usuario Curso8', '', '', '123', 4, '0000-00-00 00:00:00', 0, 'ACTIVO', '', '', 424, 0, '', 0, 'LZ'),
('usuario9', 'Usuario Curso9', '', '', '123', 4, '0000-00-00 00:00:00', 0, 'ACTIVO', '', '', 423, 0, '', 0, 'LZ'),
('usuarioweb1', 'USUARIO WEB', 'TERESA', '', '123', 4, '2023-01-27 15:44:33', 0, 'ACTIVO', '', '', 499.0001, 0, NULL, 0, 'CT'),
('valentina', 'VALENTINA', 'PINO', '.', '123', 4, '2022-10-28 14:36:47', 0, 'ACTIVO', '', '', 254.007, 0, '', 0, 'RB'),
('Yamid', 'Yamid', 'Rodriguez', '', '123456', 4, '2023-01-25 11:15:02', 0, 'ACTIVO', '', '', 568, 0, NULL, 0, 'AGRSUR');

-- --------------------------------------------------------

--
-- Estructura de tabla para la tabla `sys_usuario_login_especial`
--

CREATE TABLE `sys_usuario_login_especial` (
  `id` int(11) NOT NULL,
  `usuario_rut` varchar(12) DEFAULT NULL,
  `productor_id` varchar(100) NOT NULL,
  `packing_id` varchar(100) NOT NULL
) ENGINE=MyISAM DEFAULT CHARSET=latin1;

--
-- Volcado de datos para la tabla `sys_usuario_login_especial`
--

INSERT INTO `sys_usuario_login_especial` (`id`, `usuario_rut`, `productor_id`, `packing_id`) VALUES
(1, 'benelario', '785', ''),
(2, 'benelario', '3', ''),
(4, 'benelario', '884', ''),
(5, 'benelario', '580', ''),
(6, 'benelario', '413', ''),
(8, 'benelario', '109', ''),
(9, 'tolentino', '212', ''),
(10, 'tolentino', '11', ''),
(11, 'tolentino', '51', ''),
(12, 'tolentino', '121', ''),
(13, 'fruticola', '206', ''),
(14, 'fruticola', '176', ''),
(15, 'fruticola', '104', ''),
(16, 'fruticola', '704', ''),
(17, 'fruticola', '181', ''),
(18, 'fruticola', '804', ''),
(22, 'nicolas', '7', ''),
(21, 'cabrini', '500', ''),
(23, 'peppi', '110', ''),
(24, 'peppi', '60', ''),
(25, 'ombu', '933', ''),
(26, 'acacios', '927', ''),
(27, 'nicolas', '599', ''),
(28, 'cabrini', '285', ''),
(29, 'cabrini', '287', ''),
(30, 'cabrini', '286', ''),
(31, 'cabrini', '288', ''),
(32, 'cabrini', '289', ''),
(33, 'cabrini', '9', ''),
(34, 'cabrini', '492', ''),
(35, 'ranchoblanco', '25', ''),
(37, 'oasis', '920', ''),
(38, 'alpeshuerto', '285', ''),
(39, 'alpeshuerto', '287', ''),
(40, 'alpeshuerto', '286', ''),
(41, 'alpeshuerto', '288', ''),
(42, 'alpeshuerto', '289', ''),
(43, 'alpeshuerto', '9', ''),
(44, 'alpeshuerto', '492', ''),
(45, 'alpeshuerto', '500', ''),
(46, 'losalpes', '286', ''),
(47, 'losalpes', '287', ''),
(48, 'losalpes', '288', ''),
(49, 'losalpes', '289', ''),
(50, 'losalpes', '285', ''),
(51, 'losalpes', '492', ''),
(52, 'losalpes', '500', ''),
(53, 'losalpes', '9', ''),
(54, 'exsering', '4512', ''),
(55, 'exsering', '4421', ''),
(56, 'exser', '4512', ''),
(57, 'exser', '4421', ''),
(58, 'exser', '4501', ''),
(59, 'exsering', '4501', ''),
(60, 'geoagro', 'GF_108', ''),
(61, 'geoagro', 'GF_195', ''),
(62, 'geoagro', 'GF_206', ''),
(63, 'geoagro', 'GF_235', ''),
(64, 'geoagro', 'GF_245', ''),
(65, 'cabrini2', '501', ''),
(66, 'cabrini2', '501.', ''),
(67, 'cabrini2', '502', ''),
(68, 'cabrini2', '503', ''),
(69, 'cabrini2', '504', ''),
(70, 'geohuerto', 'GF_108', ''),
(71, 'geohuerto', 'GF_195', ''),
(72, 'geohuerto', 'GF_206', ''),
(74, 'geohuerto', 'GF_235', ''),
(75, 'geohuerto', 'GF_245', ''),
(76, 'gfhuerto', 'GF_108', ''),
(77, 'gfhuerto', 'GF_195', ''),
(78, 'gfhuerto', 'GF_206', ''),
(79, 'gfhuerto', 'GF_235', ''),
(80, 'gfhuerto', 'GF_245', ''),
(81, 'cabrini', '501', ''),
(82, 'cabrini', '502', ''),
(83, 'cabrini', '503', ''),
(84, 'cabrini', '504', ''),
(86, 'cabrini', '888', ''),
(87, '22.222.222-2', 'GF_375', ''),
(88, 'acacios', '946', ''),
(89, 'acacios', '928', ''),
(94, 'benelario', '6', '');

--
-- Índices para tablas volcadas
--

--
-- Indices de la tabla `cal_cajas`
--
ALTER TABLE `cal_cajas`
  ADD PRIMARY KEY (`caja_id`);

--
-- Indices de la tabla `cal_cajas_det`
--
ALTER TABLE `cal_cajas_det`
  ADD PRIMARY KEY (`cajas_det_id`),
  ADD KEY `caja_id` (`caja_id`);

--
-- Indices de la tabla `cal_cajas_firmeza`
--
ALTER TABLE `cal_cajas_firmeza`
  ADD PRIMARY KEY (`id_firmeza`);

--
-- Indices de la tabla `cal_cajas_fotos`
--
ALTER TABLE `cal_cajas_fotos`
  ADD PRIMARY KEY (`id_foto`);

--
-- Indices de la tabla `cal_caja_brix_fruto`
--
ALTER TABLE `cal_caja_brix_fruto`
  ADD PRIMARY KEY (`id`);

--
-- Indices de la tabla `cal_caja_calibre`
--
ALTER TABLE `cal_caja_calibre`
  ADD PRIMARY KEY (`caja_id_calibre`);

--
-- Indices de la tabla `cal_caja_causal`
--
ALTER TABLE `cal_caja_causal`
  ADD PRIMARY KEY (`cal_caja_causal_id`);

--
-- Indices de la tabla `cal_caja_peso_fijo`
--
ALTER TABLE `cal_caja_peso_fijo`
  ADD PRIMARY KEY (`id`);

--
-- Indices de la tabla `cal_caja_peso_fruto`
--
ALTER TABLE `cal_caja_peso_fruto`
  ADD PRIMARY KEY (`id`);

--
-- Indices de la tabla `cal_caja_peso_fruto_as`
--
ALTER TABLE `cal_caja_peso_fruto_as`
  ADD PRIMARY KEY (`id_peso_as`);

--
-- Indices de la tabla `cal_caja_pla_huerto`
--
ALTER TABLE `cal_caja_pla_huerto`
  ADD PRIMARY KEY (`caja_id`);

--
-- Indices de la tabla `cal_calibre`
--
ALTER TABLE `cal_calibre`
  ADD PRIMARY KEY (`calibre_id`);

--
-- Indices de la tabla `cal_checklist`
--
ALTER TABLE `cal_checklist`
  ADD PRIMARY KEY (`check_id`);

--
-- Indices de la tabla `cal_checklist_embarque`
--
ALTER TABLE `cal_checklist_embarque`
  ADD PRIMARY KEY (`id_embarque`);

--
-- Indices de la tabla `cal_checklist_mantencion`
--
ALTER TABLE `cal_checklist_mantencion`
  ADD PRIMARY KEY (`id_mantencion`);

--
-- Indices de la tabla `cal_checklist_recepcion`
--
ALTER TABLE `cal_checklist_recepcion`
  ADD PRIMARY KEY (`id_recepcion`);

--
-- Indices de la tabla `cal_checklist_transporte`
--
ALTER TABLE `cal_checklist_transporte`
  ADD PRIMARY KEY (`id_check_transporte`);

--
-- Indices de la tabla `cal_clasificacion`
--
ALTER TABLE `cal_clasificacion`
  ADD PRIMARY KEY (`clasificacion_id`);

--
-- Indices de la tabla `cal_contenedor`
--
ALTER TABLE `cal_contenedor`
  ADD PRIMARY KEY (`id_contenedor`);

--
-- Indices de la tabla `cal_defectos`
--
ALTER TABLE `cal_defectos`
  ADD PRIMARY KEY (`id_defecto`);

--
-- Indices de la tabla `cal_detalle_exportador_especie`
--
ALTER TABLE `cal_detalle_exportador_especie`
  ADD PRIMARY KEY (`detalle_id`);

--
-- Indices de la tabla `cal_detalle_packing_especie`
--
ALTER TABLE `cal_detalle_packing_especie`
  ADD PRIMARY KEY (`detalle_id`);

--
-- Indices de la tabla `cal_embalaje`
--
ALTER TABLE `cal_embalaje`
  ADD PRIMARY KEY (`embalaje_cod`);

--
-- Indices de la tabla `cal_especies`
--
ALTER TABLE `cal_especies`
  ADD PRIMARY KEY (`especie_id`);

--
-- Indices de la tabla `cal_etiqueta`
--
ALTER TABLE `cal_etiqueta`
  ADD PRIMARY KEY (`etiqueta_cod`);

--
-- Indices de la tabla `cal_exportadoras`
--
ALTER TABLE `cal_exportadoras`
  ADD PRIMARY KEY (`exportador_cod`);

--
-- Indices de la tabla `cal_filtros`
--
ALTER TABLE `cal_filtros`
  ADD PRIMARY KEY (`filtro_id`);

--
-- Indices de la tabla `cal_filtros_menu`
--
ALTER TABLE `cal_filtros_menu`
  ADD PRIMARY KEY (`id_filtros_menu`);

--
-- Indices de la tabla `cal_fotos`
--
ALTER TABLE `cal_fotos`
  ADD PRIMARY KEY (`id_fotos`);

--
-- Indices de la tabla `cal_norma`
--
ALTER TABLE `cal_norma`
  ADD PRIMARY KEY (`norma_id`);

--
-- Indices de la tabla `cal_norma_detalle`
--
ALTER TABLE `cal_norma_detalle`
  ADD PRIMARY KEY (`norma_detalle_id`);

--
-- Indices de la tabla `cal_packing`
--
ALTER TABLE `cal_packing`
  ADD PRIMARY KEY (`packing_id`);

--
-- Indices de la tabla `cal_parametros`
--
ALTER TABLE `cal_parametros`
  ADD PRIMARY KEY (`id_parametro`);

--
-- Indices de la tabla `cal_parametros_planilla`
--
ALTER TABLE `cal_parametros_planilla`
  ADD PRIMARY KEY (`parametros_planilla_id`);

--
-- Indices de la tabla `cal_planilla_defectos`
--
ALTER TABLE `cal_planilla_defectos`
  ADD PRIMARY KEY (`id_planilla_defecto`);

--
-- Indices de la tabla `cal_planilla_especie`
--
ALTER TABLE `cal_planilla_especie`
  ADD PRIMARY KEY (`planilla_id`);

--
-- Indices de la tabla `cal_planilla_inspeccion`
--
ALTER TABLE `cal_planilla_inspeccion`
  ADD PRIMARY KEY (`pi_folio`);

--
-- Indices de la tabla `cal_productores`
--
ALTER TABLE `cal_productores`
  ADD PRIMARY KEY (`productor_id`);

--
-- Indices de la tabla `cal_tipo_packing`
--
ALTER TABLE `cal_tipo_packing`
  ADD PRIMARY KEY (`tipo_packing_id`);

--
-- Indices de la tabla `cal_variedades`
--
ALTER TABLE `cal_variedades`
  ADD PRIMARY KEY (`variedad_id`);

--
-- Indices de la tabla `cal_zona`
--
ALTER TABLE `cal_zona`
  ADD PRIMARY KEY (`zona_id`);

--
-- Indices de la tabla `cliente_tablet`
--
ALTER TABLE `cliente_tablet`
  ADD PRIMARY KEY (`id`);

--
-- Indices de la tabla `detalle_validar`
--
ALTER TABLE `detalle_validar`
  ADD PRIMARY KEY (`id_detalle_validar`);

--
-- Indices de la tabla `powerbi`
--
ALTER TABLE `powerbi`
  ADD PRIMARY KEY (`id_power`);

--
-- Indices de la tabla `productor_reporte`
--
ALTER TABLE `productor_reporte`
  ADD PRIMARY KEY (`id`);

--
-- Indices de la tabla `pro_norma_detalle`
--
ALTER TABLE `pro_norma_detalle`
  ADD PRIMARY KEY (`id_norma_detalle`);

--
-- Indices de la tabla `pro_norma_detalle_parametro`
--
ALTER TABLE `pro_norma_detalle_parametro`
  ADD PRIMARY KEY (`id_detalle`);

--
-- Indices de la tabla `pro_norma_plantilla`
--
ALTER TABLE `pro_norma_plantilla`
  ADD PRIMARY KEY (`norma_id`);

--
-- Indices de la tabla `pro_planilla_control`
--
ALTER TABLE `pro_planilla_control`
  ADD PRIMARY KEY (`folio_planilla`);

--
-- Indices de la tabla `pro_planilla_datos`
--
ALTER TABLE `pro_planilla_datos`
  ADD PRIMARY KEY (`planilla_id`);

--
-- Indices de la tabla `pro_planilla_dia`
--
ALTER TABLE `pro_planilla_dia`
  ADD PRIMARY KEY (`id_planilla_dia`);

--
-- Indices de la tabla `pro_planilla_proceso_dia`
--
ALTER TABLE `pro_planilla_proceso_dia`
  ADD PRIMARY KEY (`id_planilla_proceso_dia`);

--
-- Indices de la tabla `sys_cliente`
--
ALTER TABLE `sys_cliente`
  ADD PRIMARY KEY (`cliente_id`);

--
-- Indices de la tabla `sys_detalle_cliente_programas`
--
ALTER TABLE `sys_detalle_cliente_programas`
  ADD PRIMARY KEY (`detalle_id`),
  ADD KEY `cliente_id` (`cliente_id`),
  ADD KEY `programa_id` (`programa_id`);

--
-- Indices de la tabla `sys_programas`
--
ALTER TABLE `sys_programas`
  ADD PRIMARY KEY (`programa_id`);

--
-- Indices de la tabla `sys_sesion`
--
ALTER TABLE `sys_sesion`
  ADD PRIMARY KEY (`id_sesion`);

--
-- Indices de la tabla `sys_sincro_sistema`
--
ALTER TABLE `sys_sincro_sistema`
  ADD PRIMARY KEY (`id`);

--
-- Indices de la tabla `sys_sincro_sistema_contenedores`
--
ALTER TABLE `sys_sincro_sistema_contenedores`
  ADD PRIMARY KEY (`id`);

--
-- Indices de la tabla `sys_tipo_usuario`
--
ALTER TABLE `sys_tipo_usuario`
  ADD PRIMARY KEY (`id_tipousuario`);

--
-- Indices de la tabla `sys_usuario`
--
ALTER TABLE `sys_usuario`
  ADD PRIMARY KEY (`usuario_rut`),
  ADD KEY `id_tipousuario` (`id_tipousuario`);

--
-- Indices de la tabla `sys_usuario_login_especial`
--
ALTER TABLE `sys_usuario_login_especial`
  ADD PRIMARY KEY (`id`);

--
-- AUTO_INCREMENT de las tablas volcadas
--

--
-- AUTO_INCREMENT de la tabla `cal_cajas_firmeza`
--
ALTER TABLE `cal_cajas_firmeza`
  MODIFY `id_firmeza` int(11) NOT NULL AUTO_INCREMENT, AUTO_INCREMENT=988775;
--
-- AUTO_INCREMENT de la tabla `cal_caja_brix_fruto`
--
ALTER TABLE `cal_caja_brix_fruto`
  MODIFY `id` int(11) NOT NULL AUTO_INCREMENT, AUTO_INCREMENT=22247;
--
-- AUTO_INCREMENT de la tabla `cal_caja_peso_fijo`
--
ALTER TABLE `cal_caja_peso_fijo`
  MODIFY `id` int(11) NOT NULL AUTO_INCREMENT, AUTO_INCREMENT=233763;
--
-- AUTO_INCREMENT de la tabla `cal_caja_peso_fruto`
--
ALTER TABLE `cal_caja_peso_fruto`
  MODIFY `id` int(11) NOT NULL AUTO_INCREMENT, AUTO_INCREMENT=181863;
--
-- AUTO_INCREMENT de la tabla `cal_caja_peso_fruto_as`
--
ALTER TABLE `cal_caja_peso_fruto_as`
  MODIFY `id_peso_as` int(11) NOT NULL AUTO_INCREMENT, AUTO_INCREMENT=312;
--
-- AUTO_INCREMENT de la tabla `cal_caja_pla_huerto`
--
ALTER TABLE `cal_caja_pla_huerto`
  MODIFY `caja_id` int(11) NOT NULL AUTO_INCREMENT, AUTO_INCREMENT=14;
--
-- AUTO_INCREMENT de la tabla `cal_calibre`
--
ALTER TABLE `cal_calibre`
  MODIFY `calibre_id` int(11) NOT NULL AUTO_INCREMENT, AUTO_INCREMENT=2600;
--
-- AUTO_INCREMENT de la tabla `cal_clasificacion`
--
ALTER TABLE `cal_clasificacion`
  MODIFY `clasificacion_id` int(11) NOT NULL AUTO_INCREMENT, AUTO_INCREMENT=297;
--
-- AUTO_INCREMENT de la tabla `cal_contenedor`
--
ALTER TABLE `cal_contenedor`
  MODIFY `id_contenedor` int(11) NOT NULL AUTO_INCREMENT;
--
-- AUTO_INCREMENT de la tabla `cal_defectos`
--
ALTER TABLE `cal_defectos`
  MODIFY `id_defecto` int(11) NOT NULL AUTO_INCREMENT, AUTO_INCREMENT=3628;
--
-- AUTO_INCREMENT de la tabla `cal_detalle_exportador_especie`
--
ALTER TABLE `cal_detalle_exportador_especie`
  MODIFY `detalle_id` int(11) NOT NULL AUTO_INCREMENT, AUTO_INCREMENT=15;
--
-- AUTO_INCREMENT de la tabla `cal_detalle_packing_especie`
--
ALTER TABLE `cal_detalle_packing_especie`
  MODIFY `detalle_id` int(11) NOT NULL AUTO_INCREMENT, AUTO_INCREMENT=368;
--
-- AUTO_INCREMENT de la tabla `cal_especies`
--
ALTER TABLE `cal_especies`
  MODIFY `especie_id` int(11) NOT NULL AUTO_INCREMENT, AUTO_INCREMENT=195;
--
-- AUTO_INCREMENT de la tabla `cal_etiqueta`
--
ALTER TABLE `cal_etiqueta`
  MODIFY `etiqueta_cod` int(11) NOT NULL AUTO_INCREMENT, AUTO_INCREMENT=137;
--
-- AUTO_INCREMENT de la tabla `cal_filtros`
--
ALTER TABLE `cal_filtros`
  MODIFY `filtro_id` int(11) NOT NULL AUTO_INCREMENT, AUTO_INCREMENT=818;
--
-- AUTO_INCREMENT de la tabla `cal_filtros_menu`
--
ALTER TABLE `cal_filtros_menu`
  MODIFY `id_filtros_menu` int(11) NOT NULL AUTO_INCREMENT, AUTO_INCREMENT=178;
--
-- AUTO_INCREMENT de la tabla `cal_fotos`
--
ALTER TABLE `cal_fotos`
  MODIFY `id_fotos` int(11) NOT NULL AUTO_INCREMENT, AUTO_INCREMENT=2404;
--
-- AUTO_INCREMENT de la tabla `cal_norma`
--
ALTER TABLE `cal_norma`
  MODIFY `norma_id` int(11) NOT NULL AUTO_INCREMENT, AUTO_INCREMENT=317;
--
-- AUTO_INCREMENT de la tabla `cal_norma_detalle`
--
ALTER TABLE `cal_norma_detalle`
  MODIFY `norma_detalle_id` int(11) NOT NULL AUTO_INCREMENT, AUTO_INCREMENT=18910;
--
-- AUTO_INCREMENT de la tabla `cal_parametros`
--
ALTER TABLE `cal_parametros`
  MODIFY `id_parametro` int(11) NOT NULL AUTO_INCREMENT, AUTO_INCREMENT=236;
--
-- AUTO_INCREMENT de la tabla `cal_parametros_planilla`
--
ALTER TABLE `cal_parametros_planilla`
  MODIFY `parametros_planilla_id` int(11) NOT NULL AUTO_INCREMENT, AUTO_INCREMENT=1328;
--
-- AUTO_INCREMENT de la tabla `cal_planilla_defectos`
--
ALTER TABLE `cal_planilla_defectos`
  MODIFY `id_planilla_defecto` int(11) NOT NULL AUTO_INCREMENT, AUTO_INCREMENT=11634;
--
-- AUTO_INCREMENT de la tabla `cal_planilla_especie`
--
ALTER TABLE `cal_planilla_especie`
  MODIFY `planilla_id` int(11) NOT NULL AUTO_INCREMENT, AUTO_INCREMENT=267;
--
-- AUTO_INCREMENT de la tabla `cal_tipo_packing`
--
ALTER TABLE `cal_tipo_packing`
  MODIFY `tipo_packing_id` int(11) NOT NULL AUTO_INCREMENT, AUTO_INCREMENT=25;
--
-- AUTO_INCREMENT de la tabla `cal_variedades`
--
ALTER TABLE `cal_variedades`
  MODIFY `variedad_id` int(11) NOT NULL AUTO_INCREMENT, AUTO_INCREMENT=1265;
--
-- AUTO_INCREMENT de la tabla `cal_zona`
--
ALTER TABLE `cal_zona`
  MODIFY `zona_id` int(11) NOT NULL AUTO_INCREMENT, AUTO_INCREMENT=30;
--
-- AUTO_INCREMENT de la tabla `cliente_tablet`
--
ALTER TABLE `cliente_tablet`
  MODIFY `id` int(11) NOT NULL AUTO_INCREMENT, AUTO_INCREMENT=3;
--
-- AUTO_INCREMENT de la tabla `detalle_validar`
--
ALTER TABLE `detalle_validar`
  MODIFY `id_detalle_validar` int(11) NOT NULL AUTO_INCREMENT, AUTO_INCREMENT=11;
--
-- AUTO_INCREMENT de la tabla `powerbi`
--
ALTER TABLE `powerbi`
  MODIFY `id_power` int(11) NOT NULL AUTO_INCREMENT;
--
-- AUTO_INCREMENT de la tabla `productor_reporte`
--
ALTER TABLE `productor_reporte`
  MODIFY `id` int(11) NOT NULL AUTO_INCREMENT, AUTO_INCREMENT=1258983;
--
-- AUTO_INCREMENT de la tabla `pro_norma_detalle`
--
ALTER TABLE `pro_norma_detalle`
  MODIFY `id_norma_detalle` int(11) NOT NULL AUTO_INCREMENT, AUTO_INCREMENT=359;
--
-- AUTO_INCREMENT de la tabla `pro_norma_detalle_parametro`
--
ALTER TABLE `pro_norma_detalle_parametro`
  MODIFY `id_detalle` int(11) NOT NULL AUTO_INCREMENT, AUTO_INCREMENT=49;
--
-- AUTO_INCREMENT de la tabla `pro_norma_plantilla`
--
ALTER TABLE `pro_norma_plantilla`
  MODIFY `norma_id` int(11) NOT NULL AUTO_INCREMENT, AUTO_INCREMENT=11;
--
-- AUTO_INCREMENT de la tabla `pro_planilla_datos`
--
ALTER TABLE `pro_planilla_datos`
  MODIFY `planilla_id` int(11) NOT NULL AUTO_INCREMENT, AUTO_INCREMENT=19771;
--
-- AUTO_INCREMENT de la tabla `pro_planilla_proceso_dia`
--
ALTER TABLE `pro_planilla_proceso_dia`
  MODIFY `id_planilla_proceso_dia` int(11) NOT NULL AUTO_INCREMENT;
--
-- AUTO_INCREMENT de la tabla `sys_detalle_cliente_programas`
--
ALTER TABLE `sys_detalle_cliente_programas`
  MODIFY `detalle_id` int(11) NOT NULL AUTO_INCREMENT, AUTO_INCREMENT=15;
--
-- AUTO_INCREMENT de la tabla `sys_programas`
--
ALTER TABLE `sys_programas`
  MODIFY `programa_id` int(11) NOT NULL AUTO_INCREMENT, AUTO_INCREMENT=4;
--
-- AUTO_INCREMENT de la tabla `sys_sincro_sistema`
--
ALTER TABLE `sys_sincro_sistema`
  MODIFY `id` int(11) NOT NULL AUTO_INCREMENT, AUTO_INCREMENT=137;
--
-- AUTO_INCREMENT de la tabla `sys_sincro_sistema_contenedores`
--
ALTER TABLE `sys_sincro_sistema_contenedores`
  MODIFY `id` int(11) NOT NULL AUTO_INCREMENT, AUTO_INCREMENT=58;
--
-- AUTO_INCREMENT de la tabla `sys_tipo_usuario`
--
ALTER TABLE `sys_tipo_usuario`
  MODIFY `id_tipousuario` int(11) NOT NULL AUTO_INCREMENT, AUTO_INCREMENT=13;
--
-- AUTO_INCREMENT de la tabla `sys_usuario_login_especial`
--
ALTER TABLE `sys_usuario_login_especial`
  MODIFY `id` int(11) NOT NULL AUTO_INCREMENT, AUTO_INCREMENT=95;
--
-- Restricciones para tablas volcadas
--

--
-- Filtros para la tabla `cal_cajas_det`
--
ALTER TABLE `cal_cajas_det`
  ADD CONSTRAINT `cal_cajas_det_ibfk_1` FOREIGN KEY (`caja_id`) REFERENCES `cal_cajas` (`caja_id`);

--
-- Filtros para la tabla `sys_detalle_cliente_programas`
--
ALTER TABLE `sys_detalle_cliente_programas`
  ADD CONSTRAINT `sys_detalle_cliente_programas_ibfk_1` FOREIGN KEY (`cliente_id`) REFERENCES `sys_cliente` (`cliente_id`),
  ADD CONSTRAINT `sys_detalle_cliente_programas_ibfk_2` FOREIGN KEY (`programa_id`) REFERENCES `sys_programas` (`programa_id`);

--
-- Filtros para la tabla `sys_usuario`
--
ALTER TABLE `sys_usuario`
  ADD CONSTRAINT `sys_usuario_ibfk_1` FOREIGN KEY (`id_tipousuario`) REFERENCES `sys_tipo_usuario` (`id_tipousuario`);

/*!40101 SET CHARACTER_SET_CLIENT=@OLD_CHARACTER_SET_CLIENT */;
/*!40101 SET CHARACTER_SET_RESULTS=@OLD_CHARACTER_SET_RESULTS */;
/*!40101 SET COLLATION_CONNECTION=@OLD_COLLATION_CONNECTION */;
